[INFO] cloning repository https://github.com/0x5459/fil-read-parent-cache
[INFO] running `Command { std: "git" "-c" "credential.helper=" "-c" "credential.helper=/workspace/cargo-home/bin/git-credential-null" "clone" "--bare" "https://github.com/0x5459/fil-read-parent-cache" "/workspace/cache/git-repos/https%3A%2F%2Fgithub.com%2F0x5459%2Ffil-read-parent-cache", kill_on_drop: false }`
[INFO] [stderr] Cloning into bare repository '/workspace/cache/git-repos/https%3A%2F%2Fgithub.com%2F0x5459%2Ffil-read-parent-cache'...
[INFO] running `Command { std: "git" "rev-parse" "HEAD", kill_on_drop: false }`
[INFO] [stdout] baf7ca57b2c52b00b1d446f17861c090de867a7f
[INFO] testing 0x5459/fil-read-parent-cache against 1.75.0 for beta-1.76-1
[INFO] running `Command { std: "git" "clone" "/workspace/cache/git-repos/https%3A%2F%2Fgithub.com%2F0x5459%2Ffil-read-parent-cache" "/workspace/builds/worker-3-tc1/source", kill_on_drop: false }`
[INFO] [stderr] Cloning into '/workspace/builds/worker-3-tc1/source'...
[INFO] [stderr] done.
[INFO] validating manifest of git repo https://github.com/0x5459/fil-read-parent-cache on toolchain 1.75.0
[INFO] running `Command { std: CARGO_HOME="/workspace/cargo-home" RUSTUP_HOME="/workspace/rustup-home" "/workspace/cargo-home/bin/cargo" "+1.75.0" "metadata" "--manifest-path" "Cargo.toml" "--no-deps", kill_on_drop: false }`
[INFO] started tweaking git repo https://github.com/0x5459/fil-read-parent-cache
[INFO] finished tweaking git repo https://github.com/0x5459/fil-read-parent-cache
[INFO] tweaked toml for git repo https://github.com/0x5459/fil-read-parent-cache written to /workspace/builds/worker-3-tc1/source/Cargo.toml
[INFO] crate git repo https://github.com/0x5459/fil-read-parent-cache already has a lockfile, it will not be regenerated
[INFO] running `Command { std: CARGO_HOME="/workspace/cargo-home" RUSTUP_HOME="/workspace/rustup-home" "/workspace/cargo-home/bin/cargo" "+1.75.0" "fetch" "--manifest-path" "Cargo.toml", kill_on_drop: false }`
[INFO] [stderr]     Updating crates.io index
[INFO] [stderr]  Downloading crates ...
[INFO] [stderr]   Downloaded opencl-sys v0.2.6
[INFO] [stderr]   Downloaded temp-env v0.3.6
[INFO] [stderr]   Downloaded ec-gpu-gen v0.6.0
[INFO] [stderr]   Downloaded rust-gpu-tools v0.7.2
[INFO] [stderr]   Downloaded cl3 v0.9.4
[INFO] [stderr]   Downloaded opencl3 v0.9.4
[INFO] [stderr]   Downloaded rustix v0.38.26
[INFO] running `Command { std: "docker" "create" "-v" "/var/lib/crater-agent-workspace/builds/worker-3-tc1/target:/opt/rustwide/target:rw,Z" "-v" "/var/lib/crater-agent-workspace/builds/worker-3-tc1/source:/opt/rustwide/workdir:ro,Z" "-v" "/var/lib/crater-agent-workspace/cargo-home:/opt/rustwide/cargo-home:ro,Z" "-v" "/var/lib/crater-agent-workspace/rustup-home:/opt/rustwide/rustup-home:ro,Z" "-e" "SOURCE_DIR=/opt/rustwide/workdir" "-e" "CARGO_TARGET_DIR=/opt/rustwide/target" "-e" "CARGO_HOME=/opt/rustwide/cargo-home" "-e" "RUSTUP_HOME=/opt/rustwide/rustup-home" "-w" "/opt/rustwide/workdir" "-m" "1610612736" "--user" "0:0" "--network" "none" "ghcr.io/rust-lang/crates-build-env/linux@sha256:2788e3201cd34a07e3172128adcd8b3090168a8e3bcc40d7c032b9dda1df7d1c" "/opt/rustwide/cargo-home/bin/cargo" "+1.75.0" "metadata" "--no-deps" "--format-version=1", kill_on_drop: false }`
[INFO] [stdout] a9ed0256964dfd4502beab4c33d83dd03bf82733dcc53849921efe83c2c88acd
[INFO] running `Command { std: "docker" "start" "-a" "a9ed0256964dfd4502beab4c33d83dd03bf82733dcc53849921efe83c2c88acd", kill_on_drop: false }`
[INFO] running `Command { std: "docker" "inspect" "a9ed0256964dfd4502beab4c33d83dd03bf82733dcc53849921efe83c2c88acd", kill_on_drop: false }`
[INFO] running `Command { std: "docker" "rm" "-f" "a9ed0256964dfd4502beab4c33d83dd03bf82733dcc53849921efe83c2c88acd", kill_on_drop: false }`
[INFO] [stdout] a9ed0256964dfd4502beab4c33d83dd03bf82733dcc53849921efe83c2c88acd
[INFO] running `Command { std: "docker" "create" "-v" "/var/lib/crater-agent-workspace/builds/worker-3-tc1/target:/opt/rustwide/target:rw,Z" "-v" "/var/lib/crater-agent-workspace/builds/worker-3-tc1/source:/opt/rustwide/workdir:ro,Z" "-v" "/var/lib/crater-agent-workspace/cargo-home:/opt/rustwide/cargo-home:ro,Z" "-v" "/var/lib/crater-agent-workspace/rustup-home:/opt/rustwide/rustup-home:ro,Z" "-e" "SOURCE_DIR=/opt/rustwide/workdir" "-e" "CARGO_TARGET_DIR=/opt/rustwide/target" "-e" "CARGO_INCREMENTAL=0" "-e" "RUST_BACKTRACE=full" "-e" "RUSTFLAGS=--cap-lints=warn" "-e" "RUSTDOCFLAGS=--cap-lints=warn" "-e" "CARGO_HOME=/opt/rustwide/cargo-home" "-e" "RUSTUP_HOME=/opt/rustwide/rustup-home" "-w" "/opt/rustwide/workdir" "-m" "1610612736" "--user" "0:0" "--network" "none" "ghcr.io/rust-lang/crates-build-env/linux@sha256:2788e3201cd34a07e3172128adcd8b3090168a8e3bcc40d7c032b9dda1df7d1c" "/opt/rustwide/cargo-home/bin/cargo" "+1.75.0" "build" "--frozen" "--message-format=json", kill_on_drop: false }`
[INFO] [stdout] f1c81f51fb6221ce89d4a8f8742bcc6065d4a13607db91a7194ed2a67d120542
[INFO] running `Command { std: "docker" "start" "-a" "f1c81f51fb6221ce89d4a8f8742bcc6065d4a13607db91a7194ed2a67d120542", kill_on_drop: false }`
[INFO] [stderr]    Compiling libc v0.2.150
[INFO] [stderr]    Compiling proc-macro2 v1.0.70
[INFO] [stderr]    Compiling radium v0.7.0
[INFO] [stderr]    Compiling serde v1.0.193
[INFO] [stderr]    Compiling typenum v1.17.0
[INFO] [stderr]    Compiling tap v1.0.1
[INFO] [stderr]    Compiling funty v2.0.0
[INFO] [stderr]    Compiling scopeguard v1.2.0
[INFO] [stderr]    Compiling subtle v2.5.0
[INFO] [stderr]    Compiling crossbeam-utils v0.8.16
[INFO] [stderr]    Compiling thiserror v1.0.50
[INFO] [stderr]    Compiling parking_lot_core v0.9.9
[INFO] [stderr]    Compiling generic-array v0.14.7
[INFO] [stderr]    Compiling memoffset v0.9.0
[INFO] [stderr]    Compiling lock_api v0.4.11
[INFO] [stderr]    Compiling crossbeam-epoch v0.9.15
[INFO] [stderr]    Compiling wyz v0.5.1
[INFO] [stderr]    Compiling ec-gpu v0.2.0
[INFO] [stderr]    Compiling rand_core v0.6.4
[INFO] [stderr]    Compiling rayon-core v1.12.0
[INFO] [stderr]    Compiling opencl-sys v0.2.6
[INFO] [stderr]    Compiling smallvec v1.11.2
[INFO] [stderr]    Compiling execute-command-tokens v0.1.7
[INFO] [stderr]    Compiling arrayref v0.3.7
[INFO] [stderr]    Compiling cpufeatures v0.2.11
[INFO] [stderr]    Compiling rand v0.8.5
[INFO] [stderr]    Compiling rand_xorshift v0.3.0
[INFO] [stderr]    Compiling once_cell v1.18.0
[INFO] [stderr]    Compiling arrayvec v0.7.4
[INFO] [stderr]    Compiling constant_time_eq v0.3.0
[INFO] [stderr]    Compiling home v0.5.5
[INFO] [stderr]    Compiling either v1.9.0
[INFO] [stderr]    Compiling byte-slice-cast v1.2.2
[INFO] [stderr]    Compiling lazy_static v1.4.0
[INFO] [stderr]    Compiling ec-gpu-gen v0.7.0
[INFO] [stderr]    Compiling ec-gpu-gen v0.6.0
[INFO] [stderr]    Compiling spin v0.9.8
[INFO] [stderr]    Compiling rustversion v1.0.14
[INFO] [stderr]    Compiling rustix v0.38.26
[INFO] [stderr]    Compiling syn v1.0.109
[INFO] [stderr]    Compiling anyhow v1.0.75
[INFO] [stderr]    Compiling linux-raw-sys v0.4.12
[INFO] [stderr]    Compiling blake2b_simd v1.0.2
[INFO] [stderr]    Compiling bitvec v1.0.1
[INFO] [stderr]    Compiling flume v0.10.14
[INFO] [stderr]    Compiling crossbeam-channel v0.5.8
[INFO] [stderr]    Compiling quote v1.0.33
[INFO] [stderr]    Compiling crossbeam-deque v0.8.3
[INFO] [stderr]    Compiling yastl v0.1.2
[INFO] [stderr]    Compiling blake2s_simd v1.0.2
[INFO] [stderr]    Compiling syn v2.0.39
[INFO] [stderr]    Compiling getrandom v0.2.11
[INFO] [stderr]    Compiling num_cpus v1.16.0
[INFO] [stderr]    Compiling cc v1.0.83
[INFO] [stderr]    Compiling threadpool v1.8.1
[INFO] [stderr]    Compiling parking_lot v0.12.1
[INFO] [stderr]    Compiling rand_chacha v0.3.1
[INFO] [stderr]    Compiling rayon v1.8.0
[INFO] [stderr]    Compiling generic-array v1.0.0
[INFO] [stderr]    Compiling temp-env v0.3.6
[INFO] [stderr]    Compiling memmap2 v0.5.10
[INFO] [stderr]    Compiling fastrand v2.0.1
[INFO] [stderr]    Compiling arrayvec v0.5.2
[INFO] [stderr]    Compiling constant_time_eq v0.1.5
[INFO] [stderr]    Compiling async-trait v0.1.74
[INFO] [stderr]    Compiling blake2s_simd v0.5.11
[INFO] [stderr]    Compiling fs2 v0.4.3
[INFO] [stderr]    Compiling positioned-io v0.3.3
[INFO] [stderr]    Compiling itertools v0.8.2
[INFO] [stderr]    Compiling crypto-common v0.1.6
[INFO] [stderr]    Compiling block-buffer v0.10.4
[INFO] [stderr]    Compiling block-padding v0.3.3
[INFO] [stderr]    Compiling digest v0.10.7
[INFO] [stderr]    Compiling semver v1.0.20
[INFO] [stderr]    Compiling inout v0.1.3
[INFO] [stderr]    Compiling memchr v2.6.4
[INFO] [stderr]    Compiling serde_json v1.0.108
[INFO] [stderr]    Compiling sha2 v0.10.8
[INFO] [stderr]    Compiling cipher v0.4.4
[INFO] [stderr]    Compiling blst v0.3.11
[INFO] [stderr]    Compiling itoa v1.0.9
[INFO] [stderr]    Compiling tempfile v3.8.1
[INFO] [stderr]    Compiling ryu v1.0.15
[INFO] [stderr]    Compiling pathdiff v0.2.1
[INFO] [stderr]    Compiling cbc v0.1.2
[INFO] [stderr]    Compiling aes v0.8.3
[INFO] [stderr]    Compiling nom v7.1.3
[INFO] [stderr]    Compiling ff v0.13.0
[INFO] [stderr]    Compiling group v0.13.0
[INFO] [stderr]    Compiling pairing v0.23.0
[INFO] [stderr]    Compiling trait-set v0.3.0
[INFO] [stderr]    Compiling serde_derive v1.0.193
[INFO] [stderr]    Compiling thiserror-impl v1.0.50
[INFO] [stderr]    Compiling execute-command-macro-impl v0.1.10
[INFO] [stderr]    Compiling zeroize_derive v1.4.2
[INFO] [stderr]    Compiling execute-command-macro v0.1.9
[INFO] [stderr]    Compiling execute v0.2.13
[INFO] [stderr]    Compiling zeroize v1.7.0
[INFO] [stderr]    Compiling cl3 v0.9.4
[INFO] [stderr]    Compiling opencl3 v0.9.4
[INFO] [stderr]    Compiling hex v0.4.3
[INFO] [stderr]    Compiling blstrs v0.7.1
[INFO] [stderr]    Compiling bellpepper-core v0.2.1
[INFO] [stderr]    Compiling bincode v1.3.3
[INFO] [stderr]    Compiling merkletree v0.23.0
[INFO] [stderr]    Compiling toml v0.5.11
[INFO] [stderr]    Compiling rust-gpu-tools v0.7.2
[INFO] [stderr]    Compiling pasta_curves v0.5.1
[INFO] [stderr]    Compiling bellpepper v0.2.1
[INFO] [stderr]    Compiling fr32 v9.1.0
[INFO] [stderr]    Compiling config v0.12.0
[INFO] [stderr]    Compiling bellperson v0.26.0
[INFO] [stderr]    Compiling neptune v11.0.0
[INFO] [stdout] error: linking with `cc` failed: exit status: 1
[INFO] [stdout]   |
[INFO] [stdout]   = note: LC_ALL="C" PATH="/opt/rustwide/rustup-home/toolchains/1.75.0-x86_64-unknown-linux-gnu/lib/rustlib/x86_64-unknown-linux-gnu/bin:/opt/rustwide/cargo-home/bin:/usr/local/sbin:/usr/local/bin:/usr/sbin:/usr/bin:/sbin:/bin" VSLANG="1033" "cc" "-m64" "/tmp/rustcvVA2BQ/symbols.o" "/opt/rustwide/target/debug/build/bellperson-774f76805e830978/build_script_build-774f76805e830978.build_script_build.2ebd156650733037-cgu.0.rcgu.o" "/opt/rustwide/target/debug/build/bellperson-774f76805e830978/build_script_build-774f76805e830978.build_script_build.2ebd156650733037-cgu.1.rcgu.o" "/opt/rustwide/target/debug/build/bellperson-774f76805e830978/build_script_build-774f76805e830978.build_script_build.2ebd156650733037-cgu.2.rcgu.o" "/opt/rustwide/target/debug/build/bellperson-774f76805e830978/build_script_build-774f76805e830978.build_script_build.2ebd156650733037-cgu.3.rcgu.o" "/opt/rustwide/target/debug/build/bellperson-774f76805e830978/build_script_build-774f76805e830978.build_script_build.2ebd156650733037-cgu.4.rcgu.o" "/opt/rustwide/target/debug/build/bellperson-774f76805e830978/build_script_build-774f76805e830978.4ze2sk65hbs4gtxs.rcgu.o" "-Wl,--as-needed" "-L" "/opt/rustwide/target/debug/deps" "-L" "/opt/rustwide/target/debug/build/blst-a22c0c0098029e83/out" "-L" "/opt/rustwide/rustup-home/toolchains/1.75.0-x86_64-unknown-linux-gnu/lib/rustlib/x86_64-unknown-linux-gnu/lib" "-Wl,-Bstatic" "/opt/rustwide/target/debug/deps/libec_gpu_gen-af6b9671d21eabee.rlib" "/opt/rustwide/target/debug/deps/libcrossbeam_channel-2239c0b69ce2d6a7.rlib" "/opt/rustwide/target/debug/deps/librayon-3cb38f31c76941f8.rlib" "/opt/rustwide/target/debug/deps/librayon_core-adeab3bc3da236d5.rlib" "/opt/rustwide/target/debug/deps/libcrossbeam_deque-2d63d21f948d90a5.rlib" "/opt/rustwide/target/debug/deps/libcrossbeam_epoch-36ab76a2c3ce6ace.rlib" "/opt/rustwide/target/debug/deps/libmemoffset-77b9fc6eaa51883f.rlib" "/opt/rustwide/target/debug/deps/libcrossbeam_utils-c927984e5b3dbee5.rlib" "/opt/rustwide/target/debug/deps/libeither-1a2153cd75ea0d51.rlib" "/opt/rustwide/target/debug/deps/libyastl-ece08924674bfe3f.rlib" "/opt/rustwide/target/debug/deps/libflume-2ebeb931fdb045ca.rlib" "/opt/rustwide/target/debug/deps/libspin-fa87e957c741cab3.rlib" "/opt/rustwide/target/debug/deps/liblock_api-16bf78c190c2883a.rlib" "/opt/rustwide/target/debug/deps/libscopeguard-179e47dca4560991.rlib" "/opt/rustwide/target/debug/deps/librust_gpu_tools-4d85984e64a07020.rlib" "/opt/rustwide/target/debug/deps/libhome-dbb15dd2a55a077b.rlib" "/opt/rustwide/target/debug/deps/libhex-3cbfa22bbeaa4c2e.rlib" "/opt/rustwide/target/debug/deps/libsha2-dab73dd10c0d75b6.rlib" "/opt/rustwide/target/debug/deps/libcpufeatures-942478018e98325a.rlib" "/opt/rustwide/target/debug/deps/libcfg_if-61dc7a6799e72b18.rlib" "/opt/rustwide/target/debug/deps/libdigest-27b4859b423e357a.rlib" "/opt/rustwide/target/debug/deps/libblock_buffer-dd5adeb2363ec1fc.rlib" "/opt/rustwide/target/debug/deps/libcrypto_common-3a287997870423c1.rlib" "/opt/rustwide/target/debug/deps/libgeneric_array-5cedfdaefdc7840a.rlib" "/opt/rustwide/target/debug/deps/libtypenum-4646265e57156898.rlib" "/opt/rustwide/target/debug/deps/libopencl3-c33b5221afed273a.rlib" "/opt/rustwide/target/debug/deps/libcl3-7f32e378ceb92a0f.rlib" "/opt/rustwide/target/debug/deps/libthiserror-431e1ef2c20152ef.rlib" "/opt/rustwide/target/debug/deps/libopencl_sys-7e6557812649c929.rlib" "/opt/rustwide/target/debug/deps/libonce_cell-865e1c5018a0303a.rlib" "/opt/rustwide/target/debug/deps/liblog-4f472032e8cdd371.rlib" "/opt/rustwide/target/debug/deps/libblstrs-180e980eb881e45a.rlib" "/opt/rustwide/target/debug/deps/libpairing-928d30584806b965.rlib" "/opt/rustwide/target/debug/deps/libserde-b30722c375ff8689.rlib" "/opt/rustwide/target/debug/deps/libbyte_slice_cast-9e257444e5d21353.rlib" "/opt/rustwide/target/debug/deps/libgroup-082cbca45cacff62.rlib" "/opt/rustwide/target/debug/deps/librand_xorshift-16f2a00ffd848795.rlib" "/opt/rustwide/target/debug/deps/librand-c7d0a6440f06c013.rlib" "/opt/rustwide/target/debug/deps/libec_gpu-6c7adc33c2184256.rlib" "/opt/rustwide/target/debug/deps/libff-ee5bfe58d676611d.rlib" "/opt/rustwide/target/debug/deps/librand_core-b1cb17b1f4b742c5.rlib" "/opt/rustwide/target/debug/deps/libbitvec-0d493410bbb2a207.rlib" "/opt/rustwide/target/debug/deps/libwyz-3ab1106e6ae81bcb.rlib" "/opt/rustwide/target/debug/deps/libtap-2cc3bcce42dac99c.rlib" "/opt/rustwide/target/debug/deps/libradium-ebe0fb313fa4c01d.rlib" "/opt/rustwide/target/debug/deps/libfunty-b14902e4c1957add.rlib" "/opt/rustwide/target/debug/deps/libsubtle-add1bb7d312fdc8c.rlib" "/opt/rustwide/target/debug/deps/libblst-b13748fb1c26cc2e.rlib" "/opt/rustwide/target/debug/deps/libthreadpool-a07d4dea61a59d1e.rlib" "/opt/rustwide/target/debug/deps/libnum_cpus-2148e9f03304bebc.rlib" "/opt/rustwide/target/debug/deps/liblibc-a9a2a17e1d19328b.rlib" "/opt/rustwide/target/debug/deps/libzeroize-91f195620dfade15.rlib" "/opt/rustwide/rustup-home/toolchains/1.75.0-x86_64-unknown-linux-gnu/lib/rustlib/x86_64-unknown-linux-gnu/lib/libstd-90f6ddbf82de36ec.rlib" "/opt/rustwide/rustup-home/toolchains/1.75.0-x86_64-unknown-linux-gnu/lib/rustlib/x86_64-unknown-linux-gnu/lib/libpanic_unwind-480c41e9d4e1f677.rlib" "/opt/rustwide/rustup-home/toolchains/1.75.0-x86_64-unknown-linux-gnu/lib/rustlib/x86_64-unknown-linux-gnu/lib/libobject-db744c0ca03eed1d.rlib" "/opt/rustwide/rustup-home/toolchains/1.75.0-x86_64-unknown-linux-gnu/lib/rustlib/x86_64-unknown-linux-gnu/lib/libmemchr-8ba652dc7d4b285a.rlib" "/opt/rustwide/rustup-home/toolchains/1.75.0-x86_64-unknown-linux-gnu/lib/rustlib/x86_64-unknown-linux-gnu/lib/libaddr2line-d5f4520a9ebc0d58.rlib" "/opt/rustwide/rustup-home/toolchains/1.75.0-x86_64-unknown-linux-gnu/lib/rustlib/x86_64-unknown-linux-gnu/lib/libgimli-4ad84de58f0cb463.rlib" "/opt/rustwide/rustup-home/toolchains/1.75.0-x86_64-unknown-linux-gnu/lib/rustlib/x86_64-unknown-linux-gnu/lib/librustc_demangle-0d10aae2e0f38735.rlib" "/opt/rustwide/rustup-home/toolchains/1.75.0-x86_64-unknown-linux-gnu/lib/rustlib/x86_64-unknown-linux-gnu/lib/libstd_detect-0c17cff739e6745b.rlib" "/opt/rustwide/rustup-home/toolchains/1.75.0-x86_64-unknown-linux-gnu/lib/rustlib/x86_64-unknown-linux-gnu/lib/libhashbrown-b29e17139dde1aa8.rlib" "/opt/rustwide/rustup-home/toolchains/1.75.0-x86_64-unknown-linux-gnu/lib/rustlib/x86_64-unknown-linux-gnu/lib/librustc_std_workspace_alloc-1f975299829cc7bd.rlib" "/opt/rustwide/rustup-home/toolchains/1.75.0-x86_64-unknown-linux-gnu/lib/rustlib/x86_64-unknown-linux-gnu/lib/libminiz_oxide-86bae3bc3079f89b.rlib" "/opt/rustwide/rustup-home/toolchains/1.75.0-x86_64-unknown-linux-gnu/lib/rustlib/x86_64-unknown-linux-gnu/lib/libadler-321b82c30dffdf5f.rlib" "/opt/rustwide/rustup-home/toolchains/1.75.0-x86_64-unknown-linux-gnu/lib/rustlib/x86_64-unknown-linux-gnu/lib/libunwind-3dd8a6810a0bdfef.rlib" "/opt/rustwide/rustup-home/toolchains/1.75.0-x86_64-unknown-linux-gnu/lib/rustlib/x86_64-unknown-linux-gnu/lib/libcfg_if-eb39a61c0c879984.rlib" "/opt/rustwide/rustup-home/toolchains/1.75.0-x86_64-unknown-linux-gnu/lib/rustlib/x86_64-unknown-linux-gnu/lib/liblibc-aa769569f91c3548.rlib" "/opt/rustwide/rustup-home/toolchains/1.75.0-x86_64-unknown-linux-gnu/lib/rustlib/x86_64-unknown-linux-gnu/lib/liballoc-510a192a50a983ed.rlib" "/opt/rustwide/rustup-home/toolchains/1.75.0-x86_64-unknown-linux-gnu/lib/rustlib/x86_64-unknown-linux-gnu/lib/librustc_std_workspace_core-0577018320f99037.rlib" "/opt/rustwide/rustup-home/toolchains/1.75.0-x86_64-unknown-linux-gnu/lib/rustlib/x86_64-unknown-linux-gnu/lib/libcore-193cf992125ccd4c.rlib" "/opt/rustwide/rustup-home/toolchains/1.75.0-x86_64-unknown-linux-gnu/lib/rustlib/x86_64-unknown-linux-gnu/lib/libcompiler_builtins-8e138eaf26ebb4a8.rlib" "-Wl,-Bdynamic" "-lOpenCL" "-lOpenCL" "-lgcc_s" "-lutil" "-lrt" "-lpthread" "-lm" "-ldl" "-lc" "-Wl,--eh-frame-hdr" "-Wl,-z,noexecstack" "-L" "/opt/rustwide/rustup-home/toolchains/1.75.0-x86_64-unknown-linux-gnu/lib/rustlib/x86_64-unknown-linux-gnu/lib" "-o" "/opt/rustwide/target/debug/build/bellperson-774f76805e830978/build_script_build-774f76805e830978" "-Wl,--gc-sections" "-pie" "-Wl,-z,relro,-z,now" "-nodefaultlibs"
[INFO] [stdout]   = note: /usr/bin/ld: cannot find -lOpenCL: No such file or directory
[INFO] [stdout]           /usr/bin/ld: cannot find -lOpenCL: No such file or directory
[INFO] [stdout]           collect2: error: ld returned 1 exit status
[INFO] [stdout]           
[INFO] [stdout] 
[INFO] [stdout] 
[INFO] [stdout] error: aborting due to previous error
[INFO] [stdout] 
[INFO] [stdout] 
[INFO] [stderr] error: could not compile `bellperson` (build script) due to 2 previous errors
[INFO] [stderr] warning: build failed, waiting for other jobs to finish...
[INFO] [stdout] error: linking with `cc` failed: exit status: 1
[INFO] [stdout]   |
[INFO] [stdout]   = note: LC_ALL="C" PATH="/opt/rustwide/rustup-home/toolchains/1.75.0-x86_64-unknown-linux-gnu/lib/rustlib/x86_64-unknown-linux-gnu/bin:/opt/rustwide/cargo-home/bin:/usr/local/sbin:/usr/local/bin:/usr/sbin:/usr/bin:/sbin:/bin" VSLANG="1033" "cc" "-m64" "/tmp/rustcc7hQro/symbols.o" "/opt/rustwide/target/debug/build/neptune-1c0189fe16e2c78a/build_script_build-1c0189fe16e2c78a.build_script_build.7bff0c17a493c720-cgu.0.rcgu.o" "/opt/rustwide/target/debug/build/neptune-1c0189fe16e2c78a/build_script_build-1c0189fe16e2c78a.build_script_build.7bff0c17a493c720-cgu.1.rcgu.o" "/opt/rustwide/target/debug/build/neptune-1c0189fe16e2c78a/build_script_build-1c0189fe16e2c78a.build_script_build.7bff0c17a493c720-cgu.2.rcgu.o" "/opt/rustwide/target/debug/build/neptune-1c0189fe16e2c78a/build_script_build-1c0189fe16e2c78a.build_script_build.7bff0c17a493c720-cgu.3.rcgu.o" "/opt/rustwide/target/debug/build/neptune-1c0189fe16e2c78a/build_script_build-1c0189fe16e2c78a.build_script_build.7bff0c17a493c720-cgu.4.rcgu.o" "/opt/rustwide/target/debug/build/neptune-1c0189fe16e2c78a/build_script_build-1c0189fe16e2c78a.18958aog8uc361fn.rcgu.o" "-Wl,--as-needed" "-L" "/opt/rustwide/target/debug/deps" "-L" "/opt/rustwide/target/debug/build/blst-a22c0c0098029e83/out" "-L" "/opt/rustwide/rustup-home/toolchains/1.75.0-x86_64-unknown-linux-gnu/lib/rustlib/x86_64-unknown-linux-gnu/lib" "-Wl,-Bstatic" "/opt/rustwide/target/debug/deps/libec_gpu_gen-4cec937a87d098ed.rlib" "/opt/rustwide/target/debug/deps/libcrossbeam_channel-2239c0b69ce2d6a7.rlib" "/opt/rustwide/target/debug/deps/librayon-3cb38f31c76941f8.rlib" "/opt/rustwide/target/debug/deps/librayon_core-adeab3bc3da236d5.rlib" "/opt/rustwide/target/debug/deps/libcrossbeam_deque-2d63d21f948d90a5.rlib" "/opt/rustwide/target/debug/deps/libcrossbeam_epoch-36ab76a2c3ce6ace.rlib" "/opt/rustwide/target/debug/deps/libmemoffset-77b9fc6eaa51883f.rlib" "/opt/rustwide/target/debug/deps/libcrossbeam_utils-c927984e5b3dbee5.rlib" "/opt/rustwide/target/debug/deps/libeither-1a2153cd75ea0d51.rlib" "/opt/rustwide/target/debug/deps/libyastl-ece08924674bfe3f.rlib" "/opt/rustwide/target/debug/deps/libflume-2ebeb931fdb045ca.rlib" "/opt/rustwide/target/debug/deps/libspin-fa87e957c741cab3.rlib" "/opt/rustwide/target/debug/deps/liblock_api-16bf78c190c2883a.rlib" "/opt/rustwide/target/debug/deps/libscopeguard-179e47dca4560991.rlib" "/opt/rustwide/target/debug/deps/librust_gpu_tools-4d85984e64a07020.rlib" "/opt/rustwide/target/debug/deps/libhome-dbb15dd2a55a077b.rlib" "/opt/rustwide/target/debug/deps/libhex-3cbfa22bbeaa4c2e.rlib" "/opt/rustwide/target/debug/deps/libsha2-dab73dd10c0d75b6.rlib" "/opt/rustwide/target/debug/deps/libcpufeatures-942478018e98325a.rlib" "/opt/rustwide/target/debug/deps/libcfg_if-61dc7a6799e72b18.rlib" "/opt/rustwide/target/debug/deps/libdigest-27b4859b423e357a.rlib" "/opt/rustwide/target/debug/deps/libblock_buffer-dd5adeb2363ec1fc.rlib" "/opt/rustwide/target/debug/deps/libcrypto_common-3a287997870423c1.rlib" "/opt/rustwide/target/debug/deps/libgeneric_array-5cedfdaefdc7840a.rlib" "/opt/rustwide/target/debug/deps/libtypenum-4646265e57156898.rlib" "/opt/rustwide/target/debug/deps/libopencl3-c33b5221afed273a.rlib" "/opt/rustwide/target/debug/deps/libcl3-7f32e378ceb92a0f.rlib" "/opt/rustwide/target/debug/deps/libthiserror-431e1ef2c20152ef.rlib" "/opt/rustwide/target/debug/deps/libopencl_sys-7e6557812649c929.rlib" "/opt/rustwide/target/debug/deps/libonce_cell-865e1c5018a0303a.rlib" "/opt/rustwide/target/debug/deps/liblog-4f472032e8cdd371.rlib" "/opt/rustwide/target/debug/deps/libblstrs-180e980eb881e45a.rlib" "/opt/rustwide/target/debug/deps/libpairing-928d30584806b965.rlib" "/opt/rustwide/target/debug/deps/libserde-b30722c375ff8689.rlib" "/opt/rustwide/target/debug/deps/libbyte_slice_cast-9e257444e5d21353.rlib" "/opt/rustwide/target/debug/deps/libgroup-082cbca45cacff62.rlib" "/opt/rustwide/target/debug/deps/librand_xorshift-16f2a00ffd848795.rlib" "/opt/rustwide/target/debug/deps/librand-c7d0a6440f06c013.rlib" "/opt/rustwide/target/debug/deps/libec_gpu-6c7adc33c2184256.rlib" "/opt/rustwide/target/debug/deps/libff-ee5bfe58d676611d.rlib" "/opt/rustwide/target/debug/deps/librand_core-b1cb17b1f4b742c5.rlib" "/opt/rustwide/target/debug/deps/libbitvec-0d493410bbb2a207.rlib" "/opt/rustwide/target/debug/deps/libwyz-3ab1106e6ae81bcb.rlib" "/opt/rustwide/target/debug/deps/libtap-2cc3bcce42dac99c.rlib" "/opt/rustwide/target/debug/deps/libradium-ebe0fb313fa4c01d.rlib" "/opt/rustwide/target/debug/deps/libfunty-b14902e4c1957add.rlib" "/opt/rustwide/target/debug/deps/libsubtle-add1bb7d312fdc8c.rlib" "/opt/rustwide/target/debug/deps/libblst-b13748fb1c26cc2e.rlib" "/opt/rustwide/target/debug/deps/libthreadpool-a07d4dea61a59d1e.rlib" "/opt/rustwide/target/debug/deps/libnum_cpus-2148e9f03304bebc.rlib" "/opt/rustwide/target/debug/deps/liblibc-a9a2a17e1d19328b.rlib" "/opt/rustwide/target/debug/deps/libzeroize-91f195620dfade15.rlib" "/opt/rustwide/rustup-home/toolchains/1.75.0-x86_64-unknown-linux-gnu/lib/rustlib/x86_64-unknown-linux-gnu/lib/libstd-90f6ddbf82de36ec.rlib" "/opt/rustwide/rustup-home/toolchains/1.75.0-x86_64-unknown-linux-gnu/lib/rustlib/x86_64-unknown-linux-gnu/lib/libpanic_unwind-480c41e9d4e1f677.rlib" "/opt/rustwide/rustup-home/toolchains/1.75.0-x86_64-unknown-linux-gnu/lib/rustlib/x86_64-unknown-linux-gnu/lib/libobject-db744c0ca03eed1d.rlib" "/opt/rustwide/rustup-home/toolchains/1.75.0-x86_64-unknown-linux-gnu/lib/rustlib/x86_64-unknown-linux-gnu/lib/libmemchr-8ba652dc7d4b285a.rlib" "/opt/rustwide/rustup-home/toolchains/1.75.0-x86_64-unknown-linux-gnu/lib/rustlib/x86_64-unknown-linux-gnu/lib/libaddr2line-d5f4520a9ebc0d58.rlib" "/opt/rustwide/rustup-home/toolchains/1.75.0-x86_64-unknown-linux-gnu/lib/rustlib/x86_64-unknown-linux-gnu/lib/libgimli-4ad84de58f0cb463.rlib" "/opt/rustwide/rustup-home/toolchains/1.75.0-x86_64-unknown-linux-gnu/lib/rustlib/x86_64-unknown-linux-gnu/lib/librustc_demangle-0d10aae2e0f38735.rlib" "/opt/rustwide/rustup-home/toolchains/1.75.0-x86_64-unknown-linux-gnu/lib/rustlib/x86_64-unknown-linux-gnu/lib/libstd_detect-0c17cff739e6745b.rlib" "/opt/rustwide/rustup-home/toolchains/1.75.0-x86_64-unknown-linux-gnu/lib/rustlib/x86_64-unknown-linux-gnu/lib/libhashbrown-b29e17139dde1aa8.rlib" "/opt/rustwide/rustup-home/toolchains/1.75.0-x86_64-unknown-linux-gnu/lib/rustlib/x86_64-unknown-linux-gnu/lib/librustc_std_workspace_alloc-1f975299829cc7bd.rlib" "/opt/rustwide/rustup-home/toolchains/1.75.0-x86_64-unknown-linux-gnu/lib/rustlib/x86_64-unknown-linux-gnu/lib/libminiz_oxide-86bae3bc3079f89b.rlib" "/opt/rustwide/rustup-home/toolchains/1.75.0-x86_64-unknown-linux-gnu/lib/rustlib/x86_64-unknown-linux-gnu/lib/libadler-321b82c30dffdf5f.rlib" "/opt/rustwide/rustup-home/toolchains/1.75.0-x86_64-unknown-linux-gnu/lib/rustlib/x86_64-unknown-linux-gnu/lib/libunwind-3dd8a6810a0bdfef.rlib" "/opt/rustwide/rustup-home/toolchains/1.75.0-x86_64-unknown-linux-gnu/lib/rustlib/x86_64-unknown-linux-gnu/lib/libcfg_if-eb39a61c0c879984.rlib" "/opt/rustwide/rustup-home/toolchains/1.75.0-x86_64-unknown-linux-gnu/lib/rustlib/x86_64-unknown-linux-gnu/lib/liblibc-aa769569f91c3548.rlib" "/opt/rustwide/rustup-home/toolchains/1.75.0-x86_64-unknown-linux-gnu/lib/rustlib/x86_64-unknown-linux-gnu/lib/liballoc-510a192a50a983ed.rlib" "/opt/rustwide/rustup-home/toolchains/1.75.0-x86_64-unknown-linux-gnu/lib/rustlib/x86_64-unknown-linux-gnu/lib/librustc_std_workspace_core-0577018320f99037.rlib" "/opt/rustwide/rustup-home/toolchains/1.75.0-x86_64-unknown-linux-gnu/lib/rustlib/x86_64-unknown-linux-gnu/lib/libcore-193cf992125ccd4c.rlib" "/opt/rustwide/rustup-home/toolchains/1.75.0-x86_64-unknown-linux-gnu/lib/rustlib/x86_64-unknown-linux-gnu/lib/libcompiler_builtins-8e138eaf26ebb4a8.rlib" "-Wl,-Bdynamic" "-lOpenCL" "-lOpenCL" "-lgcc_s" "-lutil" "-lrt" "-lpthread" "-lm" "-ldl" "-lc" "-Wl,--eh-frame-hdr" "-Wl,-z,noexecstack" "-L" "/opt/rustwide/rustup-home/toolchains/1.75.0-x86_64-unknown-linux-gnu/lib/rustlib/x86_64-unknown-linux-gnu/lib" "-o" "/opt/rustwide/target/debug/build/neptune-1c0189fe16e2c78a/build_script_build-1c0189fe16e2c78a" "-Wl,--gc-sections" "-pie" "-Wl,-z,relro,-z,now" "-nodefaultlibs"
[INFO] [stdout]   = note: /usr/bin/ld: cannot find -lOpenCL: No such file or directory
[INFO] [stdout]           /usr/bin/ld: cannot find -lOpenCL: No such file or directory
[INFO] [stdout]           collect2: error: ld returned 1 exit status
[INFO] [stdout]           
[INFO] [stdout] 
[INFO] [stdout] 
[INFO] [stdout] error: aborting due to previous error
[INFO] [stdout] 
[INFO] [stdout] 
[INFO] [stderr] error: could not compile `neptune` (build script) due to 2 previous errors
[INFO] running `Command { std: "docker" "inspect" "f1c81f51fb6221ce89d4a8f8742bcc6065d4a13607db91a7194ed2a67d120542", kill_on_drop: false }`
[INFO] running `Command { std: "docker" "rm" "-f" "f1c81f51fb6221ce89d4a8f8742bcc6065d4a13607db91a7194ed2a67d120542", kill_on_drop: false }`
[INFO] [stdout] f1c81f51fb6221ce89d4a8f8742bcc6065d4a13607db91a7194ed2a67d120542
[INFO] testing 0x5459/fil-read-parent-cache against beta-2023-12-22 for beta-1.76-1
[INFO] running `Command { std: "git" "clone" "/workspace/cache/git-repos/https%3A%2F%2Fgithub.com%2F0x5459%2Ffil-read-parent-cache" "/workspace/builds/worker-3-tc2/source", kill_on_drop: false }`
[INFO] [stderr] Cloning into '/workspace/builds/worker-3-tc2/source'...
[INFO] [stderr] done.
[INFO] validating manifest of git repo https://github.com/0x5459/fil-read-parent-cache on toolchain beta-2023-12-22
[INFO] running `Command { std: CARGO_HOME="/workspace/cargo-home" RUSTUP_HOME="/workspace/rustup-home" "/workspace/cargo-home/bin/cargo" "+beta-2023-12-22" "metadata" "--manifest-path" "Cargo.toml" "--no-deps", kill_on_drop: false }`
[INFO] started tweaking git repo https://github.com/0x5459/fil-read-parent-cache
[INFO] finished tweaking git repo https://github.com/0x5459/fil-read-parent-cache
[INFO] tweaked toml for git repo https://github.com/0x5459/fil-read-parent-cache written to /workspace/builds/worker-3-tc2/source/Cargo.toml
[INFO] crate git repo https://github.com/0x5459/fil-read-parent-cache already has a lockfile, it will not be regenerated
[INFO] running `Command { std: CARGO_HOME="/workspace/cargo-home" RUSTUP_HOME="/workspace/rustup-home" "/workspace/cargo-home/bin/cargo" "+beta-2023-12-22" "fetch" "--manifest-path" "Cargo.toml", kill_on_drop: false }`
[INFO] running `Command { std: "docker" "create" "-v" "/var/lib/crater-agent-workspace/builds/worker-3-tc2/target:/opt/rustwide/target:rw,Z" "-v" "/var/lib/crater-agent-workspace/builds/worker-3-tc2/source:/opt/rustwide/workdir:ro,Z" "-v" "/var/lib/crater-agent-workspace/cargo-home:/opt/rustwide/cargo-home:ro,Z" "-v" "/var/lib/crater-agent-workspace/rustup-home:/opt/rustwide/rustup-home:ro,Z" "-e" "SOURCE_DIR=/opt/rustwide/workdir" "-e" "CARGO_TARGET_DIR=/opt/rustwide/target" "-e" "CARGO_HOME=/opt/rustwide/cargo-home" "-e" "RUSTUP_HOME=/opt/rustwide/rustup-home" "-w" "/opt/rustwide/workdir" "-m" "1610612736" "--user" "0:0" "--network" "none" "ghcr.io/rust-lang/crates-build-env/linux@sha256:2788e3201cd34a07e3172128adcd8b3090168a8e3bcc40d7c032b9dda1df7d1c" "/opt/rustwide/cargo-home/bin/cargo" "+beta-2023-12-22" "metadata" "--no-deps" "--format-version=1", kill_on_drop: false }`
[INFO] [stdout] e918fde28409eb8d8bc2d3886172a0080560fad292d9e3c3b61e53896aa43ad8
[INFO] running `Command { std: "docker" "start" "-a" "e918fde28409eb8d8bc2d3886172a0080560fad292d9e3c3b61e53896aa43ad8", kill_on_drop: false }`
[INFO] running `Command { std: "docker" "inspect" "e918fde28409eb8d8bc2d3886172a0080560fad292d9e3c3b61e53896aa43ad8", kill_on_drop: false }`
[INFO] running `Command { std: "docker" "rm" "-f" "e918fde28409eb8d8bc2d3886172a0080560fad292d9e3c3b61e53896aa43ad8", kill_on_drop: false }`
[INFO] [stdout] e918fde28409eb8d8bc2d3886172a0080560fad292d9e3c3b61e53896aa43ad8
[INFO] running `Command { std: "docker" "create" "-v" "/var/lib/crater-agent-workspace/builds/worker-3-tc2/target:/opt/rustwide/target:rw,Z" "-v" "/var/lib/crater-agent-workspace/builds/worker-3-tc2/source:/opt/rustwide/workdir:ro,Z" "-v" "/var/lib/crater-agent-workspace/cargo-home:/opt/rustwide/cargo-home:ro,Z" "-v" "/var/lib/crater-agent-workspace/rustup-home:/opt/rustwide/rustup-home:ro,Z" "-e" "SOURCE_DIR=/opt/rustwide/workdir" "-e" "CARGO_TARGET_DIR=/opt/rustwide/target" "-e" "CARGO_INCREMENTAL=0" "-e" "RUST_BACKTRACE=full" "-e" "RUSTFLAGS=--cap-lints=warn" "-e" "RUSTDOCFLAGS=--cap-lints=warn" "-e" "CARGO_HOME=/opt/rustwide/cargo-home" "-e" "RUSTUP_HOME=/opt/rustwide/rustup-home" "-w" "/opt/rustwide/workdir" "-m" "1610612736" "--user" "0:0" "--network" "none" "ghcr.io/rust-lang/crates-build-env/linux@sha256:2788e3201cd34a07e3172128adcd8b3090168a8e3bcc40d7c032b9dda1df7d1c" "/opt/rustwide/cargo-home/bin/cargo" "+beta-2023-12-22" "build" "--frozen" "--message-format=json", kill_on_drop: false }`
[INFO] [stdout] 1a841d9987a01a16309ef64c3201d7485fb91240d69cb88f91808717c6eed40e
[INFO] running `Command { std: "docker" "start" "-a" "1a841d9987a01a16309ef64c3201d7485fb91240d69cb88f91808717c6eed40e", kill_on_drop: false }`
[INFO] [stderr]    Compiling libc v0.2.150
[INFO] [stderr]    Compiling proc-macro2 v1.0.70
[INFO] [stderr]    Compiling radium v0.7.0
[INFO] [stderr]    Compiling typenum v1.17.0
[INFO] [stderr]    Compiling serde v1.0.193
[INFO] [stderr]    Compiling tap v1.0.1
[INFO] [stderr]    Compiling funty v2.0.0
[INFO] [stderr]    Compiling subtle v2.5.0
[INFO] [stderr]    Compiling scopeguard v1.2.0
[INFO] [stderr]    Compiling crossbeam-utils v0.8.16
[INFO] [stderr]    Compiling thiserror v1.0.50
[INFO] [stderr]    Compiling opencl-sys v0.2.6
[INFO] [stderr]    Compiling generic-array v0.14.7
[INFO] [stderr]    Compiling lock_api v0.4.11
[INFO] [stderr]    Compiling memoffset v0.9.0
[INFO] [stderr]    Compiling crossbeam-epoch v0.9.15
[INFO] [stderr]    Compiling wyz v0.5.1
[INFO] [stderr]    Compiling parking_lot_core v0.9.9
[INFO] [stderr]    Compiling ec-gpu v0.2.0
[INFO] [stderr]    Compiling rand_core v0.6.4
[INFO] [stderr]    Compiling rayon-core v1.12.0
[INFO] [stderr]    Compiling smallvec v1.11.2
[INFO] [stderr]    Compiling arrayref v0.3.7
[INFO] [stderr]    Compiling execute-command-tokens v0.1.7
[INFO] [stderr]    Compiling cpufeatures v0.2.11
[INFO] [stderr]    Compiling rand v0.8.5
[INFO] [stderr]    Compiling rand_xorshift v0.3.0
[INFO] [stderr]    Compiling once_cell v1.18.0
[INFO] [stderr]    Compiling arrayvec v0.7.4
[INFO] [stderr]    Compiling constant_time_eq v0.3.0
[INFO] [stderr]    Compiling home v0.5.5
[INFO] [stderr]    Compiling either v1.9.0
[INFO] [stderr]    Compiling byte-slice-cast v1.2.2
[INFO] [stderr]    Compiling lazy_static v1.4.0
[INFO] [stderr]    Compiling ec-gpu-gen v0.6.0
[INFO] [stderr]    Compiling ec-gpu-gen v0.7.0
[INFO] [stderr]    Compiling rustversion v1.0.14
[INFO] [stderr]    Compiling spin v0.9.8
[INFO] [stderr]    Compiling anyhow v1.0.75
[INFO] [stderr]    Compiling rustix v0.38.26
[INFO] [stderr]    Compiling blake2b_simd v1.0.2
[INFO] [stderr]    Compiling bitvec v1.0.1
[INFO] [stderr]    Compiling blake2s_simd v1.0.2
[INFO] [stderr]    Compiling syn v1.0.109
[INFO] [stderr]    Compiling flume v0.10.14
[INFO] [stderr]    Compiling crossbeam-channel v0.5.8
[INFO] [stderr]    Compiling quote v1.0.33
[INFO] [stderr]    Compiling yastl v0.1.2
[INFO] [stderr]    Compiling crossbeam-deque v0.8.3
[INFO] [stderr]    Compiling syn v2.0.39
[INFO] [stderr]    Compiling linux-raw-sys v0.4.12
[INFO] [stderr]    Compiling getrandom v0.2.11
[INFO] [stderr]    Compiling num_cpus v1.16.0
[INFO] [stderr]    Compiling cc v1.0.83
[INFO] [stderr]    Compiling parking_lot v0.12.1
[INFO] [stderr]    Compiling threadpool v1.8.1
[INFO] [stderr]    Compiling memmap2 v0.5.10
[INFO] [stderr]    Compiling rand_chacha v0.3.1
[INFO] [stderr]    Compiling rayon v1.8.0
[INFO] [stderr]    Compiling temp-env v0.3.6
[INFO] [stderr]    Compiling constant_time_eq v0.1.5
[INFO] [stderr]    Compiling generic-array v1.0.0
[INFO] [stderr]    Compiling fastrand v2.0.1
[INFO] [stderr]    Compiling arrayvec v0.5.2
[INFO] [stderr]    Compiling async-trait v0.1.74
[INFO] [stderr]    Compiling blake2s_simd v0.5.11
[INFO] [stderr]    Compiling fs2 v0.4.3
[INFO] [stderr]    Compiling positioned-io v0.3.3
[INFO] [stderr]    Compiling itertools v0.8.2
[INFO] [stderr]    Compiling memchr v2.6.4
[INFO] [stderr]    Compiling semver v1.0.20
[INFO] [stderr]    Compiling serde_json v1.0.108
[INFO] [stderr]    Compiling crypto-common v0.1.6
[INFO] [stderr]    Compiling block-buffer v0.10.4
[INFO] [stderr]    Compiling blst v0.3.11
[INFO] [stderr]    Compiling block-padding v0.3.3
[INFO] [stderr]    Compiling digest v0.10.7
[INFO] [stderr]    Compiling ryu v1.0.15
[INFO] [stderr]    Compiling itoa v1.0.9
[INFO] [stderr]    Compiling inout v0.1.3
[INFO] [stderr]    Compiling pathdiff v0.2.1
[INFO] [stderr]    Compiling sha2 v0.10.8
[INFO] [stderr]    Compiling cipher v0.4.4
[INFO] [stderr]    Compiling nom v7.1.3
[INFO] [stderr]    Compiling ff v0.13.0
[INFO] [stderr]    Compiling group v0.13.0
[INFO] [stderr]    Compiling aes v0.8.3
[INFO] [stderr]    Compiling pairing v0.23.0
[INFO] [stderr]    Compiling cbc v0.1.2
[INFO] [stderr]    Compiling tempfile v3.8.1
[INFO] [stderr]    Compiling trait-set v0.3.0
[INFO] [stderr]    Compiling serde_derive v1.0.193
[INFO] [stderr]    Compiling thiserror-impl v1.0.50
[INFO] [stderr]    Compiling execute-command-macro-impl v0.1.10
[INFO] [stderr]    Compiling zeroize_derive v1.4.2
[INFO] [stderr]    Compiling execute-command-macro v0.1.9
[INFO] [stderr]    Compiling execute v0.2.13
[INFO] [stderr]    Compiling zeroize v1.7.0
[INFO] [stderr]    Compiling cl3 v0.9.4
[INFO] [stderr]    Compiling opencl3 v0.9.4
[INFO] [stderr]    Compiling hex v0.4.3
[INFO] [stderr]    Compiling blstrs v0.7.1
[INFO] [stderr]    Compiling bellpepper-core v0.2.1
[INFO] [stderr]    Compiling bincode v1.3.3
[INFO] [stderr]    Compiling toml v0.5.11
[INFO] [stderr]    Compiling merkletree v0.23.0
[INFO] [stderr]    Compiling rust-gpu-tools v0.7.2
[INFO] [stderr]    Compiling pasta_curves v0.5.1
[INFO] [stderr]    Compiling bellpepper v0.2.1
[INFO] [stderr]    Compiling fr32 v9.1.0
[INFO] [stderr]    Compiling config v0.12.0
[INFO] [stderr]    Compiling bellperson v0.26.0
[INFO] [stderr]    Compiling neptune v11.0.0
[INFO] [stdout] error: linking with `cc` failed: exit status: 1
[INFO] [stdout]   |
[INFO] [stdout]   = note: LC_ALL="C" PATH="/opt/rustwide/rustup-home/toolchains/beta-2023-12-22-x86_64-unknown-linux-gnu/lib/rustlib/x86_64-unknown-linux-gnu/bin:/opt/rustwide/cargo-home/bin:/usr/local/sbin:/usr/local/bin:/usr/sbin:/usr/bin:/sbin:/bin" VSLANG="1033" "cc" "-m64" "/tmp/rustcy3Uazu/symbols.o" "/opt/rustwide/target/debug/build/bellperson-f2dc5a565bdfd3db/build_script_build-f2dc5a565bdfd3db.build_script_build.e1a2c0debb53ec74-cgu.0.rcgu.o" "/opt/rustwide/target/debug/build/bellperson-f2dc5a565bdfd3db/build_script_build-f2dc5a565bdfd3db.build_script_build.e1a2c0debb53ec74-cgu.1.rcgu.o" "/opt/rustwide/target/debug/build/bellperson-f2dc5a565bdfd3db/build_script_build-f2dc5a565bdfd3db.build_script_build.e1a2c0debb53ec74-cgu.2.rcgu.o" "/opt/rustwide/target/debug/build/bellperson-f2dc5a565bdfd3db/build_script_build-f2dc5a565bdfd3db.build_script_build.e1a2c0debb53ec74-cgu.3.rcgu.o" "/opt/rustwide/target/debug/build/bellperson-f2dc5a565bdfd3db/build_script_build-f2dc5a565bdfd3db.build_script_build.e1a2c0debb53ec74-cgu.4.rcgu.o" "/opt/rustwide/target/debug/build/bellperson-f2dc5a565bdfd3db/build_script_build-f2dc5a565bdfd3db.43snp3y26hz5cgxi.rcgu.o" "-Wl,--as-needed" "-L" "/opt/rustwide/target/debug/deps" "-L" "/opt/rustwide/target/debug/build/blst-371fe6063bde2b2c/out" "-L" "/opt/rustwide/rustup-home/toolchains/beta-2023-12-22-x86_64-unknown-linux-gnu/lib/rustlib/x86_64-unknown-linux-gnu/lib" "-Wl,-Bstatic" "/opt/rustwide/target/debug/deps/libec_gpu_gen-1979f70b8af08ebe.rlib" "/opt/rustwide/target/debug/deps/libcrossbeam_channel-b8b002b8a59907f8.rlib" "/opt/rustwide/target/debug/deps/librayon-5486625bb62bbdde.rlib" "/opt/rustwide/target/debug/deps/librayon_core-f84eb97bb02465a8.rlib" "/opt/rustwide/target/debug/deps/libcrossbeam_deque-af628ccd64444cce.rlib" "/opt/rustwide/target/debug/deps/libcrossbeam_epoch-7cac724b2eceffe0.rlib" "/opt/rustwide/target/debug/deps/libmemoffset-70be0b3efc76ca6c.rlib" "/opt/rustwide/target/debug/deps/libcrossbeam_utils-dd96d6909164d49d.rlib" "/opt/rustwide/target/debug/deps/libeither-2ebf7fdccaa1168b.rlib" "/opt/rustwide/target/debug/deps/libyastl-aa48135693d27a6f.rlib" "/opt/rustwide/target/debug/deps/libflume-e59ebe6daf73a204.rlib" "/opt/rustwide/target/debug/deps/libspin-b46a388c6957df11.rlib" "/opt/rustwide/target/debug/deps/liblock_api-f3ffe3870d1fb452.rlib" "/opt/rustwide/target/debug/deps/libscopeguard-1a234dcd8bf514e4.rlib" "/opt/rustwide/target/debug/deps/librust_gpu_tools-ee01d6001b391363.rlib" "/opt/rustwide/target/debug/deps/libhome-a1c0edac94651a7a.rlib" "/opt/rustwide/target/debug/deps/libhex-25c8add003e23600.rlib" "/opt/rustwide/target/debug/deps/libsha2-443613ed4242a9ca.rlib" "/opt/rustwide/target/debug/deps/libcpufeatures-b9c2875b4acd1b8c.rlib" "/opt/rustwide/target/debug/deps/libcfg_if-e7002d307f97bc56.rlib" "/opt/rustwide/target/debug/deps/libdigest-61b347cddb4f6693.rlib" "/opt/rustwide/target/debug/deps/libblock_buffer-cacbc6d10cac36c8.rlib" "/opt/rustwide/target/debug/deps/libcrypto_common-29e29303415d6462.rlib" "/opt/rustwide/target/debug/deps/libgeneric_array-76216cd7d127746f.rlib" "/opt/rustwide/target/debug/deps/libtypenum-d62516dc5c5aaa1b.rlib" "/opt/rustwide/target/debug/deps/libopencl3-ee4034e63d260e5f.rlib" "/opt/rustwide/target/debug/deps/libcl3-7a8d6b23db7c9de0.rlib" "/opt/rustwide/target/debug/deps/libthiserror-1e1d9203139ff361.rlib" "/opt/rustwide/target/debug/deps/libopencl_sys-14c5c57fbff709b1.rlib" "/opt/rustwide/target/debug/deps/libonce_cell-728f13abc4f8cf5f.rlib" "/opt/rustwide/target/debug/deps/liblog-8188d82fb061445d.rlib" "/opt/rustwide/target/debug/deps/libblstrs-46bc17280048d7c2.rlib" "/opt/rustwide/target/debug/deps/libpairing-23c01bcbb6d32583.rlib" "/opt/rustwide/target/debug/deps/libserde-71974ce0ced85e10.rlib" "/opt/rustwide/target/debug/deps/libbyte_slice_cast-da8b3455668523a9.rlib" "/opt/rustwide/target/debug/deps/libgroup-4651109a84870d8a.rlib" "/opt/rustwide/target/debug/deps/librand_xorshift-71dbd4b844a98f28.rlib" "/opt/rustwide/target/debug/deps/librand-acd8f4010da081a2.rlib" "/opt/rustwide/target/debug/deps/libec_gpu-f7e327228eafa7b1.rlib" "/opt/rustwide/target/debug/deps/libff-3ddf62a2dbe7e23f.rlib" "/opt/rustwide/target/debug/deps/librand_core-5443dd0e01efbc2a.rlib" "/opt/rustwide/target/debug/deps/libbitvec-f2227b644884ba19.rlib" "/opt/rustwide/target/debug/deps/libwyz-b9ad50c5a23ba281.rlib" "/opt/rustwide/target/debug/deps/libtap-b85dccd7e33b9fac.rlib" "/opt/rustwide/target/debug/deps/libradium-23c3c7bf7109ca51.rlib" "/opt/rustwide/target/debug/deps/libfunty-36159d7a9009c5ea.rlib" "/opt/rustwide/target/debug/deps/libsubtle-9661d666e57a3e95.rlib" "/opt/rustwide/target/debug/deps/libblst-f4d7279a27651b3f.rlib" "/opt/rustwide/target/debug/deps/libthreadpool-4c445ea27d7ffd69.rlib" "/opt/rustwide/target/debug/deps/libnum_cpus-fb23db51be3872f8.rlib" "/opt/rustwide/target/debug/deps/liblibc-a40391b8f7ca94de.rlib" "/opt/rustwide/target/debug/deps/libzeroize-5f1fe71337b34911.rlib" "/opt/rustwide/rustup-home/toolchains/beta-2023-12-22-x86_64-unknown-linux-gnu/lib/rustlib/x86_64-unknown-linux-gnu/lib/libstd-0672489a78b613de.rlib" "/opt/rustwide/rustup-home/toolchains/beta-2023-12-22-x86_64-unknown-linux-gnu/lib/rustlib/x86_64-unknown-linux-gnu/lib/libpanic_unwind-7eb3ffc34a49f675.rlib" "/opt/rustwide/rustup-home/toolchains/beta-2023-12-22-x86_64-unknown-linux-gnu/lib/rustlib/x86_64-unknown-linux-gnu/lib/libobject-6478a9daa4bee8e2.rlib" "/opt/rustwide/rustup-home/toolchains/beta-2023-12-22-x86_64-unknown-linux-gnu/lib/rustlib/x86_64-unknown-linux-gnu/lib/libmemchr-0c75d871a5c3923d.rlib" "/opt/rustwide/rustup-home/toolchains/beta-2023-12-22-x86_64-unknown-linux-gnu/lib/rustlib/x86_64-unknown-linux-gnu/lib/libaddr2line-d163ef63ad37bb71.rlib" "/opt/rustwide/rustup-home/toolchains/beta-2023-12-22-x86_64-unknown-linux-gnu/lib/rustlib/x86_64-unknown-linux-gnu/lib/libgimli-8a3fd810a85b9f4c.rlib" "/opt/rustwide/rustup-home/toolchains/beta-2023-12-22-x86_64-unknown-linux-gnu/lib/rustlib/x86_64-unknown-linux-gnu/lib/librustc_demangle-462a2cde8c5dfc10.rlib" "/opt/rustwide/rustup-home/toolchains/beta-2023-12-22-x86_64-unknown-linux-gnu/lib/rustlib/x86_64-unknown-linux-gnu/lib/libstd_detect-cb06ac9f54713f71.rlib" "/opt/rustwide/rustup-home/toolchains/beta-2023-12-22-x86_64-unknown-linux-gnu/lib/rustlib/x86_64-unknown-linux-gnu/lib/libhashbrown-f20bfd1f8e59b393.rlib" "/opt/rustwide/rustup-home/toolchains/beta-2023-12-22-x86_64-unknown-linux-gnu/lib/rustlib/x86_64-unknown-linux-gnu/lib/librustc_std_workspace_alloc-1ef460949b49da4b.rlib" "/opt/rustwide/rustup-home/toolchains/beta-2023-12-22-x86_64-unknown-linux-gnu/lib/rustlib/x86_64-unknown-linux-gnu/lib/libminiz_oxide-2cb0c0ffe4f87514.rlib" "/opt/rustwide/rustup-home/toolchains/beta-2023-12-22-x86_64-unknown-linux-gnu/lib/rustlib/x86_64-unknown-linux-gnu/lib/libadler-58d841eb322a11a2.rlib" "/opt/rustwide/rustup-home/toolchains/beta-2023-12-22-x86_64-unknown-linux-gnu/lib/rustlib/x86_64-unknown-linux-gnu/lib/libunwind-aa2ae0b0a9d11533.rlib" "/opt/rustwide/rustup-home/toolchains/beta-2023-12-22-x86_64-unknown-linux-gnu/lib/rustlib/x86_64-unknown-linux-gnu/lib/libcfg_if-23874e15830ed336.rlib" "/opt/rustwide/rustup-home/toolchains/beta-2023-12-22-x86_64-unknown-linux-gnu/lib/rustlib/x86_64-unknown-linux-gnu/lib/liblibc-e47cddc003bce885.rlib" "/opt/rustwide/rustup-home/toolchains/beta-2023-12-22-x86_64-unknown-linux-gnu/lib/rustlib/x86_64-unknown-linux-gnu/lib/liballoc-c22b13b48a8f128e.rlib" "/opt/rustwide/rustup-home/toolchains/beta-2023-12-22-x86_64-unknown-linux-gnu/lib/rustlib/x86_64-unknown-linux-gnu/lib/librustc_std_workspace_core-e46bc3da6d7c462f.rlib" "/opt/rustwide/rustup-home/toolchains/beta-2023-12-22-x86_64-unknown-linux-gnu/lib/rustlib/x86_64-unknown-linux-gnu/lib/libcore-8d1ac131d3cb2645.rlib" "/opt/rustwide/rustup-home/toolchains/beta-2023-12-22-x86_64-unknown-linux-gnu/lib/rustlib/x86_64-unknown-linux-gnu/lib/libcompiler_builtins-a1b43df8c6899c1f.rlib" "-Wl,-Bdynamic" "-lOpenCL" "-lOpenCL" "-lgcc_s" "-lutil" "-lrt" "-lpthread" "-lm" "-ldl" "-lc" "-Wl,--eh-frame-hdr" "-Wl,-z,noexecstack" "-L" "/opt/rustwide/rustup-home/toolchains/beta-2023-12-22-x86_64-unknown-linux-gnu/lib/rustlib/x86_64-unknown-linux-gnu/lib" "-o" "/opt/rustwide/target/debug/build/bellperson-f2dc5a565bdfd3db/build_script_build-f2dc5a565bdfd3db" "-Wl,--gc-sections" "-pie" "-Wl,-z,relro,-z,now" "-nodefaultlibs"
[INFO] [stdout]   = note: /usr/bin/ld: cannot find -lOpenCL: No such file or directory
[INFO] [stdout]           /usr/bin/ld: cannot find -lOpenCL: No such file or directory
[INFO] [stdout]           collect2: error: ld returned 1 exit status
[INFO] [stdout]           
[INFO] [stdout] 
[INFO] [stdout] 
[INFO] [stdout] error: aborting due to 1 previous error
[INFO] [stdout] 
[INFO] [stdout] 
[INFO] [stderr] error: could not compile `bellperson` (build script) due to 2 previous errors
[INFO] [stderr] warning: build failed, waiting for other jobs to finish...
[INFO] [stdout] error: linking with `cc` failed: exit status: 1
[INFO] [stdout]   |
[INFO] [stdout]   = note: LC_ALL="C" PATH="/opt/rustwide/rustup-home/toolchains/beta-2023-12-22-x86_64-unknown-linux-gnu/lib/rustlib/x86_64-unknown-linux-gnu/bin:/opt/rustwide/cargo-home/bin:/usr/local/sbin:/usr/local/bin:/usr/sbin:/usr/bin:/sbin:/bin" VSLANG="1033" "cc" "-m64" "/tmp/rustcHPNmtZ/symbols.o" "/opt/rustwide/target/debug/build/neptune-14027fa608b978f8/build_script_build-14027fa608b978f8.build_script_build.749161fbd29315f1-cgu.0.rcgu.o" "/opt/rustwide/target/debug/build/neptune-14027fa608b978f8/build_script_build-14027fa608b978f8.build_script_build.749161fbd29315f1-cgu.1.rcgu.o" "/opt/rustwide/target/debug/build/neptune-14027fa608b978f8/build_script_build-14027fa608b978f8.build_script_build.749161fbd29315f1-cgu.2.rcgu.o" "/opt/rustwide/target/debug/build/neptune-14027fa608b978f8/build_script_build-14027fa608b978f8.build_script_build.749161fbd29315f1-cgu.3.rcgu.o" "/opt/rustwide/target/debug/build/neptune-14027fa608b978f8/build_script_build-14027fa608b978f8.build_script_build.749161fbd29315f1-cgu.4.rcgu.o" "/opt/rustwide/target/debug/build/neptune-14027fa608b978f8/build_script_build-14027fa608b978f8.2dwn0ieqwvhhjxz9.rcgu.o" "-Wl,--as-needed" "-L" "/opt/rustwide/target/debug/deps" "-L" "/opt/rustwide/target/debug/build/blst-371fe6063bde2b2c/out" "-L" "/opt/rustwide/rustup-home/toolchains/beta-2023-12-22-x86_64-unknown-linux-gnu/lib/rustlib/x86_64-unknown-linux-gnu/lib" "-Wl,-Bstatic" "/opt/rustwide/target/debug/deps/libec_gpu_gen-bdf6d5541edac5d0.rlib" "/opt/rustwide/target/debug/deps/libcrossbeam_channel-b8b002b8a59907f8.rlib" "/opt/rustwide/target/debug/deps/librayon-5486625bb62bbdde.rlib" "/opt/rustwide/target/debug/deps/librayon_core-f84eb97bb02465a8.rlib" "/opt/rustwide/target/debug/deps/libcrossbeam_deque-af628ccd64444cce.rlib" "/opt/rustwide/target/debug/deps/libcrossbeam_epoch-7cac724b2eceffe0.rlib" "/opt/rustwide/target/debug/deps/libmemoffset-70be0b3efc76ca6c.rlib" "/opt/rustwide/target/debug/deps/libcrossbeam_utils-dd96d6909164d49d.rlib" "/opt/rustwide/target/debug/deps/libeither-2ebf7fdccaa1168b.rlib" "/opt/rustwide/target/debug/deps/libyastl-aa48135693d27a6f.rlib" "/opt/rustwide/target/debug/deps/libflume-e59ebe6daf73a204.rlib" "/opt/rustwide/target/debug/deps/libspin-b46a388c6957df11.rlib" "/opt/rustwide/target/debug/deps/liblock_api-f3ffe3870d1fb452.rlib" "/opt/rustwide/target/debug/deps/libscopeguard-1a234dcd8bf514e4.rlib" "/opt/rustwide/target/debug/deps/librust_gpu_tools-ee01d6001b391363.rlib" "/opt/rustwide/target/debug/deps/libhome-a1c0edac94651a7a.rlib" "/opt/rustwide/target/debug/deps/libhex-25c8add003e23600.rlib" "/opt/rustwide/target/debug/deps/libsha2-443613ed4242a9ca.rlib" "/opt/rustwide/target/debug/deps/libcpufeatures-b9c2875b4acd1b8c.rlib" "/opt/rustwide/target/debug/deps/libcfg_if-e7002d307f97bc56.rlib" "/opt/rustwide/target/debug/deps/libdigest-61b347cddb4f6693.rlib" "/opt/rustwide/target/debug/deps/libblock_buffer-cacbc6d10cac36c8.rlib" "/opt/rustwide/target/debug/deps/libcrypto_common-29e29303415d6462.rlib" "/opt/rustwide/target/debug/deps/libgeneric_array-76216cd7d127746f.rlib" "/opt/rustwide/target/debug/deps/libtypenum-d62516dc5c5aaa1b.rlib" "/opt/rustwide/target/debug/deps/libopencl3-ee4034e63d260e5f.rlib" "/opt/rustwide/target/debug/deps/libcl3-7a8d6b23db7c9de0.rlib" "/opt/rustwide/target/debug/deps/libthiserror-1e1d9203139ff361.rlib" "/opt/rustwide/target/debug/deps/libopencl_sys-14c5c57fbff709b1.rlib" "/opt/rustwide/target/debug/deps/libonce_cell-728f13abc4f8cf5f.rlib" "/opt/rustwide/target/debug/deps/liblog-8188d82fb061445d.rlib" "/opt/rustwide/target/debug/deps/libblstrs-46bc17280048d7c2.rlib" "/opt/rustwide/target/debug/deps/libpairing-23c01bcbb6d32583.rlib" "/opt/rustwide/target/debug/deps/libserde-71974ce0ced85e10.rlib" "/opt/rustwide/target/debug/deps/libbyte_slice_cast-da8b3455668523a9.rlib" "/opt/rustwide/target/debug/deps/libgroup-4651109a84870d8a.rlib" "/opt/rustwide/target/debug/deps/librand_xorshift-71dbd4b844a98f28.rlib" "/opt/rustwide/target/debug/deps/librand-acd8f4010da081a2.rlib" "/opt/rustwide/target/debug/deps/libec_gpu-f7e327228eafa7b1.rlib" "/opt/rustwide/target/debug/deps/libff-3ddf62a2dbe7e23f.rlib" "/opt/rustwide/target/debug/deps/librand_core-5443dd0e01efbc2a.rlib" "/opt/rustwide/target/debug/deps/libbitvec-f2227b644884ba19.rlib" "/opt/rustwide/target/debug/deps/libwyz-b9ad50c5a23ba281.rlib" "/opt/rustwide/target/debug/deps/libtap-b85dccd7e33b9fac.rlib" "/opt/rustwide/target/debug/deps/libradium-23c3c7bf7109ca51.rlib" "/opt/rustwide/target/debug/deps/libfunty-36159d7a9009c5ea.rlib" "/opt/rustwide/target/debug/deps/libsubtle-9661d666e57a3e95.rlib" "/opt/rustwide/target/debug/deps/libblst-f4d7279a27651b3f.rlib" "/opt/rustwide/target/debug/deps/libthreadpool-4c445ea27d7ffd69.rlib" "/opt/rustwide/target/debug/deps/libnum_cpus-fb23db51be3872f8.rlib" "/opt/rustwide/target/debug/deps/liblibc-a40391b8f7ca94de.rlib" "/opt/rustwide/target/debug/deps/libzeroize-5f1fe71337b34911.rlib" "/opt/rustwide/rustup-home/toolchains/beta-2023-12-22-x86_64-unknown-linux-gnu/lib/rustlib/x86_64-unknown-linux-gnu/lib/libstd-0672489a78b613de.rlib" "/opt/rustwide/rustup-home/toolchains/beta-2023-12-22-x86_64-unknown-linux-gnu/lib/rustlib/x86_64-unknown-linux-gnu/lib/libpanic_unwind-7eb3ffc34a49f675.rlib" "/opt/rustwide/rustup-home/toolchains/beta-2023-12-22-x86_64-unknown-linux-gnu/lib/rustlib/x86_64-unknown-linux-gnu/lib/libobject-6478a9daa4bee8e2.rlib" "/opt/rustwide/rustup-home/toolchains/beta-2023-12-22-x86_64-unknown-linux-gnu/lib/rustlib/x86_64-unknown-linux-gnu/lib/libmemchr-0c75d871a5c3923d.rlib" "/opt/rustwide/rustup-home/toolchains/beta-2023-12-22-x86_64-unknown-linux-gnu/lib/rustlib/x86_64-unknown-linux-gnu/lib/libaddr2line-d163ef63ad37bb71.rlib" "/opt/rustwide/rustup-home/toolchains/beta-2023-12-22-x86_64-unknown-linux-gnu/lib/rustlib/x86_64-unknown-linux-gnu/lib/libgimli-8a3fd810a85b9f4c.rlib" "/opt/rustwide/rustup-home/toolchains/beta-2023-12-22-x86_64-unknown-linux-gnu/lib/rustlib/x86_64-unknown-linux-gnu/lib/librustc_demangle-462a2cde8c5dfc10.rlib" "/opt/rustwide/rustup-home/toolchains/beta-2023-12-22-x86_64-unknown-linux-gnu/lib/rustlib/x86_64-unknown-linux-gnu/lib/libstd_detect-cb06ac9f54713f71.rlib" "/opt/rustwide/rustup-home/toolchains/beta-2023-12-22-x86_64-unknown-linux-gnu/lib/rustlib/x86_64-unknown-linux-gnu/lib/libhashbrown-f20bfd1f8e59b393.rlib" "/opt/rustwide/rustup-home/toolchains/beta-2023-12-22-x86_64-unknown-linux-gnu/lib/rustlib/x86_64-unknown-linux-gnu/lib/librustc_std_workspace_alloc-1ef460949b49da4b.rlib" "/opt/rustwide/rustup-home/toolchains/beta-2023-12-22-x86_64-unknown-linux-gnu/lib/rustlib/x86_64-unknown-linux-gnu/lib/libminiz_oxide-2cb0c0ffe4f87514.rlib" "/opt/rustwide/rustup-home/toolchains/beta-2023-12-22-x86_64-unknown-linux-gnu/lib/rustlib/x86_64-unknown-linux-gnu/lib/libadler-58d841eb322a11a2.rlib" "/opt/rustwide/rustup-home/toolchains/beta-2023-12-22-x86_64-unknown-linux-gnu/lib/rustlib/x86_64-unknown-linux-gnu/lib/libunwind-aa2ae0b0a9d11533.rlib" "/opt/rustwide/rustup-home/toolchains/beta-2023-12-22-x86_64-unknown-linux-gnu/lib/rustlib/x86_64-unknown-linux-gnu/lib/libcfg_if-23874e15830ed336.rlib" "/opt/rustwide/rustup-home/toolchains/beta-2023-12-22-x86_64-unknown-linux-gnu/lib/rustlib/x86_64-unknown-linux-gnu/lib/liblibc-e47cddc003bce885.rlib" "/opt/rustwide/rustup-home/toolchains/beta-2023-12-22-x86_64-unknown-linux-gnu/lib/rustlib/x86_64-unknown-linux-gnu/lib/liballoc-c22b13b48a8f128e.rlib" "/opt/rustwide/rustup-home/toolchains/beta-2023-12-22-x86_64-unknown-linux-gnu/lib/rustlib/x86_64-unknown-linux-gnu/lib/librustc_std_workspace_core-e46bc3da6d7c462f.rlib" "/opt/rustwide/rustup-home/toolchains/beta-2023-12-22-x86_64-unknown-linux-gnu/lib/rustlib/x86_64-unknown-linux-gnu/lib/libcore-8d1ac131d3cb2645.rlib" "/opt/rustwide/rustup-home/toolchains/beta-2023-12-22-x86_64-unknown-linux-gnu/lib/rustlib/x86_64-unknown-linux-gnu/lib/libcompiler_builtins-a1b43df8c6899c1f.rlib" "-Wl,-Bdynamic" "-lOpenCL" "-lOpenCL" "-lgcc_s" "-lutil" "-lrt" "-lpthread" "-lm" "-ldl" "-lc" "-Wl,--eh-frame-hdr" "-Wl,-z,noexecstack" "-L" "/opt/rustwide/rustup-home/toolchains/beta-2023-12-22-x86_64-unknown-linux-gnu/lib/rustlib/x86_64-unknown-linux-gnu/lib" "-o" "/opt/rustwide/target/debug/build/neptune-14027fa608b978f8/build_script_build-14027fa608b978f8" "-Wl,--gc-sections" "-pie" "-Wl,-z,relro,-z,now" "-nodefaultlibs"
[INFO] [stdout]   = note: /usr/bin/ld: cannot find -lOpenCL: No such file or directory
[INFO] [stdout]           /usr/bin/ld: cannot find -lOpenCL: No such file or directory
[INFO] [stdout]           collect2: error: ld returned 1 exit status
[INFO] [stdout]           
[INFO] [stdout] 
[INFO] [stdout] 
[INFO] [stdout] error: aborting due to 1 previous error
[INFO] [stdout] 
[INFO] [stdout] 
[INFO] [stderr] error: could not compile `neptune` (build script) due to 2 previous errors
[INFO] running `Command { std: "docker" "inspect" "1a841d9987a01a16309ef64c3201d7485fb91240d69cb88f91808717c6eed40e", kill_on_drop: false }`
[INFO] running `Command { std: "docker" "rm" "-f" "1a841d9987a01a16309ef64c3201d7485fb91240d69cb88f91808717c6eed40e", kill_on_drop: false }`
[INFO] [stdout] 1a841d9987a01a16309ef64c3201d7485fb91240d69cb88f91808717c6eed40e
