[INFO] cloning repository https://github.com/0x4c37373230/BDumper
[INFO] running `Command { std: "git" "-c" "credential.helper=" "-c" "credential.helper=/workspace/cargo-home/bin/git-credential-null" "clone" "--bare" "https://github.com/0x4c37373230/BDumper" "/workspace/cache/git-repos/https%3A%2F%2Fgithub.com%2F0x4c37373230%2FBDumper", kill_on_drop: false }`
[INFO] [stderr] Cloning into bare repository '/workspace/cache/git-repos/https%3A%2F%2Fgithub.com%2F0x4c37373230%2FBDumper'...
[INFO] running `Command { std: "git" "rev-parse" "HEAD", kill_on_drop: false }`
[INFO] [stdout] 34858c3e7cc5d6e9c646074078691ae30ca74180
[INFO] testing 0x4c37373230/BDumper against 1.75.0 for beta-1.76-1
[INFO] running `Command { std: "git" "clone" "/workspace/cache/git-repos/https%3A%2F%2Fgithub.com%2F0x4c37373230%2FBDumper" "/workspace/builds/worker-6-tc1/source", kill_on_drop: false }`
[INFO] [stderr] Cloning into '/workspace/builds/worker-6-tc1/source'...
[INFO] [stderr] done.
[INFO] validating manifest of git repo https://github.com/0x4c37373230/BDumper on toolchain 1.75.0
[INFO] running `Command { std: CARGO_HOME="/workspace/cargo-home" RUSTUP_HOME="/workspace/rustup-home" "/workspace/cargo-home/bin/cargo" "+1.75.0" "metadata" "--manifest-path" "Cargo.toml" "--no-deps", kill_on_drop: false }`
[INFO] started tweaking git repo https://github.com/0x4c37373230/BDumper
[INFO] finished tweaking git repo https://github.com/0x4c37373230/BDumper
[INFO] tweaked toml for git repo https://github.com/0x4c37373230/BDumper written to /workspace/builds/worker-6-tc1/source/Cargo.toml
[INFO] crate git repo https://github.com/0x4c37373230/BDumper already has a lockfile, it will not be regenerated
[INFO] running `Command { std: CARGO_HOME="/workspace/cargo-home" RUSTUP_HOME="/workspace/rustup-home" "/workspace/cargo-home/bin/cargo" "+1.75.0" "fetch" "--manifest-path" "Cargo.toml", kill_on_drop: false }`
[INFO] [stderr]     Updating crates.io index
[INFO] [stderr]  Downloading crates ...
[INFO] [stderr]   Downloaded pdb v0.7.0
[INFO] [stderr]   Downloaded native-windows-derive v1.0.4
[INFO] [stderr]   Downloaded native-windows-gui v1.0.12
[INFO] running `Command { std: "docker" "create" "-v" "/var/lib/crater-agent-workspace/builds/worker-6-tc1/target:/opt/rustwide/target:rw,Z" "-v" "/var/lib/crater-agent-workspace/builds/worker-6-tc1/source:/opt/rustwide/workdir:ro,Z" "-v" "/var/lib/crater-agent-workspace/cargo-home:/opt/rustwide/cargo-home:ro,Z" "-v" "/var/lib/crater-agent-workspace/rustup-home:/opt/rustwide/rustup-home:ro,Z" "-e" "SOURCE_DIR=/opt/rustwide/workdir" "-e" "CARGO_TARGET_DIR=/opt/rustwide/target" "-e" "CARGO_HOME=/opt/rustwide/cargo-home" "-e" "RUSTUP_HOME=/opt/rustwide/rustup-home" "-w" "/opt/rustwide/workdir" "-m" "1610612736" "--user" "0:0" "--network" "none" "ghcr.io/rust-lang/crates-build-env/linux@sha256:2788e3201cd34a07e3172128adcd8b3090168a8e3bcc40d7c032b9dda1df7d1c" "/opt/rustwide/cargo-home/bin/cargo" "+1.75.0" "metadata" "--no-deps" "--format-version=1", kill_on_drop: false }`
[INFO] [stdout] da7037ef9b2529594c9168b95b7b2b9ddb3585d963fd5c57faaaf2987c2ba2dc
[INFO] running `Command { std: "docker" "start" "-a" "da7037ef9b2529594c9168b95b7b2b9ddb3585d963fd5c57faaaf2987c2ba2dc", kill_on_drop: false }`
[INFO] running `Command { std: "docker" "inspect" "da7037ef9b2529594c9168b95b7b2b9ddb3585d963fd5c57faaaf2987c2ba2dc", kill_on_drop: false }`
[INFO] running `Command { std: "docker" "rm" "-f" "da7037ef9b2529594c9168b95b7b2b9ddb3585d963fd5c57faaaf2987c2ba2dc", kill_on_drop: false }`
[INFO] [stdout] da7037ef9b2529594c9168b95b7b2b9ddb3585d963fd5c57faaaf2987c2ba2dc
[INFO] running `Command { std: "docker" "create" "-v" "/var/lib/crater-agent-workspace/builds/worker-6-tc1/target:/opt/rustwide/target:rw,Z" "-v" "/var/lib/crater-agent-workspace/builds/worker-6-tc1/source:/opt/rustwide/workdir:ro,Z" "-v" "/var/lib/crater-agent-workspace/cargo-home:/opt/rustwide/cargo-home:ro,Z" "-v" "/var/lib/crater-agent-workspace/rustup-home:/opt/rustwide/rustup-home:ro,Z" "-e" "SOURCE_DIR=/opt/rustwide/workdir" "-e" "CARGO_TARGET_DIR=/opt/rustwide/target" "-e" "CARGO_INCREMENTAL=0" "-e" "RUST_BACKTRACE=full" "-e" "RUSTFLAGS=--cap-lints=warn" "-e" "RUSTDOCFLAGS=--cap-lints=warn" "-e" "CARGO_HOME=/opt/rustwide/cargo-home" "-e" "RUSTUP_HOME=/opt/rustwide/rustup-home" "-w" "/opt/rustwide/workdir" "-m" "1610612736" "--user" "0:0" "--network" "none" "ghcr.io/rust-lang/crates-build-env/linux@sha256:2788e3201cd34a07e3172128adcd8b3090168a8e3bcc40d7c032b9dda1df7d1c" "/opt/rustwide/cargo-home/bin/cargo" "+1.75.0" "build" "--frozen" "--message-format=json", kill_on_drop: false }`
[INFO] [stdout] de824b14ac5920d1b6b875af10cf49e48a6c9310f0e01aea14108d80196ea6c9
[INFO] running `Command { std: "docker" "start" "-a" "de824b14ac5920d1b6b875af10cf49e48a6c9310f0e01aea14108d80196ea6c9", kill_on_drop: false }`
[INFO] [stderr]    Compiling proc-macro2 v1.0.30
[INFO] [stderr]    Compiling serde v1.0.130
[INFO] [stderr]    Compiling autocfg v1.0.1
[INFO] [stderr]    Compiling libm v0.1.4
[INFO] [stderr]    Compiling unicode-xid v0.2.2
[INFO] [stderr]    Compiling winapi v0.3.9
[INFO] [stderr]    Compiling syn v1.0.80
[INFO] [stderr]    Compiling winapi-build v0.1.1
[INFO] [stderr]    Compiling cc v1.0.73
[INFO] [stderr]    Compiling lazy_static v1.4.0
[INFO] [stderr]    Compiling plotters-backend v0.3.2
[INFO] [stderr]    Compiling uuid v0.8.2
[INFO] [stderr]    Compiling scroll v0.10.2
[INFO] [stderr]    Compiling fallible-iterator v0.2.0
[INFO] [stderr]    Compiling md5 v0.7.0
[INFO] [stderr]    Compiling native-windows-gui v1.0.12
[INFO] [stderr]    Compiling num-traits v0.2.14
[INFO] [stderr]    Compiling pdb v0.7.0
[INFO] [stderr]    Compiling bedrock_dumper v0.1.0 (/opt/rustwide/workdir)
[INFO] [stderr]    Compiling quote v1.0.10
[INFO] [stderr]    Compiling stretch v0.3.2
[INFO] [stderr] The following warnings were emitted during compilation:
[INFO] [stderr] 
[INFO] [stderr] warning: bedrock_dumper@0.1.0: lib/demangling.c:1: warning: ignoring '#pragma comment ' [-Wunknown-pragmas]
[INFO] [stderr] warning: bedrock_dumper@0.1.0:     1 | #pragma comment(lib, "DbgHelp.lib")
[INFO] [stderr] warning: bedrock_dumper@0.1.0:       | 
[INFO] [stderr] warning: bedrock_dumper@0.1.0: lib/demangling.c:3:10: fatal error: Windows.h: No such file or directory
[INFO] [stderr] warning: bedrock_dumper@0.1.0:     3 | #include "Windows.h"
[INFO] [stderr] warning: bedrock_dumper@0.1.0:       |          ^~~~~~~~~~~
[INFO] [stderr] warning: bedrock_dumper@0.1.0: compilation terminated.
[INFO] [stderr] 
[INFO] [stderr] error: failed to run custom build command for `bedrock_dumper v0.1.0 (/opt/rustwide/workdir)`
[INFO] [stderr] note: To improve backtraces for build dependencies, set the CARGO_PROFILE_DEV_BUILD_OVERRIDE_DEBUG=true environment variable to enable debug information generation.
[INFO] [stderr] 
[INFO] [stderr] Caused by:
[INFO] [stderr]   process didn't exit successfully: `/opt/rustwide/target/debug/build/bedrock_dumper-5a482f0f1fd900ef/build-script-build` (exit status: 1)
[INFO] [stderr]   --- stdout
[INFO] [stderr]   TARGET = Some("x86_64-unknown-linux-gnu")
[INFO] [stderr]   OPT_LEVEL = Some("0")
[INFO] [stderr]   HOST = Some("x86_64-unknown-linux-gnu")
[INFO] [stderr]   CC_x86_64-unknown-linux-gnu = None
[INFO] [stderr]   CC_x86_64_unknown_linux_gnu = None
[INFO] [stderr]   HOST_CC = None
[INFO] [stderr]   CC = None
[INFO] [stderr]   CFLAGS_x86_64-unknown-linux-gnu = None
[INFO] [stderr]   CFLAGS_x86_64_unknown_linux_gnu = None
[INFO] [stderr]   HOST_CFLAGS = None
[INFO] [stderr]   CFLAGS = None
[INFO] [stderr]   CRATE_CC_NO_DEFAULTS = None
[INFO] [stderr]   DEBUG = Some("true")
[INFO] [stderr]   CARGO_CFG_TARGET_FEATURE = Some("fxsr,sse,sse2")
[INFO] [stderr]   running: "cc" "-O0" "-ffunction-sections" "-fdata-sections" "-fPIC" "-g" "-fno-omit-frame-pointer" "-m64" "-Wall" "-Wextra" "-o" "/opt/rustwide/target/debug/build/bedrock_dumper-1c18c535de2bf300/out/lib/demangling.o" "-c" "lib/demangling.c"
[INFO] [stderr]   cargo:warning=lib/demangling.c:1: warning: ignoring '#pragma comment ' [-Wunknown-pragmas]
[INFO] [stderr]   cargo:warning=    1 | #pragma comment(lib, "DbgHelp.lib")
[INFO] [stderr]   cargo:warning=      | 
[INFO] [stderr]   cargo:warning=lib/demangling.c:3:10: fatal error: Windows.h: No such file or directory
[INFO] [stderr]   cargo:warning=    3 | #include "Windows.h"
[INFO] [stderr]   cargo:warning=      |          ^~~~~~~~~~~
[INFO] [stderr]   cargo:warning=compilation terminated.
[INFO] [stderr]   exit status: 1
[INFO] [stderr] 
[INFO] [stderr]   --- stderr
[INFO] [stderr] 
[INFO] [stderr] 
[INFO] [stderr]   error occurred: Command "cc" "-O0" "-ffunction-sections" "-fdata-sections" "-fPIC" "-g" "-fno-omit-frame-pointer" "-m64" "-Wall" "-Wextra" "-o" "/opt/rustwide/target/debug/build/bedrock_dumper-1c18c535de2bf300/out/lib/demangling.o" "-c" "lib/demangling.c" with args "cc" did not execute successfully (status code exit status: 1).
[INFO] [stderr] 
[INFO] [stderr] 
[INFO] [stderr] warning: build failed, waiting for other jobs to finish...
[INFO] running `Command { std: "docker" "inspect" "de824b14ac5920d1b6b875af10cf49e48a6c9310f0e01aea14108d80196ea6c9", kill_on_drop: false }`
[INFO] running `Command { std: "docker" "rm" "-f" "de824b14ac5920d1b6b875af10cf49e48a6c9310f0e01aea14108d80196ea6c9", kill_on_drop: false }`
[INFO] [stdout] de824b14ac5920d1b6b875af10cf49e48a6c9310f0e01aea14108d80196ea6c9
[INFO] testing 0x4c37373230/BDumper against beta-2023-12-22 for beta-1.76-1
[INFO] running `Command { std: "git" "clone" "/workspace/cache/git-repos/https%3A%2F%2Fgithub.com%2F0x4c37373230%2FBDumper" "/workspace/builds/worker-6-tc2/source", kill_on_drop: false }`
[INFO] [stderr] Cloning into '/workspace/builds/worker-6-tc2/source'...
[INFO] [stderr] done.
[INFO] validating manifest of git repo https://github.com/0x4c37373230/BDumper on toolchain beta-2023-12-22
[INFO] running `Command { std: CARGO_HOME="/workspace/cargo-home" RUSTUP_HOME="/workspace/rustup-home" "/workspace/cargo-home/bin/cargo" "+beta-2023-12-22" "metadata" "--manifest-path" "Cargo.toml" "--no-deps", kill_on_drop: false }`
[INFO] started tweaking git repo https://github.com/0x4c37373230/BDumper
[INFO] finished tweaking git repo https://github.com/0x4c37373230/BDumper
[INFO] tweaked toml for git repo https://github.com/0x4c37373230/BDumper written to /workspace/builds/worker-6-tc2/source/Cargo.toml
[INFO] crate git repo https://github.com/0x4c37373230/BDumper already has a lockfile, it will not be regenerated
[INFO] running `Command { std: CARGO_HOME="/workspace/cargo-home" RUSTUP_HOME="/workspace/rustup-home" "/workspace/cargo-home/bin/cargo" "+beta-2023-12-22" "fetch" "--manifest-path" "Cargo.toml", kill_on_drop: false }`
[INFO] running `Command { std: "docker" "create" "-v" "/var/lib/crater-agent-workspace/builds/worker-6-tc2/target:/opt/rustwide/target:rw,Z" "-v" "/var/lib/crater-agent-workspace/builds/worker-6-tc2/source:/opt/rustwide/workdir:ro,Z" "-v" "/var/lib/crater-agent-workspace/cargo-home:/opt/rustwide/cargo-home:ro,Z" "-v" "/var/lib/crater-agent-workspace/rustup-home:/opt/rustwide/rustup-home:ro,Z" "-e" "SOURCE_DIR=/opt/rustwide/workdir" "-e" "CARGO_TARGET_DIR=/opt/rustwide/target" "-e" "CARGO_HOME=/opt/rustwide/cargo-home" "-e" "RUSTUP_HOME=/opt/rustwide/rustup-home" "-w" "/opt/rustwide/workdir" "-m" "1610612736" "--user" "0:0" "--network" "none" "ghcr.io/rust-lang/crates-build-env/linux@sha256:2788e3201cd34a07e3172128adcd8b3090168a8e3bcc40d7c032b9dda1df7d1c" "/opt/rustwide/cargo-home/bin/cargo" "+beta-2023-12-22" "metadata" "--no-deps" "--format-version=1", kill_on_drop: false }`
[INFO] [stdout] 4323d81d38fe0a7a8cafa91f203285831d2e9c47ef6b3083a0499a0fee034a81
[INFO] running `Command { std: "docker" "start" "-a" "4323d81d38fe0a7a8cafa91f203285831d2e9c47ef6b3083a0499a0fee034a81", kill_on_drop: false }`
[INFO] running `Command { std: "docker" "inspect" "4323d81d38fe0a7a8cafa91f203285831d2e9c47ef6b3083a0499a0fee034a81", kill_on_drop: false }`
[INFO] running `Command { std: "docker" "rm" "-f" "4323d81d38fe0a7a8cafa91f203285831d2e9c47ef6b3083a0499a0fee034a81", kill_on_drop: false }`
[INFO] [stdout] 4323d81d38fe0a7a8cafa91f203285831d2e9c47ef6b3083a0499a0fee034a81
[INFO] running `Command { std: "docker" "create" "-v" "/var/lib/crater-agent-workspace/builds/worker-6-tc2/target:/opt/rustwide/target:rw,Z" "-v" "/var/lib/crater-agent-workspace/builds/worker-6-tc2/source:/opt/rustwide/workdir:ro,Z" "-v" "/var/lib/crater-agent-workspace/cargo-home:/opt/rustwide/cargo-home:ro,Z" "-v" "/var/lib/crater-agent-workspace/rustup-home:/opt/rustwide/rustup-home:ro,Z" "-e" "SOURCE_DIR=/opt/rustwide/workdir" "-e" "CARGO_TARGET_DIR=/opt/rustwide/target" "-e" "CARGO_INCREMENTAL=0" "-e" "RUST_BACKTRACE=full" "-e" "RUSTFLAGS=--cap-lints=warn" "-e" "RUSTDOCFLAGS=--cap-lints=warn" "-e" "CARGO_HOME=/opt/rustwide/cargo-home" "-e" "RUSTUP_HOME=/opt/rustwide/rustup-home" "-w" "/opt/rustwide/workdir" "-m" "1610612736" "--user" "0:0" "--network" "none" "ghcr.io/rust-lang/crates-build-env/linux@sha256:2788e3201cd34a07e3172128adcd8b3090168a8e3bcc40d7c032b9dda1df7d1c" "/opt/rustwide/cargo-home/bin/cargo" "+beta-2023-12-22" "build" "--frozen" "--message-format=json", kill_on_drop: false }`
[INFO] [stdout] 89a9925295fc9a145362608935f97aa30721ee03bfc187a4e5ce004440f493fd
[INFO] running `Command { std: "docker" "start" "-a" "89a9925295fc9a145362608935f97aa30721ee03bfc187a4e5ce004440f493fd", kill_on_drop: false }`
[INFO] [stderr]    Compiling serde v1.0.130
[INFO] [stderr]    Compiling proc-macro2 v1.0.30
[INFO] [stderr]    Compiling autocfg v1.0.1
[INFO] [stderr]    Compiling libm v0.1.4
[INFO] [stderr]    Compiling unicode-xid v0.2.2
[INFO] [stderr]    Compiling syn v1.0.80
[INFO] [stderr]    Compiling winapi-build v0.1.1
[INFO] [stderr]    Compiling winapi v0.3.9
[INFO] [stderr]    Compiling plotters-backend v0.3.2
[INFO] [stderr]    Compiling lazy_static v1.4.0
[INFO] [stderr]    Compiling cc v1.0.73
[INFO] [stderr]    Compiling scroll v0.10.2
[INFO] [stderr]    Compiling fallible-iterator v0.2.0
[INFO] [stderr]    Compiling uuid v0.8.2
[INFO] [stderr]    Compiling md5 v0.7.0
[INFO] [stderr]    Compiling native-windows-gui v1.0.12
[INFO] [stderr]    Compiling num-traits v0.2.14
[INFO] [stderr]    Compiling pdb v0.7.0
[INFO] [stderr]    Compiling stretch v0.3.2
[INFO] [stderr]    Compiling bedrock_dumper v0.1.0 (/opt/rustwide/workdir)
[INFO] [stderr]    Compiling quote v1.0.10
[INFO] [stderr] The following warnings were emitted during compilation:
[INFO] [stderr] 
[INFO] [stderr] warning: bedrock_dumper@0.1.0: lib/demangling.c:1: warning: ignoring '#pragma comment ' [-Wunknown-pragmas]
[INFO] [stderr] warning: bedrock_dumper@0.1.0:     1 | #pragma comment(lib, "DbgHelp.lib")
[INFO] [stderr] warning: bedrock_dumper@0.1.0:       | 
[INFO] [stderr] warning: bedrock_dumper@0.1.0: lib/demangling.c:3:10: fatal error: Windows.h: No such file or directory
[INFO] [stderr] warning: bedrock_dumper@0.1.0:     3 | #include "Windows.h"
[INFO] [stderr] warning: bedrock_dumper@0.1.0:       |          ^~~~~~~~~~~
[INFO] [stderr] warning: bedrock_dumper@0.1.0: compilation terminated.
[INFO] [stderr] 
[INFO] [stderr] error: failed to run custom build command for `bedrock_dumper v0.1.0 (/opt/rustwide/workdir)`
[INFO] [stderr] note: To improve backtraces for build dependencies, set the CARGO_PROFILE_DEV_BUILD_OVERRIDE_DEBUG=true environment variable to enable debug information generation.
[INFO] [stderr] 
[INFO] [stderr] Caused by:
[INFO] [stderr]   process didn't exit successfully: `/opt/rustwide/target/debug/build/bedrock_dumper-36cc0395b49f33b2/build-script-build` (exit status: 1)
[INFO] [stderr]   --- stdout
[INFO] [stderr]   TARGET = Some("x86_64-unknown-linux-gnu")
[INFO] [stderr]   OPT_LEVEL = Some("0")
[INFO] [stderr]   HOST = Some("x86_64-unknown-linux-gnu")
[INFO] [stderr]   CC_x86_64-unknown-linux-gnu = None
[INFO] [stderr]   CC_x86_64_unknown_linux_gnu = None
[INFO] [stderr]   HOST_CC = None
[INFO] [stderr]   CC = None
[INFO] [stderr]   CFLAGS_x86_64-unknown-linux-gnu = None
[INFO] [stderr]   CFLAGS_x86_64_unknown_linux_gnu = None
[INFO] [stderr]   HOST_CFLAGS = None
[INFO] [stderr]   CFLAGS = None
[INFO] [stderr]   CRATE_CC_NO_DEFAULTS = None
[INFO] [stderr]   DEBUG = Some("true")
[INFO] [stderr]   CARGO_CFG_TARGET_FEATURE = Some("fxsr,sse,sse2")
[INFO] [stderr]   running: "cc" "-O0" "-ffunction-sections" "-fdata-sections" "-fPIC" "-g" "-fno-omit-frame-pointer" "-m64" "-Wall" "-Wextra" "-o" "/opt/rustwide/target/debug/build/bedrock_dumper-9385ec7761b9da08/out/lib/demangling.o" "-c" "lib/demangling.c"
[INFO] [stderr]   cargo:warning=lib/demangling.c:1: warning: ignoring '#pragma comment ' [-Wunknown-pragmas]
[INFO] [stderr]   cargo:warning=    1 | #pragma comment(lib, "DbgHelp.lib")
[INFO] [stderr]   cargo:warning=      | 
[INFO] [stderr]   cargo:warning=lib/demangling.c:3:10: fatal error: Windows.h: No such file or directory
[INFO] [stderr]   cargo:warning=    3 | #include "Windows.h"
[INFO] [stderr]   cargo:warning=      |          ^~~~~~~~~~~
[INFO] [stderr]   cargo:warning=compilation terminated.
[INFO] [stderr]   exit status: 1
[INFO] [stderr] 
[INFO] [stderr]   --- stderr
[INFO] [stderr] 
[INFO] [stderr] 
[INFO] [stderr]   error occurred: Command "cc" "-O0" "-ffunction-sections" "-fdata-sections" "-fPIC" "-g" "-fno-omit-frame-pointer" "-m64" "-Wall" "-Wextra" "-o" "/opt/rustwide/target/debug/build/bedrock_dumper-9385ec7761b9da08/out/lib/demangling.o" "-c" "lib/demangling.c" with args "cc" did not execute successfully (status code exit status: 1).
[INFO] [stderr] 
[INFO] [stderr] 
[INFO] [stderr] warning: build failed, waiting for other jobs to finish...
[INFO] running `Command { std: "docker" "inspect" "89a9925295fc9a145362608935f97aa30721ee03bfc187a4e5ce004440f493fd", kill_on_drop: false }`
[INFO] running `Command { std: "docker" "rm" "-f" "89a9925295fc9a145362608935f97aa30721ee03bfc187a4e5ce004440f493fd", kill_on_drop: false }`
[INFO] [stdout] 89a9925295fc9a145362608935f97aa30721ee03bfc187a4e5ce004440f493fd
