[INFO] cloning repository https://github.com/0x1042/learnrust
[INFO] running `Command { std: "git" "-c" "credential.helper=" "-c" "credential.helper=/workspace/cargo-home/bin/git-credential-null" "clone" "--bare" "https://github.com/0x1042/learnrust" "/workspace/cache/git-repos/https%3A%2F%2Fgithub.com%2F0x1042%2Flearnrust", kill_on_drop: false }`
[INFO] [stderr] Cloning into bare repository '/workspace/cache/git-repos/https%3A%2F%2Fgithub.com%2F0x1042%2Flearnrust'...
[INFO] running `Command { std: "git" "rev-parse" "HEAD", kill_on_drop: false }`
[INFO] [stdout] eac6df71845e1fb6ac9fdc48c2757de1300b5f61
[INFO] testing 0x1042/learnrust against 1.75.0 for beta-1.76-1
[INFO] running `Command { std: "git" "clone" "/workspace/cache/git-repos/https%3A%2F%2Fgithub.com%2F0x1042%2Flearnrust" "/workspace/builds/worker-5-tc1/source", kill_on_drop: false }`
[INFO] [stderr] Cloning into '/workspace/builds/worker-5-tc1/source'...
[INFO] [stderr] done.
[INFO] validating manifest of git repo https://github.com/0x1042/learnrust on toolchain 1.75.0
[INFO] running `Command { std: CARGO_HOME="/workspace/cargo-home" RUSTUP_HOME="/workspace/rustup-home" "/workspace/cargo-home/bin/cargo" "+1.75.0" "metadata" "--manifest-path" "Cargo.toml" "--no-deps", kill_on_drop: false }`
[INFO] removed /workspace/builds/worker-5-tc1/source/rust-toolchain.toml
[INFO] started tweaking git repo https://github.com/0x1042/learnrust
[INFO] finished tweaking git repo https://github.com/0x1042/learnrust
[INFO] tweaked toml for git repo https://github.com/0x1042/learnrust written to /workspace/builds/worker-5-tc1/source/Cargo.toml
[INFO] crate git repo https://github.com/0x1042/learnrust already has a lockfile, it will not be regenerated
[INFO] running `Command { std: CARGO_HOME="/workspace/cargo-home" RUSTUP_HOME="/workspace/rustup-home" "/workspace/cargo-home/bin/cargo" "+1.75.0" "fetch" "--manifest-path" "Cargo.toml", kill_on_drop: false }`
[INFO] [stderr]  Downloading crates ...
[INFO] [stderr]   Downloaded dotenvy v0.15.5
[INFO] [stderr]   Downloaded diesel_derives v2.0.1
[INFO] [stderr]   Downloaded clap_derive v4.0.13
[INFO] [stderr]   Downloaded redis v0.21.6
[INFO] [stderr]   Downloaded hdrhistogram v7.5.2
[INFO] [stderr]   Downloaded diesel v2.0.2
[INFO] [stderr]   Downloaded clap v4.0.15
[INFO] [stderr]   Downloaded libsqlite3-sys v0.25.1
[INFO] running `Command { std: "docker" "create" "-v" "/var/lib/crater-agent-workspace/builds/worker-5-tc1/target:/opt/rustwide/target:rw,Z" "-v" "/var/lib/crater-agent-workspace/builds/worker-5-tc1/source:/opt/rustwide/workdir:ro,Z" "-v" "/var/lib/crater-agent-workspace/cargo-home:/opt/rustwide/cargo-home:ro,Z" "-v" "/var/lib/crater-agent-workspace/rustup-home:/opt/rustwide/rustup-home:ro,Z" "-e" "SOURCE_DIR=/opt/rustwide/workdir" "-e" "CARGO_TARGET_DIR=/opt/rustwide/target" "-e" "CARGO_HOME=/opt/rustwide/cargo-home" "-e" "RUSTUP_HOME=/opt/rustwide/rustup-home" "-w" "/opt/rustwide/workdir" "-m" "1610612736" "--user" "0:0" "--network" "none" "ghcr.io/rust-lang/crates-build-env/linux@sha256:2788e3201cd34a07e3172128adcd8b3090168a8e3bcc40d7c032b9dda1df7d1c" "/opt/rustwide/cargo-home/bin/cargo" "+1.75.0" "metadata" "--no-deps" "--format-version=1", kill_on_drop: false }`
[INFO] [stdout] dba42386e7da64a2c5f6170e6dc9fc9d0316dba62912d96d9d36cc9122b37c85
[INFO] running `Command { std: "docker" "start" "-a" "dba42386e7da64a2c5f6170e6dc9fc9d0316dba62912d96d9d36cc9122b37c85", kill_on_drop: false }`
[INFO] running `Command { std: "docker" "inspect" "dba42386e7da64a2c5f6170e6dc9fc9d0316dba62912d96d9d36cc9122b37c85", kill_on_drop: false }`
[INFO] running `Command { std: "docker" "rm" "-f" "dba42386e7da64a2c5f6170e6dc9fc9d0316dba62912d96d9d36cc9122b37c85", kill_on_drop: false }`
[INFO] [stdout] dba42386e7da64a2c5f6170e6dc9fc9d0316dba62912d96d9d36cc9122b37c85
[INFO] running `Command { std: "docker" "create" "-v" "/var/lib/crater-agent-workspace/builds/worker-5-tc1/target:/opt/rustwide/target:rw,Z" "-v" "/var/lib/crater-agent-workspace/builds/worker-5-tc1/source:/opt/rustwide/workdir:ro,Z" "-v" "/var/lib/crater-agent-workspace/cargo-home:/opt/rustwide/cargo-home:ro,Z" "-v" "/var/lib/crater-agent-workspace/rustup-home:/opt/rustwide/rustup-home:ro,Z" "-e" "SOURCE_DIR=/opt/rustwide/workdir" "-e" "CARGO_TARGET_DIR=/opt/rustwide/target" "-e" "CARGO_INCREMENTAL=0" "-e" "RUST_BACKTRACE=full" "-e" "RUSTFLAGS=--cap-lints=warn" "-e" "RUSTDOCFLAGS=--cap-lints=warn" "-e" "CARGO_HOME=/opt/rustwide/cargo-home" "-e" "RUSTUP_HOME=/opt/rustwide/rustup-home" "-w" "/opt/rustwide/workdir" "-m" "1610612736" "--user" "0:0" "--network" "none" "ghcr.io/rust-lang/crates-build-env/linux@sha256:2788e3201cd34a07e3172128adcd8b3090168a8e3bcc40d7c032b9dda1df7d1c" "/opt/rustwide/cargo-home/bin/cargo" "+1.75.0" "build" "--frozen" "--message-format=json", kill_on_drop: false }`
[INFO] [stdout] 80baf7ed09375a998c59e5599b06bf60814ceb139fb0ce85fa1b6217d2170aa6
[INFO] running `Command { std: "docker" "start" "-a" "80baf7ed09375a998c59e5599b06bf60814ceb139fb0ce85fa1b6217d2170aa6", kill_on_drop: false }`
[INFO] [stderr]    Compiling proc-macro2 v1.0.46
[INFO] [stderr]    Compiling unicode-ident v1.0.4
[INFO] [stderr]    Compiling quote v1.0.21
[INFO] [stderr]    Compiling syn v1.0.102
[INFO] [stderr]    Compiling autocfg v1.1.0
[INFO] [stderr]    Compiling libc v0.2.134
[INFO] [stderr]    Compiling cfg-if v1.0.0
[INFO] [stderr]    Compiling serde_derive v1.0.145
[INFO] [stderr]    Compiling log v0.4.17
[INFO] [stderr]    Compiling serde v1.0.145
[INFO] [stderr]    Compiling once_cell v1.15.0
[INFO] [stderr]    Compiling pin-project-lite v0.2.9
[INFO] [stderr]    Compiling memchr v2.5.0
[INFO] [stderr]    Compiling futures-core v0.3.24
[INFO] [stderr]    Compiling smallvec v1.10.0
[INFO] [stderr]    Compiling futures-task v0.3.24
[INFO] [stderr]    Compiling parking_lot_core v0.9.3
[INFO] [stderr]    Compiling futures-channel v0.3.24
[INFO] [stderr]    Compiling futures-sink v0.3.24
[INFO] [stderr]    Compiling scopeguard v1.1.0
[INFO] [stderr]    Compiling futures-util v0.3.24
[INFO] [stderr]    Compiling tracing-core v0.1.30
[INFO] [stderr]    Compiling futures-io v0.3.24
[INFO] [stderr]    Compiling pin-utils v0.1.0
[INFO] [stderr]    Compiling pkg-config v0.3.25
[INFO] [stderr]    Compiling itoa v1.0.4
[INFO] [stderr]    Compiling version_check v0.9.4
[INFO] [stderr]    Compiling bitflags v1.3.2
[INFO] [stderr]    Compiling fnv v1.0.7
[INFO] [stderr]    Compiling cc v1.0.73
[INFO] [stderr]    Compiling slab v0.4.7
[INFO] [stderr]    Compiling lock_api v0.4.9
[INFO] [stderr]    Compiling tokio v1.21.2
[INFO] [stderr]    Compiling indexmap v1.9.1
[INFO] [stderr]    Compiling hashbrown v0.12.3
[INFO] [stderr]    Compiling tower-service v0.3.2
[INFO] [stderr]    Compiling percent-encoding v2.2.0
[INFO] [stderr]    Compiling httparse v1.8.0
[INFO] [stderr]    Compiling ryu v1.0.11
[INFO] [stderr]    Compiling tinyvec_macros v0.1.0
[INFO] [stderr]    Compiling form_urlencoded v1.1.0
[INFO] [stderr]    Compiling tinyvec v1.6.0
[INFO] [stderr]    Compiling proc-macro-error-attr v1.0.4
[INFO] [stderr]    Compiling proc-macro-error v1.0.4
[INFO] [stderr]    Compiling num-traits v0.2.15
[INFO] [stderr]    Compiling thiserror v1.0.37
[INFO] [stderr]    Compiling lazy_static v1.4.0
[INFO] [stderr]    Compiling openssl v0.10.42
[INFO] [stderr]    Compiling try-lock v0.2.3
[INFO] [stderr]    Compiling foreign-types-shared v0.1.1
[INFO] [stderr]    Compiling serde_json v1.0.86
[INFO] [stderr]    Compiling foreign-types v0.3.2
[INFO] [stderr]    Compiling want v0.3.0
[INFO] [stderr]    Compiling signal-hook-registry v1.4.0
[INFO] [stderr]    Compiling socket2 v0.4.7
[INFO] [stderr]    Compiling mio v0.8.4
[INFO] [stderr]    Compiling num_cpus v1.13.1
[INFO] [stderr]    Compiling getrandom v0.2.7
[INFO] [stderr]    Compiling overload v0.1.1
[INFO] [stderr]    Compiling unicode-bidi v0.3.8
[INFO] [stderr]    Compiling rand_core v0.6.4
[INFO] [stderr]    Compiling native-tls v0.2.10
[INFO] [stderr]    Compiling async-trait v0.1.57
[INFO] [stderr]    Compiling parking_lot v0.12.1
[INFO] [stderr]    Compiling httpdate v1.0.2
[INFO] [stderr]    Compiling anyhow v1.0.65
[INFO] [stderr]    Compiling ppv-lite86 v0.2.16
[INFO] [stderr]    Compiling unicode-normalization v0.1.22
[INFO] [stderr]    Compiling nu-ansi-term v0.46.0
[INFO] [stderr]    Compiling sharded-slab v0.1.4
[INFO] [stderr]    Compiling tracing-log v0.1.3
[INFO] [stderr]    Compiling openssl-sys v0.9.76
[INFO] [stderr]    Compiling thread_local v1.1.4
[INFO] [stderr]    Compiling mime v0.3.16
[INFO] [stderr]    Compiling heck v0.4.0
[INFO] [stderr]    Compiling openssl-probe v0.1.5
[INFO] [stderr]    Compiling rand_chacha v0.3.1
[INFO] [stderr]    Compiling vcpkg v0.2.15
[INFO] [stderr]    Compiling byteorder v1.4.3
[INFO] [stderr]    Compiling os_str_bytes v6.3.0
[INFO] [stderr]    Compiling idna v0.3.0
[INFO] [stderr]    Compiling tower-layer v0.3.2
[INFO] [stderr]    Compiling atty v0.2.14
[INFO] [stderr]    Compiling rand v0.8.5
[INFO] [stderr]    Compiling termcolor v1.1.3
[INFO] [stderr]    Compiling strsim v0.10.0
[INFO] [stderr]    Compiling encoding_rs v0.8.31
[INFO] [stderr]    Compiling dirs-sys v0.3.7
[INFO] [stderr]    Compiling clap_lex v0.3.0
[INFO] [stderr]    Compiling sha1_smol v1.0.0
[INFO] [stderr]    Compiling http-range-header v0.3.0
[INFO] [stderr]    Compiling tracing-subscriber v0.3.16
[INFO] [stderr]    Compiling hdrhistogram v7.5.2
[INFO] [stderr]    Compiling sha1 v0.6.1
[INFO] [stderr]    Compiling dirs v4.0.0
[INFO] [stderr]    Compiling url v2.3.1
[INFO] [stderr]    Compiling ipnet v2.5.0
[INFO] [stderr]    Compiling matchit v0.5.0
[INFO] [stderr]    Compiling base64 v0.13.0
[INFO] [stderr]    Compiling sync_wrapper v0.1.1
[INFO] [stderr]    Compiling dotenvy v0.15.5
[INFO] [stderr]    Compiling memmap v0.7.0
[INFO] [stderr]    Compiling learnlog v0.1.0 (/opt/rustwide/workdir/learnlog)
[INFO] [stderr]    Compiling libsqlite3-sys v0.25.1
[INFO] [stderr]    Compiling futures-macro v0.3.24
[INFO] [stderr]    Compiling tokio-macros v1.8.0
[INFO] [stderr]    Compiling tracing-attributes v0.1.23
[INFO] [stderr]    Compiling thiserror-impl v1.0.37
[INFO] [stderr]    Compiling openssl-macros v0.1.0
[INFO] [stderr]    Compiling pin-project-internal v1.0.12
[INFO] [stderr]    Compiling clap_derive v4.0.13
[INFO] [stderr]    Compiling diesel_derives v2.0.1
[INFO] [stderr]    Compiling tracing v0.1.37
[INFO] [stderr]    Compiling learnerror v0.1.0 (/opt/rustwide/workdir/learnerror)
[INFO] [stderr]    Compiling pin-project v1.0.12
[INFO] [stderr]    Compiling learngeneric v0.1.0 (/opt/rustwide/workdir/learngeneric)
[INFO] [stdout] warning: unused imports: `Div`, `Mul`, `Sub`
[INFO] [stdout]  --> learngeneric/src/ops.rs:1:21
[INFO] [stdout]   |
[INFO] [stdout] 1 | use std::ops::{Add, Div, Mul, Sub};
[INFO] [stdout]   |                     ^^^  ^^^  ^^^
[INFO] [stdout]   |
[INFO] [stdout]   = note: `#[warn(unused_imports)]` on by default
[INFO] [stdout] 
[INFO] [stdout] 
[INFO] [stdout] warning: variable does not need to be mutable
[INFO] [stdout]   --> learngeneric/src/inter.rs:66:9
[INFO] [stdout]    |
[INFO] [stdout] 66 |     let mut dolly: Sheep = Animal::new("dolly".to_owned());
[INFO] [stdout]    |         ----^^^^^
[INFO] [stdout]    |         |
[INFO] [stdout]    |         help: remove this `mut`
[INFO] [stdout]    |
[INFO] [stdout]    = note: `#[warn(unused_mut)]` on by default
[INFO] [stdout] 
[INFO] [stdout] 
[INFO] [stdout] warning: variable does not need to be mutable
[INFO] [stdout]   --> learngeneric/src/inter.rs:68:9
[INFO] [stdout]    |
[INFO] [stdout] 68 |     let mut wangcai: Dog = Animal::new("wangcai".to_string());
[INFO] [stdout]    |         ----^^^^^^^
[INFO] [stdout]    |         |
[INFO] [stdout]    |         help: remove this `mut`
[INFO] [stdout] 
[INFO] [stdout] 
[INFO] [stdout] warning: function `multiply` is never used
[INFO] [stdout]  --> learngeneric/src/ops.rs:4:4
[INFO] [stdout]   |
[INFO] [stdout] 4 | fn multiply<T: std::ops::Mul<Output = T>>(x: T, y: T) -> T {
[INFO] [stdout]   |    ^^^^^^^^
[INFO] [stdout]   |
[INFO] [stdout]   = note: `#[warn(dead_code)]` on by default
[INFO] [stdout] 
[INFO] [stdout] 
[INFO] [stdout] warning: function `add` is never used
[INFO] [stdout]  --> learngeneric/src/ops.rs:8:4
[INFO] [stdout]   |
[INFO] [stdout] 8 | fn add<T: std::ops::Add<Output = T>>(x: T, y: T) -> T {
[INFO] [stdout]   |    ^^^
[INFO] [stdout] 
[INFO] [stdout] 
[INFO] [stdout] warning: associated function `new` is never used
[INFO] [stdout]   --> learngeneric/src/ops.rs:19:12
[INFO] [stdout]    |
[INFO] [stdout] 18 | impl Score {
[INFO] [stdout]    | ---------- associated function in this implementation
[INFO] [stdout] 19 |     pub fn new(first: f32, second: f32) -> Self {
[INFO] [stdout]    |            ^^^
[INFO] [stdout] 
[INFO] [stdout] 
[INFO] [stdout] warning: function `random_animal` is never used
[INFO] [stdout]   --> learngeneric/src/ops.rs:55:4
[INFO] [stdout]    |
[INFO] [stdout] 55 | fn random_animal(random_number: f64) -> Box<dyn Animal> {
[INFO] [stdout]    |    ^^^^^^^^^^^^^
[INFO] [stdout] 
[INFO] [stdout] 
[INFO] [stdout] warning: function `sum` is never used
[INFO] [stdout]   --> learngeneric/src/ops.rs:65:4
[INFO] [stdout]    |
[INFO] [stdout] 65 | fn sum<T>(a: T, b: T) -> T
[INFO] [stdout]    |    ^^^
[INFO] [stdout] 
[INFO] [stdout] 
[INFO] [stdout] warning: fields `x` and `y` are never read
[INFO] [stdout]   --> learngeneric/src/point.rs:17:5
[INFO] [stdout]    |
[INFO] [stdout] 16 | struct PointV2<T1, T2> {
[INFO] [stdout]    |        ------- fields in this struct
[INFO] [stdout] 17 |     x: T1,
[INFO] [stdout]    |     ^
[INFO] [stdout] 18 |     y: T2,
[INFO] [stdout]    |     ^
[INFO] [stdout]    |
[INFO] [stdout]    = note: `PointV2` has a derived impl for the trait `Debug`, but this is intentionally ignored during dead code analysis
[INFO] [stdout] 
[INFO] [stdout] 
[INFO] [stderr]    Compiling clap v4.0.15
[INFO] [stdout] warning: 9 warnings emitted
[INFO] [stdout] 
[INFO] [stdout] 
[INFO] [stderr]    Compiling diesel v2.0.2
[INFO] [stderr]    Compiling futures-executor v0.3.24
[INFO] [stderr]    Compiling futures v0.3.24
[INFO] [stderr]    Compiling learnfs v0.1.0 (/opt/rustwide/workdir/learnfs)
[INFO] [stdout] warning: function `create_file` is never used
[INFO] [stdout]   --> learnfs/src/main.rs:37:4
[INFO] [stdout]    |
[INFO] [stdout] 37 | fn create_file(file_name: &str) -> anyhow::Result<File> {
[INFO] [stdout]    |    ^^^^^^^^^^^
[INFO] [stdout]    |
[INFO] [stdout]    = note: `#[warn(dead_code)]` on by default
[INFO] [stdout] 
[INFO] [stdout] 
[INFO] [stdout] warning: function `read_file` is never used
[INFO] [stdout]   --> learnfs/src/main.rs:43:4
[INFO] [stdout]    |
[INFO] [stdout] 43 | fn read_file(file_name: &str) -> anyhow::Result<Vec<String>> {
[INFO] [stdout]    |    ^^^^^^^^^
[INFO] [stdout] 
[INFO] [stdout] 
[INFO] [stdout] warning: function `read_to_string` is never used
[INFO] [stdout]   --> learnfs/src/main.rs:63:4
[INFO] [stdout]    |
[INFO] [stdout] 63 | fn read_to_string(file_name: &str) -> anyhow::Result<String> {
[INFO] [stdout]    |    ^^^^^^^^^^^^^^
[INFO] [stdout] 
[INFO] [stdout] 
[INFO] [stdout] warning: function `write_file` is never used
[INFO] [stdout]   --> learnfs/src/main.rs:70:4
[INFO] [stdout]    |
[INFO] [stdout] 70 | fn write_file(file_name: &str, text: &str) -> anyhow::Result<u64> {
[INFO] [stdout]    |    ^^^^^^^^^^
[INFO] [stdout] 
[INFO] [stdout] 
[INFO] [stdout] warning: function `rename_file` is never used
[INFO] [stdout]   --> learnfs/src/main.rs:77:4
[INFO] [stdout]    |
[INFO] [stdout] 77 | fn rename_file(old_name: &str, new_name: &str) -> anyhow::Result<()> {
[INFO] [stdout]    |    ^^^^^^^^^^^
[INFO] [stdout] 
[INFO] [stdout] 
[INFO] [stdout] warning: function `copy_file` is never used
[INFO] [stdout]   --> learnfs/src/main.rs:82:4
[INFO] [stdout]    |
[INFO] [stdout] 82 | fn copy_file(f1: &str, f2: &str) -> anyhow::Result<bool> {
[INFO] [stdout]    |    ^^^^^^^^^
[INFO] [stdout] 
[INFO] [stdout] 
[INFO] [stdout] warning: function `get_file_size` is never used
[INFO] [stdout]   --> learnfs/src/main.rs:87:4
[INFO] [stdout]    |
[INFO] [stdout] 87 | fn get_file_size(file_name: &str) -> anyhow::Result<u64> {
[INFO] [stdout]    |    ^^^^^^^^^^^^^
[INFO] [stdout] 
[INFO] [stdout] 
[INFO] [stdout] warning: function `delete_file` is never used
[INFO] [stdout]   --> learnfs/src/main.rs:99:4
[INFO] [stdout]    |
[INFO] [stdout] 99 | fn delete_file(file_name: &str) -> anyhow::Result<()> {
[INFO] [stdout]    |    ^^^^^^^^^^^
[INFO] [stdout] 
[INFO] [stdout] 
[INFO] [stdout] warning: variants `FILE` and `DIR` are never constructed
[INFO] [stdout]    --> learnfs/src/main.rs:113:5
[INFO] [stdout]     |
[INFO] [stdout] 112 | enum RespType {
[INFO] [stdout]     |      -------- variants in this enum
[INFO] [stdout] 113 |     FILE,
[INFO] [stdout]     |     ^^^^
[INFO] [stdout] 114 |     DIR,
[INFO] [stdout]     |     ^^^
[INFO] [stdout]     |
[INFO] [stdout]     = note: `RespType` has a derived impl for the trait `Debug`, but this is intentionally ignored during dead code analysis
[INFO] [stdout] 
[INFO] [stdout] 
[INFO] [stdout] warning: function `is_exist` is never used
[INFO] [stdout]    --> learnfs/src/main.rs:117:4
[INFO] [stdout]     |
[INFO] [stdout] 117 | fn is_exist(path_str: &str) -> anyhow::Result<RespType> {
[INFO] [stdout]     |    ^^^^^^^^
[INFO] [stdout] 
[INFO] [stdout] 
[INFO] [stderr]    Compiling bytes v1.2.1
[INFO] [stderr]    Compiling serde_urlencoded v0.7.1
[INFO] [stdout] warning: 10 warnings emitted
[INFO] [stdout] 
[INFO] [stdout] 
[INFO] [stderr]    Compiling http v0.2.8
[INFO] [stderr]    Compiling http-body v0.4.5
[INFO] [stderr]    Compiling axum-core v0.2.8
[INFO] [stderr]    Compiling serialization v0.1.0 (/opt/rustwide/workdir/serialization)
[INFO] [stdout] warning: unused import: `model::AdModel`
[INFO] [stdout]  --> serialization/src/main.rs:1:5
[INFO] [stdout]   |
[INFO] [stdout] 1 | use model::AdModel;
[INFO] [stdout]   |     ^^^^^^^^^^^^^^
[INFO] [stdout]   |
[INFO] [stdout]   = note: `#[warn(unused_imports)]` on by default
[INFO] [stdout] 
[INFO] [stdout] 
[INFO] [stdout] warning: 1 warning emitted
[INFO] [stdout] 
[INFO] [stdout] 
[INFO] [stderr]    Compiling tokio-util v0.7.4
[INFO] [stderr]    Compiling tokio-native-tls v0.3.0
[INFO] [stderr]    Compiling tokio-stream v0.1.11
[INFO] [stderr]    Compiling h2 v0.3.14
[INFO] [stderr]    Compiling tower v0.4.13
[INFO] [stderr]    Compiling combine v4.6.6
[INFO] [stderr]    Compiling codec v0.1.0 (/opt/rustwide/workdir/codec)
[INFO] [stderr]    Compiling tower-http v0.3.4
[INFO] [stderr]    Compiling hyper v0.14.20
[INFO] [stderr]    Compiling redis v0.21.6
[INFO] [stderr]    Compiling hyper-tls v0.5.0
[INFO] [stderr]    Compiling axum v0.5.16
[INFO] [stderr]    Compiling reqwest v0.11.12
[INFO] [stderr]    Compiling learnaxum v0.1.0 (/opt/rustwide/workdir/learnaxum)
[INFO] [stdout] warning: unused import: `user_info`
[INFO] [stdout]   --> learnaxum/src/core.rs:14:22
[INFO] [stdout]    |
[INFO] [stdout] 14 |     routers::{index, user_info},
[INFO] [stdout]    |                      ^^^^^^^^^
[INFO] [stdout]    |
[INFO] [stdout]    = note: `#[warn(unused_imports)]` on by default
[INFO] [stdout] 
[INFO] [stdout] 
[INFO] [stdout] warning: unused import: `serde::Deserialize`
[INFO] [stdout]  --> learnaxum/src/user_service.rs:1:5
[INFO] [stdout]   |
[INFO] [stdout] 1 | use serde::Deserialize;
[INFO] [stdout]   |     ^^^^^^^^^^^^^^^^^^
[INFO] [stdout] 
[INFO] [stdout] 
[INFO] [stdout] error[E0308]: mismatched types
[INFO] [stdout]  --> learnaxum/src/user_service.rs:4:33
[INFO] [stdout]   |
[INFO] [stdout] 4 | pub async fn create() -> String {}
[INFO] [stdout]   |                                 ^^ expected `String`, found `()`
[INFO] [stdout] 
[INFO] [stdout] 
[INFO] [stdout] error[E0308]: mismatched types
[INFO] [stdout]  --> learnaxum/src/user_service.rs:8:47
[INFO] [stdout]   |
[INFO] [stdout] 8 | pub async fn list() -> axum::http::StatusCode {}
[INFO] [stdout]   |                                               ^^ expected `StatusCode`, found `()`
[INFO] [stdout] 
[INFO] [stdout] 
[INFO] [stdout] error[E0308]: mismatched types
[INFO] [stdout]  --> learnaxum/src/user_service.rs:6:49
[INFO] [stdout]   |
[INFO] [stdout] 6 | pub async fn detail() -> axum::http::StatusCode {}
[INFO] [stdout]   |                                                 ^^ expected `StatusCode`, found `()`
[INFO] [stdout] 
[INFO] [stdout] 
[INFO] [stdout] error[E0308]: mismatched types
[INFO] [stdout]   --> learnaxum/src/user_service.rs:10:46
[INFO] [stdout]    |
[INFO] [stdout] 10 | pub async fn del() -> axum::http::StatusCode {}
[INFO] [stdout]    |                                              ^^ expected `StatusCode`, found `()`
[INFO] [stdout] 
[INFO] [stdout] 
[INFO] [stderr]    Compiling learnnet v0.1.0 (/opt/rustwide/workdir/learnnet)
[INFO] [stdout] error: aborting due to 4 previous errors; 2 warnings emitted
[INFO] [stdout] 
[INFO] [stdout] 
[INFO] [stdout] For more information about this error, try `rustc --explain E0308`.
[INFO] [stdout] 
[INFO] [stderr] error: could not compile `learnaxum` (bin "learnaxum") due to 5 previous errors; 2 warnings emitted
[INFO] [stderr] warning: build failed, waiting for other jobs to finish...
[INFO] [stdout] warning: function `get` is never used
[INFO] [stdout]   --> learnnet/src/http_cli.rs:24:14
[INFO] [stdout]    |
[INFO] [stdout] 24 | pub async fn get(url: &str) -> anyhow::Result<String> {
[INFO] [stdout]    |              ^^^
[INFO] [stdout]    |
[INFO] [stdout]    = note: `#[warn(dead_code)]` on by default
[INFO] [stdout] 
[INFO] [stdout] 
[INFO] [stdout] warning: function `get_resp_json` is never used
[INFO] [stdout]   --> learnnet/src/http_cli.rs:35:14
[INFO] [stdout]    |
[INFO] [stdout] 35 | pub async fn get_resp_json(url: &str) -> anyhow::Result<usize> {
[INFO] [stdout]    |              ^^^^^^^^^^^^^
[INFO] [stdout] 
[INFO] [stdout] 
[INFO] [stdout] warning: function `get_origin_body` is never used
[INFO] [stdout]   --> learnnet/src/http_cli.rs:48:14
[INFO] [stdout]    |
[INFO] [stdout] 48 | pub async fn get_origin_body(url: &str) -> anyhow::Result<Bytes> {
[INFO] [stdout]    |              ^^^^^^^^^^^^^^^
[INFO] [stdout] 
[INFO] [stdout] 
[INFO] [stdout] warning: function `start` is never used
[INFO] [stdout]  --> learnnet/src/tcp.rs:9:8
[INFO] [stdout]   |
[INFO] [stdout] 9 | pub fn start(addr_str: &str) -> anyhow::Result<()> {
[INFO] [stdout]   |        ^^^^^
[INFO] [stdout] 
[INFO] [stdout] 
[INFO] [stdout] warning: 4 warnings emitted
[INFO] [stdout] 
[INFO] [stdout] 
[INFO] running `Command { std: "docker" "inspect" "80baf7ed09375a998c59e5599b06bf60814ceb139fb0ce85fa1b6217d2170aa6", kill_on_drop: false }`
[INFO] running `Command { std: "docker" "rm" "-f" "80baf7ed09375a998c59e5599b06bf60814ceb139fb0ce85fa1b6217d2170aa6", kill_on_drop: false }`
[INFO] [stdout] 80baf7ed09375a998c59e5599b06bf60814ceb139fb0ce85fa1b6217d2170aa6
