[INFO] cloning repository https://github.com/000Sanya/system_greedy
[INFO] running `Command { std: "git" "-c" "credential.helper=" "-c" "credential.helper=/workspace/cargo-home/bin/git-credential-null" "clone" "--bare" "https://github.com/000Sanya/system_greedy" "/workspace/cache/git-repos/https%3A%2F%2Fgithub.com%2F000Sanya%2Fsystem_greedy", kill_on_drop: false }`
[INFO] [stderr] Cloning into bare repository '/workspace/cache/git-repos/https%3A%2F%2Fgithub.com%2F000Sanya%2Fsystem_greedy'...
[INFO] running `Command { std: "git" "rev-parse" "HEAD", kill_on_drop: false }`
[INFO] [stdout] 0b2cf429f5f108016ba2a5c50af621d8dee1a294
[INFO] testing 000Sanya/system_greedy against 1.75.0 for beta-1.76-1
[INFO] running `Command { std: "git" "clone" "/workspace/cache/git-repos/https%3A%2F%2Fgithub.com%2F000Sanya%2Fsystem_greedy" "/workspace/builds/worker-1-tc1/source", kill_on_drop: false }`
[INFO] [stderr] Cloning into '/workspace/builds/worker-1-tc1/source'...
[INFO] [stderr] done.
[INFO] validating manifest of git repo https://github.com/000Sanya/system_greedy on toolchain 1.75.0
[INFO] running `Command { std: CARGO_HOME="/workspace/cargo-home" RUSTUP_HOME="/workspace/rustup-home" "/workspace/cargo-home/bin/cargo" "+1.75.0" "metadata" "--manifest-path" "Cargo.toml" "--no-deps", kill_on_drop: false }`
[INFO] started tweaking git repo https://github.com/000Sanya/system_greedy
[INFO] finished tweaking git repo https://github.com/000Sanya/system_greedy
[INFO] tweaked toml for git repo https://github.com/000Sanya/system_greedy written to /workspace/builds/worker-1-tc1/source/Cargo.toml
[INFO] crate git repo https://github.com/000Sanya/system_greedy already has a lockfile, it will not be regenerated
[INFO] running `Command { std: CARGO_HOME="/workspace/cargo-home" RUSTUP_HOME="/workspace/rustup-home" "/workspace/cargo-home/bin/cargo" "+1.75.0" "fetch" "--manifest-path" "Cargo.toml", kill_on_drop: false }`
[INFO] [stderr]     Updating git repository `https://github.com/rsmpi/rsmpi.git`
[INFO] [stderr]     Updating crates.io index
[INFO] [stderr]  Downloading crates ...
[INFO] [stderr]   Downloaded smithay-clipboard v0.6.5
[INFO] [stderr]   Downloaded glam v0.10.2
[INFO] [stderr]   Downloaded iced_style v0.4.0
[INFO] [stderr]   Downloaded bytemuck_derive v1.1.0
[INFO] [stderr]   Downloaded ctrlc v3.2.2
[INFO] [stderr]   Downloaded iced_glutin v0.3.0
[INFO] [stderr]   Downloaded wayland-cursor v0.29.4
[INFO] [stderr]   Downloaded plotters-bitmap v0.3.1
[INFO] [stderr]   Downloaded iced_core v0.5.0
[INFO] [stderr]   Downloaded window_clipboard v0.2.3
[INFO] [stderr]   Downloaded iced_futures v0.4.1
[INFO] [stderr]   Downloaded quadtree-f32 v0.4.0
[INFO] [stderr]   Downloaded wayland-client v0.29.4
[INFO] [stderr]   Downloaded flume v0.10.11
[INFO] [stderr]   Downloaded iced v0.4.2
[INFO] [stderr]   Downloaded jpeg-decoder v0.2.4
[INFO] [stderr]   Downloaded iced_graphics v0.3.0
[INFO] [stderr]   Downloaded iced_native v0.5.1
[INFO] [stderr]   Downloaded clipboard-win v4.4.1
[INFO] [stderr]   Downloaded wayland-commons v0.29.4
[INFO] [stderr]   Downloaded nanorand v0.6.1
[INFO] [stderr]   Downloaded iced_winit v0.4.0
[INFO] [stderr]   Downloaded wayland-scanner v0.29.4
[INFO] [stderr]   Downloaded glyph_brush v0.7.4
[INFO] [stderr]   Downloaded wayland-egl v0.29.4
[INFO] [stderr]   Downloaded wayland-sys v0.29.4
[INFO] [stderr]   Downloaded bumpalo v3.9.0
[INFO] [stderr]   Downloaded wayland-protocols v0.29.4
[INFO] [stderr]   Downloaded cmake v0.1.47
[INFO] [stderr]   Downloaded iced_glow v0.3.0
[INFO] [stderr]   Downloaded vek v0.15.4
[INFO] running `Command { std: "docker" "create" "-v" "/var/lib/crater-agent-workspace/builds/worker-1-tc1/target:/opt/rustwide/target:rw,Z" "-v" "/var/lib/crater-agent-workspace/builds/worker-1-tc1/source:/opt/rustwide/workdir:ro,Z" "-v" "/var/lib/crater-agent-workspace/cargo-home:/opt/rustwide/cargo-home:ro,Z" "-v" "/var/lib/crater-agent-workspace/rustup-home:/opt/rustwide/rustup-home:ro,Z" "-e" "SOURCE_DIR=/opt/rustwide/workdir" "-e" "CARGO_TARGET_DIR=/opt/rustwide/target" "-e" "CARGO_HOME=/opt/rustwide/cargo-home" "-e" "RUSTUP_HOME=/opt/rustwide/rustup-home" "-w" "/opt/rustwide/workdir" "-m" "1610612736" "--user" "0:0" "--network" "none" "ghcr.io/rust-lang/crates-build-env/linux@sha256:2788e3201cd34a07e3172128adcd8b3090168a8e3bcc40d7c032b9dda1df7d1c" "/opt/rustwide/cargo-home/bin/cargo" "+1.75.0" "metadata" "--no-deps" "--format-version=1", kill_on_drop: false }`
[INFO] [stdout] 7c036e073897672d73c86ae83487836ba732e11ecdf7df69e9f08715c622b6e0
[INFO] running `Command { std: "docker" "start" "-a" "7c036e073897672d73c86ae83487836ba732e11ecdf7df69e9f08715c622b6e0", kill_on_drop: false }`
[INFO] running `Command { std: "docker" "inspect" "7c036e073897672d73c86ae83487836ba732e11ecdf7df69e9f08715c622b6e0", kill_on_drop: false }`
[INFO] running `Command { std: "docker" "rm" "-f" "7c036e073897672d73c86ae83487836ba732e11ecdf7df69e9f08715c622b6e0", kill_on_drop: false }`
[INFO] [stdout] 7c036e073897672d73c86ae83487836ba732e11ecdf7df69e9f08715c622b6e0
[INFO] running `Command { std: "docker" "create" "-v" "/var/lib/crater-agent-workspace/builds/worker-1-tc1/target:/opt/rustwide/target:rw,Z" "-v" "/var/lib/crater-agent-workspace/builds/worker-1-tc1/source:/opt/rustwide/workdir:ro,Z" "-v" "/var/lib/crater-agent-workspace/cargo-home:/opt/rustwide/cargo-home:ro,Z" "-v" "/var/lib/crater-agent-workspace/rustup-home:/opt/rustwide/rustup-home:ro,Z" "-e" "SOURCE_DIR=/opt/rustwide/workdir" "-e" "CARGO_TARGET_DIR=/opt/rustwide/target" "-e" "CARGO_INCREMENTAL=0" "-e" "RUST_BACKTRACE=full" "-e" "RUSTFLAGS=--cap-lints=warn" "-e" "RUSTDOCFLAGS=--cap-lints=warn" "-e" "CARGO_HOME=/opt/rustwide/cargo-home" "-e" "RUSTUP_HOME=/opt/rustwide/rustup-home" "-w" "/opt/rustwide/workdir" "-m" "1610612736" "--user" "0:0" "--network" "none" "ghcr.io/rust-lang/crates-build-env/linux@sha256:2788e3201cd34a07e3172128adcd8b3090168a8e3bcc40d7c032b9dda1df7d1c" "/opt/rustwide/cargo-home/bin/cargo" "+1.75.0" "build" "--frozen" "--message-format=json", kill_on_drop: false }`
[INFO] [stdout] 4041e1c8667b3bc0f681d20cc367d2fbfb7d5a02b7506e50409783bdd52f0904
[INFO] running `Command { std: "docker" "start" "-a" "4041e1c8667b3bc0f681d20cc367d2fbfb7d5a02b7506e50409783bdd52f0904", kill_on_drop: false }`
[INFO] [stderr]    Compiling cfg-if v1.0.0
[INFO] [stderr]    Compiling autocfg v1.0.1
[INFO] [stderr]    Compiling libc v0.2.126
[INFO] [stderr]    Compiling proc-macro2 v1.0.36
[INFO] [stderr]    Compiling unicode-xid v0.2.2
[INFO] [stderr]    Compiling pkg-config v0.3.24
[INFO] [stderr]    Compiling syn v1.0.84
[INFO] [stderr]    Compiling xml-rs v0.8.4
[INFO] [stderr]    Compiling version_check v0.9.4
[INFO] [stderr]    Compiling log v0.4.14
[INFO] [stderr]    Compiling libloading v0.7.3
[INFO] [stderr]    Compiling num-traits v0.2.14
[INFO] [stderr]    Compiling memoffset v0.6.5
[INFO] [stderr]    Compiling memchr v2.4.1
[INFO] [stderr]    Compiling scopeguard v1.1.0
[INFO] [stderr]    Compiling once_cell v1.10.0
[INFO] [stderr]    Compiling smallvec v1.8.0
[INFO] [stderr]    Compiling quote v1.0.14
[INFO] [stderr]    Compiling cc v1.0.72
[INFO] [stderr]    Compiling wayland-scanner v0.29.4
[INFO] [stderr]    Compiling wayland-sys v0.29.4
[INFO] [stderr]    Compiling futures-core v0.3.21
[INFO] [stderr]    Compiling num_cpus v1.13.1
[INFO] [stderr]    Compiling nix v0.22.3
[INFO] [stderr]    Compiling getrandom v0.2.3
[INFO] [stderr]    Compiling dlib v0.5.0
[INFO] [stderr]    Compiling crossbeam-utils v0.8.6
[INFO] [stderr]    Compiling futures-sink v0.3.21
[INFO] [stderr]    Compiling scoped-tls v1.0.0
[INFO] [stderr]    Compiling crossbeam-epoch v0.9.6
[INFO] [stderr]    Compiling downcast-rs v1.2.0
[INFO] [stderr]    Compiling cmake v0.1.47
[INFO] [stderr]    Compiling khronos_api v3.1.0
[INFO] [stderr]    Compiling either v1.6.1
[INFO] [stderr]    Compiling futures-channel v0.3.21
[INFO] [stderr]    Compiling rayon-core v1.9.1
[INFO] [stderr]    Compiling minimal-lexical v0.2.1
[INFO] [stderr]    Compiling futures-task v0.3.21
[INFO] [stderr]    Compiling nom v7.1.1
[INFO] [stderr]    Compiling rand_core v0.6.3
[INFO] [stderr]    Compiling num-integer v0.1.44
[INFO] [stderr]    Compiling cty v0.2.2
[INFO] [stderr]    Compiling wayland-client v0.29.4
[INFO] [stderr]    Compiling wayland-protocols v0.29.4
[INFO] [stderr]    Compiling pin-project-lite v0.2.9
[INFO] [stderr]    Compiling futures-util v0.3.21
[INFO] [stderr]    Compiling adler32 v1.2.0
[INFO] [stderr]    Compiling ppv-lite86 v0.2.16
[INFO] [stderr]    Compiling crossbeam-deque v0.8.1
[INFO] [stderr]    Compiling raw-window-handle v0.4.3
[INFO] [stderr]    Compiling rand_chacha v0.3.1
[INFO] [stderr]    Compiling crossbeam-channel v0.5.2
[INFO] [stderr]    Compiling euclid v0.22.7
[INFO] [stderr]    Compiling xcursor v0.3.4
[INFO] [stderr]    Compiling lock_api v0.4.6
[INFO] [stderr]    Compiling smithay-client-toolkit v0.15.4
[INFO] [stderr]    Compiling rayon v1.5.1
[INFO] [stderr]    Compiling rustc-hash v1.1.0
[INFO] [stderr]    Compiling wayland-commons v0.29.4
[INFO] [stderr]    Compiling arrayvec v0.5.2
[INFO] [stderr]    Compiling futures-io v0.3.21
[INFO] [stderr]    Compiling slab v0.4.6
[INFO] [stderr]    Compiling pin-utils v0.1.0
[INFO] [stderr]    Compiling static_assertions v1.1.0
[INFO] [stderr]    Compiling crc32fast v1.3.0
[INFO] [stderr]    Compiling ucd-trie v0.1.3
[INFO] [stderr]    Compiling lyon_geom v0.17.6
[INFO] [stderr]    Compiling pest v2.1.3
[INFO] [stderr]    Compiling calloop v0.9.3
[INFO] [stderr]    Compiling gl_generator v0.14.0
[INFO] [stderr]    Compiling rand v0.8.5
[INFO] [stderr]    Compiling memmap2 v0.3.1
[INFO] [stderr]    Compiling unicode-width v0.1.9
[INFO] [stderr]    Compiling bytemuck_derive v1.1.0
[INFO] [stderr]    Compiling futures-macro v0.3.21
[INFO] [stderr]    Compiling wayland-cursor v0.29.4
[INFO] [stderr]    Compiling thiserror-impl v1.0.30
[INFO] [stderr]    Compiling unicode-segmentation v1.9.0
[INFO] [stderr]    Compiling glob v0.3.0
[INFO] [stderr]    Compiling twox-hash v1.6.3
[INFO] [stderr]    Compiling textwrap v0.11.0
[INFO] [stderr]    Compiling semver-parser v0.10.2
[INFO] [stderr]    Compiling clang-sys v1.3.3
[INFO] [stderr]    Compiling bytemuck v1.7.3
[INFO] [stderr]    Compiling lyon_path v0.17.7
[INFO] [stderr]    Compiling freetype-sys v0.13.1
[INFO] [stderr]    Compiling thiserror v1.0.30
[INFO] [stderr]    Compiling x11-dl v2.19.1
[INFO] [stderr]    Compiling nom v5.1.2
[INFO] [stderr]    Compiling instant v0.1.12
[INFO] [stderr]    Compiling ansi_term v0.12.1
[INFO] [stderr]    Compiling strsim v0.8.0
[INFO] [stderr]    Compiling vec_map v0.8.2
[INFO] [stderr]    Compiling parking_lot_core v0.8.5
[INFO] [stderr]    Compiling ttf-parser v0.15.0
[INFO] [stderr]    Compiling semver v0.11.0
[INFO] [stderr]    Compiling aho-corasick v0.7.18
[INFO] [stderr]    Compiling atty v0.2.14
[INFO] [stderr]    Compiling tokio v1.18.2
[INFO] [stderr]    Compiling expat-sys v2.1.6
[INFO] [stderr]    Compiling sid v0.6.1
[INFO] [stderr]    Compiling float_next_after v0.1.5
[INFO] [stderr]    Compiling glam v0.10.2
[INFO] [stderr]    Compiling iced_core v0.5.0
[INFO] [stderr]    Compiling byteorder v1.4.3
[INFO] [stderr]    Compiling quick-error v1.2.3
[INFO] [stderr]    Compiling ab_glyph_rasterizer v0.1.5
[INFO] [stderr]    Compiling regex-syntax v0.6.25
[INFO] [stderr]    Compiling humantime v1.3.0
[INFO] [stderr]    Compiling iced_style v0.4.0
[INFO] [stderr]    Compiling lyon_algorithms v0.17.7
[INFO] [stderr]    Compiling lyon_tessellation v0.17.10
[INFO] [stderr]    Compiling rustc_version v0.3.3
[INFO] [stderr]    Compiling owned_ttf_parser v0.15.0
[INFO] [stderr]    Compiling futures-executor v0.3.21
[INFO] [stderr]    Compiling ab_glyph v0.2.15
[INFO] [stderr]    Compiling futures v0.3.21
[INFO] [stderr]    Compiling iced_futures v0.4.1
[INFO] [stderr]    Compiling regex v1.5.5
[INFO] [stderr]    Compiling gethostname v0.2.3
[INFO] [stderr]    Compiling num-iter v0.1.42
[INFO] [stderr]    Compiling build-probe-mpi v0.1.1 (https://github.com/rsmpi/rsmpi.git#70591e68)
[INFO] [stderr]    Compiling winit v0.26.1
[INFO] [stderr]    Compiling termcolor v1.1.3
[INFO] [stderr]    Compiling bindgen v0.55.1
[INFO] [stderr]    Compiling adler v1.0.2
[INFO] [stderr]    Compiling x11rb v0.9.0
[INFO] [stderr]    Compiling iced_native v0.5.1
[INFO] [stderr]    Compiling env_logger v0.7.1
[INFO] [stderr]    Compiling parking_lot v0.11.2
[INFO] [stderr]    Compiling lyon v0.17.10
[INFO] [stderr]    Compiling cexpr v0.4.0
[INFO] [stderr]    Compiling pathfinder_simd v0.5.1
[INFO] [stderr]    Compiling clap v2.34.0
[INFO] [stderr]    Compiling glutin_glx_sys v0.1.7
[INFO] [stderr]    Compiling glutin_egl_sys v0.1.5
[INFO] [stderr]    Compiling which v3.1.1
[INFO] [stderr]    Compiling approx v0.5.1
[INFO] [stderr]    Compiling mio v0.8.3
[INFO] [stderr]    Compiling servo-fontconfig-sys v5.1.0
[INFO] [stderr]    Compiling num-rational v0.3.2
[INFO] [stderr]    Compiling miniz_oxide v0.4.4
[INFO] [stderr]    Compiling proc-macro-error-attr v1.0.4
[INFO] [stderr]    Compiling xi-unicode v0.3.0
[INFO] [stderr]    Compiling cfg-if v0.1.10
[INFO] [stderr]    Compiling color_quant v1.1.0
[INFO] [stderr]    Compiling lazycell v1.3.0
[INFO] [stderr]    Compiling percent-encoding v2.1.0
[INFO] [stderr]    Compiling peeking_take_while v0.1.2
[INFO] [stderr]    Compiling weezl v0.1.5
[INFO] [stderr]    Compiling semver-parser v0.7.0
[INFO] [stderr]    Compiling linked-hash-map v0.5.4
[INFO] [stderr]    Compiling shlex v0.1.1
[INFO] [stderr]    Compiling glyph_brush_draw_cache v0.1.5
[INFO] [stderr]    Compiling semver v0.9.0
[INFO] [stderr]    Compiling glyph_brush_layout v0.2.3
[INFO] [stderr]    Compiling iced_graphics v0.3.0
[INFO] [stderr]    Compiling deflate v0.8.6
[INFO] [stderr]    Compiling pin-project-internal v1.0.10
[INFO] [stderr]    Compiling clipboard_x11 v0.4.0
[INFO] [stderr]    Compiling raw-window-handle v0.3.4
[INFO] [stderr]    Compiling miniz_oxide v0.3.7
[INFO] [stderr]    Compiling ordered-float v3.0.0
[INFO] [stderr]    Compiling dirs-sys-next v0.1.2
[INFO] [stderr]    Compiling shared_library v0.1.9
[INFO] [stderr]    Compiling proc-macro-error v1.0.4
[INFO] [stderr]    Compiling serde_derive v1.0.133
[INFO] [stderr]    Compiling dirs-next v2.0.0
[INFO] [stderr]    Compiling osmesa-sys v0.1.2
[INFO] [stderr]    Compiling pin-project v1.0.10
[INFO] [stderr]    Compiling glyph_brush v0.7.4
[INFO] [stderr]    Compiling png v0.16.8
[INFO] [stderr]    Compiling rustc_version v0.2.3
[INFO] [stderr]    Compiling gif v0.11.3
[INFO] [stderr]    Compiling wayland-egl v0.29.4
[INFO] [stderr]    Compiling spin v0.9.3
[INFO] [stderr]    Compiling deflate v1.0.0
[INFO] [stderr]    Compiling nanorand v0.6.1
[INFO] [stderr]    Compiling num-rational v0.4.0
[INFO] [stderr]    Compiling same-file v1.0.6
[INFO] [stderr]    Compiling glow v0.11.2
[INFO] [stderr]    Compiling radium v0.7.0
[INFO] [stderr]    Compiling serde v1.0.133
[INFO] [stderr]    Compiling plotters-backend v0.3.2
[INFO] [stderr]    Compiling jpeg-decoder v0.1.22
[INFO] [stderr]    Compiling walkdir v2.3.2
[INFO] [stderr]    Compiling flume v0.10.11
[INFO] [stderr]    Compiling vek v0.15.4
[INFO] [stderr]    Compiling flate2 v1.0.22
[INFO] [stderr]    Compiling pathfinder_geometry v0.5.1
[INFO] [stderr]    Compiling image v0.23.14
[INFO] [stderr]    Compiling servo-fontconfig v0.5.1
[INFO] [stderr]    Compiling freetype v0.7.0
[INFO] [stderr]    Compiling miniz_oxide v0.5.1
[INFO] [stderr]    Compiling mpi v0.6.0 (https://github.com/rsmpi/rsmpi.git#70591e68)
[INFO] [stderr]    Compiling glow_glyph v0.5.1
[INFO] [stderr]    Compiling mpi-sys v0.2.0 (https://github.com/rsmpi/rsmpi.git#70591e68)
[INFO] [stderr]    Compiling jpeg-decoder v0.2.4
[INFO] [stderr]    Compiling heck v0.3.3
[INFO] [stderr]    Compiling inflate v0.4.5
[INFO] [stderr]    Compiling threadpool v1.8.1
[INFO] [stderr]    Compiling time v0.1.44
[INFO] [stderr]    Compiling custom_derive v0.1.7
[INFO] [stderr]    Compiling bit_field v0.10.1
[INFO] [stderr]    Compiling lebe v0.5.1
[INFO] [stderr]    Compiling anyhow v1.0.56
[INFO] [stderr]    Compiling float-ord v0.2.0
[INFO] [stderr]    Compiling half v1.8.2
[INFO] [stderr]    Compiling tap v1.0.1
[INFO] [stderr]    Compiling wyz v0.5.0
[INFO] [stderr]    Compiling exr v1.4.2
[INFO] [stderr]    Compiling font-kit v0.10.1
[INFO] [stderr]    Compiling chrono v0.4.19
[INFO] [stderr]    Compiling conv v0.3.3
[INFO] [stderr]    Compiling tiff v0.7.2
[INFO] [stderr]    Compiling plotters-bitmap v0.3.1
[INFO] [stderr]    Compiling structopt-derive v0.4.18
[INFO] [stderr]    Compiling iced_glow v0.3.0
[INFO] [stderr]    Compiling png v0.17.5
[INFO] [stderr]    Compiling plotters-svg v0.3.1
[INFO] [stderr]    Compiling which v4.2.5
[INFO] [stderr]    Compiling approx v0.4.0
[INFO] [stderr]    Compiling nix v0.24.1
[INFO] [stderr]    Compiling ttf-parser v0.12.3
[INFO] [stderr]    Compiling scoped_threadpool v0.1.9
[INFO] [stderr]    Compiling funty v2.0.0
[INFO] [stderr]    Compiling ctrlc v3.2.2
[INFO] [stderr]    Compiling plotters v0.3.1
[INFO] [stderr]    Compiling bitvec v1.0.0
[INFO] [stderr]    Compiling image v0.24.2
[INFO] [stderr]    Compiling native-dialog v0.6.3
[INFO] [stderr]    Compiling structopt v0.3.26
[INFO] [stderr]    Compiling measure_time v0.8.2
[INFO] [stderr]    Compiling itertools v0.10.3
[INFO] [stderr]    Compiling ordered-float v2.10.0
[INFO] [stderr]    Compiling quadtree-f32 v0.4.0
[INFO] [stderr]    Compiling smithay-clipboard v0.6.5
[INFO] [stderr]    Compiling clipboard_wayland v0.2.0
[INFO] [stderr]    Compiling window_clipboard v0.2.3
[INFO] [stderr]    Compiling iced_winit v0.4.0
[INFO] [stderr]    Compiling glutin v0.28.0
[INFO] [stderr]    Compiling iced_glutin v0.3.0
[INFO] [stderr]    Compiling iced v0.4.2
[INFO] [stderr]    Compiling system_greedy v0.1.0 (/opt/rustwide/workdir)
[INFO] [stdout] warning: unused import: `BitVec`
[INFO] [stdout]  --> src/perebor.rs:2:23
[INFO] [stdout]   |
[INFO] [stdout] 2 | use bitvec::prelude::{BitVec, Lsb0};
[INFO] [stdout]   |                       ^^^^^^
[INFO] [stdout]   |
[INFO] [stdout]   = note: `#[warn(unused_imports)]` on by default
[INFO] [stdout] 
[INFO] [stdout] 
[INFO] [stdout] warning: unused import: `std::cmp::Reverse`
[INFO] [stdout]  --> src/system.rs:4:5
[INFO] [stdout]   |
[INFO] [stdout] 4 | use std::cmp::Reverse;
[INFO] [stdout]   |     ^^^^^^^^^^^^^^^^^
[INFO] [stdout] 
[INFO] [stdout] 
[INFO] [stdout] warning: unused import: `num_traits::Zero`
[INFO] [stdout]  --> src/runner.rs:5:5
[INFO] [stdout]   |
[INFO] [stdout] 5 | use num_traits::Zero;
[INFO] [stdout]   |     ^^^^^^^^^^^^^^^^
[INFO] [stdout] 
[INFO] [stdout] 
[INFO] [stdout] warning: unused import: `bitvec::prelude::BitVec`
[INFO] [stdout]   --> src/lib.rs:10:5
[INFO] [stdout]    |
[INFO] [stdout] 10 | use bitvec::prelude::BitVec;
[INFO] [stdout]    |     ^^^^^^^^^^^^^^^^^^^^^^^
[INFO] [stdout] 
[INFO] [stdout] 
[INFO] [stdout] warning: unused import: `std::cmp::Reverse`
[INFO] [stdout]   --> src/lib.rs:15:5
[INFO] [stdout]    |
[INFO] [stdout] 15 | use std::cmp::Reverse;
[INFO] [stdout]    |     ^^^^^^^^^^^^^^^^^
[INFO] [stdout] 
[INFO] [stdout] 
[INFO] [stdout] warning: unused import: `BTreeSet`
[INFO] [stdout]   --> src/lib.rs:16:24
[INFO] [stdout]    |
[INFO] [stdout] 16 | use std::collections::{BTreeSet, HashMap};
[INFO] [stdout]    |                        ^^^^^^^^
[INFO] [stdout] 
[INFO] [stdout] 
[INFO] [stdout] warning: unused import: `crate::system::Vec2`
[INFO] [stdout]   --> src/lib.rs:20:5
[INFO] [stdout]    |
[INFO] [stdout] 20 | use crate::system::Vec2;
[INFO] [stdout]    |     ^^^^^^^^^^^^^^^^^^^
[INFO] [stdout] 
[INFO] [stdout] 
[INFO] [stdout] warning: unused import: `StateRegisterer`
[INFO] [stdout]  --> src/perebor.rs:1:13
[INFO] [stdout]   |
[INFO] [stdout] 1 | use crate::{StateRegisterer, System};
[INFO] [stdout]   |             ^^^^^^^^^^^^^^^
[INFO] [stdout] 
[INFO] [stdout] 
[INFO] [stdout] warning: unused import: `plotters::prelude`
[INFO] [stdout]   --> src/lib.rs:13:5
[INFO] [stdout]    |
[INFO] [stdout] 13 | use plotters::prelude::*;
[INFO] [stdout]    |     ^^^^^^^^^^^^^^^^^
[INFO] [stdout] 
[INFO] [stdout] 
[INFO] [stdout] warning: variable does not need to be mutable
[INFO] [stdout]    --> src/system.rs:186:13
[INFO] [stdout]     |
[INFO] [stdout] 186 |         let mut size = self.size();
[INFO] [stdout]     |             ----^^^^
[INFO] [stdout]     |             |
[INFO] [stdout]     |             help: remove this `mut`
[INFO] [stdout]     |
[INFO] [stdout]     = note: `#[warn(unused_mut)]` on by default
[INFO] [stdout] 
[INFO] [stdout] 
[INFO] [stdout] warning: variable does not need to be mutable
[INFO] [stdout]    --> src/runner.rs:129:9
[INFO] [stdout]     |
[INFO] [stdout] 129 |     let mut state_register = RefCellStateRegisterer(RefCell::new(StateRegistererInner::new()));
[INFO] [stdout]     |         ----^^^^^^^^^^^^^^
[INFO] [stdout]     |         |
[INFO] [stdout]     |         help: remove this `mut`
[INFO] [stdout] 
[INFO] [stdout] 
[INFO] [stdout] warning: variable `all_steps` is assigned to, but never used
[INFO] [stdout]    --> src/runner.rs:173:13
[INFO] [stdout]     |
[INFO] [stdout] 173 |     let mut all_steps = 0;
[INFO] [stdout]     |             ^^^^^^^^^
[INFO] [stdout]     |
[INFO] [stdout]     = note: consider using `_all_steps` instead
[INFO] [stdout]     = note: `#[warn(unused_variables)]` on by default
[INFO] [stdout] 
[INFO] [stdout] 
[INFO] [stdout] warning: variable does not need to be mutable
[INFO] [stdout]    --> src/runner.rs:165:5
[INFO] [stdout]     |
[INFO] [stdout] 165 |     mut system: System,
[INFO] [stdout]     |     ----^^^^^^
[INFO] [stdout]     |     |
[INFO] [stdout]     |     help: remove this `mut`
[INFO] [stdout] 
[INFO] [stdout] 
[INFO] [stdout] warning: variable does not need to be mutable
[INFO] [stdout]    --> src/runner.rs:169:5
[INFO] [stdout]     |
[INFO] [stdout] 169 |     mut f: F,
[INFO] [stdout]     |     ----^
[INFO] [stdout]     |     |
[INFO] [stdout]     |     help: remove this `mut`
[INFO] [stdout] 
[INFO] [stdout] 
[INFO] [stdout] warning: variable does not need to be mutable
[INFO] [stdout]    --> src/runner.rs:171:9
[INFO] [stdout]     |
[INFO] [stdout] 171 |     let mut state_register = MutexStateRegisterer(Mutex::new(StateRegistererInner::new()));
[INFO] [stdout]     |         ----^^^^^^^^^^^^^^
[INFO] [stdout]     |         |
[INFO] [stdout]     |         help: remove this `mut`
[INFO] [stdout] 
[INFO] [stdout] 
[INFO] [stdout] warning: unused variable: `step`
[INFO] [stdout]   --> src/metropolis.rs:10:9
[INFO] [stdout]    |
[INFO] [stdout] 10 |     for step in 0..steps {
[INFO] [stdout]    |         ^^^^ help: if this is intentional, prefix it with an underscore: `_step`
[INFO] [stdout] 
[INFO] [stdout] 
[INFO] [stdout] warning: function `perebor` is never used
[INFO] [stdout]    --> src/perebor.rs:155:4
[INFO] [stdout]     |
[INFO] [stdout] 155 | fn perebor(system: &System, cluster: &[usize]) -> State {
[INFO] [stdout]     |    ^^^^^^^
[INFO] [stdout]     |
[INFO] [stdout]     = note: `#[warn(dead_code)]` on by default
[INFO] [stdout] 
[INFO] [stdout] 
[INFO] [stdout] warning: 17 warnings emitted
[INFO] [stdout] 
[INFO] [stdout] 
[INFO] [stdout] warning: unused variable: `opt`
[INFO] [stdout]   --> src/bin/help.rs:20:9
[INFO] [stdout]    |
[INFO] [stdout] 20 |     let opt = Args::from_args();
[INFO] [stdout]    |         ^^^ help: if this is intentional, prefix it with an underscore: `_opt`
[INFO] [stdout]    |
[INFO] [stdout]    = note: `#[warn(unused_variables)]` on by default
[INFO] [stdout] 
[INFO] [stdout] 
[INFO] [stdout] warning: fields `output`, `threads`, `input`, and `lattice` are never read
[INFO] [stdout]   --> src/bin/help.rs:9:5
[INFO] [stdout]    |
[INFO] [stdout] 6  | struct Args {
[INFO] [stdout]    |        ---- fields in this struct
[INFO] [stdout] ...
[INFO] [stdout] 9  |     output: PathBuf,
[INFO] [stdout]    |     ^^^^^^
[INFO] [stdout] 10 |     /// max thread count
[INFO] [stdout] 11 |     threads: usize,
[INFO] [stdout]    |     ^^^^^^^
[INFO] [stdout] ...
[INFO] [stdout] 14 |     input: Option<PathBuf>,
[INFO] [stdout]    |     ^^^^^
[INFO] [stdout] 15 |     /// lattice type and parameters
[INFO] [stdout] 16 |     lattice: Option<String>,
[INFO] [stdout]    |     ^^^^^^^
[INFO] [stdout]    |
[INFO] [stdout]    = note: `Args` has a derived impl for the trait `Debug`, but this is intentionally ignored during dead code analysis
[INFO] [stdout]    = note: `#[warn(dead_code)]` on by default
[INFO] [stdout] 
[INFO] [stdout] 
[INFO] [stdout] warning: unused import: `std::cell::RefCell`
[INFO] [stdout]  --> src/bin/playground.rs:1:5
[INFO] [stdout]   |
[INFO] [stdout] 1 | use std::cell::RefCell;
[INFO] [stdout]   |     ^^^^^^^^^^^^^^^^^^
[INFO] [stdout]   |
[INFO] [stdout]   = note: `#[warn(unused_imports)]` on by default
[INFO] [stdout] 
[INFO] [stdout] 
[INFO] [stdout] warning: unused import: `system_greedy::generators::LatticeGenerator`
[INFO] [stdout]  --> src/bin/image_generator.rs:3:5
[INFO] [stdout]   |
[INFO] [stdout] 3 | use system_greedy::generators::LatticeGenerator;
[INFO] [stdout]   |     ^^^^^^^^^^^^^^^^^^^^^^^^^^^^^^^^^^^^^^^^^^^
[INFO] [stdout]   |
[INFO] [stdout]   = note: `#[warn(unused_imports)]` on by default
[INFO] [stdout] 
[INFO] [stdout] 
[INFO] [stdout] warning: unused imports: `BLACK`, `Circle`, `WHITE`
[INFO] [stdout]  --> src/bin/image_generator_gradient.rs:2:40
[INFO] [stdout]   |
[INFO] [stdout] 2 | use plotters::prelude::{BitMapBackend, BLACK, Circle, DrawingBackend, EmptyElement, IntoDrawingArea, RGBColor, WHITE};
[INFO] [stdout]   |                                        ^^^^^  ^^^^^^                                                           ^^^^^
[INFO] [stdout]   |
[INFO] [stdout]   = note: `#[warn(unused_imports)]` on by default
[INFO] [stdout] 
[INFO] [stdout] 
[INFO] [stdout] warning: unused import: `system_greedy::utils::generate_arrow`
[INFO] [stdout]  --> src/bin/image_generator.rs:5:5
[INFO] [stdout]   |
[INFO] [stdout] 5 | use system_greedy::utils::generate_arrow;
[INFO] [stdout]   |     ^^^^^^^^^^^^^^^^^^^^^^^^^^^^^^^^^^^^
[INFO] [stdout] 
[INFO] [stdout] 
[INFO] [stdout] warning: unused imports: `BitMapBackend`, `EmptyElement`, `IntoDrawingArea`, `RED`
[INFO] [stdout]  --> src/bin/playground.rs:2:25
[INFO] [stdout]   |
[INFO] [stdout] 2 | use plotters::prelude::{BitMapBackend, EmptyElement, IntoDrawingArea, RED};
[INFO] [stdout]   |                         ^^^^^^^^^^^^^  ^^^^^^^^^^^^  ^^^^^^^^^^^^^^^  ^^^
[INFO] [stdout] 
[INFO] [stdout] 
[INFO] [stdout] warning: unused import: `system_greedy::greedy`
[INFO] [stdout]  --> src/bin/playground.rs:4:5
[INFO] [stdout]   |
[INFO] [stdout] 4 | use system_greedy::greedy;
[INFO] [stdout]   |     ^^^^^^^^^^^^^^^^^^^^^
[INFO] [stdout] 
[INFO] [stdout] 
[INFO] [stdout] warning: unused import: `system_greedy::generators::LatticeGenerator`
[INFO] [stdout]  --> src/bin/image_generator_gradient.rs:3:5
[INFO] [stdout]   |
[INFO] [stdout] 3 | use system_greedy::generators::LatticeGenerator;
[INFO] [stdout]   |     ^^^^^^^^^^^^^^^^^^^^^^^^^^^^^^^^^^^^^^^^^^^
[INFO] [stdout] 
[INFO] [stdout] 
[INFO] [stdout] warning: unused imports: `RefCellStateRegisterer`, `StateRegistererInner`
[INFO] [stdout]  --> src/bin/playground.rs:5:29
[INFO] [stdout]   |
[INFO] [stdout] 5 | use system_greedy::runner::{RefCellStateRegisterer, StateRegistererInner};
[INFO] [stdout]   |                             ^^^^^^^^^^^^^^^^^^^^^^  ^^^^^^^^^^^^^^^^^^^^
[INFO] [stdout] 
[INFO] [stdout] 
[INFO] [stdout] warning: unused import: `Vec2`
[INFO] [stdout]  --> src/bin/playground.rs:6:42
[INFO] [stdout]   |
[INFO] [stdout] 6 | use system_greedy::system::{Orientation, Vec2};
[INFO] [stdout]   |                                          ^^^^
[INFO] [stdout] 
[INFO] [stdout] 
[INFO] [stdout] warning: unused imports: `Rng`, `thread_rng`
[INFO] [stdout]  --> src/bin/gibrid.rs:1:12
[INFO] [stdout]   |
[INFO] [stdout] 1 | use rand::{Rng, thread_rng};
[INFO] [stdout]   |            ^^^  ^^^^^^^^^^
[INFO] [stdout]   |
[INFO] [stdout]   = note: `#[warn(unused_imports)]` on by default
[INFO] [stdout] 
[INFO] [stdout] 
[INFO] [stdout] warning: unused imports: `GibridState`, `gibrid`, `greedy`
[INFO] [stdout]  --> src/bin/gibrid.rs:3:21
[INFO] [stdout]   |
[INFO] [stdout] 3 | use system_greedy::{gibrid, gibrid2, GibridState, greedy, prepare_state};
[INFO] [stdout]   |                     ^^^^^^           ^^^^^^^^^^^  ^^^^^^
[INFO] [stdout] 
[INFO] [stdout] 
[INFO] [stdout] warning: unused import: `system_greedy::utils::generate_arrow`
[INFO] [stdout]  --> src/bin/playground.rs:7:5
[INFO] [stdout]   |
[INFO] [stdout] 7 | use system_greedy::utils::generate_arrow;
[INFO] [stdout]   |     ^^^^^^^^^^^^^^^^^^^^^^^^^^^^^^^^^^^^
[INFO] [stdout] 
[INFO] [stdout] 
[INFO] [stdout] warning: unused import: `system_greedy::perebor::perebor_one_thread`
[INFO] [stdout]  --> src/bin/gibrid.rs:4:5
[INFO] [stdout]   |
[INFO] [stdout] 4 | use system_greedy::perebor::perebor_one_thread;
[INFO] [stdout]   |     ^^^^^^^^^^^^^^^^^^^^^^^^^^^^^^^^^^^^^^^^^^
[INFO] [stdout] 
[INFO] [stdout] 
[INFO] [stdout] warning: unused imports: `DynamicImage`, `GenericImage`, `GrayImage`, `LumaA`, `Luma`, `RgbImage`, `Rgb`, `SubImage`
[INFO] [stdout]  --> src/bin/image_parser.rs:2:5
[INFO] [stdout]   |
[INFO] [stdout] 2 |     DynamicImage, EncodableLayout, GenericImage, GenericImageView, GrayImage, Luma, LumaA, Rgb,
[INFO] [stdout]   |     ^^^^^^^^^^^^                   ^^^^^^^^^^^^                    ^^^^^^^^^  ^^^^  ^^^^^  ^^^
[INFO] [stdout] 3 |     RgbImage, SubImage,
[INFO] [stdout]   |     ^^^^^^^^  ^^^^^^^^
[INFO] [stdout]   |
[INFO] [stdout]   = note: `#[warn(unused_imports)]` on by default
[INFO] [stdout] 
[INFO] [stdout] 
[INFO] [stdout] warning: unused import: `vek::Vec2`
[INFO] [stdout]  --> src/bin/image_parser.rs:8:5
[INFO] [stdout]   |
[INFO] [stdout] 8 | use vek::Vec2;
[INFO] [stdout]   |     ^^^^^^^^^
[INFO] [stdout] 
[INFO] [stdout] 
[INFO] [stdout] warning: unused import: `DrawingBackend`
[INFO] [stdout]  --> src/bin/image_generator_gradient.rs:2:55
[INFO] [stdout]   |
[INFO] [stdout] 2 | use plotters::prelude::{BitMapBackend, BLACK, Circle, DrawingBackend, EmptyElement, IntoDrawingArea, RGBColor, WHITE};
[INFO] [stdout]   |                                                       ^^^^^^^^^^^^^^
[INFO] [stdout] 
[INFO] [stdout] 
[INFO] [stdout] warning: unused import: `DrawingBackend`
[INFO] [stdout]  --> src/bin/image_generator.rs:2:55
[INFO] [stdout]   |
[INFO] [stdout] 2 | use plotters::prelude::{BitMapBackend, BLACK, Circle, DrawingBackend, EmptyElement, IntoDrawingArea, RGBColor, ShapeStyle, WHITE};
[INFO] [stdout]   |                                                       ^^^^^^^^^^^^^^
[INFO] [stdout] 
[INFO] [stdout] 
[INFO] [stdout] error[E0277]: the trait bound `&str: AlgorithmState` is not satisfied
[INFO] [stdout]    --> src/bin/vlad2.rs:11:33
[INFO] [stdout]     |
[INFO] [stdout] 11  |     runner_multi_thread(system, "cairo", Replicate, 100, 1, |system, registerer, _| {
[INFO] [stdout]     |     -------------------         ^^^^^^^ the trait `AlgorithmState` is not implemented for `&str`
[INFO] [stdout]     |     |
[INFO] [stdout]     |     required by a bound introduced by this call
[INFO] [stdout]     |
[INFO] [stdout]     = help: the following other types implement trait `AlgorithmState`:
[INFO] [stdout]               Replicate
[INFO] [stdout]               ()
[INFO] [stdout] note: required by a bound in `runner_multi_thread`
[INFO] [stdout]    --> /opt/rustwide/workdir/src/runner.rs:164:31
[INFO] [stdout]     |
[INFO] [stdout] 164 | pub fn runner_multi_thread<S: AlgorithmState + Sync, F: Fn(&mut System, &MutexStateRegisterer, &S) + Sync + Send>(
[INFO] [stdout]     |                               ^^^^^^^^^^^^^^ required by this bound in `runner_multi_thread`
[INFO] [stdout] 
[INFO] [stdout] 
[INFO] [stdout] error[E0277]: expected a `Fn(&mut system_greedy::system::System, &MutexStateRegisterer, &&str)` closure, found `{integer}`
[INFO] [stdout]    --> src/bin/vlad2.rs:11:58
[INFO] [stdout]     |
[INFO] [stdout] 11  |     runner_multi_thread(system, "cairo", Replicate, 100, 1, |system, registerer, _| {
[INFO] [stdout]     |     -------------------                                  ^ expected an `Fn(&mut system_greedy::system::System, &MutexStateRegisterer, &&str)` closure, found `{integer}`
[INFO] [stdout]     |     |
[INFO] [stdout]     |     required by a bound introduced by this call
[INFO] [stdout]     |
[INFO] [stdout]     = help: the trait `for<'a, 'b, 'c> Fn<(&'a mut system_greedy::system::System, &'b MutexStateRegisterer, &'c &str)>` is not implemented for `{integer}`
[INFO] [stdout] note: required by a bound in `runner_multi_thread`
[INFO] [stdout]    --> /opt/rustwide/workdir/src/runner.rs:164:57
[INFO] [stdout]     |
[INFO] [stdout] 164 | pub fn runner_multi_thread<S: AlgorithmState + Sync, F: Fn(&mut System, &MutexStateRegisterer, &S) + Sync + Send>(
[INFO] [stdout]     |                                                         ^^^^^^^^^^^^^^^^^^^^^^^^^^^^^^^^^^^^^^^^^^ required by this bound in `runner_multi_thread`
[INFO] [stdout] 
[INFO] [stdout] 
[INFO] [stdout] warning: unused variable: `system`
[INFO] [stdout]   --> src/bin/image_generator.rs:10:9
[INFO] [stdout]    |
[INFO] [stdout] 10 |     let system = System::load_mfsys("results/minimal_trim_75.mfsys");
[INFO] [stdout]    |         ^^^^^^ help: if this is intentional, prefix it with an underscore: `_system`
[INFO] [stdout]    |
[INFO] [stdout]    = note: `#[warn(unused_variables)]` on by default
[INFO] [stdout] 
[INFO] [stdout] 
[INFO] [stdout] warning: unused variable: `direction`
[INFO] [stdout]   --> src/bin/image_generator.rs:37:13
[INFO] [stdout]    |
[INFO] [stdout] 37 |         let direction = if system.system_state()[i] {
[INFO] [stdout]    |             ^^^^^^^^^ help: if this is intentional, prefix it with an underscore: `_direction`
[INFO] [stdout] 
[INFO] [stdout] 
[INFO] [stdout] warning: variable does not need to be mutable
[INFO] [stdout]   --> src/bin/image_generator_gradient.rs:35:9
[INFO] [stdout]    |
[INFO] [stdout] 35 |     let mut plotter = BitMapBackend::new("results/minimal_trim_1200_gradient.png", (max_x + 200, max_y + 200)).into_drawing_area();
[INFO] [stdout]    |         ----^^^^^^^
[INFO] [stdout]    |         |
[INFO] [stdout]    |         help: remove this `mut`
[INFO] [stdout]    |
[INFO] [stdout]    = note: `#[warn(unused_mut)]` on by default
[INFO] [stdout] 
[INFO] [stdout] 
[INFO] [stdout] warning: variable does not need to be mutable
[INFO] [stdout]   --> src/bin/image_generator.rs:20:9
[INFO] [stdout]    |
[INFO] [stdout] 20 |     let mut plotter = BitMapBackend::new("results/minimal_625_3072_-5.532045015143138.png", (max_x + 200, max_y + 200)).into_drawing_area();
[INFO] [stdout]    |         ----^^^^^^^
[INFO] [stdout]    |         |
[INFO] [stdout]    |         help: remove this `mut`
[INFO] [stdout]    |
[INFO] [stdout]    = note: `#[warn(unused_mut)]` on by default
[INFO] [stdout] 
[INFO] [stdout] 
[INFO] [stdout] warning: function `cairo` is never used
[INFO] [stdout]   --> src/bin/gibrid.rs:13:4
[INFO] [stdout]    |
[INFO] [stdout] 13 | fn cairo(size: usize, c: f64) -> Lattice {
[INFO] [stdout]    |    ^^^^^
[INFO] [stdout]    |
[INFO] [stdout]    = note: `#[warn(dead_code)]` on by default
[INFO] [stdout] 
[INFO] [stdout] 
[INFO] [stdout] warning: unused import: `GenericImageView`
[INFO] [stdout]  --> src/bin/image_parser.rs:2:50
[INFO] [stdout]   |
[INFO] [stdout] 2 |     DynamicImage, EncodableLayout, GenericImage, GenericImageView, GrayImage, Luma, LumaA, Rgb,
[INFO] [stdout]   |                                                  ^^^^^^^^^^^^^^^^
[INFO] [stdout] 
[INFO] [stdout] 
[INFO] [stdout] warning: unused import: `std::fmt::Write`
[INFO] [stdout]  --> src/bin/image_parser.rs:6:5
[INFO] [stdout]   |
[INFO] [stdout] 6 | use std::fmt::Write;
[INFO] [stdout]   |     ^^^^^^^^^^^^^^^
[INFO] [stdout] 
[INFO] [stdout] 
[INFO] [stdout] warning: variable does not need to be mutable
[INFO] [stdout]   --> src/bin/image_parser.rs:57:9
[INFO] [stdout]    |
[INFO] [stdout] 57 |     let mut plotter = plotter.into_drawing_area();
[INFO] [stdout]    |         ----^^^^^^^
[INFO] [stdout]    |         |
[INFO] [stdout]    |         help: remove this `mut`
[INFO] [stdout]    |
[INFO] [stdout]    = note: `#[warn(unused_mut)]` on by default
[INFO] [stdout] 
[INFO] [stdout] 
[INFO] [stdout] error[E0061]: this function takes 5 arguments but 6 arguments were supplied
[INFO] [stdout]    --> src/bin/vlad2.rs:11:5
[INFO] [stdout]     |
[INFO] [stdout] 11  |       runner_multi_thread(system, "cairo", Replicate, 100, 1, |system, registerer, _| {
[INFO] [stdout]     |  _____^^^^^^^^^^^^^^^^^^^__________________---------__________-
[INFO] [stdout]     | |                                          |
[INFO] [stdout]     | |                                          expected `usize`, found `Replicate`
[INFO] [stdout] 12  | |         let mut rng = thread_rng();
[INFO] [stdout] 13  | |         for _ in 0..system.size() {
[INFO] [stdout] 14  | |             let random = rng.gen_range(0..system.size());
[INFO] [stdout] ...   |
[INFO] [stdout] 37  | |         }
[INFO] [stdout] 38  | |     });
[INFO] [stdout]     | |_____- unexpected argument
[INFO] [stdout]     |
[INFO] [stdout] note: function defined here
[INFO] [stdout]    --> /opt/rustwide/workdir/src/runner.rs:164:8
[INFO] [stdout]     |
[INFO] [stdout] 164 | pub fn runner_multi_thread<S: AlgorithmState + Sync, F: Fn(&mut System, &MutexStateRegisterer, &S) + Sync + Send>(
[INFO] [stdout]     |        ^^^^^^^^^^^^^^^^^^^
[INFO] [stdout] help: remove the extra argument
[INFO] [stdout]     |
[INFO] [stdout] 11  -     runner_multi_thread(system, "cairo", Replicate, 100, 1, |system, registerer, _| {
[INFO] [stdout] 11  +     runner_multi_thread(system, "cairo", /* usize */, 100, 1);
[INFO] [stdout]     |
[INFO] [stdout] 
[INFO] [stdout] 
[INFO] [stdout] warning: unused import: `StateRegisterer`
[INFO] [stdout]  --> src/bin/vlad2.rs:4:61
[INFO] [stdout]   |
[INFO] [stdout] 4 | use system_greedy::runner::{Replicate, runner_multi_thread, StateRegisterer};
[INFO] [stdout]   |                                                             ^^^^^^^^^^^^^^^
[INFO] [stdout]   |
[INFO] [stdout]   = note: `#[warn(unused_imports)]` on by default
[INFO] [stdout] 
[INFO] [stdout] 
[INFO] [stdout] error: aborting due to 3 previous errors; 1 warning emitted
[INFO] [stdout] 
[INFO] [stdout] 
[INFO] [stdout] Some errors have detailed explanations: E0061, E0277.
[INFO] [stdout] 
[INFO] [stdout] For more information about an error, try `rustc --explain E0061`.
[INFO] [stdout] 
[INFO] [stderr] error: could not compile `system_greedy` (bin "vlad2") due to 4 previous errors; 1 warning emitted
[INFO] [stderr] warning: build failed, waiting for other jobs to finish...
[INFO] [stdout] warning: unused import: `canvas`
[INFO] [stdout]  --> src/bin/viewer.rs:2:28
[INFO] [stdout]   |
[INFO] [stdout] 2 | use iced::{Button, Canvas, canvas, Color, Column, Element, Length, Point, Radio, Rectangle, Row, Sandbox, Settings, Size, Text, Vector};
[INFO] [stdout]   |                            ^^^^^^
[INFO] [stdout]   |
[INFO] [stdout]   = note: `#[warn(unused_imports)]` on by default
[INFO] [stdout] 
[INFO] [stdout] 
[INFO] [stdout] warning: unused import: `system_greedy::runner::State`
[INFO] [stdout]   --> src/bin/viewer.rs:12:5
[INFO] [stdout]    |
[INFO] [stdout] 12 | use system_greedy::runner::State;
[INFO] [stdout]    |     ^^^^^^^^^^^^^^^^^^^^^^^^^^^^
[INFO] [stdout] 
[INFO] [stdout] 
[INFO] [stdout] warning: variable does not need to be mutable
[INFO] [stdout]    --> src/bin/viewer.rs:262:17
[INFO] [stdout]     |
[INFO] [stdout] 262 |     pub fn view(mut self) -> Element<'a, AppMessage> {
[INFO] [stdout]     |                 ----^^^^
[INFO] [stdout]     |                 |
[INFO] [stdout]     |                 help: remove this `mut`
[INFO] [stdout]     |
[INFO] [stdout]     = note: `#[warn(unused_mut)]` on by default
[INFO] [stdout] 
[INFO] [stdout] 
[INFO] [stdout] warning: field `start_mouse_position` is never read
[INFO] [stdout]    --> src/bin/viewer.rs:191:5
[INFO] [stdout]     |
[INFO] [stdout] 190 | pub struct GrabState {
[INFO] [stdout]     |            --------- field in this struct
[INFO] [stdout] 191 |     start_mouse_position: Point,
[INFO] [stdout]     |     ^^^^^^^^^^^^^^^^^^^^
[INFO] [stdout]     |
[INFO] [stdout]     = note: `#[warn(dead_code)]` on by default
[INFO] [stdout] 
[INFO] [stdout] 
[INFO] [stdout] warning: 2 warnings emitted
[INFO] [stdout] 
[INFO] [stdout] 
[INFO] [stdout] warning: 6 warnings emitted
[INFO] [stdout] 
[INFO] [stdout] 
[INFO] [stdout] warning: 6 warnings emitted
[INFO] [stdout] 
[INFO] [stdout] 
[INFO] [stdout] warning: 4 warnings emitted
[INFO] [stdout] 
[INFO] [stdout] 
[INFO] [stdout] warning: 4 warnings emitted
[INFO] [stdout] 
[INFO] [stdout] 
[INFO] [stdout] warning: 5 warnings emitted
[INFO] [stdout] 
[INFO] [stdout] 
[INFO] [stdout] warning: 4 warnings emitted
[INFO] [stdout] 
[INFO] [stdout] 
[INFO] running `Command { std: "docker" "inspect" "4041e1c8667b3bc0f681d20cc367d2fbfb7d5a02b7506e50409783bdd52f0904", kill_on_drop: false }`
[INFO] running `Command { std: "docker" "rm" "-f" "4041e1c8667b3bc0f681d20cc367d2fbfb7d5a02b7506e50409783bdd52f0904", kill_on_drop: false }`
[INFO] [stdout] 4041e1c8667b3bc0f681d20cc367d2fbfb7d5a02b7506e50409783bdd52f0904
[INFO] testing 000Sanya/system_greedy against beta-2023-12-22 for beta-1.76-1
[INFO] running `Command { std: "git" "clone" "/workspace/cache/git-repos/https%3A%2F%2Fgithub.com%2F000Sanya%2Fsystem_greedy" "/workspace/builds/worker-1-tc2/source", kill_on_drop: false }`
[INFO] [stderr] Cloning into '/workspace/builds/worker-1-tc2/source'...
[INFO] [stderr] done.
[INFO] validating manifest of git repo https://github.com/000Sanya/system_greedy on toolchain beta-2023-12-22
[INFO] running `Command { std: CARGO_HOME="/workspace/cargo-home" RUSTUP_HOME="/workspace/rustup-home" "/workspace/cargo-home/bin/cargo" "+beta-2023-12-22" "metadata" "--manifest-path" "Cargo.toml" "--no-deps", kill_on_drop: false }`
[INFO] started tweaking git repo https://github.com/000Sanya/system_greedy
[INFO] finished tweaking git repo https://github.com/000Sanya/system_greedy
[INFO] tweaked toml for git repo https://github.com/000Sanya/system_greedy written to /workspace/builds/worker-1-tc2/source/Cargo.toml
[INFO] crate git repo https://github.com/000Sanya/system_greedy already has a lockfile, it will not be regenerated
[INFO] running `Command { std: CARGO_HOME="/workspace/cargo-home" RUSTUP_HOME="/workspace/rustup-home" "/workspace/cargo-home/bin/cargo" "+beta-2023-12-22" "fetch" "--manifest-path" "Cargo.toml", kill_on_drop: false }`
[INFO] running `Command { std: "docker" "create" "-v" "/var/lib/crater-agent-workspace/builds/worker-1-tc2/target:/opt/rustwide/target:rw,Z" "-v" "/var/lib/crater-agent-workspace/builds/worker-1-tc2/source:/opt/rustwide/workdir:ro,Z" "-v" "/var/lib/crater-agent-workspace/cargo-home:/opt/rustwide/cargo-home:ro,Z" "-v" "/var/lib/crater-agent-workspace/rustup-home:/opt/rustwide/rustup-home:ro,Z" "-e" "SOURCE_DIR=/opt/rustwide/workdir" "-e" "CARGO_TARGET_DIR=/opt/rustwide/target" "-e" "CARGO_HOME=/opt/rustwide/cargo-home" "-e" "RUSTUP_HOME=/opt/rustwide/rustup-home" "-w" "/opt/rustwide/workdir" "-m" "1610612736" "--user" "0:0" "--network" "none" "ghcr.io/rust-lang/crates-build-env/linux@sha256:2788e3201cd34a07e3172128adcd8b3090168a8e3bcc40d7c032b9dda1df7d1c" "/opt/rustwide/cargo-home/bin/cargo" "+beta-2023-12-22" "metadata" "--no-deps" "--format-version=1", kill_on_drop: false }`
[INFO] [stdout] af2ad5cac877f706bb373f243987005d43069fb5b1135e035d41f6667beee642
[INFO] running `Command { std: "docker" "start" "-a" "af2ad5cac877f706bb373f243987005d43069fb5b1135e035d41f6667beee642", kill_on_drop: false }`
[INFO] running `Command { std: "docker" "inspect" "af2ad5cac877f706bb373f243987005d43069fb5b1135e035d41f6667beee642", kill_on_drop: false }`
[INFO] running `Command { std: "docker" "rm" "-f" "af2ad5cac877f706bb373f243987005d43069fb5b1135e035d41f6667beee642", kill_on_drop: false }`
[INFO] [stdout] af2ad5cac877f706bb373f243987005d43069fb5b1135e035d41f6667beee642
[INFO] running `Command { std: "docker" "create" "-v" "/var/lib/crater-agent-workspace/builds/worker-1-tc2/target:/opt/rustwide/target:rw,Z" "-v" "/var/lib/crater-agent-workspace/builds/worker-1-tc2/source:/opt/rustwide/workdir:ro,Z" "-v" "/var/lib/crater-agent-workspace/cargo-home:/opt/rustwide/cargo-home:ro,Z" "-v" "/var/lib/crater-agent-workspace/rustup-home:/opt/rustwide/rustup-home:ro,Z" "-e" "SOURCE_DIR=/opt/rustwide/workdir" "-e" "CARGO_TARGET_DIR=/opt/rustwide/target" "-e" "CARGO_INCREMENTAL=0" "-e" "RUST_BACKTRACE=full" "-e" "RUSTFLAGS=--cap-lints=warn" "-e" "RUSTDOCFLAGS=--cap-lints=warn" "-e" "CARGO_HOME=/opt/rustwide/cargo-home" "-e" "RUSTUP_HOME=/opt/rustwide/rustup-home" "-w" "/opt/rustwide/workdir" "-m" "1610612736" "--user" "0:0" "--network" "none" "ghcr.io/rust-lang/crates-build-env/linux@sha256:2788e3201cd34a07e3172128adcd8b3090168a8e3bcc40d7c032b9dda1df7d1c" "/opt/rustwide/cargo-home/bin/cargo" "+beta-2023-12-22" "build" "--frozen" "--message-format=json", kill_on_drop: false }`
[INFO] [stdout] 110eabbb79de7a020b7e11c3c8b38ed2f56dbed023e0cfe3bc19f9813ce271c2
[INFO] running `Command { std: "docker" "start" "-a" "110eabbb79de7a020b7e11c3c8b38ed2f56dbed023e0cfe3bc19f9813ce271c2", kill_on_drop: false }`
[INFO] [stderr]    Compiling cfg-if v1.0.0
[INFO] [stderr]    Compiling autocfg v1.0.1
[INFO] [stderr]    Compiling libc v0.2.126
[INFO] [stderr]    Compiling proc-macro2 v1.0.36
[INFO] [stderr]    Compiling unicode-xid v0.2.2
[INFO] [stderr]    Compiling pkg-config v0.3.24
[INFO] [stderr]    Compiling syn v1.0.84
[INFO] [stderr]    Compiling xml-rs v0.8.4
[INFO] [stderr]    Compiling version_check v0.9.4
[INFO] [stderr]    Compiling log v0.4.14
[INFO] [stderr]    Compiling libloading v0.7.3
[INFO] [stderr]    Compiling num-traits v0.2.14
[INFO] [stderr]    Compiling memoffset v0.6.5
[INFO] [stderr]    Compiling scopeguard v1.1.0
[INFO] [stderr]    Compiling memchr v2.4.1
[INFO] [stderr]    Compiling once_cell v1.10.0
[INFO] [stderr]    Compiling smallvec v1.8.0
[INFO] [stderr]    Compiling cc v1.0.72
[INFO] [stderr]    Compiling wayland-sys v0.29.4
[INFO] [stderr]    Compiling quote v1.0.14
[INFO] [stderr]    Compiling wayland-scanner v0.29.4
[INFO] [stderr]    Compiling futures-core v0.3.21
[INFO] [stderr]    Compiling dlib v0.5.0
[INFO] [stderr]    Compiling crossbeam-utils v0.8.6
[INFO] [stderr]    Compiling futures-sink v0.3.21
[INFO] [stderr]    Compiling num_cpus v1.13.1
[INFO] [stderr]    Compiling nix v0.22.3
[INFO] [stderr]    Compiling getrandom v0.2.3
[INFO] [stderr]    Compiling downcast-rs v1.2.0
[INFO] [stderr]    Compiling scoped-tls v1.0.0
[INFO] [stderr]    Compiling crossbeam-epoch v0.9.6
[INFO] [stderr]    Compiling cmake v0.1.47
[INFO] [stderr]    Compiling futures-task v0.3.21
[INFO] [stderr]    Compiling rayon-core v1.9.1
[INFO] [stderr]    Compiling khronos_api v3.1.0
[INFO] [stderr]    Compiling either v1.6.1
[INFO] [stderr]    Compiling minimal-lexical v0.2.1
[INFO] [stderr]    Compiling futures-channel v0.3.21
[INFO] [stderr]    Compiling wayland-client v0.29.4
[INFO] [stderr]    Compiling wayland-protocols v0.29.4
[INFO] [stderr]    Compiling nom v7.1.1
[INFO] [stderr]    Compiling rand_core v0.6.3
[INFO] [stderr]    Compiling num-integer v0.1.44
[INFO] [stderr]    Compiling ppv-lite86 v0.2.16
[INFO] [stderr]    Compiling futures-util v0.3.21
[INFO] [stderr]    Compiling adler32 v1.2.0
[INFO] [stderr]    Compiling pin-project-lite v0.2.9
[INFO] [stderr]    Compiling cty v0.2.2
[INFO] [stderr]    Compiling raw-window-handle v0.4.3
[INFO] [stderr]    Compiling crossbeam-deque v0.8.1
[INFO] [stderr]    Compiling rand_chacha v0.3.1
[INFO] [stderr]    Compiling crossbeam-channel v0.5.2
[INFO] [stderr]    Compiling euclid v0.22.7
[INFO] [stderr]    Compiling lock_api v0.4.6
[INFO] [stderr]    Compiling xcursor v0.3.4
[INFO] [stderr]    Compiling smithay-client-toolkit v0.15.4
[INFO] [stderr]    Compiling rayon v1.5.1
[INFO] [stderr]    Compiling pin-utils v0.1.0
[INFO] [stderr]    Compiling slab v0.4.6
[INFO] [stderr]    Compiling futures-io v0.3.21
[INFO] [stderr]    Compiling crc32fast v1.3.0
[INFO] [stderr]    Compiling wayland-commons v0.29.4
[INFO] [stderr]    Compiling static_assertions v1.1.0
[INFO] [stderr]    Compiling rustc-hash v1.1.0
[INFO] [stderr]    Compiling arrayvec v0.5.2
[INFO] [stderr]    Compiling ucd-trie v0.1.3
[INFO] [stderr]    Compiling calloop v0.9.3
[INFO] [stderr]    Compiling lyon_geom v0.17.6
[INFO] [stderr]    Compiling pest v2.1.3
[INFO] [stderr]    Compiling gl_generator v0.14.0
[INFO] [stderr]    Compiling rand v0.8.5
[INFO] [stderr]    Compiling memmap2 v0.3.1
[INFO] [stderr]    Compiling unicode-width v0.1.9
[INFO] [stderr]    Compiling bytemuck_derive v1.1.0
[INFO] [stderr]    Compiling futures-macro v0.3.21
[INFO] [stderr]    Compiling wayland-cursor v0.29.4
[INFO] [stderr]    Compiling thiserror-impl v1.0.30
[INFO] [stderr]    Compiling unicode-segmentation v1.9.0
[INFO] [stderr]    Compiling glob v0.3.0
[INFO] [stderr]    Compiling twox-hash v1.6.3
[INFO] [stderr]    Compiling clang-sys v1.3.3
[INFO] [stderr]    Compiling textwrap v0.11.0
[INFO] [stderr]    Compiling bytemuck v1.7.3
[INFO] [stderr]    Compiling semver-parser v0.10.2
[INFO] [stderr]    Compiling lyon_path v0.17.7
[INFO] [stderr]    Compiling freetype-sys v0.13.1
[INFO] [stderr]    Compiling x11-dl v2.19.1
[INFO] [stderr]    Compiling nom v5.1.2
[INFO] [stderr]    Compiling instant v0.1.12
[INFO] [stderr]    Compiling thiserror v1.0.30
[INFO] [stderr]    Compiling parking_lot_core v0.8.5
[INFO] [stderr]    Compiling strsim v0.8.0
[INFO] [stderr]    Compiling vec_map v0.8.2
[INFO] [stderr]    Compiling ttf-parser v0.15.0
[INFO] [stderr]    Compiling ansi_term v0.12.1
[INFO] [stderr]    Compiling semver v0.11.0
[INFO] [stderr]    Compiling aho-corasick v0.7.18
[INFO] [stderr]    Compiling atty v0.2.14
[INFO] [stderr]    Compiling tokio v1.18.2
[INFO] [stderr]    Compiling expat-sys v2.1.6
[INFO] [stderr]    Compiling float_next_after v0.1.5
[INFO] [stderr]    Compiling sid v0.6.1
[INFO] [stderr]    Compiling glam v0.10.2
[INFO] [stderr]    Compiling iced_core v0.5.0
[INFO] [stderr]    Compiling regex-syntax v0.6.25
[INFO] [stderr]    Compiling ab_glyph_rasterizer v0.1.5
[INFO] [stderr]    Compiling quick-error v1.2.3
[INFO] [stderr]    Compiling byteorder v1.4.3
[INFO] [stderr]    Compiling humantime v1.3.0
[INFO] [stderr]    Compiling iced_style v0.4.0
[INFO] [stderr]    Compiling lyon_algorithms v0.17.7
[INFO] [stderr]    Compiling lyon_tessellation v0.17.10
[INFO] [stderr]    Compiling rustc_version v0.3.3
[INFO] [stderr]    Compiling owned_ttf_parser v0.15.0
[INFO] [stderr]    Compiling futures-executor v0.3.21
[INFO] [stderr]    Compiling ab_glyph v0.2.15
[INFO] [stderr]    Compiling futures v0.3.21
[INFO] [stderr]    Compiling iced_futures v0.4.1
[INFO] [stderr]    Compiling regex v1.5.5
[INFO] [stderr]    Compiling gethostname v0.2.3
[INFO] [stderr]    Compiling num-iter v0.1.42
[INFO] [stderr]    Compiling build-probe-mpi v0.1.1 (https://github.com/rsmpi/rsmpi.git#70591e68)
[INFO] [stderr]    Compiling adler v1.0.2
[INFO] [stderr]    Compiling termcolor v1.1.3
[INFO] [stderr]    Compiling winit v0.26.1
[INFO] [stderr]    Compiling bindgen v0.55.1
[INFO] [stderr]    Compiling x11rb v0.9.0
[INFO] [stderr]    Compiling parking_lot v0.11.2
[INFO] [stderr]    Compiling env_logger v0.7.1
[INFO] [stderr]    Compiling iced_native v0.5.1
[INFO] [stderr]    Compiling lyon v0.17.10
[INFO] [stderr]    Compiling pathfinder_simd v0.5.1
[INFO] [stderr]    Compiling cexpr v0.4.0
[INFO] [stderr]    Compiling clap v2.34.0
[INFO] [stderr]    Compiling glutin_glx_sys v0.1.7
[INFO] [stderr]    Compiling glutin_egl_sys v0.1.5
[INFO] [stderr]    Compiling which v3.1.1
[INFO] [stderr]    Compiling mio v0.8.3
[INFO] [stderr]    Compiling approx v0.5.1
[INFO] [stderr]    Compiling servo-fontconfig-sys v5.1.0
[INFO] [stderr]    Compiling proc-macro-error-attr v1.0.4
[INFO] [stderr]    Compiling num-rational v0.3.2
[INFO] [stderr]    Compiling miniz_oxide v0.4.4
[INFO] [stderr]    Compiling semver-parser v0.7.0
[INFO] [stderr]    Compiling lazycell v1.3.0
[INFO] [stderr]    Compiling cfg-if v0.1.10
[INFO] [stderr]    Compiling shlex v0.1.1
[INFO] [stderr]    Compiling color_quant v1.1.0
[INFO] [stderr]    Compiling peeking_take_while v0.1.2
[INFO] [stderr]    Compiling linked-hash-map v0.5.4
[INFO] [stderr]    Compiling percent-encoding v2.1.0
[INFO] [stderr]    Compiling weezl v0.1.5
[INFO] [stderr]    Compiling xi-unicode v0.3.0
[INFO] [stderr]    Compiling glyph_brush_draw_cache v0.1.5
[INFO] [stderr]    Compiling glyph_brush_layout v0.2.3
[INFO] [stderr]    Compiling semver v0.9.0
[INFO] [stderr]    Compiling iced_graphics v0.3.0
[INFO] [stderr]    Compiling deflate v0.8.6
[INFO] [stderr]    Compiling pin-project-internal v1.0.10
[INFO] [stderr]    Compiling raw-window-handle v0.3.4
[INFO] [stderr]    Compiling clipboard_x11 v0.4.0
[INFO] [stderr]    Compiling miniz_oxide v0.3.7
[INFO] [stderr]    Compiling shared_library v0.1.9
[INFO] [stderr]    Compiling dirs-sys-next v0.1.2
[INFO] [stderr]    Compiling ordered-float v3.0.0
[INFO] [stderr]    Compiling proc-macro-error v1.0.4
[INFO] [stderr]    Compiling serde_derive v1.0.133
[INFO] [stderr]    Compiling glyph_brush v0.7.4
[INFO] [stderr]    Compiling dirs-next v2.0.0
[INFO] [stderr]    Compiling osmesa-sys v0.1.2
[INFO] [stderr]    Compiling pin-project v1.0.10
[INFO] [stderr]    Compiling png v0.16.8
[INFO] [stderr]    Compiling rustc_version v0.2.3
[INFO] [stderr]    Compiling gif v0.11.3
[INFO] [stderr]    Compiling wayland-egl v0.29.4
[INFO] [stderr]    Compiling spin v0.9.3
[INFO] [stderr]    Compiling deflate v1.0.0
[INFO] [stderr]    Compiling nanorand v0.6.1
[INFO] [stderr]    Compiling num-rational v0.4.0
[INFO] [stderr]    Compiling serde v1.0.133
[INFO] [stderr]    Compiling plotters-backend v0.3.2
[INFO] [stderr]    Compiling glow v0.11.2
[INFO] [stderr]    Compiling radium v0.7.0
[INFO] [stderr]    Compiling same-file v1.0.6
[INFO] [stderr]    Compiling jpeg-decoder v0.1.22
[INFO] [stderr]    Compiling walkdir v2.3.2
[INFO] [stderr]    Compiling flume v0.10.11
[INFO] [stderr]    Compiling flate2 v1.0.22
[INFO] [stderr]    Compiling vek v0.15.4
[INFO] [stderr]    Compiling image v0.23.14
[INFO] [stderr]    Compiling pathfinder_geometry v0.5.1
[INFO] [stderr]    Compiling servo-fontconfig v0.5.1
[INFO] [stderr]    Compiling freetype v0.7.0
[INFO] [stderr]    Compiling miniz_oxide v0.5.1
[INFO] [stderr]    Compiling mpi v0.6.0 (https://github.com/rsmpi/rsmpi.git#70591e68)
[INFO] [stderr]    Compiling mpi-sys v0.2.0 (https://github.com/rsmpi/rsmpi.git#70591e68)
[INFO] [stderr]    Compiling glow_glyph v0.5.1
[INFO] [stderr]    Compiling jpeg-decoder v0.2.4
[INFO] [stderr]    Compiling heck v0.3.3
[INFO] [stderr]    Compiling inflate v0.4.5
[INFO] [stderr]    Compiling threadpool v1.8.1
[INFO] [stderr]    Compiling time v0.1.44
[INFO] [stderr]    Compiling half v1.8.2
[INFO] [stderr]    Compiling anyhow v1.0.56
[INFO] [stderr]    Compiling custom_derive v0.1.7
[INFO] [stderr]    Compiling bit_field v0.10.1
[INFO] [stderr]    Compiling float-ord v0.2.0
[INFO] [stderr]    Compiling tap v1.0.1
[INFO] [stderr]    Compiling lebe v0.5.1
[INFO] [stderr]    Compiling font-kit v0.10.1
[INFO] [stderr]    Compiling wyz v0.5.0
[INFO] [stderr]    Compiling exr v1.4.2
[INFO] [stderr]    Compiling conv v0.3.3
[INFO] [stderr]    Compiling chrono v0.4.19
[INFO] [stderr]    Compiling tiff v0.7.2
[INFO] [stderr]    Compiling plotters-bitmap v0.3.1
[INFO] [stderr]    Compiling structopt-derive v0.4.18
[INFO] [stderr]    Compiling iced_glow v0.3.0
[INFO] [stderr]    Compiling png v0.17.5
[INFO] [stderr]    Compiling plotters-svg v0.3.1
[INFO] [stderr]    Compiling which v4.2.5
[INFO] [stderr]    Compiling nix v0.24.1
[INFO] [stderr]    Compiling approx v0.4.0
[INFO] [stderr]    Compiling ttf-parser v0.12.3
[INFO] [stderr]    Compiling scoped_threadpool v0.1.9
[INFO] [stderr]    Compiling funty v2.0.0
[INFO] [stderr]    Compiling bitvec v1.0.0
[INFO] [stderr]    Compiling plotters v0.3.1
[INFO] [stderr]    Compiling ctrlc v3.2.2
[INFO] [stderr]    Compiling image v0.24.2
[INFO] [stderr]    Compiling native-dialog v0.6.3
[INFO] [stderr]    Compiling structopt v0.3.26
[INFO] [stderr]    Compiling measure_time v0.8.2
[INFO] [stderr]    Compiling itertools v0.10.3
[INFO] [stderr]    Compiling ordered-float v2.10.0
[INFO] [stderr]    Compiling quadtree-f32 v0.4.0
[INFO] [stderr]    Compiling smithay-clipboard v0.6.5
[INFO] [stderr]    Compiling clipboard_wayland v0.2.0
[INFO] [stderr]    Compiling window_clipboard v0.2.3
[INFO] [stderr]    Compiling iced_winit v0.4.0
[INFO] [stderr]    Compiling glutin v0.28.0
[INFO] [stderr]    Compiling iced_glutin v0.3.0
[INFO] [stderr]    Compiling iced v0.4.2
[INFO] [stderr]    Compiling system_greedy v0.1.0 (/opt/rustwide/workdir)
[INFO] [stdout] warning: unused import: `BitVec`
[INFO] [stdout]  --> src/perebor.rs:2:23
[INFO] [stdout]   |
[INFO] [stdout] 2 | use bitvec::prelude::{BitVec, Lsb0};
[INFO] [stdout]   |                       ^^^^^^
[INFO] [stdout]   |
[INFO] [stdout]   = note: `#[warn(unused_imports)]` on by default
[INFO] [stdout] 
[INFO] [stdout] 
[INFO] [stdout] warning: unused import: `std::cmp::Reverse`
[INFO] [stdout]  --> src/system.rs:4:5
[INFO] [stdout]   |
[INFO] [stdout] 4 | use std::cmp::Reverse;
[INFO] [stdout]   |     ^^^^^^^^^^^^^^^^^
[INFO] [stdout] 
[INFO] [stdout] 
[INFO] [stdout] warning: unused import: `num_traits::Zero`
[INFO] [stdout]  --> src/runner.rs:5:5
[INFO] [stdout]   |
[INFO] [stdout] 5 | use num_traits::Zero;
[INFO] [stdout]   |     ^^^^^^^^^^^^^^^^
[INFO] [stdout] 
[INFO] [stdout] 
[INFO] [stdout] warning: unused import: `bitvec::prelude::BitVec`
[INFO] [stdout]   --> src/lib.rs:10:5
[INFO] [stdout]    |
[INFO] [stdout] 10 | use bitvec::prelude::BitVec;
[INFO] [stdout]    |     ^^^^^^^^^^^^^^^^^^^^^^^
[INFO] [stdout] 
[INFO] [stdout] 
[INFO] [stdout] warning: unused import: `std::cmp::Reverse`
[INFO] [stdout]   --> src/lib.rs:15:5
[INFO] [stdout]    |
[INFO] [stdout] 15 | use std::cmp::Reverse;
[INFO] [stdout]    |     ^^^^^^^^^^^^^^^^^
[INFO] [stdout] 
[INFO] [stdout] 
[INFO] [stdout] warning: unused import: `BTreeSet`
[INFO] [stdout]   --> src/lib.rs:16:24
[INFO] [stdout]    |
[INFO] [stdout] 16 | use std::collections::{BTreeSet, HashMap};
[INFO] [stdout]    |                        ^^^^^^^^
[INFO] [stdout] 
[INFO] [stdout] 
[INFO] [stdout] warning: unused import: `crate::system::Vec2`
[INFO] [stdout]   --> src/lib.rs:20:5
[INFO] [stdout]    |
[INFO] [stdout] 20 | use crate::system::Vec2;
[INFO] [stdout]    |     ^^^^^^^^^^^^^^^^^^^
[INFO] [stdout] 
[INFO] [stdout] 
[INFO] [stdout] warning: unused import: `StateRegisterer`
[INFO] [stdout]  --> src/perebor.rs:1:13
[INFO] [stdout]   |
[INFO] [stdout] 1 | use crate::{StateRegisterer, System};
[INFO] [stdout]   |             ^^^^^^^^^^^^^^^
[INFO] [stdout] 
[INFO] [stdout] 
[INFO] [stdout] warning: unused import: `plotters::prelude`
[INFO] [stdout]   --> src/lib.rs:13:5
[INFO] [stdout]    |
[INFO] [stdout] 13 | use plotters::prelude::*;
[INFO] [stdout]    |     ^^^^^^^^^^^^^^^^^
[INFO] [stdout] 
[INFO] [stdout] 
[INFO] [stdout] warning: variable does not need to be mutable
[INFO] [stdout]    --> src/system.rs:186:13
[INFO] [stdout]     |
[INFO] [stdout] 186 |         let mut size = self.size();
[INFO] [stdout]     |             ----^^^^
[INFO] [stdout]     |             |
[INFO] [stdout]     |             help: remove this `mut`
[INFO] [stdout]     |
[INFO] [stdout]     = note: `#[warn(unused_mut)]` on by default
[INFO] [stdout] 
[INFO] [stdout] 
[INFO] [stdout] warning: variable does not need to be mutable
[INFO] [stdout]    --> src/runner.rs:129:9
[INFO] [stdout]     |
[INFO] [stdout] 129 |     let mut state_register = RefCellStateRegisterer(RefCell::new(StateRegistererInner::new()));
[INFO] [stdout]     |         ----^^^^^^^^^^^^^^
[INFO] [stdout]     |         |
[INFO] [stdout]     |         help: remove this `mut`
[INFO] [stdout] 
[INFO] [stdout] 
[INFO] [stdout] warning: variable `all_steps` is assigned to, but never used
[INFO] [stdout]    --> src/runner.rs:173:13
[INFO] [stdout]     |
[INFO] [stdout] 173 |     let mut all_steps = 0;
[INFO] [stdout]     |             ^^^^^^^^^
[INFO] [stdout]     |
[INFO] [stdout]     = note: consider using `_all_steps` instead
[INFO] [stdout]     = note: `#[warn(unused_variables)]` on by default
[INFO] [stdout] 
[INFO] [stdout] 
[INFO] [stdout] warning: variable does not need to be mutable
[INFO] [stdout]    --> src/runner.rs:165:5
[INFO] [stdout]     |
[INFO] [stdout] 165 |     mut system: System,
[INFO] [stdout]     |     ----^^^^^^
[INFO] [stdout]     |     |
[INFO] [stdout]     |     help: remove this `mut`
[INFO] [stdout] 
[INFO] [stdout] 
[INFO] [stdout] warning: variable does not need to be mutable
[INFO] [stdout]    --> src/runner.rs:169:5
[INFO] [stdout]     |
[INFO] [stdout] 169 |     mut f: F,
[INFO] [stdout]     |     ----^
[INFO] [stdout]     |     |
[INFO] [stdout]     |     help: remove this `mut`
[INFO] [stdout] 
[INFO] [stdout] 
[INFO] [stdout] warning: variable does not need to be mutable
[INFO] [stdout]    --> src/runner.rs:171:9
[INFO] [stdout]     |
[INFO] [stdout] 171 |     let mut state_register = MutexStateRegisterer(Mutex::new(StateRegistererInner::new()));
[INFO] [stdout]     |         ----^^^^^^^^^^^^^^
[INFO] [stdout]     |         |
[INFO] [stdout]     |         help: remove this `mut`
[INFO] [stdout] 
[INFO] [stdout] 
[INFO] [stdout] warning: unused variable: `step`
[INFO] [stdout]   --> src/metropolis.rs:10:9
[INFO] [stdout]    |
[INFO] [stdout] 10 |     for step in 0..steps {
[INFO] [stdout]    |         ^^^^ help: if this is intentional, prefix it with an underscore: `_step`
[INFO] [stdout] 
[INFO] [stdout] 
[INFO] [stdout] warning: function `perebor` is never used
[INFO] [stdout]    --> src/perebor.rs:155:4
[INFO] [stdout]     |
[INFO] [stdout] 155 | fn perebor(system: &System, cluster: &[usize]) -> State {
[INFO] [stdout]     |    ^^^^^^^
[INFO] [stdout]     |
[INFO] [stdout]     = note: `#[warn(dead_code)]` on by default
[INFO] [stdout] 
[INFO] [stdout] 
[INFO] [stdout] warning: 17 warnings emitted
[INFO] [stdout] 
[INFO] [stdout] 
[INFO] [stdout] warning: unused variable: `opt`
[INFO] [stdout]   --> src/bin/help.rs:20:9
[INFO] [stdout]    |
[INFO] [stdout] 20 |     let opt = Args::from_args();
[INFO] [stdout]    |         ^^^ help: if this is intentional, prefix it with an underscore: `_opt`
[INFO] [stdout]    |
[INFO] [stdout]    = note: `#[warn(unused_variables)]` on by default
[INFO] [stdout] 
[INFO] [stdout] 
[INFO] [stdout] warning: unused import: `system_greedy::generators::LatticeGenerator`
[INFO] [stdout]  --> src/bin/image_generator.rs:3:5
[INFO] [stdout]   |
[INFO] [stdout] 3 | use system_greedy::generators::LatticeGenerator;
[INFO] [stdout]   |     ^^^^^^^^^^^^^^^^^^^^^^^^^^^^^^^^^^^^^^^^^^^
[INFO] [stdout]   |
[INFO] [stdout]   = note: `#[warn(unused_imports)]` on by default
[INFO] [stdout] 
[INFO] [stdout] 
[INFO] [stdout] warning: unused import: `std::cell::RefCell`
[INFO] [stdout]  --> src/bin/playground.rs:1:5
[INFO] [stdout]   |
[INFO] [stdout] 1 | use std::cell::RefCell;
[INFO] [stdout]   |     ^^^^^^^^^^^^^^^^^^
[INFO] [stdout]   |
[INFO] [stdout]   = note: `#[warn(unused_imports)]` on by default
[INFO] [stdout] 
[INFO] [stdout] 
[INFO] [stdout] warning: unused import: `system_greedy::utils::generate_arrow`
[INFO] [stdout]  --> src/bin/image_generator.rs:5:5
[INFO] [stdout]   |
[INFO] [stdout] 5 | use system_greedy::utils::generate_arrow;
[INFO] [stdout]   |     ^^^^^^^^^^^^^^^^^^^^^^^^^^^^^^^^^^^^
[INFO] [stdout] 
[INFO] [stdout] 
[INFO] [stdout] warning: unused imports: `BitMapBackend`, `EmptyElement`, `IntoDrawingArea`, `RED`
[INFO] [stdout]  --> src/bin/playground.rs:2:25
[INFO] [stdout]   |
[INFO] [stdout] 2 | use plotters::prelude::{BitMapBackend, EmptyElement, IntoDrawingArea, RED};
[INFO] [stdout]   |                         ^^^^^^^^^^^^^  ^^^^^^^^^^^^  ^^^^^^^^^^^^^^^  ^^^
[INFO] [stdout] 
[INFO] [stdout] 
[INFO] [stdout] warning: fields `output`, `threads`, `input`, and `lattice` are never read
[INFO] [stdout]   --> src/bin/help.rs:9:5
[INFO] [stdout]    |
[INFO] [stdout] 6  | struct Args {
[INFO] [stdout]    |        ---- fields in this struct
[INFO] [stdout] ...
[INFO] [stdout] 9  |     output: PathBuf,
[INFO] [stdout]    |     ^^^^^^
[INFO] [stdout] 10 |     /// max thread count
[INFO] [stdout] 11 |     threads: usize,
[INFO] [stdout]    |     ^^^^^^^
[INFO] [stdout] ...
[INFO] [stdout] 14 |     input: Option<PathBuf>,
[INFO] [stdout]    |     ^^^^^
[INFO] [stdout] 15 |     /// lattice type and parameters
[INFO] [stdout] 16 |     lattice: Option<String>,
[INFO] [stdout]    |     ^^^^^^^
[INFO] [stdout]    |
[INFO] [stdout]    = note: `Args` has a derived impl for the trait `Debug`, but this is intentionally ignored during dead code analysis
[INFO] [stdout]    = note: `#[warn(dead_code)]` on by default
[INFO] [stdout] 
[INFO] [stdout] 
[INFO] [stdout] warning: unused import: `system_greedy::greedy`
[INFO] [stdout]  --> src/bin/playground.rs:4:5
[INFO] [stdout]   |
[INFO] [stdout] 4 | use system_greedy::greedy;
[INFO] [stdout]   |     ^^^^^^^^^^^^^^^^^^^^^
[INFO] [stdout] 
[INFO] [stdout] 
[INFO] [stdout] warning: unused imports: `RefCellStateRegisterer`, `StateRegistererInner`
[INFO] [stdout]  --> src/bin/playground.rs:5:29
[INFO] [stdout]   |
[INFO] [stdout] 5 | use system_greedy::runner::{RefCellStateRegisterer, StateRegistererInner};
[INFO] [stdout]   |                             ^^^^^^^^^^^^^^^^^^^^^^  ^^^^^^^^^^^^^^^^^^^^
[INFO] [stdout] 
[INFO] [stdout] 
[INFO] [stdout] warning: unused import: `Vec2`
[INFO] [stdout]  --> src/bin/playground.rs:6:42
[INFO] [stdout]   |
[INFO] [stdout] 6 | use system_greedy::system::{Orientation, Vec2};
[INFO] [stdout]   |                                          ^^^^
[INFO] [stdout] 
[INFO] [stdout] 
[INFO] [stdout] warning: unused import: `system_greedy::utils::generate_arrow`
[INFO] [stdout]  --> src/bin/playground.rs:7:5
[INFO] [stdout]   |
[INFO] [stdout] 7 | use system_greedy::utils::generate_arrow;
[INFO] [stdout]   |     ^^^^^^^^^^^^^^^^^^^^^^^^^^^^^^^^^^^^
[INFO] [stdout] 
[INFO] [stdout] 
[INFO] [stdout] warning: unused imports: `Rng`, `thread_rng`
[INFO] [stdout]  --> src/bin/gibrid.rs:1:12
[INFO] [stdout]   |
[INFO] [stdout] 1 | use rand::{Rng, thread_rng};
[INFO] [stdout]   |            ^^^  ^^^^^^^^^^
[INFO] [stdout]   |
[INFO] [stdout]   = note: `#[warn(unused_imports)]` on by default
[INFO] [stdout] 
[INFO] [stdout] 
[INFO] [stdout] warning: unused imports: `GibridState`, `gibrid`, `greedy`
[INFO] [stdout]  --> src/bin/gibrid.rs:3:21
[INFO] [stdout]   |
[INFO] [stdout] 3 | use system_greedy::{gibrid, gibrid2, GibridState, greedy, prepare_state};
[INFO] [stdout]   |                     ^^^^^^           ^^^^^^^^^^^  ^^^^^^
[INFO] [stdout] 
[INFO] [stdout] 
[INFO] [stdout] warning: unused import: `system_greedy::perebor::perebor_one_thread`
[INFO] [stdout]  --> src/bin/gibrid.rs:4:5
[INFO] [stdout]   |
[INFO] [stdout] 4 | use system_greedy::perebor::perebor_one_thread;
[INFO] [stdout]   |     ^^^^^^^^^^^^^^^^^^^^^^^^^^^^^^^^^^^^^^^^^^
[INFO] [stdout] 
[INFO] [stdout] 
[INFO] [stdout] warning: unused imports: `DynamicImage`, `GenericImage`, `GrayImage`, `LumaA`, `Luma`, `RgbImage`, `Rgb`, `SubImage`
[INFO] [stdout]  --> src/bin/image_parser.rs:2:5
[INFO] [stdout]   |
[INFO] [stdout] 2 |     DynamicImage, EncodableLayout, GenericImage, GenericImageView, GrayImage, Luma, LumaA, Rgb,
[INFO] [stdout]   |     ^^^^^^^^^^^^                   ^^^^^^^^^^^^                    ^^^^^^^^^  ^^^^  ^^^^^  ^^^
[INFO] [stdout] 3 |     RgbImage, SubImage,
[INFO] [stdout]   |     ^^^^^^^^  ^^^^^^^^
[INFO] [stdout]   |
[INFO] [stdout]   = note: `#[warn(unused_imports)]` on by default
[INFO] [stdout] 
[INFO] [stdout] 
[INFO] [stdout] warning: unused import: `vek::Vec2`
[INFO] [stdout]  --> src/bin/image_parser.rs:8:5
[INFO] [stdout]   |
[INFO] [stdout] 8 | use vek::Vec2;
[INFO] [stdout]   |     ^^^^^^^^^
[INFO] [stdout] 
[INFO] [stdout] 
[INFO] [stdout] warning: unused import: `DrawingBackend`
[INFO] [stdout]  --> src/bin/image_generator.rs:2:55
[INFO] [stdout]   |
[INFO] [stdout] 2 | use plotters::prelude::{BitMapBackend, BLACK, Circle, DrawingBackend, EmptyElement, IntoDrawingArea, RGBColor, ShapeStyle, WHITE};
[INFO] [stdout]   |                                                       ^^^^^^^^^^^^^^
[INFO] [stdout] 
[INFO] [stdout] 
[INFO] [stdout] warning: unused variable: `system`
[INFO] [stdout]   --> src/bin/image_generator.rs:10:9
[INFO] [stdout]    |
[INFO] [stdout] 10 |     let system = System::load_mfsys("results/minimal_trim_75.mfsys");
[INFO] [stdout]    |         ^^^^^^ help: if this is intentional, prefix it with an underscore: `_system`
[INFO] [stdout]    |
[INFO] [stdout]    = note: `#[warn(unused_variables)]` on by default
[INFO] [stdout] 
[INFO] [stdout] 
[INFO] [stdout] warning: unused variable: `direction`
[INFO] [stdout]   --> src/bin/image_generator.rs:37:13
[INFO] [stdout]    |
[INFO] [stdout] 37 |         let direction = if system.system_state()[i] {
[INFO] [stdout]    |             ^^^^^^^^^ help: if this is intentional, prefix it with an underscore: `_direction`
[INFO] [stdout] 
[INFO] [stdout] 
[INFO] [stdout] error[E0277]: the trait bound `&str: AlgorithmState` is not satisfied
[INFO] [stdout]    --> src/bin/metropolis.rs:36:33
[INFO] [stdout]     |
[INFO] [stdout] 36  |     runner_multi_thread(system, "trim", state, mc_steps as usize, 6, |system, registerer, state| {
[INFO] [stdout]     |     -------------------         ^^^^^^ the trait `AlgorithmState` is not implemented for `&str`
[INFO] [stdout]     |     |
[INFO] [stdout]     |     required by a bound introduced by this call
[INFO] [stdout]     |
[INFO] [stdout]     = help: the following other types implement trait `AlgorithmState`:
[INFO] [stdout]               MetropolisState
[INFO] [stdout]               Replicate
[INFO] [stdout]               ()
[INFO] [stdout] note: required by a bound in `runner_multi_thread`
[INFO] [stdout]    --> /opt/rustwide/workdir/src/runner.rs:164:31
[INFO] [stdout]     |
[INFO] [stdout] 164 | pub fn runner_multi_thread<S: AlgorithmState + Sync, F: Fn(&mut System, &MutexStateRegisterer, &S) + Sync + Send>(
[INFO] [stdout]     |                               ^^^^^^^^^^^^^^ required by this bound in `runner_multi_thread`
[INFO] [stdout] 
[INFO] [stdout] 
[INFO] [stdout] error[E0277]: the trait bound `&str: AlgorithmState` is not satisfied
[INFO] [stdout]    --> src/bin/vlad2.rs:11:33
[INFO] [stdout]     |
[INFO] [stdout] 11  |     runner_multi_thread(system, "cairo", Replicate, 100, 1, |system, registerer, _| {
[INFO] [stdout]     |     -------------------         ^^^^^^^ the trait `AlgorithmState` is not implemented for `&str`
[INFO] [stdout]     |     |
[INFO] [stdout]     |     required by a bound introduced by this call
[INFO] [stdout]     |
[INFO] [stdout]     = help: the following other types implement trait `AlgorithmState`:
[INFO] [stdout]               Replicate
[INFO] [stdout]               ()
[INFO] [stdout] note: required by a bound in `runner_multi_thread`
[INFO] [stdout]    --> /opt/rustwide/workdir/src/runner.rs:164:31
[INFO] [stdout]     |
[INFO] [stdout] 164 | pub fn runner_multi_thread<S: AlgorithmState + Sync, F: Fn(&mut System, &MutexStateRegisterer, &S) + Sync + Send>(
[INFO] [stdout]     |                               ^^^^^^^^^^^^^^ required by this bound in `runner_multi_thread`
[INFO] [stdout] 
[INFO] [stdout] 
[INFO] [stdout] error[E0277]: expected a `Fn(&mut system_greedy::system::System, &MutexStateRegisterer, &&str)` closure, found `{integer}`
[INFO] [stdout]    --> src/bin/metropolis.rs:36:67
[INFO] [stdout]     |
[INFO] [stdout] 36  |     runner_multi_thread(system, "trim", state, mc_steps as usize, 6, |system, registerer, state| {
[INFO] [stdout]     |     -------------------                                           ^ expected an `Fn(&mut system_greedy::system::System, &MutexStateRegisterer, &&str)` closure, found `{integer}`
[INFO] [stdout]     |     |
[INFO] [stdout]     |     required by a bound introduced by this call
[INFO] [stdout]     |
[INFO] [stdout]     = help: the trait `for<'a, 'b, 'c> Fn<(&'a mut system_greedy::system::System, &'b MutexStateRegisterer, &'c &str)>` is not implemented for `{integer}`
[INFO] [stdout] note: required by a bound in `runner_multi_thread`
[INFO] [stdout]    --> /opt/rustwide/workdir/src/runner.rs:164:57
[INFO] [stdout]     |
[INFO] [stdout] 164 | pub fn runner_multi_thread<S: AlgorithmState + Sync, F: Fn(&mut System, &MutexStateRegisterer, &S) + Sync + Send>(
[INFO] [stdout]     |                                                         ^^^^^^^^^^^^^^^^^^^^^^^^^^^^^^^^^^^^^^^^^^ required by this bound in `runner_multi_thread`
[INFO] [stdout] 
[INFO] [stdout] 
[INFO] [stdout] error[E0277]: expected a `Fn(&mut system_greedy::system::System, &MutexStateRegisterer, &&str)` closure, found `{integer}`
[INFO] [stdout]    --> src/bin/vlad2.rs:11:58
[INFO] [stdout]     |
[INFO] [stdout] 11  |     runner_multi_thread(system, "cairo", Replicate, 100, 1, |system, registerer, _| {
[INFO] [stdout]     |     -------------------                                  ^ expected an `Fn(&mut system_greedy::system::System, &MutexStateRegisterer, &&str)` closure, found `{integer}`
[INFO] [stdout]     |     |
[INFO] [stdout]     |     required by a bound introduced by this call
[INFO] [stdout]     |
[INFO] [stdout]     = help: the trait `for<'a, 'b, 'c> Fn<(&'a mut system_greedy::system::System, &'b MutexStateRegisterer, &'c &str)>` is not implemented for `{integer}`
[INFO] [stdout] note: required by a bound in `runner_multi_thread`
[INFO] [stdout]    --> /opt/rustwide/workdir/src/runner.rs:164:57
[INFO] [stdout]     |
[INFO] [stdout] 164 | pub fn runner_multi_thread<S: AlgorithmState + Sync, F: Fn(&mut System, &MutexStateRegisterer, &S) + Sync + Send>(
[INFO] [stdout]     |                                                         ^^^^^^^^^^^^^^^^^^^^^^^^^^^^^^^^^^^^^^^^^^ required by this bound in `runner_multi_thread`
[INFO] [stdout] 
[INFO] [stdout] 
[INFO] [stdout] warning: variable does not need to be mutable
[INFO] [stdout]   --> src/bin/image_generator.rs:20:9
[INFO] [stdout]    |
[INFO] [stdout] 20 |     let mut plotter = BitMapBackend::new("results/minimal_625_3072_-5.532045015143138.png", (max_x + 200, max_y + 200)).into_drawing_area();
[INFO] [stdout]    |         ----^^^^^^^
[INFO] [stdout]    |         |
[INFO] [stdout]    |         help: remove this `mut`
[INFO] [stdout]    |
[INFO] [stdout]    = note: `#[warn(unused_mut)]` on by default
[INFO] [stdout] 
[INFO] [stdout] 
[INFO] [stdout] warning: function `cairo` is never used
[INFO] [stdout]   --> src/bin/gibrid.rs:13:4
[INFO] [stdout]    |
[INFO] [stdout] 13 | fn cairo(size: usize, c: f64) -> Lattice {
[INFO] [stdout]    |    ^^^^^
[INFO] [stdout]    |
[INFO] [stdout]    = note: `#[warn(dead_code)]` on by default
[INFO] [stdout] 
[INFO] [stdout] 
[INFO] [stdout] warning: unused import: `GenericImageView`
[INFO] [stdout]  --> src/bin/image_parser.rs:2:50
[INFO] [stdout]   |
[INFO] [stdout] 2 |     DynamicImage, EncodableLayout, GenericImage, GenericImageView, GrayImage, Luma, LumaA, Rgb,
[INFO] [stdout]   |                                                  ^^^^^^^^^^^^^^^^
[INFO] [stdout] 
[INFO] [stdout] 
[INFO] [stdout] warning: unused import: `std::fmt::Write`
[INFO] [stdout]  --> src/bin/image_parser.rs:6:5
[INFO] [stdout]   |
[INFO] [stdout] 6 | use std::fmt::Write;
[INFO] [stdout]   |     ^^^^^^^^^^^^^^^
[INFO] [stdout] 
[INFO] [stdout] 
[INFO] [stdout] warning: variable does not need to be mutable
[INFO] [stdout]   --> src/bin/image_parser.rs:57:9
[INFO] [stdout]    |
[INFO] [stdout] 57 |     let mut plotter = plotter.into_drawing_area();
[INFO] [stdout]    |         ----^^^^^^^
[INFO] [stdout]    |         |
[INFO] [stdout]    |         help: remove this `mut`
[INFO] [stdout]    |
[INFO] [stdout]    = note: `#[warn(unused_mut)]` on by default
[INFO] [stdout] 
[INFO] [stdout] 
[INFO] [stdout] warning: unused import: `canvas`
[INFO] [stdout]  --> src/bin/viewer.rs:2:28
[INFO] [stdout]   |
[INFO] [stdout] 2 | use iced::{Button, Canvas, canvas, Color, Column, Element, Length, Point, Radio, Rectangle, Row, Sandbox, Settings, Size, Text, Vector};
[INFO] [stdout]   |                            ^^^^^^
[INFO] [stdout]   |
[INFO] [stdout]   = note: `#[warn(unused_imports)]` on by default
[INFO] [stdout] 
[INFO] [stdout] 
[INFO] [stdout] warning: unused import: `system_greedy::runner::State`
[INFO] [stdout]   --> src/bin/viewer.rs:12:5
[INFO] [stdout]    |
[INFO] [stdout] 12 | use system_greedy::runner::State;
[INFO] [stdout]    |     ^^^^^^^^^^^^^^^^^^^^^^^^^^^^
[INFO] [stdout] 
[INFO] [stdout] 
[INFO] [stdout] error[E0061]: this function takes 5 arguments but 6 arguments were supplied
[INFO] [stdout]    --> src/bin/metropolis.rs:36:5
[INFO] [stdout]     |
[INFO] [stdout] 36  |       runner_multi_thread(system, "trim", state, mc_steps as usize, 6, |system, registerer, state| {
[INFO] [stdout]     |  _____^^^^^^^^^^^^^^^^^^^_________________-----________________________-
[INFO] [stdout]     | |                                         |
[INFO] [stdout]     | |                                         expected `usize`, found `MetropolisState`
[INFO] [stdout] 37  | |         metropolis_mc_step(system, registerer, state.temp, system.size() * 10000);
[INFO] [stdout] 38  | |     });
[INFO] [stdout]     | |_____- unexpected argument
[INFO] [stdout]     |
[INFO] [stdout] note: function defined here
[INFO] [stdout]    --> /opt/rustwide/workdir/src/runner.rs:164:8
[INFO] [stdout]     |
[INFO] [stdout] 164 | pub fn runner_multi_thread<S: AlgorithmState + Sync, F: Fn(&mut System, &MutexStateRegisterer, &S) + Sync + Send>(
[INFO] [stdout]     |        ^^^^^^^^^^^^^^^^^^^
[INFO] [stdout] help: remove the extra argument
[INFO] [stdout]     |
[INFO] [stdout] 36  -     runner_multi_thread(system, "trim", state, mc_steps as usize, 6, |system, registerer, state| {
[INFO] [stdout] 36  +     runner_multi_thread(system, "trim", /* usize */, mc_steps as usize, 6);
[INFO] [stdout]     |
[INFO] [stdout] 
[INFO] [stdout] 
[INFO] [stdout] error[E0061]: this function takes 5 arguments but 6 arguments were supplied
[INFO] [stdout]    --> src/bin/vlad2.rs:11:5
[INFO] [stdout]     |
[INFO] [stdout] 11  |       runner_multi_thread(system, "cairo", Replicate, 100, 1, |system, registerer, _| {
[INFO] [stdout]     |  _____^^^^^^^^^^^^^^^^^^^__________________---------__________-
[INFO] [stdout]     | |                                          |
[INFO] [stdout]     | |                                          expected `usize`, found `Replicate`
[INFO] [stdout] 12  | |         let mut rng = thread_rng();
[INFO] [stdout] 13  | |         for _ in 0..system.size() {
[INFO] [stdout] 14  | |             let random = rng.gen_range(0..system.size());
[INFO] [stdout] ...   |
[INFO] [stdout] 37  | |         }
[INFO] [stdout] 38  | |     });
[INFO] [stdout]     | |_____- unexpected argument
[INFO] [stdout]     |
[INFO] [stdout] note: function defined here
[INFO] [stdout]    --> /opt/rustwide/workdir/src/runner.rs:164:8
[INFO] [stdout]     |
[INFO] [stdout] 164 | pub fn runner_multi_thread<S: AlgorithmState + Sync, F: Fn(&mut System, &MutexStateRegisterer, &S) + Sync + Send>(
[INFO] [stdout]     |        ^^^^^^^^^^^^^^^^^^^
[INFO] [stdout] help: remove the extra argument
[INFO] [stdout]     |
[INFO] [stdout] 11  -     runner_multi_thread(system, "cairo", Replicate, 100, 1, |system, registerer, _| {
[INFO] [stdout] 11  +     runner_multi_thread(system, "cairo", /* usize */, 100, 1);
[INFO] [stdout]     |
[INFO] [stdout] 
[INFO] [stdout] 
[INFO] [stdout] warning: unused import: `StateRegisterer`
[INFO] [stdout]  --> src/bin/vlad2.rs:4:61
[INFO] [stdout]   |
[INFO] [stdout] 4 | use system_greedy::runner::{Replicate, runner_multi_thread, StateRegisterer};
[INFO] [stdout]   |                                                             ^^^^^^^^^^^^^^^
[INFO] [stdout]   |
[INFO] [stdout]   = note: `#[warn(unused_imports)]` on by default
[INFO] [stdout] 
[INFO] [stdout] 
[INFO] [stdout] error: aborting due to 3 previous errors
[INFO] [stdout] 
[INFO] [stdout] 
[INFO] [stdout] Some errors have detailed explanations: E0061, E0277.
[INFO] [stdout] 
[INFO] [stdout] For more information about an error, try `rustc --explain E0061`.
[INFO] [stdout] 
[INFO] [stdout] error: aborting due to 3 previous errors; 1 warning emitted
[INFO] [stdout] 
[INFO] [stdout] 
[INFO] [stdout] Some errors have detailed explanations: E0061, E0277.
[INFO] [stdout] 
[INFO] [stdout] For more information about an error, try `rustc --explain E0061`.
[INFO] [stdout] 
[INFO] [stderr] error: could not compile `system_greedy` (bin "metropolis") due to 4 previous errors
[INFO] [stderr] warning: build failed, waiting for other jobs to finish...
[INFO] [stderr] error: could not compile `system_greedy` (bin "vlad2") due to 4 previous errors; 1 warning emitted
[INFO] [stdout] warning: variable does not need to be mutable
[INFO] [stdout]    --> src/bin/viewer.rs:262:17
[INFO] [stdout]     |
[INFO] [stdout] 262 |     pub fn view(mut self) -> Element<'a, AppMessage> {
[INFO] [stdout]     |                 ----^^^^
[INFO] [stdout]     |                 |
[INFO] [stdout]     |                 help: remove this `mut`
[INFO] [stdout]     |
[INFO] [stdout]     = note: `#[warn(unused_mut)]` on by default
[INFO] [stdout] 
[INFO] [stdout] 
[INFO] [stdout] warning: field `start_mouse_position` is never read
[INFO] [stdout]    --> src/bin/viewer.rs:191:5
[INFO] [stdout]     |
[INFO] [stdout] 190 | pub struct GrabState {
[INFO] [stdout]     |            --------- field in this struct
[INFO] [stdout] 191 |     start_mouse_position: Point,
[INFO] [stdout]     |     ^^^^^^^^^^^^^^^^^^^^
[INFO] [stdout]     |
[INFO] [stdout]     = note: `#[warn(dead_code)]` on by default
[INFO] [stdout] 
[INFO] [stdout] 
[INFO] [stdout] warning: 2 warnings emitted
[INFO] [stdout] 
[INFO] [stdout] 
[INFO] [stdout] warning: 6 warnings emitted
[INFO] [stdout] 
[INFO] [stdout] 
[INFO] [stdout] warning: 6 warnings emitted
[INFO] [stdout] 
[INFO] [stdout] 
[INFO] [stdout] warning: 4 warnings emitted
[INFO] [stdout] 
[INFO] [stdout] 
[INFO] [stdout] warning: 5 warnings emitted
[INFO] [stdout] 
[INFO] [stdout] 
[INFO] [stdout] warning: 4 warnings emitted
[INFO] [stdout] 
[INFO] [stdout] 
[INFO] running `Command { std: "docker" "inspect" "110eabbb79de7a020b7e11c3c8b38ed2f56dbed023e0cfe3bc19f9813ce271c2", kill_on_drop: false }`
[INFO] running `Command { std: "docker" "rm" "-f" "110eabbb79de7a020b7e11c3c8b38ed2f56dbed023e0cfe3bc19f9813ce271c2", kill_on_drop: false }`
[INFO] [stdout] 110eabbb79de7a020b7e11c3c8b38ed2f56dbed023e0cfe3bc19f9813ce271c2
