[INFO] cloning repository https://github.com/westernwontons/pxsort
[INFO] running `Command { std: "git" "-c" "credential.helper=" "-c" "credential.helper=/workspace/cargo-home/bin/git-credential-null" "clone" "--bare" "https://github.com/westernwontons/pxsort" "/workspace/cache/git-repos/https%3A%2F%2Fgithub.com%2Fwesternwontons%2Fpxsort", kill_on_drop: false }`
[INFO] [stderr] Cloning into bare repository '/workspace/cache/git-repos/https%3A%2F%2Fgithub.com%2Fwesternwontons%2Fpxsort'...
[INFO] running `Command { std: "git" "rev-parse" "HEAD", kill_on_drop: false }`
[INFO] [stdout] d12177cec63ff8e5839d9d8fc4b67d1ad72d57fa
[INFO] testing westernwontons/pxsort against 1.75.0 for beta-1.76-1
[INFO] running `Command { std: "git" "clone" "/workspace/cache/git-repos/https%3A%2F%2Fgithub.com%2Fwesternwontons%2Fpxsort" "/workspace/builds/worker-5-tc1/source", kill_on_drop: false }`
[INFO] [stderr] Cloning into '/workspace/builds/worker-5-tc1/source'...
[INFO] [stderr] done.
[INFO] validating manifest of git repo https://github.com/westernwontons/pxsort on toolchain 1.75.0
[INFO] running `Command { std: CARGO_HOME="/workspace/cargo-home" RUSTUP_HOME="/workspace/rustup-home" "/workspace/cargo-home/bin/cargo" "+1.75.0" "metadata" "--manifest-path" "Cargo.toml" "--no-deps", kill_on_drop: false }`
[INFO] started tweaking git repo https://github.com/westernwontons/pxsort
[INFO] finished tweaking git repo https://github.com/westernwontons/pxsort
[INFO] tweaked toml for git repo https://github.com/westernwontons/pxsort written to /workspace/builds/worker-5-tc1/source/Cargo.toml
[INFO] crate git repo https://github.com/westernwontons/pxsort already has a lockfile, it will not be regenerated
[INFO] running `Command { std: CARGO_HOME="/workspace/cargo-home" RUSTUP_HOME="/workspace/rustup-home" "/workspace/cargo-home/bin/cargo" "+1.75.0" "fetch" "--manifest-path" "Cargo.toml", kill_on_drop: false }`
[INFO] [stderr]     Updating git repository `https://github.com/console-rs/indicatif`
[INFO] [stderr] warning: spurious network error (3 tries remaining): cannot extend packfile '/workspace/cargo-home/git/db/indicatif-f02645b5057a6299/objects/pack/pack_git2_a8071e1146888b0e': No space left on device; class=Os (2)
[INFO] [stderr] warning: spurious network error (2 tries remaining): cannot extend packfile '/workspace/cargo-home/git/db/indicatif-f02645b5057a6299/objects/pack/pack_git2_3f4078bbf8c78353': No space left on device; class=Os (2)
[INFO] [stderr] warning: spurious network error (1 tries remaining): cannot extend packfile '/workspace/cargo-home/git/db/indicatif-f02645b5057a6299/objects/pack/pack_git2_934750ce2c7b3abf': No space left on device; class=Os (2)
[INFO] [stderr] error: failed to get `indicatif` as a dependency of package `pxsort v0.1.0 (/workspace/builds/worker-5-tc1/source)`
[INFO] [stderr] 
[INFO] [stderr] Caused by:
[INFO] [stderr]   failed to load source for dependency `indicatif`
[INFO] [stderr] 
[INFO] [stderr] Caused by:
[INFO] [stderr]   Unable to update https://github.com/console-rs/indicatif#e0494e48
[INFO] [stderr] 
[INFO] [stderr] Caused by:
[INFO] [stderr]   failed to clone into: /workspace/cargo-home/git/db/indicatif-f02645b5057a6299
[INFO] [stderr] 
[INFO] [stderr] Caused by:
[INFO] [stderr]   cannot extend packfile '/workspace/cargo-home/git/db/indicatif-f02645b5057a6299/objects/pack/pack_git2_5f3913b3b229bfe0': No space left on device; class=Os (2)
[ERROR] this task or one of its parent failed!
[ERROR] overridden task result to broken:missing-deps
[ERROR] caused by: the crate depends on missing dependencies
[ERROR] note: run with `RUST_BACKTRACE=1` to display a backtrace.
[INFO] testing westernwontons/pxsort against beta-2023-12-22 for beta-1.76-1
[INFO] running `Command { std: "git" "clone" "/workspace/cache/git-repos/https%3A%2F%2Fgithub.com%2Fwesternwontons%2Fpxsort" "/workspace/builds/worker-5-tc2/source", kill_on_drop: false }`
[INFO] [stderr] Cloning into '/workspace/builds/worker-5-tc2/source'...
[INFO] [stderr] done.
[INFO] validating manifest of git repo https://github.com/westernwontons/pxsort on toolchain beta-2023-12-22
[INFO] running `Command { std: CARGO_HOME="/workspace/cargo-home" RUSTUP_HOME="/workspace/rustup-home" "/workspace/cargo-home/bin/cargo" "+beta-2023-12-22" "metadata" "--manifest-path" "Cargo.toml" "--no-deps", kill_on_drop: false }`
[INFO] started tweaking git repo https://github.com/westernwontons/pxsort
[INFO] finished tweaking git repo https://github.com/westernwontons/pxsort
[INFO] tweaked toml for git repo https://github.com/westernwontons/pxsort written to /workspace/builds/worker-5-tc2/source/Cargo.toml
[INFO] crate git repo https://github.com/westernwontons/pxsort already has a lockfile, it will not be regenerated
[INFO] running `Command { std: CARGO_HOME="/workspace/cargo-home" RUSTUP_HOME="/workspace/rustup-home" "/workspace/cargo-home/bin/cargo" "+beta-2023-12-22" "fetch" "--manifest-path" "Cargo.toml", kill_on_drop: false }`
[INFO] [stderr]     Updating git repository `https://github.com/console-rs/indicatif`
[INFO] [stderr] warning: spurious network error (3 tries remaining): cannot extend packfile '/workspace/cargo-home/git/db/indicatif-f02645b5057a6299/objects/pack/pack_git2_8d4777a38110b386': No space left on device; class=Os (2)
[INFO] [stderr] warning: spurious network error (2 tries remaining): cannot extend packfile '/workspace/cargo-home/git/db/indicatif-f02645b5057a6299/objects/pack/pack_git2_9ce6e93f3c73063e': No space left on device; class=Os (2)
[INFO] [stderr] warning: spurious network error (1 tries remaining): cannot extend packfile '/workspace/cargo-home/git/db/indicatif-f02645b5057a6299/objects/pack/pack_git2_c3aceaeb6608d56c': No space left on device; class=Os (2)
[INFO] [stderr]  Downloading crates ...
[INFO] [stderr]   Downloaded webp v0.2.2
[INFO] [stderr]   Downloaded libwebp-sys v0.4.2
[INFO] running `Command { std: "docker" "create" "-v" "/var/lib/crater-agent-workspace/builds/worker-5-tc2/target:/opt/rustwide/target:rw,Z" "-v" "/var/lib/crater-agent-workspace/builds/worker-5-tc2/source:/opt/rustwide/workdir:ro,Z" "-v" "/var/lib/crater-agent-workspace/cargo-home:/opt/rustwide/cargo-home:ro,Z" "-v" "/var/lib/crater-agent-workspace/rustup-home:/opt/rustwide/rustup-home:ro,Z" "-e" "SOURCE_DIR=/opt/rustwide/workdir" "-e" "CARGO_TARGET_DIR=/opt/rustwide/target" "-e" "CARGO_HOME=/opt/rustwide/cargo-home" "-e" "RUSTUP_HOME=/opt/rustwide/rustup-home" "-w" "/opt/rustwide/workdir" "-m" "1610612736" "--user" "0:0" "--network" "none" "ghcr.io/rust-lang/crates-build-env/linux@sha256:2788e3201cd34a07e3172128adcd8b3090168a8e3bcc40d7c032b9dda1df7d1c" "/opt/rustwide/cargo-home/bin/cargo" "+beta-2023-12-22" "metadata" "--no-deps" "--format-version=1", kill_on_drop: false }`
[INFO] [stdout] a4c0ebe80af54bd9cdb7dd3a69f06698fe463bdfb7aaf5c3d0365d6085066512
[INFO] running `Command { std: "docker" "start" "-a" "a4c0ebe80af54bd9cdb7dd3a69f06698fe463bdfb7aaf5c3d0365d6085066512", kill_on_drop: false }`
[INFO] running `Command { std: "docker" "inspect" "a4c0ebe80af54bd9cdb7dd3a69f06698fe463bdfb7aaf5c3d0365d6085066512", kill_on_drop: false }`
[INFO] running `Command { std: "docker" "rm" "-f" "a4c0ebe80af54bd9cdb7dd3a69f06698fe463bdfb7aaf5c3d0365d6085066512", kill_on_drop: false }`
[INFO] [stdout] a4c0ebe80af54bd9cdb7dd3a69f06698fe463bdfb7aaf5c3d0365d6085066512
[INFO] running `Command { std: "docker" "create" "-v" "/var/lib/crater-agent-workspace/builds/worker-5-tc2/target:/opt/rustwide/target:rw,Z" "-v" "/var/lib/crater-agent-workspace/builds/worker-5-tc2/source:/opt/rustwide/workdir:ro,Z" "-v" "/var/lib/crater-agent-workspace/cargo-home:/opt/rustwide/cargo-home:ro,Z" "-v" "/var/lib/crater-agent-workspace/rustup-home:/opt/rustwide/rustup-home:ro,Z" "-e" "SOURCE_DIR=/opt/rustwide/workdir" "-e" "CARGO_TARGET_DIR=/opt/rustwide/target" "-e" "CARGO_INCREMENTAL=0" "-e" "RUST_BACKTRACE=full" "-e" "RUSTFLAGS=--cap-lints=warn" "-e" "RUSTDOCFLAGS=--cap-lints=warn" "-e" "CARGO_HOME=/opt/rustwide/cargo-home" "-e" "RUSTUP_HOME=/opt/rustwide/rustup-home" "-w" "/opt/rustwide/workdir" "-m" "1610612736" "--user" "0:0" "--network" "none" "ghcr.io/rust-lang/crates-build-env/linux@sha256:2788e3201cd34a07e3172128adcd8b3090168a8e3bcc40d7c032b9dda1df7d1c" "/opt/rustwide/cargo-home/bin/cargo" "+beta-2023-12-22" "build" "--frozen" "--message-format=json", kill_on_drop: false }`
[INFO] [stdout] ae495dd85c9ad18d24c181ab35d357ad9ba2f38def70648e91c122a58595ed8f
[INFO] running `Command { std: "docker" "start" "-a" "ae495dd85c9ad18d24c181ab35d357ad9ba2f38def70648e91c122a58595ed8f", kill_on_drop: false }`
[INFO] [stderr]    Compiling autocfg v1.1.0
[INFO] [stderr]    Compiling libc v0.2.144
[INFO] [stderr]    Compiling cfg-if v1.0.0
[INFO] [stderr]    Compiling scopeguard v1.1.0
[INFO] [stderr]    Compiling crossbeam-utils v0.8.15
[INFO] [stderr]    Compiling proc-macro2 v1.0.58
[INFO] [stderr]    Compiling quote v1.0.27
[INFO] [stderr]    Compiling unicode-ident v1.0.8
[INFO] [stderr]    Compiling simd-adler32 v0.3.5
[INFO] [stderr]    Compiling rayon-core v1.11.0
[INFO] [stderr]    Compiling bitflags v1.3.2
[INFO] [stderr]    Compiling io-lifetimes v1.0.10
[INFO] [stderr]    Compiling adler v1.0.2
[INFO] [stderr]    Compiling rustix v0.37.19
[INFO] [stderr]    Compiling either v1.8.1
[INFO] [stderr]    Compiling crc32fast v1.3.2
[INFO] [stderr]    Compiling futures-core v0.3.28
[INFO] [stderr]    Compiling linux-raw-sys v0.3.8
[INFO] [stderr]    Compiling utf8parse v0.2.1
[INFO] [stderr]    Compiling futures-sink v0.3.28
[INFO] [stderr]    Compiling miniz_oxide v0.7.1
[INFO] [stderr]    Compiling anstyle-parse v0.2.0
[INFO] [stderr]    Compiling bytemuck v1.13.1
[INFO] [stderr]    Compiling weezl v0.1.7
[INFO] [stderr]    Compiling colorchoice v1.0.0
[INFO] [stderr]    Compiling anstyle v1.0.0
[INFO] [stderr]    Compiling anstyle-query v1.0.0
[INFO] [stderr]    Compiling portable-atomic v1.3.2
[INFO] [stderr]    Compiling memoffset v0.8.0
[INFO] [stderr]    Compiling crossbeam-epoch v0.9.14
[INFO] [stderr]    Compiling lock_api v0.4.9
[INFO] [stderr]    Compiling num-traits v0.2.15
[INFO] [stderr]    Compiling num-integer v0.1.45
[INFO] [stderr]    Compiling num-rational v0.4.1
[INFO] [stderr]    Compiling fdeflate v0.3.0
[INFO] [stderr]    Compiling zune-inflate v0.2.54
[INFO] [stderr]    Compiling crossbeam-channel v0.5.8
[INFO] [stderr]    Compiling flate2 v1.0.26
[INFO] [stderr]    Compiling spin v0.9.8
[INFO] [stderr]    Compiling miniz_oxide v0.6.2
[INFO] [stderr]    Compiling color_quant v1.1.0
[INFO] [stderr]    Compiling lazy_static v1.4.0
[INFO] [stderr]    Compiling smallvec v1.10.0
[INFO] [stderr]    Compiling heck v0.4.1
[INFO] [stderr]    Compiling unicode-width v0.1.10
[INFO] [stderr]    Compiling syn v2.0.16
[INFO] [stderr]    Compiling crossbeam-deque v0.8.3
[INFO] [stderr]    Compiling jobserver v0.1.26
[INFO] [stderr]    Compiling ppv-lite86 v0.2.17
[INFO] [stderr]    Compiling lebe v0.5.2
[INFO] [stderr]    Compiling bit_field v0.10.2
[INFO] [stderr]    Compiling half v2.2.1
[INFO] [stderr]    Compiling anyhow v1.0.71
[INFO] [stderr]    Compiling strsim v0.10.0
[INFO] [stderr]    Compiling clap_lex v0.5.0
[INFO] [stderr]    Compiling png v0.17.8
[INFO] [stderr]    Compiling gif v0.12.0
[INFO] [stderr]    Compiling cc v1.0.79
[INFO] [stderr]    Compiling rgb v0.8.36
[INFO] [stderr]    Compiling qoi v0.4.1
[INFO] [stderr]    Compiling byteorder v1.4.3
[INFO] [stderr]    Compiling once_cell v1.17.1
[INFO] [stderr]    Compiling number_prefix v0.4.0
[INFO] [stderr]    Compiling itertools v0.10.5
[INFO] [stderr]    Compiling getrandom v0.2.9
[INFO] [stderr]    Compiling num_cpus v1.15.0
[INFO] [stderr]    Compiling console v0.15.7
[INFO] [stderr]    Compiling nanorand v0.7.0
[INFO] [stderr]    Compiling rand_core v0.6.4
[INFO] [stderr]    Compiling rand_chacha v0.3.1
[INFO] [stderr]    Compiling libwebp-sys v0.4.2
[INFO] [stderr]    Compiling rand v0.8.5
[INFO] [stderr]    Compiling rayon v1.7.0
[INFO] [stderr]    Compiling is-terminal v0.4.7
[INFO] [stderr]    Compiling anstream v0.3.2
[INFO] [stderr]    Compiling clap_builder v4.3.0
[INFO] [stderr]    Compiling webp v0.2.2
[INFO] [stderr]    Compiling pin-project-internal v1.1.0
[INFO] [stderr]    Compiling clap_derive v4.3.0
[INFO] [stderr]    Compiling jpeg-decoder v0.3.0
[INFO] [stderr]    Compiling indicatif v0.17.3 (https://github.com/console-rs/indicatif#e0494e48)
[INFO] [stderr]    Compiling tiff v0.8.1
[INFO] [stderr]    Compiling pin-project v1.1.0
[INFO] [stderr]    Compiling flume v0.10.14
[INFO] [stderr]    Compiling exr v1.6.3
[INFO] [stderr]    Compiling clap v4.3.0
[INFO] [stderr] LLVM ERROR: IO failure on output stream: No space left on device
[INFO] [stderr] LLVM ERROR: IO failure on output stream: No space left on device
[INFO] [stderr] error: could not compile `flume` (lib)
[INFO] [stderr] warning: build failed, waiting for other jobs to finish...
[INFO] [stderr] error: could not compile `clap_builder` (lib)
[INFO] [stdout] error: failed to write /tmp/rustccZrpYc/lib.rmeta: No space left on device (os error 28)
[INFO] [stdout] 
[INFO] [stdout] 
[INFO] [stderr] error: could not compile `tiff` (lib) due to 1 previous error
[INFO] [stdout] error: failed to write to `/opt/rustwide/target/debug/deps/rmetaY7KSYT/lib.rmeta`: No space left on device (os error 28)
[INFO] [stdout] 
[INFO] [stdout] 
[INFO] [stdout] error: aborting due to 1 previous error
[INFO] [stdout] 
[INFO] [stdout] 
[INFO] [stderr] error: could not compile `exr` (lib) due to 2 previous errors
[INFO] running `Command { std: "docker" "inspect" "ae495dd85c9ad18d24c181ab35d357ad9ba2f38def70648e91c122a58595ed8f", kill_on_drop: false }`
[INFO] running `Command { std: "docker" "rm" "-f" "ae495dd85c9ad18d24c181ab35d357ad9ba2f38def70648e91c122a58595ed8f", kill_on_drop: false }`
[INFO] [stdout] ae495dd85c9ad18d24c181ab35d357ad9ba2f38def70648e91c122a58595ed8f
