[INFO] cloning repository https://github.com/vaporyorg/powersoftau
[INFO] running `Command { std: "git" "-c" "credential.helper=" "-c" "credential.helper=/workspace/cargo-home/bin/git-credential-null" "clone" "--bare" "https://github.com/vaporyorg/powersoftau" "/workspace/cache/git-repos/https%3A%2F%2Fgithub.com%2Fvaporyorg%2Fpowersoftau", kill_on_drop: false }`
[INFO] [stderr] Cloning into bare repository '/workspace/cache/git-repos/https%3A%2F%2Fgithub.com%2Fvaporyorg%2Fpowersoftau'...
[INFO] running `Command { std: "git" "rev-parse" "HEAD", kill_on_drop: false }`
[INFO] [stdout] e473e829e79038e85c382401c884503183546186
[INFO] testing vaporyorg/powersoftau against 1.75.0 for beta-1.76-1
[INFO] running `Command { std: "git" "clone" "/workspace/cache/git-repos/https%3A%2F%2Fgithub.com%2Fvaporyorg%2Fpowersoftau" "/workspace/builds/worker-7-tc1/source", kill_on_drop: false }`
[INFO] [stderr] Cloning into '/workspace/builds/worker-7-tc1/source'...
[INFO] [stderr] done.
[INFO] validating manifest of git repo https://github.com/vaporyorg/powersoftau on toolchain 1.75.0
[INFO] running `Command { std: CARGO_HOME="/workspace/cargo-home" RUSTUP_HOME="/workspace/rustup-home" "/workspace/cargo-home/bin/cargo" "+1.75.0" "metadata" "--manifest-path" "Cargo.toml" "--no-deps", kill_on_drop: false }`
[INFO] started tweaking git repo https://github.com/vaporyorg/powersoftau
[INFO] finished tweaking git repo https://github.com/vaporyorg/powersoftau
[INFO] tweaked toml for git repo https://github.com/vaporyorg/powersoftau written to /workspace/builds/worker-7-tc1/source/Cargo.toml
[INFO] crate git repo https://github.com/vaporyorg/powersoftau already has a lockfile, it will not be regenerated
[INFO] running `Command { std: CARGO_HOME="/workspace/cargo-home" RUSTUP_HOME="/workspace/rustup-home" "/workspace/cargo-home/bin/cargo" "+1.75.0" "fetch" "--manifest-path" "Cargo.toml", kill_on_drop: false }`
[INFO] [stderr]     Updating git repository `https://github.com/matterinc/bellman`
[INFO] [stderr] warning: spurious network error (3 tries remaining): cannot extend packfile '/workspace/cargo-home/git/db/bellman-ab7ddc06e991808e/objects/pack/pack_git2_7b69f82caf53ef43': No space left on device; class=Os (2)
[INFO] [stderr] warning: spurious network error (2 tries remaining): cannot extend packfile '/workspace/cargo-home/git/db/bellman-ab7ddc06e991808e/objects/pack/pack_git2_86076a96be2ab727': No space left on device; class=Os (2)
[INFO] [stderr] warning: spurious network error (1 tries remaining): cannot extend packfile '/workspace/cargo-home/git/db/bellman-ab7ddc06e991808e/objects/pack/pack_git2_744ca83236a7809b': No space left on device; class=Os (2)
[INFO] [stderr] error: failed to get `bellman` as a dependency of package `powersoftau v0.2.0 (/workspace/builds/worker-7-tc1/source)`
[INFO] [stderr] 
[INFO] [stderr] Caused by:
[INFO] [stderr]   failed to load source for dependency `bellman`
[INFO] [stderr] 
[INFO] [stderr] Caused by:
[INFO] [stderr]   Unable to update https://github.com/matterinc/bellman?tag=0.2.0#6e45a4b2
[INFO] [stderr] 
[INFO] [stderr] Caused by:
[INFO] [stderr]   failed to clone into: /workspace/cargo-home/git/db/bellman-ab7ddc06e991808e
[INFO] [stderr] 
[INFO] [stderr] Caused by:
[INFO] [stderr]   cannot extend packfile '/workspace/cargo-home/git/db/bellman-ab7ddc06e991808e/objects/pack/pack_git2_6c53dcb6b160bc8b': No space left on device; class=Os (2)
[ERROR] this task or one of its parent failed!
[ERROR] overridden task result to broken:missing-deps
[ERROR] caused by: the crate depends on missing dependencies
[ERROR] note: run with `RUST_BACKTRACE=1` to display a backtrace.
[INFO] testing vaporyorg/powersoftau against beta-2023-12-22 for beta-1.76-1
[INFO] running `Command { std: "git" "clone" "/workspace/cache/git-repos/https%3A%2F%2Fgithub.com%2Fvaporyorg%2Fpowersoftau" "/workspace/builds/worker-7-tc2/source", kill_on_drop: false }`
[INFO] [stderr] Cloning into '/workspace/builds/worker-7-tc2/source'...
[INFO] [stderr] done.
[INFO] validating manifest of git repo https://github.com/vaporyorg/powersoftau on toolchain beta-2023-12-22
[INFO] running `Command { std: CARGO_HOME="/workspace/cargo-home" RUSTUP_HOME="/workspace/rustup-home" "/workspace/cargo-home/bin/cargo" "+beta-2023-12-22" "metadata" "--manifest-path" "Cargo.toml" "--no-deps", kill_on_drop: false }`
[INFO] started tweaking git repo https://github.com/vaporyorg/powersoftau
[INFO] finished tweaking git repo https://github.com/vaporyorg/powersoftau
[INFO] tweaked toml for git repo https://github.com/vaporyorg/powersoftau written to /workspace/builds/worker-7-tc2/source/Cargo.toml
[INFO] crate git repo https://github.com/vaporyorg/powersoftau already has a lockfile, it will not be regenerated
[INFO] running `Command { std: CARGO_HOME="/workspace/cargo-home" RUSTUP_HOME="/workspace/rustup-home" "/workspace/cargo-home/bin/cargo" "+beta-2023-12-22" "fetch" "--manifest-path" "Cargo.toml", kill_on_drop: false }`
[INFO] [stderr]     Updating git repository `https://github.com/matterinc/bellman`
[INFO] [stderr] warning: spurious network error (3 tries remaining): cannot extend packfile '/workspace/cargo-home/git/db/bellman-ab7ddc06e991808e/objects/pack/pack_git2_6edc4391a5bbfee3': No space left on device; class=Os (2)
[INFO] [stderr] warning: spurious network error (2 tries remaining): cannot extend packfile '/workspace/cargo-home/git/db/bellman-ab7ddc06e991808e/objects/pack/pack_git2_6f4481b58139122d': No space left on device; class=Os (2)
[INFO] [stderr] warning: spurious network error (1 tries remaining): cannot extend packfile '/workspace/cargo-home/git/db/bellman-ab7ddc06e991808e/objects/pack/pack_git2_2570a0492c92b4f5': No space left on device; class=Os (2)
[INFO] [stderr] error: failed to get `bellman` as a dependency of package `powersoftau v0.2.0 (/workspace/builds/worker-7-tc2/source)`
[INFO] [stderr] 
[INFO] [stderr] Caused by:
[INFO] [stderr]   failed to load source for dependency `bellman`
[INFO] [stderr] 
[INFO] [stderr] Caused by:
[INFO] [stderr]   Unable to update https://github.com/matterinc/bellman?tag=0.2.0#6e45a4b2
[INFO] [stderr] 
[INFO] [stderr] Caused by:
[INFO] [stderr]   failed to fetch into: /workspace/cargo-home/git/db/bellman-ab7ddc06e991808e
[INFO] [stderr] 
[INFO] [stderr] Caused by:
[INFO] [stderr]   cannot extend packfile '/workspace/cargo-home/git/db/bellman-ab7ddc06e991808e/objects/pack/pack_git2_11fb13b67aee40bd': No space left on device; class=Os (2)
[INFO] testing vaporyorg/powersoftau against beta-2023-12-22 for beta-1.76-1
[INFO] running `Command { std: "git" "clone" "/workspace/cache/git-repos/https%3A%2F%2Fgithub.com%2Fvaporyorg%2Fpowersoftau" "/workspace/builds/worker-7-tc2/source", kill_on_drop: false }`
[INFO] [stderr] Cloning into '/workspace/builds/worker-7-tc2/source'...
[INFO] [stderr] done.
[INFO] validating manifest of git repo https://github.com/vaporyorg/powersoftau on toolchain beta-2023-12-22
[INFO] running `Command { std: CARGO_HOME="/workspace/cargo-home" RUSTUP_HOME="/workspace/rustup-home" "/workspace/cargo-home/bin/cargo" "+beta-2023-12-22" "metadata" "--manifest-path" "Cargo.toml" "--no-deps", kill_on_drop: false }`
[INFO] started tweaking git repo https://github.com/vaporyorg/powersoftau
[INFO] finished tweaking git repo https://github.com/vaporyorg/powersoftau
[INFO] tweaked toml for git repo https://github.com/vaporyorg/powersoftau written to /workspace/builds/worker-7-tc2/source/Cargo.toml
[INFO] crate git repo https://github.com/vaporyorg/powersoftau already has a lockfile, it will not be regenerated
[INFO] running `Command { std: CARGO_HOME="/workspace/cargo-home" RUSTUP_HOME="/workspace/rustup-home" "/workspace/cargo-home/bin/cargo" "+beta-2023-12-22" "fetch" "--manifest-path" "Cargo.toml", kill_on_drop: false }`
[INFO] [stderr]     Updating git repository `https://github.com/matterinc/bellman`
[INFO] [stderr] warning: spurious network error (3 tries remaining): cannot extend packfile '/workspace/cargo-home/git/db/bellman-ab7ddc06e991808e/objects/pack/pack_git2_a653338a1a001288': No space left on device; class=Os (2)
[INFO] [stderr]     Updating git repository `https://github.com/gtank/blake2-rfc`
[INFO] [stderr]     Updating git repository `https://github.com/matterinc/pairing`
[INFO] [stderr]     Updating git repository `https://github.com/matterinc/ff`
[INFO] [stderr]  Downloading crates ...
[INFO] [stderr]   Downloaded hex-literal v0.1.3
[INFO] [stderr]   Downloaded blake2 v0.6.1
[INFO] running `Command { std: "docker" "create" "-v" "/var/lib/crater-agent-workspace/builds/worker-7-tc2/target:/opt/rustwide/target:rw,Z" "-v" "/var/lib/crater-agent-workspace/builds/worker-7-tc2/source:/opt/rustwide/workdir:ro,Z" "-v" "/var/lib/crater-agent-workspace/cargo-home:/opt/rustwide/cargo-home:ro,Z" "-v" "/var/lib/crater-agent-workspace/rustup-home:/opt/rustwide/rustup-home:ro,Z" "-e" "SOURCE_DIR=/opt/rustwide/workdir" "-e" "CARGO_TARGET_DIR=/opt/rustwide/target" "-e" "CARGO_HOME=/opt/rustwide/cargo-home" "-e" "RUSTUP_HOME=/opt/rustwide/rustup-home" "-w" "/opt/rustwide/workdir" "-m" "1610612736" "--user" "0:0" "--network" "none" "ghcr.io/rust-lang/crates-build-env/linux@sha256:2788e3201cd34a07e3172128adcd8b3090168a8e3bcc40d7c032b9dda1df7d1c" "/opt/rustwide/cargo-home/bin/cargo" "+beta-2023-12-22" "metadata" "--no-deps" "--format-version=1", kill_on_drop: false }`
[INFO] [stdout] 0652046b1b933a6245e47d7915ff17bd756d68b0118d8065661594e04becd4b5
[INFO] running `Command { std: "docker" "start" "-a" "0652046b1b933a6245e47d7915ff17bd756d68b0118d8065661594e04becd4b5", kill_on_drop: false }`
[INFO] running `Command { std: "docker" "inspect" "0652046b1b933a6245e47d7915ff17bd756d68b0118d8065661594e04becd4b5", kill_on_drop: false }`
[INFO] running `Command { std: "docker" "rm" "-f" "0652046b1b933a6245e47d7915ff17bd756d68b0118d8065661594e04becd4b5", kill_on_drop: false }`
[INFO] [stdout] 0652046b1b933a6245e47d7915ff17bd756d68b0118d8065661594e04becd4b5
[INFO] running `Command { std: "docker" "create" "-v" "/var/lib/crater-agent-workspace/builds/worker-7-tc2/target:/opt/rustwide/target:rw,Z" "-v" "/var/lib/crater-agent-workspace/builds/worker-7-tc2/source:/opt/rustwide/workdir:ro,Z" "-v" "/var/lib/crater-agent-workspace/cargo-home:/opt/rustwide/cargo-home:ro,Z" "-v" "/var/lib/crater-agent-workspace/rustup-home:/opt/rustwide/rustup-home:ro,Z" "-e" "SOURCE_DIR=/opt/rustwide/workdir" "-e" "CARGO_TARGET_DIR=/opt/rustwide/target" "-e" "CARGO_INCREMENTAL=0" "-e" "RUST_BACKTRACE=full" "-e" "RUSTFLAGS=--cap-lints=warn" "-e" "RUSTDOCFLAGS=--cap-lints=warn" "-e" "CARGO_HOME=/opt/rustwide/cargo-home" "-e" "RUSTUP_HOME=/opt/rustwide/rustup-home" "-w" "/opt/rustwide/workdir" "-m" "1610612736" "--user" "0:0" "--network" "none" "ghcr.io/rust-lang/crates-build-env/linux@sha256:2788e3201cd34a07e3172128adcd8b3090168a8e3bcc40d7c032b9dda1df7d1c" "/opt/rustwide/cargo-home/bin/cargo" "+beta-2023-12-22" "build" "--frozen" "--message-format=json", kill_on_drop: false }`
[INFO] [stdout] 6cab2d2ea86d1752752c34d6b8f72ccddadd266964d84238815ae8e4b03f9c6e
[INFO] running `Command { std: "docker" "start" "-a" "6cab2d2ea86d1752752c34d6b8f72ccddadd266964d84238815ae8e4b03f9c6e", kill_on_drop: false }`
[INFO] [stderr]    Compiling libc v0.2.49
[INFO] [stderr]    Compiling nodrop v0.1.13
[INFO] [stderr]    Compiling proc-macro2 v0.4.27
[INFO] [stderr]    Compiling unicode-xid v0.1.0
[INFO] [stderr]    Compiling num-traits v0.2.6
[INFO] [stderr]    Compiling arrayvec v0.4.10
[INFO] [stderr]    Compiling num-integer v0.1.39
[INFO] [stderr]    Compiling lazy_static v1.3.0
[INFO] [stderr]    Compiling cfg-if v0.1.7
[INFO] [stderr]    Compiling num-bigint v0.2.2
[INFO] [stderr]    Compiling byteorder v1.3.1
[INFO] [stderr]    Compiling typenum v1.10.0
[INFO] [stderr]    Compiling ryu v0.2.7
[INFO] [stderr]    Compiling serde v1.0.88
[INFO] [stderr]    Compiling memoffset v0.2.1
[INFO] [stderr]    Compiling scopeguard v0.3.3
[INFO] [stderr]    Compiling crossbeam-utils v0.6.5
[INFO] [stderr]    Compiling constant_time_eq v0.1.3
[INFO] [stderr]    Compiling smallvec v0.6.9
[INFO] [stderr]    Compiling proc-macro-hack-impl v0.4.1
[INFO] [stderr]    Compiling gcc v0.3.55
[INFO] [stderr]    Compiling itoa v0.4.3
[INFO] [stderr]    Compiling futures v0.1.25
[INFO] [stderr]    Compiling hex v0.3.2
[INFO] [stderr]    Compiling byte-tools v0.2.0
[INFO] [stderr]    Compiling crossbeam-channel v0.3.8
[INFO] [stderr]    Compiling crossbeam-queue v0.1.2
[INFO] [stderr]    Compiling rustc-serialize v0.3.24
[INFO] [stderr]    Compiling bit-vec v0.4.4
[INFO] [stderr]    Compiling proc-macro-hack v0.4.1
[INFO] [stderr]    Compiling crossbeam-epoch v0.7.1
[INFO] [stderr]    Compiling hex-literal-impl v0.1.1
[INFO] [stdout] error[E0310]: the parameter type `T` may not live long enough
[INFO] [stdout]     --> /opt/rustwide/cargo-home/registry/src/index.crates.io-6f17d22bba15001f/rustc-serialize-0.3.24/src/serialize.rs:1155:5
[INFO] [stdout]      |
[INFO] [stdout] 1155 |     fn decode<D: Decoder>(d: &mut D) -> Result<Cow<'static, T>, D::Error> {
[INFO] [stdout]      |     ^^^^^^^^^^^^^^^^^^^^^^^^^^^^^^^^^^^^^^^^^^^^^^^^^^^^^^^^^^^^^^^^^^^^^
[INFO] [stdout]      |     |
[INFO] [stdout]      |     the parameter type `T` must be valid for the static lifetime...
[INFO] [stdout]      |     ...so that the type `T` will meet its required lifetime bounds...
[INFO] [stdout]      |
[INFO] [stdout] note: ...that is required by this bound
[INFO] [stdout]     --> /rustc/0e09125c6c3c2fd70d7de961bcf0e51575235fad/library/alloc/src/borrow.rs:180:30
[INFO] [stdout] help: consider adding an explicit lifetime bound
[INFO] [stdout]      |
[INFO] [stdout] 1151 | impl<'a, T: ?Sized + 'static> Decodable for Cow<'a, T>
[INFO] [stdout]      |                    +++++++++
[INFO] [stdout] 
[INFO] [stdout] 
[INFO] [stderr]    Compiling blake2-rfc v0.2.18 (https://github.com/gtank/blake2-rfc?rev=7a5b5fc99ae483a0043db7547fb79a6fa44b88a9#7a5b5fc9)
[INFO] [stderr]    Compiling either v1.5.1
[INFO] [stderr]    Compiling crossbeam v0.3.2
[INFO] [stderr]    Compiling rand v0.4.6
[INFO] [stderr]    Compiling num_cpus v1.10.0
[INFO] [stderr]    Compiling time v0.1.42
[INFO] [stderr]    Compiling rust-crypto v0.2.36
[INFO] [stderr]    Compiling itertools v0.8.0
[INFO] [stderr]    Compiling memmap v0.7.0
[INFO] [stderr]    Compiling quote v0.6.11
[INFO] [stderr]    Compiling crossbeam-deque v0.7.1
[INFO] [stderr]    Compiling hex-literal v0.1.3
[INFO] [stderr]    Compiling syn v0.15.26
[INFO] [stderr]    Compiling syn v0.14.9
[INFO] [stderr]    Compiling generic-array v0.8.3
[INFO] [stderr]    Compiling crossbeam v0.7.1
[INFO] [stderr]    Compiling rand v0.3.23
[INFO] [stderr]    Compiling futures-cpupool v0.1.8
[INFO] [stdout] error: aborting due to 1 previous error
[INFO] [stdout] 
[INFO] [stdout] 
[INFO] [stdout] For more information about this error, try `rustc --explain E0310`.
[INFO] [stdout] 
[INFO] [stderr] error: could not compile `rustc-serialize` (lib) due to 2 previous errors
[INFO] [stderr] warning: build failed, waiting for other jobs to finish...
[INFO] running `Command { std: "docker" "inspect" "6cab2d2ea86d1752752c34d6b8f72ccddadd266964d84238815ae8e4b03f9c6e", kill_on_drop: false }`
[INFO] running `Command { std: "docker" "rm" "-f" "6cab2d2ea86d1752752c34d6b8f72ccddadd266964d84238815ae8e4b03f9c6e", kill_on_drop: false }`
[INFO] [stdout] 6cab2d2ea86d1752752c34d6b8f72ccddadd266964d84238815ae8e4b03f9c6e
