[INFO] cloning repository https://github.com/robertknight/ocrs
[INFO] running `Command { std: "git" "-c" "credential.helper=" "-c" "credential.helper=/workspace/cargo-home/bin/git-credential-null" "clone" "--bare" "https://github.com/robertknight/ocrs" "/workspace/cache/git-repos/https%3A%2F%2Fgithub.com%2Frobertknight%2Focrs", kill_on_drop: false }`
[INFO] [stderr] Cloning into bare repository '/workspace/cache/git-repos/https%3A%2F%2Fgithub.com%2Frobertknight%2Focrs'...
[INFO] running `Command { std: "git" "rev-parse" "HEAD", kill_on_drop: false }`
[INFO] [stdout] 688c21fff2785e328b4564775dc312ddafdd794a
[INFO] testing robertknight/ocrs against 1.75.0 for beta-1.76-1
[INFO] running `Command { std: "git" "clone" "/workspace/cache/git-repos/https%3A%2F%2Fgithub.com%2Frobertknight%2Focrs" "/workspace/builds/worker-1-tc1/source", kill_on_drop: false }`
[INFO] [stderr] Cloning into '/workspace/builds/worker-1-tc1/source'...
[INFO] [stderr] done.
[INFO] validating manifest of git repo https://github.com/robertknight/ocrs on toolchain 1.75.0
[INFO] running `Command { std: CARGO_HOME="/workspace/cargo-home" RUSTUP_HOME="/workspace/rustup-home" "/workspace/cargo-home/bin/cargo" "+1.75.0" "metadata" "--manifest-path" "Cargo.toml" "--no-deps", kill_on_drop: false }`
[INFO] started tweaking git repo https://github.com/robertknight/ocrs
[INFO] finished tweaking git repo https://github.com/robertknight/ocrs
[INFO] tweaked toml for git repo https://github.com/robertknight/ocrs written to /workspace/builds/worker-1-tc1/source/Cargo.toml
[INFO] crate git repo https://github.com/robertknight/ocrs already has a lockfile, it will not be regenerated
[INFO] running `Command { std: CARGO_HOME="/workspace/cargo-home" RUSTUP_HOME="/workspace/rustup-home" "/workspace/cargo-home/bin/cargo" "+1.75.0" "fetch" "--manifest-path" "Cargo.toml", kill_on_drop: false }`
[INFO] [stderr]     Updating crates.io index
[INFO] [stderr]  Downloading crates ...
[INFO] [stderr]   Downloaded rten-tensor v0.1.0
[INFO] [stderr]   Downloaded flatbuffers v22.12.6
[INFO] [stderr]   Downloaded rten-vecmath v0.1.1
[INFO] [stderr]   Downloaded rten-imageio v0.1.0
[INFO] [stderr]   Downloaded rten-imageproc v0.1.0
[INFO] [stderr]   Downloaded rten v0.2.0
[INFO] running `Command { std: "docker" "create" "-v" "/var/lib/crater-agent-workspace/builds/worker-1-tc1/target:/opt/rustwide/target:rw,Z" "-v" "/var/lib/crater-agent-workspace/builds/worker-1-tc1/source:/opt/rustwide/workdir:ro,Z" "-v" "/var/lib/crater-agent-workspace/cargo-home:/opt/rustwide/cargo-home:ro,Z" "-v" "/var/lib/crater-agent-workspace/rustup-home:/opt/rustwide/rustup-home:ro,Z" "-e" "SOURCE_DIR=/opt/rustwide/workdir" "-e" "CARGO_TARGET_DIR=/opt/rustwide/target" "-e" "CARGO_HOME=/opt/rustwide/cargo-home" "-e" "RUSTUP_HOME=/opt/rustwide/rustup-home" "-w" "/opt/rustwide/workdir" "-m" "1610612736" "--user" "0:0" "--network" "none" "ghcr.io/rust-lang/crates-build-env/linux@sha256:2788e3201cd34a07e3172128adcd8b3090168a8e3bcc40d7c032b9dda1df7d1c" "/opt/rustwide/cargo-home/bin/cargo" "+1.75.0" "metadata" "--no-deps" "--format-version=1", kill_on_drop: false }`
[INFO] [stdout] ce17741f148457b72e2e8d3c21445d69f35f95dd858d80f96ac02156cf0cea70
[INFO] running `Command { std: "docker" "start" "-a" "ce17741f148457b72e2e8d3c21445d69f35f95dd858d80f96ac02156cf0cea70", kill_on_drop: false }`
[INFO] running `Command { std: "docker" "inspect" "ce17741f148457b72e2e8d3c21445d69f35f95dd858d80f96ac02156cf0cea70", kill_on_drop: false }`
[INFO] running `Command { std: "docker" "rm" "-f" "ce17741f148457b72e2e8d3c21445d69f35f95dd858d80f96ac02156cf0cea70", kill_on_drop: false }`
[INFO] [stdout] ce17741f148457b72e2e8d3c21445d69f35f95dd858d80f96ac02156cf0cea70
[INFO] running `Command { std: "docker" "create" "-v" "/var/lib/crater-agent-workspace/builds/worker-1-tc1/target:/opt/rustwide/target:rw,Z" "-v" "/var/lib/crater-agent-workspace/builds/worker-1-tc1/source:/opt/rustwide/workdir:ro,Z" "-v" "/var/lib/crater-agent-workspace/cargo-home:/opt/rustwide/cargo-home:ro,Z" "-v" "/var/lib/crater-agent-workspace/rustup-home:/opt/rustwide/rustup-home:ro,Z" "-e" "SOURCE_DIR=/opt/rustwide/workdir" "-e" "CARGO_TARGET_DIR=/opt/rustwide/target" "-e" "CARGO_INCREMENTAL=0" "-e" "RUST_BACKTRACE=full" "-e" "RUSTFLAGS=--cap-lints=warn" "-e" "RUSTDOCFLAGS=--cap-lints=warn" "-e" "CARGO_HOME=/opt/rustwide/cargo-home" "-e" "RUSTUP_HOME=/opt/rustwide/rustup-home" "-w" "/opt/rustwide/workdir" "-m" "1610612736" "--user" "0:0" "--network" "none" "ghcr.io/rust-lang/crates-build-env/linux@sha256:2788e3201cd34a07e3172128adcd8b3090168a8e3bcc40d7c032b9dda1df7d1c" "/opt/rustwide/cargo-home/bin/cargo" "+1.75.0" "build" "--frozen" "--message-format=json", kill_on_drop: false }`
[INFO] [stdout] 1aae54f88d7a521e4ffd24ac52e212a9a42fb93ad4da63f165dffaa8253e59aa
[INFO] running `Command { std: "docker" "start" "-a" "1aae54f88d7a521e4ffd24ac52e212a9a42fb93ad4da63f165dffaa8253e59aa", kill_on_drop: false }`
[INFO] [stderr]    Compiling cfg-if v1.0.0
[INFO] [stderr]    Compiling libc v0.2.151
[INFO] [stderr]    Compiling crossbeam-utils v0.8.18
[INFO] [stderr]    Compiling autocfg v1.1.0
[INFO] [stderr]    Compiling semver v1.0.20
[INFO] [stderr]    Compiling rayon-core v1.12.0
[INFO] [stderr]    Compiling crc32fast v1.3.2
[INFO] [stderr]    Compiling simd-adler32 v0.3.7
[INFO] [stderr]    Compiling spin v0.9.8
[INFO] [stderr]    Compiling untrusted v0.9.0
[INFO] [stderr]    Compiling tinyvec_macros v0.1.1
[INFO] [stderr]    Compiling adler v1.0.2
[INFO] [stderr]    Compiling either v1.9.0
[INFO] [stderr]    Compiling bitflags v1.3.2
[INFO] [stderr]    Compiling libm v0.2.8
[INFO] [stderr]    Compiling smallvec v1.11.2
[INFO] [stderr]    Compiling percent-encoding v2.3.1
[INFO] [stderr]    Compiling tinyvec v1.6.0
[INFO] [stderr]    Compiling rustls v0.21.10
[INFO] [stderr]    Compiling serde v1.0.194
[INFO] [stderr]    Compiling unicode-bidi v0.3.14
[INFO] [stderr]    Compiling rten-vecmath v0.1.1
[INFO] [stderr]    Compiling form_urlencoded v1.2.1
[INFO] [stderr]    Compiling miniz_oxide v0.7.1
[INFO] [stderr]    Compiling rten-tensor v0.1.0
[INFO] [stderr]    Compiling fdeflate v0.3.3
[INFO] [stderr]    Compiling log v0.4.20
[INFO] [stderr]    Compiling serde_json v1.0.110
[INFO] [stderr]    Compiling base64 v0.21.5
[INFO] [stderr]    Compiling num-traits v0.2.17
[INFO] [stderr]    Compiling num-integer v0.1.45
[INFO] [stderr]    Compiling num-rational v0.4.1
[INFO] [stderr]    Compiling rustc_version v0.4.0
[INFO] [stderr]    Compiling byteorder v1.5.0
[INFO] [stderr]    Compiling once_cell v1.19.0
[INFO] [stderr]    Compiling webpki-roots v0.25.3
[INFO] [stderr]    Compiling crossbeam-epoch v0.9.17
[INFO] [stderr]    Compiling flate2 v1.0.28
[INFO] [stderr]    Compiling itoa v1.0.10
[INFO] [stderr]    Compiling color_quant v1.1.0
[INFO] [stderr]    Compiling flatbuffers v22.12.6
[INFO] [stderr]    Compiling bytemuck v1.14.0
[INFO] [stderr]    Compiling rten-imageproc v0.1.0
[INFO] [stderr]    Compiling crossbeam-deque v0.8.4
[INFO] [stderr]    Compiling unicode-normalization v0.1.22
[INFO] [stderr]    Compiling ryu v1.0.16
[INFO] [stderr]    Compiling lexopt v0.3.0
[INFO] [stderr]    Compiling home v0.5.9
[INFO] [stderr]    Compiling cc v1.0.83
[INFO] [stderr]    Compiling getrandom v0.2.11
[INFO] [stderr]    Compiling png v0.17.10
[INFO] [stderr]    Compiling idna v0.5.0
[INFO] [stderr]    Compiling rayon v1.8.0
[INFO] [stderr]    Compiling ring v0.17.7
[INFO] [stderr]    Compiling url v2.5.0
[INFO] [stderr]    Compiling jpeg-decoder v0.3.0
[INFO] [stderr]    Compiling rten v0.2.0
[INFO] [stderr]    Compiling image v0.24.7
[INFO] [stderr]    Compiling rustls-webpki v0.101.7
[INFO] [stderr]    Compiling sct v0.7.1
[INFO] [stderr]    Compiling ureq v2.9.1
[INFO] [stderr]    Compiling ocrs v0.3.1 (/opt/rustwide/workdir/ocrs)
[INFO] [stderr]    Compiling ocrs-cli v0.3.1 (/opt/rustwide/workdir/ocrs-cli)
[INFO] [stderr]     Finished dev [unoptimized + debuginfo] target(s) in 10.51s
[INFO] running `Command { std: "docker" "inspect" "1aae54f88d7a521e4ffd24ac52e212a9a42fb93ad4da63f165dffaa8253e59aa", kill_on_drop: false }`
[INFO] running `Command { std: "docker" "rm" "-f" "1aae54f88d7a521e4ffd24ac52e212a9a42fb93ad4da63f165dffaa8253e59aa", kill_on_drop: false }`
[INFO] [stdout] 1aae54f88d7a521e4ffd24ac52e212a9a42fb93ad4da63f165dffaa8253e59aa
[INFO] running `Command { std: "docker" "create" "-v" "/var/lib/crater-agent-workspace/builds/worker-1-tc1/target:/opt/rustwide/target:rw,Z" "-v" "/var/lib/crater-agent-workspace/builds/worker-1-tc1/source:/opt/rustwide/workdir:ro,Z" "-v" "/var/lib/crater-agent-workspace/cargo-home:/opt/rustwide/cargo-home:ro,Z" "-v" "/var/lib/crater-agent-workspace/rustup-home:/opt/rustwide/rustup-home:ro,Z" "-e" "SOURCE_DIR=/opt/rustwide/workdir" "-e" "CARGO_TARGET_DIR=/opt/rustwide/target" "-e" "CARGO_INCREMENTAL=0" "-e" "RUST_BACKTRACE=full" "-e" "RUSTFLAGS=--cap-lints=warn" "-e" "RUSTDOCFLAGS=--cap-lints=warn" "-e" "CARGO_HOME=/opt/rustwide/cargo-home" "-e" "RUSTUP_HOME=/opt/rustwide/rustup-home" "-w" "/opt/rustwide/workdir" "-m" "1610612736" "--user" "0:0" "--network" "none" "ghcr.io/rust-lang/crates-build-env/linux@sha256:2788e3201cd34a07e3172128adcd8b3090168a8e3bcc40d7c032b9dda1df7d1c" "/opt/rustwide/cargo-home/bin/cargo" "+1.75.0" "test" "--frozen" "--no-run" "--message-format=json", kill_on_drop: false }`
[INFO] [stdout] 874c4668494d597c1de7525b70fe45797d353a078c0f31d776acfa07b0b37790
[INFO] running `Command { std: "docker" "start" "-a" "874c4668494d597c1de7525b70fe45797d353a078c0f31d776acfa07b0b37790", kill_on_drop: false }`
[INFO] [stderr]    Compiling fastrand v1.9.0
[INFO] [stderr]    Compiling rten-imageio v0.1.0
[INFO] [stderr]    Compiling ocrs-cli v0.3.1 (/opt/rustwide/workdir/ocrs-cli)
[INFO] [stderr]    Compiling ocrs v0.3.1 (/opt/rustwide/workdir/ocrs)
[INFO] [stderr]     Finished test [unoptimized + debuginfo] target(s) in 1.83s
[INFO] running `Command { std: "docker" "inspect" "874c4668494d597c1de7525b70fe45797d353a078c0f31d776acfa07b0b37790", kill_on_drop: false }`
[INFO] running `Command { std: "docker" "rm" "-f" "874c4668494d597c1de7525b70fe45797d353a078c0f31d776acfa07b0b37790", kill_on_drop: false }`
[INFO] [stdout] 874c4668494d597c1de7525b70fe45797d353a078c0f31d776acfa07b0b37790
[INFO] running `Command { std: "docker" "create" "-v" "/var/lib/crater-agent-workspace/builds/worker-1-tc1/target:/opt/rustwide/target:rw,Z" "-v" "/var/lib/crater-agent-workspace/builds/worker-1-tc1/source:/opt/rustwide/workdir:ro,Z" "-v" "/var/lib/crater-agent-workspace/cargo-home:/opt/rustwide/cargo-home:ro,Z" "-v" "/var/lib/crater-agent-workspace/rustup-home:/opt/rustwide/rustup-home:ro,Z" "-e" "SOURCE_DIR=/opt/rustwide/workdir" "-e" "CARGO_TARGET_DIR=/opt/rustwide/target" "-e" "CARGO_INCREMENTAL=0" "-e" "RUST_BACKTRACE=full" "-e" "RUSTFLAGS=--cap-lints=warn" "-e" "RUSTDOCFLAGS=--cap-lints=warn" "-e" "CARGO_HOME=/opt/rustwide/cargo-home" "-e" "RUSTUP_HOME=/opt/rustwide/rustup-home" "-w" "/opt/rustwide/workdir" "-m" "1610612736" "--user" "0:0" "--network" "none" "ghcr.io/rust-lang/crates-build-env/linux@sha256:2788e3201cd34a07e3172128adcd8b3090168a8e3bcc40d7c032b9dda1df7d1c" "/opt/rustwide/cargo-home/bin/cargo" "+1.75.0" "test" "--frozen", kill_on_drop: false }`
[INFO] [stdout] 4cdb4b3ef520e2abcf2d9bdcd96ff0fece53416f23f71dfea8875d50f86f23d1
[INFO] running `Command { std: "docker" "start" "-a" "4cdb4b3ef520e2abcf2d9bdcd96ff0fece53416f23f71dfea8875d50f86f23d1", kill_on_drop: false }`
[INFO] [stderr]     Finished test [unoptimized + debuginfo] target(s) in 0.04s
[INFO] [stderr]      Running unittests src/lib.rs (/opt/rustwide/target/debug/deps/ocrs-9aeb78e5e4a6ed65)
[INFO] [stdout] 
[INFO] [stdout] running 11 tests
[INFO] [stdout] test layout_analysis::empty_rects::tests::test_max_empty_rects_if_none ... ok
[INFO] [stdout] test recognition::tests::test_line_polygon ... ok
[INFO] [stdout] test text_items::tests::test_item_display ... ok
[INFO] [stdout] test text_items::tests::test_item_rotated_rect ... ok
[INFO] [stdout] test text_items::tests::test_line_words ... ok
[INFO] [stdout] test layout_analysis::empty_rects::tests::test_max_empty_rects ... ok
[INFO] [stdout] test tests::test_ocr_engine_recognize_lines ... ok
[INFO] [stdout] test layout_analysis::tests::test_find_text_lines ... ok
[INFO] [stdout] test tests::test_ocr_engine_prepare_input ... ok
[INFO] [stdout] test tests::test_ocr_engine_detect_words ... ok
[INFO] [stdout] test detection::tests::test_find_connected_component_rects ... ok
[INFO] [stdout] 
[INFO] [stdout] test result: ok. 11 passed; 0 failed; 0 ignored; 0 measured; 0 filtered out; finished in 0.04s
[INFO] [stdout] 
[INFO] [stderr]      Running unittests src/main.rs (/opt/rustwide/target/debug/deps/ocrs-7270377276b5da45)
[INFO] [stdout] 
[INFO] [stdout] running 3 tests
[INFO] [stdout] test output::tests::test_format_text_output ... ok
[INFO] [stdout] test output::tests::test_format_json_output ... ok
[INFO] [stdout] test output::tests::test_generate_annotated_png ... ok
[INFO] [stdout] 
[INFO] [stdout] test result: ok. 3 passed; 0 failed; 0 ignored; 0 measured; 0 filtered out; finished in 0.00s
[INFO] [stdout] 
[INFO] [stderr]    Doc-tests ocrs
[INFO] [stdout] 
[INFO] [stdout] running 0 tests
[INFO] [stdout] 
[INFO] [stdout] test result: ok. 0 passed; 0 failed; 0 ignored; 0 measured; 0 filtered out; finished in 0.00s
[INFO] [stdout] 
[INFO] running `Command { std: "docker" "inspect" "4cdb4b3ef520e2abcf2d9bdcd96ff0fece53416f23f71dfea8875d50f86f23d1", kill_on_drop: false }`
[INFO] running `Command { std: "docker" "rm" "-f" "4cdb4b3ef520e2abcf2d9bdcd96ff0fece53416f23f71dfea8875d50f86f23d1", kill_on_drop: false }`
[INFO] [stdout] 4cdb4b3ef520e2abcf2d9bdcd96ff0fece53416f23f71dfea8875d50f86f23d1
[INFO] testing robertknight/ocrs against beta-2023-12-22 for beta-1.76-1
[INFO] running `Command { std: "git" "clone" "/workspace/cache/git-repos/https%3A%2F%2Fgithub.com%2Frobertknight%2Focrs" "/workspace/builds/worker-1-tc2/source", kill_on_drop: false }`
[INFO] [stderr] Cloning into '/workspace/builds/worker-1-tc2/source'...
[INFO] [stderr] done.
[INFO] validating manifest of git repo https://github.com/robertknight/ocrs on toolchain beta-2023-12-22
[INFO] running `Command { std: CARGO_HOME="/workspace/cargo-home" RUSTUP_HOME="/workspace/rustup-home" "/workspace/cargo-home/bin/cargo" "+beta-2023-12-22" "metadata" "--manifest-path" "Cargo.toml" "--no-deps", kill_on_drop: false }`
[INFO] testing robertknight/ocrs against beta-2023-12-22 for beta-1.76-1
[INFO] running `Command { std: "git" "clone" "/workspace/cache/git-repos/https%3A%2F%2Fgithub.com%2Frobertknight%2Focrs" "/workspace/builds/worker-1-tc2/source", kill_on_drop: false }`
[INFO] [stderr] Cloning into '/workspace/builds/worker-1-tc2/source'...
[INFO] [stderr] done.
[INFO] validating manifest of git repo https://github.com/robertknight/ocrs on toolchain beta-2023-12-22
[INFO] running `Command { std: CARGO_HOME="/workspace/cargo-home" RUSTUP_HOME="/workspace/rustup-home" "/workspace/cargo-home/bin/cargo" "+beta-2023-12-22" "metadata" "--manifest-path" "Cargo.toml" "--no-deps", kill_on_drop: false }`
[INFO] testing robertknight/ocrs against beta-2023-12-22 for beta-1.76-1
[INFO] running `Command { std: "git" "clone" "/workspace/cache/git-repos/https%3A%2F%2Fgithub.com%2Frobertknight%2Focrs" "/workspace/builds/worker-1-tc2/source", kill_on_drop: false }`
[INFO] [stderr] Cloning into '/workspace/builds/worker-1-tc2/source'...
[INFO] [stderr] done.
[INFO] validating manifest of git repo https://github.com/robertknight/ocrs on toolchain beta-2023-12-22
[INFO] running `Command { std: CARGO_HOME="/workspace/cargo-home" RUSTUP_HOME="/workspace/rustup-home" "/workspace/cargo-home/bin/cargo" "+beta-2023-12-22" "metadata" "--manifest-path" "Cargo.toml" "--no-deps", kill_on_drop: false }`
[INFO] testing robertknight/ocrs against beta-2023-12-22 for beta-1.76-1
[INFO] running `Command { std: "git" "clone" "/workspace/cache/git-repos/https%3A%2F%2Fgithub.com%2Frobertknight%2Focrs" "/workspace/builds/worker-1-tc2/source", kill_on_drop: false }`
[INFO] [stderr] Cloning into '/workspace/builds/worker-1-tc2/source'...
[INFO] [stderr] done.
[INFO] validating manifest of git repo https://github.com/robertknight/ocrs on toolchain beta-2023-12-22
[INFO] running `Command { std: CARGO_HOME="/workspace/cargo-home" RUSTUP_HOME="/workspace/rustup-home" "/workspace/cargo-home/bin/cargo" "+beta-2023-12-22" "metadata" "--manifest-path" "Cargo.toml" "--no-deps", kill_on_drop: false }`
[INFO] testing robertknight/ocrs against beta-2023-12-22 for beta-1.76-1
[INFO] running `Command { std: "git" "clone" "/workspace/cache/git-repos/https%3A%2F%2Fgithub.com%2Frobertknight%2Focrs" "/workspace/builds/worker-1-tc2/source", kill_on_drop: false }`
[INFO] [stderr] Cloning into '/workspace/builds/worker-1-tc2/source'...
[INFO] [stderr] done.
[INFO] validating manifest of git repo https://github.com/robertknight/ocrs on toolchain beta-2023-12-22
[INFO] running `Command { std: CARGO_HOME="/workspace/cargo-home" RUSTUP_HOME="/workspace/rustup-home" "/workspace/cargo-home/bin/cargo" "+beta-2023-12-22" "metadata" "--manifest-path" "Cargo.toml" "--no-deps", kill_on_drop: false }`
[ERROR] this task or one of its parent failed!
[ERROR] overridden task result to broken:cargo-toml
[ERROR] caused by: invalid Cargo.toml syntax
[ERROR] note: run with `RUST_BACKTRACE=1` to display a backtrace.
