[INFO] cloning repository https://github.com/yshir/rust-heroku-deploy
[INFO] running `Command { std: "git" "-c" "credential.helper=" "-c" "credential.helper=/workspace/cargo-home/bin/git-credential-null" "clone" "--bare" "https://github.com/yshir/rust-heroku-deploy" "/workspace/cache/git-repos/https%3A%2F%2Fgithub.com%2Fyshir%2Frust-heroku-deploy", kill_on_drop: false }`
[INFO] [stderr] Cloning into bare repository '/workspace/cache/git-repos/https%3A%2F%2Fgithub.com%2Fyshir%2Frust-heroku-deploy'...
[INFO] running `Command { std: "git" "rev-parse" "HEAD", kill_on_drop: false }`
[INFO] [stdout] 730087c8fe79be5ca1a0bbd0bb7990da2cb8893e
[INFO] documenting yshir/rust-heroku-deploy against beta-2023-04-20 for beta-1.70-rustdoc-1
[INFO] running `Command { std: "git" "clone" "/workspace/cache/git-repos/https%3A%2F%2Fgithub.com%2Fyshir%2Frust-heroku-deploy" "/workspace/builds/worker-4-tc2/source", kill_on_drop: false }`
[INFO] [stderr] Cloning into '/workspace/builds/worker-4-tc2/source'...
[INFO] [stderr] done.
[INFO] validating manifest of git repo https://github.com/yshir/rust-heroku-deploy on toolchain beta-2023-04-20
[INFO] running `Command { std: CARGO_HOME="/workspace/cargo-home" RUSTUP_HOME="/workspace/rustup-home" "/workspace/cargo-home/bin/cargo" "+beta-2023-04-20" "metadata" "--manifest-path" "Cargo.toml" "--no-deps", kill_on_drop: false }`
[INFO] started tweaking git repo https://github.com/yshir/rust-heroku-deploy
[INFO] finished tweaking git repo https://github.com/yshir/rust-heroku-deploy
[INFO] tweaked toml for git repo https://github.com/yshir/rust-heroku-deploy written to /workspace/builds/worker-4-tc2/source/Cargo.toml
[INFO] crate git repo https://github.com/yshir/rust-heroku-deploy already has a lockfile, it will not be regenerated
[INFO] running `Command { std: CARGO_HOME="/workspace/cargo-home" RUSTUP_HOME="/workspace/rustup-home" "/workspace/cargo-home/bin/cargo" "+beta-2023-04-20" "fetch" "--manifest-path" "Cargo.toml", kill_on_drop: false }`
[INFO] running `Command { std: "docker" "create" "-v" "/var/lib/crater-agent-workspace/builds/worker-4-tc2/target:/opt/rustwide/target:rw,Z" "-v" "/var/lib/crater-agent-workspace/builds/worker-4-tc2/source:/opt/rustwide/workdir:ro,Z" "-v" "/var/lib/crater-agent-workspace/cargo-home:/opt/rustwide/cargo-home:ro,Z" "-v" "/var/lib/crater-agent-workspace/rustup-home:/opt/rustwide/rustup-home:ro,Z" "-e" "SOURCE_DIR=/opt/rustwide/workdir" "-e" "CARGO_TARGET_DIR=/opt/rustwide/target" "-e" "CARGO_HOME=/opt/rustwide/cargo-home" "-e" "RUSTUP_HOME=/opt/rustwide/rustup-home" "-w" "/opt/rustwide/workdir" "-m" "1610612736" "--user" "0:0" "--network" "none" "ghcr.io/rust-lang/crates-build-env/linux@sha256:5ff2268d62e97bff2cde7d5815dd6ed5b47097566f13b8d0ca110b04b60e07ed" "/opt/rustwide/cargo-home/bin/cargo" "+beta-2023-04-20" "metadata" "--no-deps" "--format-version=1", kill_on_drop: false }`
[INFO] [stdout] 71396c185f903648b0fe2c9334f2e6861c302495a79b315fde26ca224afc91c2
[INFO] running `Command { std: "docker" "start" "-a" "71396c185f903648b0fe2c9334f2e6861c302495a79b315fde26ca224afc91c2", kill_on_drop: false }`
[INFO] running `Command { std: "docker" "inspect" "71396c185f903648b0fe2c9334f2e6861c302495a79b315fde26ca224afc91c2", kill_on_drop: false }`
[INFO] running `Command { std: "docker" "rm" "-f" "71396c185f903648b0fe2c9334f2e6861c302495a79b315fde26ca224afc91c2", kill_on_drop: false }`
[INFO] [stdout] 71396c185f903648b0fe2c9334f2e6861c302495a79b315fde26ca224afc91c2
[INFO] running `Command { std: "docker" "create" "-v" "/var/lib/crater-agent-workspace/builds/worker-4-tc2/target:/opt/rustwide/target:rw,Z" "-v" "/var/lib/crater-agent-workspace/builds/worker-4-tc2/source:/opt/rustwide/workdir:ro,Z" "-v" "/var/lib/crater-agent-workspace/cargo-home:/opt/rustwide/cargo-home:ro,Z" "-v" "/var/lib/crater-agent-workspace/rustup-home:/opt/rustwide/rustup-home:ro,Z" "-e" "SOURCE_DIR=/opt/rustwide/workdir" "-e" "CARGO_TARGET_DIR=/opt/rustwide/target" "-e" "CARGO_INCREMENTAL=0" "-e" "RUST_BACKTRACE=full" "-e" "RUSTFLAGS=--cap-lints=warn" "-e" "RUSTDOCFLAGS=--cap-lints=warn" "-e" "CARGO_HOME=/opt/rustwide/cargo-home" "-e" "RUSTUP_HOME=/opt/rustwide/rustup-home" "-w" "/opt/rustwide/workdir" "-m" "1610612736" "--user" "0:0" "--network" "none" "ghcr.io/rust-lang/crates-build-env/linux@sha256:5ff2268d62e97bff2cde7d5815dd6ed5b47097566f13b8d0ca110b04b60e07ed" "/opt/rustwide/cargo-home/bin/cargo" "+beta-2023-04-20" "doc" "--frozen" "--no-deps" "--document-private-items" "--message-format=json", kill_on_drop: false }`
[INFO] [stdout] 4bf72f472fa60eec9e03ce51cdafc14649e7cbcdbc711828df3bdca718fe4c32
[INFO] running `Command { std: "docker" "start" "-a" "4bf72f472fa60eec9e03ce51cdafc14649e7cbcdbc711828df3bdca718fe4c32", kill_on_drop: false }`
[INFO] [stderr]    Compiling proc-macro2 v1.0.36
[INFO] [stderr]    Compiling unicode-xid v0.2.2
[INFO] [stderr]    Compiling syn v1.0.86
[INFO] [stderr]     Checking cfg-if v1.0.0
[INFO] [stderr]    Compiling libc v0.2.116
[INFO] [stderr]    Compiling log v0.4.14
[INFO] [stderr]     Checking pin-project-lite v0.2.8
[INFO] [stderr]    Compiling futures-core v0.3.19
[INFO] [stderr]     Checking bytes v1.1.0
[INFO] [stderr]     Checking smallvec v1.8.0
[INFO] [stderr]    Compiling futures-task v0.3.19
[INFO] [stderr]     Checking lazy_static v1.4.0
[INFO] [stderr]     Checking itoa v1.0.1
[INFO] [stderr]    Compiling parking_lot_core v0.8.5
[INFO] [stderr]    Compiling futures-util v0.3.19
[INFO] [stderr]    Compiling memchr v2.4.1
[INFO] [stderr]     Checking instant v0.1.12
[INFO] [stderr]     Checking once_cell v1.9.0
[INFO] [stderr]     Checking scopeguard v1.1.0
[INFO] [stderr]     Checking tracing-core v0.1.21
[INFO] [stderr]     Checking fnv v1.0.7
[INFO] [stderr]     Checking pin-utils v0.1.0
[INFO] [stderr]    Compiling serde_derive v1.0.136
[INFO] [stderr]     Checking lock_api v0.4.6
[INFO] [stderr]    Compiling serde v1.0.136
[INFO] [stderr]    Compiling futures-channel v0.3.19
[INFO] [stderr]    Compiling async-trait v0.1.52
[INFO] [stderr]    Compiling httparse v1.5.1
[INFO] [stderr]     Checking regex-syntax v0.6.25
[INFO] [stderr]     Checking http v0.2.6
[INFO] [stderr]     Checking tower-service v0.3.1
[INFO] [stderr]     Checking futures-sink v0.3.19
[INFO] [stderr]     Checking try-lock v0.2.3
[INFO] [stderr]     Checking tower-layer v0.3.1
[INFO] [stderr]     Checking percent-encoding v2.1.0
[INFO] [stderr]    Compiling serde_json v1.0.78
[INFO] [stderr]     Checking matches v0.1.9
[INFO] [stderr]     Checking ryu v1.0.9
[INFO] [stderr]     Checking want v0.3.0
[INFO] [stderr]     Checking mime v0.3.16
[INFO] [stderr]     Checking form_urlencoded v1.0.1
[INFO] [stderr]     Checking bitflags v1.3.2
[INFO] [stderr]     Checking http-range-header v0.3.0
[INFO] [stderr]     Checking httpdate v1.0.2
[INFO] [stderr]     Checking itoa v0.4.8
[INFO] [stderr]     Checking tracing-log v0.1.2
[INFO] [stderr]     Checking thread_local v1.1.4
[INFO] [stderr]     Checking sharded-slab v0.1.4
[INFO] [stderr]     Checking matchit v0.4.4
[INFO] [stderr]     Checking ansi_term v0.12.1
[INFO] [stderr]     Checking sync_wrapper v0.1.1
[INFO] [stderr]    Compiling quote v1.0.15
[INFO] [stdout] error: linking with `cc` failed: exit status: 1
[INFO] [stdout]   |
[INFO] [stdout]   = note: LC_ALL="C" PATH="/opt/rustwide/rustup-home/toolchains/beta-2023-04-20-x86_64-unknown-linux-gnu/lib/rustlib/x86_64-unknown-linux-gnu/bin:/opt/rustwide/cargo-home/bin:/usr/local/sbin:/usr/local/bin:/usr/sbin:/usr/bin:/sbin:/bin" VSLANG="1033" "cc" "-m64" "/tmp/rustcZ7uSYn/symbols.o" "/opt/rustwide/target/debug/build/serde_json-68d2d8e84c7a305f/build_script_build-68d2d8e84c7a305f.build_script_build.f10658d6-cgu.0.rcgu.o" "/opt/rustwide/target/debug/build/serde_json-68d2d8e84c7a305f/build_script_build-68d2d8e84c7a305f.build_script_build.f10658d6-cgu.1.rcgu.o" "/opt/rustwide/target/debug/build/serde_json-68d2d8e84c7a305f/build_script_build-68d2d8e84c7a305f.build_script_build.f10658d6-cgu.10.rcgu.o" "/opt/rustwide/target/debug/build/serde_json-68d2d8e84c7a305f/build_script_build-68d2d8e84c7a305f.build_script_build.f10658d6-cgu.11.rcgu.o" "/opt/rustwide/target/debug/build/serde_json-68d2d8e84c7a305f/build_script_build-68d2d8e84c7a305f.build_script_build.f10658d6-cgu.12.rcgu.o" "/opt/rustwide/target/debug/build/serde_json-68d2d8e84c7a305f/build_script_build-68d2d8e84c7a305f.build_script_build.f10658d6-cgu.13.rcgu.o" "/opt/rustwide/target/debug/build/serde_json-68d2d8e84c7a305f/build_script_build-68d2d8e84c7a305f.build_script_build.f10658d6-cgu.14.rcgu.o" "/opt/rustwide/target/debug/build/serde_json-68d2d8e84c7a305f/build_script_build-68d2d8e84c7a305f.build_script_build.f10658d6-cgu.15.rcgu.o" "/opt/rustwide/target/debug/build/serde_json-68d2d8e84c7a305f/build_script_build-68d2d8e84c7a305f.build_script_build.f10658d6-cgu.2.rcgu.o" "/opt/rustwide/target/debug/build/serde_json-68d2d8e84c7a305f/build_script_build-68d2d8e84c7a305f.build_script_build.f10658d6-cgu.3.rcgu.o" "/opt/rustwide/target/debug/build/serde_json-68d2d8e84c7a305f/build_script_build-68d2d8e84c7a305f.build_script_build.f10658d6-cgu.4.rcgu.o" "/opt/rustwide/target/debug/build/serde_json-68d2d8e84c7a305f/build_script_build-68d2d8e84c7a305f.build_script_build.f10658d6-cgu.5.rcgu.o" "/opt/rustwide/target/debug/build/serde_json-68d2d8e84c7a305f/build_script_build-68d2d8e84c7a305f.build_script_build.f10658d6-cgu.6.rcgu.o" "/opt/rustwide/target/debug/build/serde_json-68d2d8e84c7a305f/build_script_build-68d2d8e84c7a305f.build_script_build.f10658d6-cgu.7.rcgu.o" "/opt/rustwide/target/debug/build/serde_json-68d2d8e84c7a305f/build_script_build-68d2d8e84c7a305f.build_script_build.f10658d6-cgu.8.rcgu.o" "/opt/rustwide/target/debug/build/serde_json-68d2d8e84c7a305f/build_script_build-68d2d8e84c7a305f.build_script_build.f10658d6-cgu.9.rcgu.o" "/opt/rustwide/target/debug/build/serde_json-68d2d8e84c7a305f/build_script_build-68d2d8e84c7a305f.1qvniwxnagfplq5b.rcgu.o" "-Wl,--as-needed" "-L" "/opt/rustwide/target/debug/deps" "-L" "/opt/rustwide/rustup-home/toolchains/beta-2023-04-20-x86_64-unknown-linux-gnu/lib/rustlib/x86_64-unknown-linux-gnu/lib" "-Wl,-Bstatic" "/opt/rustwide/rustup-home/toolchains/beta-2023-04-20-x86_64-unknown-linux-gnu/lib/rustlib/x86_64-unknown-linux-gnu/lib/libstd-0e29cc23c5e02021.rlib" "/opt/rustwide/rustup-home/toolchains/beta-2023-04-20-x86_64-unknown-linux-gnu/lib/rustlib/x86_64-unknown-linux-gnu/lib/libpanic_unwind-d903621768a861d9.rlib" "/opt/rustwide/rustup-home/toolchains/beta-2023-04-20-x86_64-unknown-linux-gnu/lib/rustlib/x86_64-unknown-linux-gnu/lib/libobject-6d0225e655f31c13.rlib" "/opt/rustwide/rustup-home/toolchains/beta-2023-04-20-x86_64-unknown-linux-gnu/lib/rustlib/x86_64-unknown-linux-gnu/lib/libmemchr-9dbaf4eac7eaa079.rlib" "/opt/rustwide/rustup-home/toolchains/beta-2023-04-20-x86_64-unknown-linux-gnu/lib/rustlib/x86_64-unknown-linux-gnu/lib/libaddr2line-27f05b3d42a66dd0.rlib" "/opt/rustwide/rustup-home/toolchains/beta-2023-04-20-x86_64-unknown-linux-gnu/lib/rustlib/x86_64-unknown-linux-gnu/lib/libgimli-4d73f1030321c9a2.rlib" "/opt/rustwide/rustup-home/toolchains/beta-2023-04-20-x86_64-unknown-linux-gnu/lib/rustlib/x86_64-unknown-linux-gnu/lib/librustc_demangle-2846c9e58abd0acb.rlib" "/opt/rustwide/rustup-home/toolchains/beta-2023-04-20-x86_64-unknown-linux-gnu/lib/rustlib/x86_64-unknown-linux-gnu/lib/libstd_detect-a53d0f50415947be.rlib" "/opt/rustwide/rustup-home/toolchains/beta-2023-04-20-x86_64-unknown-linux-gnu/lib/rustlib/x86_64-unknown-linux-gnu/lib/libhashbrown-d48e4b6abc25b9dc.rlib" "/opt/rustwide/rustup-home/toolchains/beta-2023-04-20-x86_64-unknown-linux-gnu/lib/rustlib/x86_64-unknown-linux-gnu/lib/libminiz_oxide-2991859439ef1207.rlib" "/opt/rustwide/rustup-home/toolchains/beta-2023-04-20-x86_64-unknown-linux-gnu/lib/rustlib/x86_64-unknown-linux-gnu/lib/libadler-8a687517e4221bae.rlib" "/opt/rustwide/rustup-home/toolchains/beta-2023-04-20-x86_64-unknown-linux-gnu/lib/rustlib/x86_64-unknown-linux-gnu/lib/librustc_std_workspace_alloc-e07b554f6a67f5b3.rlib" "/opt/rustwide/rustup-home/toolchains/beta-2023-04-20-x86_64-unknown-linux-gnu/lib/rustlib/x86_64-unknown-linux-gnu/lib/libunwind-b68238b7c3c619dd.rlib" "/opt/rustwide/rustup-home/toolchains/beta-2023-04-20-x86_64-unknown-linux-gnu/lib/rustlib/x86_64-unknown-linux-gnu/lib/libcfg_if-d5e213e896c017e4.rlib" "/opt/rustwide/rustup-home/toolchains/beta-2023-04-20-x86_64-unknown-linux-gnu/lib/rustlib/x86_64-unknown-linux-gnu/lib/liblibc-0211a3b2e61d8689.rlib" "/opt/rustwide/rustup-home/toolchains/beta-2023-04-20-x86_64-unknown-linux-gnu/lib/rustlib/x86_64-unknown-linux-gnu/lib/liballoc-b371f055239ba51f.rlib" "/opt/rustwide/rustup-home/toolchains/beta-2023-04-20-x86_64-unknown-linux-gnu/lib/rustlib/x86_64-unknown-linux-gnu/lib/librustc_std_workspace_core-e60518d2760eb01e.rlib" "/opt/rustwide/rustup-home/toolchains/beta-2023-04-20-x86_64-unknown-linux-gnu/lib/rustlib/x86_64-unknown-linux-gnu/lib/libcore-1ad943f92a4b1081.rlib" "/opt/rustwide/rustup-home/toolchains/beta-2023-04-20-x86_64-unknown-linux-gnu/lib/rustlib/x86_64-unknown-linux-gnu/lib/libcompiler_builtins-f0d6e4d0fc1e80b4.rlib" "-Wl,-Bdynamic" "-lgcc_s" "-lutil" "-lrt" "-lpthread" "-lm" "-ldl" "-lc" "-Wl,--eh-frame-hdr" "-Wl,-z,noexecstack" "-L" "/opt/rustwide/rustup-home/toolchains/beta-2023-04-20-x86_64-unknown-linux-gnu/lib/rustlib/x86_64-unknown-linux-gnu/lib" "-o" "/opt/rustwide/target/debug/build/serde_json-68d2d8e84c7a305f/build_script_build-68d2d8e84c7a305f" "-Wl,--gc-sections" "-pie" "-Wl,-z,relro,-z,now" "-nodefaultlibs"
[INFO] [stdout]   = note: /usr/bin/ld: final link failed: No space left on device
[INFO] [stdout]           collect2: error: ld returned 1 exit status
[INFO] [stdout]           
[INFO] [stdout] 
[INFO] [stdout] 
[INFO] [stdout] error: aborting due to previous error
[INFO] [stdout] 
[INFO] [stdout] 
[INFO] [stderr] error: could not compile `serde_json` (build script) due to 2 previous errors
[INFO] [stderr] warning: build failed, waiting for other jobs to finish...
[INFO] [stderr] thread 'rustc' panicked at 'assertion failed: pos.get() <= self.position()', compiler/rustc_metadata/src/rmeta/encoder.rs:433:9
[INFO] [stderr] error: could not parse/generate dep info at: /opt/rustwide/target/debug/deps/matchit-869d9b5dd4435a93.d
[INFO] [stderr] 
[INFO] [stderr] Caused by:
[INFO] [stderr]   failed to write `/opt/rustwide/target/debug/.fingerprint/matchit-869d9b5dd4435a93/dep-lib-matchit`
[INFO] [stderr] 
[INFO] [stderr] Caused by:
[INFO] [stderr]   No space left on device (os error 28)
[INFO] [stdout] error: couldn't create a temp dir: No space left on device (os error 28) at path "/opt/rustwide/target/debug/deps/rmeta5Gomzy"
[INFO] [stdout] 
[INFO] [stdout] 
[INFO] [stderr] error: could not compile `quote` (lib) due to previous error
[INFO] [stderr] error: could not compile `libc` (lib)
[INFO] [stderr] thread 'rustc' panicked at 'assertion failed: pos.get() <= self.position()', compiler/rustc_metadata/src/rmeta/encoder.rs:433:9
[INFO] [stdout] error: couldn't create a temp dir: No space left on device (os error 28) at path "/opt/rustwide/target/debug/deps/rmeta4MEGBD"
[INFO] [stdout] 
[INFO] [stdout] 
[INFO] [stderr] thread 'rustc' panicked at 'assertion failed: pos.get() <= self.position()', compiler/rustc_metadata/src/rmeta/encoder.rs:433:9
[INFO] [stderr] error: could not compile `regex-syntax` (lib) due to previous error
[INFO] [stderr] error: could not compile `http` (lib)
[INFO] [stderr] error: could not compile `futures-util` (lib)
[INFO] running `Command { std: "docker" "inspect" "4bf72f472fa60eec9e03ce51cdafc14649e7cbcdbc711828df3bdca718fe4c32", kill_on_drop: false }`
[INFO] running `Command { std: "docker" "rm" "-f" "4bf72f472fa60eec9e03ce51cdafc14649e7cbcdbc711828df3bdca718fe4c32", kill_on_drop: false }`
[INFO] [stdout] 4bf72f472fa60eec9e03ce51cdafc14649e7cbcdbc711828df3bdca718fe4c32
