[INFO] cloning repository https://github.com/wht-github/simple_raytracer
[INFO] running `Command { std: "git" "-c" "credential.helper=" "-c" "credential.helper=/workspace/cargo-home/bin/git-credential-null" "clone" "--bare" "https://github.com/wht-github/simple_raytracer" "/workspace/cache/git-repos/https%3A%2F%2Fgithub.com%2Fwht-github%2Fsimple_raytracer", kill_on_drop: false }`
[INFO] [stderr] Cloning into bare repository '/workspace/cache/git-repos/https%3A%2F%2Fgithub.com%2Fwht-github%2Fsimple_raytracer'...
[INFO] running `Command { std: "git" "rev-parse" "HEAD", kill_on_drop: false }`
[INFO] [stdout] b6c4fb966babf5e15257fb49f201063279d9c2cb
[INFO] documenting wht-github/simple_raytracer against beta-2023-04-20 for beta-1.70-rustdoc-1
[INFO] running `Command { std: "git" "clone" "/workspace/cache/git-repos/https%3A%2F%2Fgithub.com%2Fwht-github%2Fsimple_raytracer" "/workspace/builds/worker-5-tc2/source", kill_on_drop: false }`
[INFO] [stderr] Cloning into '/workspace/builds/worker-5-tc2/source'...
[INFO] [stderr] done.
[INFO] validating manifest of git repo https://github.com/wht-github/simple_raytracer on toolchain beta-2023-04-20
[INFO] running `Command { std: CARGO_HOME="/workspace/cargo-home" RUSTUP_HOME="/workspace/rustup-home" "/workspace/cargo-home/bin/cargo" "+beta-2023-04-20" "metadata" "--manifest-path" "Cargo.toml" "--no-deps", kill_on_drop: false }`
[INFO] started tweaking git repo https://github.com/wht-github/simple_raytracer
[INFO] finished tweaking git repo https://github.com/wht-github/simple_raytracer
[INFO] tweaked toml for git repo https://github.com/wht-github/simple_raytracer written to /workspace/builds/worker-5-tc2/source/Cargo.toml
[INFO] crate git repo https://github.com/wht-github/simple_raytracer already has a lockfile, it will not be regenerated
[INFO] running `Command { std: CARGO_HOME="/workspace/cargo-home" RUSTUP_HOME="/workspace/rustup-home" "/workspace/cargo-home/bin/cargo" "+beta-2023-04-20" "fetch" "--manifest-path" "Cargo.toml", kill_on_drop: false }`
[INFO] running `Command { std: "docker" "create" "-v" "/var/lib/crater-agent-workspace/builds/worker-5-tc2/target:/opt/rustwide/target:rw,Z" "-v" "/var/lib/crater-agent-workspace/builds/worker-5-tc2/source:/opt/rustwide/workdir:ro,Z" "-v" "/var/lib/crater-agent-workspace/cargo-home:/opt/rustwide/cargo-home:ro,Z" "-v" "/var/lib/crater-agent-workspace/rustup-home:/opt/rustwide/rustup-home:ro,Z" "-e" "SOURCE_DIR=/opt/rustwide/workdir" "-e" "CARGO_TARGET_DIR=/opt/rustwide/target" "-e" "CARGO_HOME=/opt/rustwide/cargo-home" "-e" "RUSTUP_HOME=/opt/rustwide/rustup-home" "-w" "/opt/rustwide/workdir" "-m" "1610612736" "--user" "0:0" "--network" "none" "ghcr.io/rust-lang/crates-build-env/linux@sha256:5ff2268d62e97bff2cde7d5815dd6ed5b47097566f13b8d0ca110b04b60e07ed" "/opt/rustwide/cargo-home/bin/cargo" "+beta-2023-04-20" "metadata" "--no-deps" "--format-version=1", kill_on_drop: false }`
[INFO] [stdout] 68ee27d77ebaa92d6d87d5212700bd3785347f92bb1ee5b5ede2d0e4182badf6
[INFO] running `Command { std: "docker" "start" "-a" "68ee27d77ebaa92d6d87d5212700bd3785347f92bb1ee5b5ede2d0e4182badf6", kill_on_drop: false }`
[INFO] running `Command { std: "docker" "inspect" "68ee27d77ebaa92d6d87d5212700bd3785347f92bb1ee5b5ede2d0e4182badf6", kill_on_drop: false }`
[INFO] running `Command { std: "docker" "rm" "-f" "68ee27d77ebaa92d6d87d5212700bd3785347f92bb1ee5b5ede2d0e4182badf6", kill_on_drop: false }`
[INFO] [stdout] 68ee27d77ebaa92d6d87d5212700bd3785347f92bb1ee5b5ede2d0e4182badf6
[INFO] running `Command { std: "docker" "create" "-v" "/var/lib/crater-agent-workspace/builds/worker-5-tc2/target:/opt/rustwide/target:rw,Z" "-v" "/var/lib/crater-agent-workspace/builds/worker-5-tc2/source:/opt/rustwide/workdir:ro,Z" "-v" "/var/lib/crater-agent-workspace/cargo-home:/opt/rustwide/cargo-home:ro,Z" "-v" "/var/lib/crater-agent-workspace/rustup-home:/opt/rustwide/rustup-home:ro,Z" "-e" "SOURCE_DIR=/opt/rustwide/workdir" "-e" "CARGO_TARGET_DIR=/opt/rustwide/target" "-e" "CARGO_INCREMENTAL=0" "-e" "RUST_BACKTRACE=full" "-e" "RUSTFLAGS=--cap-lints=warn" "-e" "RUSTDOCFLAGS=--cap-lints=warn" "-e" "CARGO_HOME=/opt/rustwide/cargo-home" "-e" "RUSTUP_HOME=/opt/rustwide/rustup-home" "-w" "/opt/rustwide/workdir" "-m" "1610612736" "--user" "0:0" "--network" "none" "ghcr.io/rust-lang/crates-build-env/linux@sha256:5ff2268d62e97bff2cde7d5815dd6ed5b47097566f13b8d0ca110b04b60e07ed" "/opt/rustwide/cargo-home/bin/cargo" "+beta-2023-04-20" "doc" "--frozen" "--no-deps" "--document-private-items" "--message-format=json", kill_on_drop: false }`
[INFO] [stdout] 50d6eef3338f9debea351d085bbdb8786244f5883b7161d80ab0aecec57a3644
[INFO] running `Command { std: "docker" "start" "-a" "50d6eef3338f9debea351d085bbdb8786244f5883b7161d80ab0aecec57a3644", kill_on_drop: false }`
[INFO] [stderr]    Compiling libc v0.2.99
[INFO] [stderr]    Compiling autocfg v1.0.1
[INFO] [stderr]     Checking cfg-if v1.0.0
[INFO] [stderr]    Compiling memchr v2.3.4
[INFO] [stderr]    Compiling proc-macro2 v1.0.28
[INFO] [stderr]    Compiling unicode-xid v0.2.2
[INFO] [stderr]    Compiling version_check v0.9.3
[INFO] [stderr]    Compiling pkg-config v0.3.19
[INFO] [stderr]     Checking lazy_static v1.4.0
[INFO] [stderr]    Compiling crossbeam-utils v0.8.5
[INFO] [stderr]    Compiling glob v0.3.0
[INFO] [stderr]    Compiling xml-rs v0.8.4
[INFO] [stderr]     Checking bitflags v1.3.1
[INFO] [stderr]    Compiling log v0.4.14
[INFO] [stderr]    Compiling regex-syntax v0.6.25
[INFO] [stderr]    Compiling crossbeam-epoch v0.9.5
[INFO] [stderr]    Compiling unicode-width v0.1.8
[INFO] [stderr]    Compiling libloading v0.7.0
[INFO] [stderr]    Compiling vec_map v0.8.2
[INFO] [stderr]    Compiling textwrap v0.11.0
[INFO] [stderr]    Compiling humantime v2.1.0
[INFO] [stderr]    Compiling ansi_term v0.11.0
[INFO] [stderr]    Compiling termcolor v1.1.2
[INFO] [stderr]    Compiling rayon-core v1.9.1
[INFO] [stderr]    Compiling nom v5.1.2
[INFO] [stderr]    Compiling memoffset v0.6.4
[INFO] [stderr]    Compiling bindgen v0.56.0
[INFO] [stderr]    Compiling clang-sys v1.2.0
[INFO] [stderr]    Compiling strsim v0.8.0
[INFO] [stderr]     Checking scopeguard v1.1.0
[INFO] [stderr]    Compiling num-traits v0.2.14
[INFO] [stderr]    Compiling wayland-sys v0.28.6
[INFO] [stderr]    Compiling shlex v0.1.1
[INFO] [stderr]    Compiling aho-corasick v0.7.15
[INFO] [stderr]    Compiling lazycell v1.3.0
[INFO] [stderr]    Compiling rustc-hash v1.1.0
[INFO] [stderr]    Compiling peeking_take_while v0.1.2
[INFO] [stdout] error: linking with `cc` failed: exit status: 1
[INFO] [stdout]   |
[INFO] [stdout]   = note: LC_ALL="C" PATH="/opt/rustwide/rustup-home/toolchains/beta-2023-04-20-x86_64-unknown-linux-gnu/lib/rustlib/x86_64-unknown-linux-gnu/bin:/opt/rustwide/cargo-home/bin:/usr/local/sbin:/usr/local/bin:/usr/sbin:/usr/bin:/sbin:/bin" VSLANG="1033" "cc" "-m64" "/tmp/rustcEg7GuG/symbols.o" "/opt/rustwide/target/debug/build/bindgen-dd1f67b1259d29d5/build_script_build-dd1f67b1259d29d5.build_script_build.381119ff-cgu.0.rcgu.o" "/opt/rustwide/target/debug/build/bindgen-dd1f67b1259d29d5/build_script_build-dd1f67b1259d29d5.build_script_build.381119ff-cgu.1.rcgu.o" "/opt/rustwide/target/debug/build/bindgen-dd1f67b1259d29d5/build_script_build-dd1f67b1259d29d5.build_script_build.381119ff-cgu.10.rcgu.o" "/opt/rustwide/target/debug/build/bindgen-dd1f67b1259d29d5/build_script_build-dd1f67b1259d29d5.build_script_build.381119ff-cgu.11.rcgu.o" "/opt/rustwide/target/debug/build/bindgen-dd1f67b1259d29d5/build_script_build-dd1f67b1259d29d5.build_script_build.381119ff-cgu.12.rcgu.o" "/opt/rustwide/target/debug/build/bindgen-dd1f67b1259d29d5/build_script_build-dd1f67b1259d29d5.build_script_build.381119ff-cgu.13.rcgu.o" "/opt/rustwide/target/debug/build/bindgen-dd1f67b1259d29d5/build_script_build-dd1f67b1259d29d5.build_script_build.381119ff-cgu.14.rcgu.o" "/opt/rustwide/target/debug/build/bindgen-dd1f67b1259d29d5/build_script_build-dd1f67b1259d29d5.build_script_build.381119ff-cgu.15.rcgu.o" "/opt/rustwide/target/debug/build/bindgen-dd1f67b1259d29d5/build_script_build-dd1f67b1259d29d5.build_script_build.381119ff-cgu.2.rcgu.o" "/opt/rustwide/target/debug/build/bindgen-dd1f67b1259d29d5/build_script_build-dd1f67b1259d29d5.build_script_build.381119ff-cgu.3.rcgu.o" "/opt/rustwide/target/debug/build/bindgen-dd1f67b1259d29d5/build_script_build-dd1f67b1259d29d5.build_script_build.381119ff-cgu.4.rcgu.o" "/opt/rustwide/target/debug/build/bindgen-dd1f67b1259d29d5/build_script_build-dd1f67b1259d29d5.build_script_build.381119ff-cgu.5.rcgu.o" "/opt/rustwide/target/debug/build/bindgen-dd1f67b1259d29d5/build_script_build-dd1f67b1259d29d5.build_script_build.381119ff-cgu.6.rcgu.o" "/opt/rustwide/target/debug/build/bindgen-dd1f67b1259d29d5/build_script_build-dd1f67b1259d29d5.build_script_build.381119ff-cgu.7.rcgu.o" "/opt/rustwide/target/debug/build/bindgen-dd1f67b1259d29d5/build_script_build-dd1f67b1259d29d5.build_script_build.381119ff-cgu.8.rcgu.o" "/opt/rustwide/target/debug/build/bindgen-dd1f67b1259d29d5/build_script_build-dd1f67b1259d29d5.build_script_build.381119ff-cgu.9.rcgu.o" "/opt/rustwide/target/debug/build/bindgen-dd1f67b1259d29d5/build_script_build-dd1f67b1259d29d5.s7u7o1ye8dbm3cp.rcgu.o" "-Wl,--as-needed" "-L" "/opt/rustwide/target/debug/deps" "-L" "/opt/rustwide/rustup-home/toolchains/beta-2023-04-20-x86_64-unknown-linux-gnu/lib/rustlib/x86_64-unknown-linux-gnu/lib" "-Wl,-Bstatic" "/opt/rustwide/rustup-home/toolchains/beta-2023-04-20-x86_64-unknown-linux-gnu/lib/rustlib/x86_64-unknown-linux-gnu/lib/libstd-0e29cc23c5e02021.rlib" "/opt/rustwide/rustup-home/toolchains/beta-2023-04-20-x86_64-unknown-linux-gnu/lib/rustlib/x86_64-unknown-linux-gnu/lib/libpanic_unwind-d903621768a861d9.rlib" "/opt/rustwide/rustup-home/toolchains/beta-2023-04-20-x86_64-unknown-linux-gnu/lib/rustlib/x86_64-unknown-linux-gnu/lib/libobject-6d0225e655f31c13.rlib" "/opt/rustwide/rustup-home/toolchains/beta-2023-04-20-x86_64-unknown-linux-gnu/lib/rustlib/x86_64-unknown-linux-gnu/lib/libmemchr-9dbaf4eac7eaa079.rlib" "/opt/rustwide/rustup-home/toolchains/beta-2023-04-20-x86_64-unknown-linux-gnu/lib/rustlib/x86_64-unknown-linux-gnu/lib/libaddr2line-27f05b3d42a66dd0.rlib" "/opt/rustwide/rustup-home/toolchains/beta-2023-04-20-x86_64-unknown-linux-gnu/lib/rustlib/x86_64-unknown-linux-gnu/lib/libgimli-4d73f1030321c9a2.rlib" "/opt/rustwide/rustup-home/toolchains/beta-2023-04-20-x86_64-unknown-linux-gnu/lib/rustlib/x86_64-unknown-linux-gnu/lib/librustc_demangle-2846c9e58abd0acb.rlib" "/opt/rustwide/rustup-home/toolchains/beta-2023-04-20-x86_64-unknown-linux-gnu/lib/rustlib/x86_64-unknown-linux-gnu/lib/libstd_detect-a53d0f50415947be.rlib" "/opt/rustwide/rustup-home/toolchains/beta-2023-04-20-x86_64-unknown-linux-gnu/lib/rustlib/x86_64-unknown-linux-gnu/lib/libhashbrown-d48e4b6abc25b9dc.rlib" "/opt/rustwide/rustup-home/toolchains/beta-2023-04-20-x86_64-unknown-linux-gnu/lib/rustlib/x86_64-unknown-linux-gnu/lib/libminiz_oxide-2991859439ef1207.rlib" "/opt/rustwide/rustup-home/toolchains/beta-2023-04-20-x86_64-unknown-linux-gnu/lib/rustlib/x86_64-unknown-linux-gnu/lib/libadler-8a687517e4221bae.rlib" "/opt/rustwide/rustup-home/toolchains/beta-2023-04-20-x86_64-unknown-linux-gnu/lib/rustlib/x86_64-unknown-linux-gnu/lib/librustc_std_workspace_alloc-e07b554f6a67f5b3.rlib" "/opt/rustwide/rustup-home/toolchains/beta-2023-04-20-x86_64-unknown-linux-gnu/lib/rustlib/x86_64-unknown-linux-gnu/lib/libunwind-b68238b7c3c619dd.rlib" "/opt/rustwide/rustup-home/toolchains/beta-2023-04-20-x86_64-unknown-linux-gnu/lib/rustlib/x86_64-unknown-linux-gnu/lib/libcfg_if-d5e213e896c017e4.rlib" "/opt/rustwide/rustup-home/toolchains/beta-2023-04-20-x86_64-unknown-linux-gnu/lib/rustlib/x86_64-unknown-linux-gnu/lib/liblibc-0211a3b2e61d8689.rlib" "/opt/rustwide/rustup-home/toolchains/beta-2023-04-20-x86_64-unknown-linux-gnu/lib/rustlib/x86_64-unknown-linux-gnu/lib/liballoc-b371f055239ba51f.rlib" "/opt/rustwide/rustup-home/toolchains/beta-2023-04-20-x86_64-unknown-linux-gnu/lib/rustlib/x86_64-unknown-linux-gnu/lib/librustc_std_workspace_core-e60518d2760eb01e.rlib" "/opt/rustwide/rustup-home/toolchains/beta-2023-04-20-x86_64-unknown-linux-gnu/lib/rustlib/x86_64-unknown-linux-gnu/lib/libcore-1ad943f92a4b1081.rlib" "/opt/rustwide/rustup-home/toolchains/beta-2023-04-20-x86_64-unknown-linux-gnu/lib/rustlib/x86_64-unknown-linux-gnu/lib/libcompiler_builtins-f0d6e4d0fc1e80b4.rlib" "-Wl,-Bdynamic" "-lgcc_s" "-lutil" "-lrt" "-lpthread" "-lm" "-ldl" "-lc" "-Wl,--eh-frame-hdr" "-Wl,-z,noexecstack" "-L" "/opt/rustwide/rustup-home/toolchains/beta-2023-04-20-x86_64-unknown-linux-gnu/lib/rustlib/x86_64-unknown-linux-gnu/lib" "-o" "/opt/rustwide/target/debug/build/bindgen-dd1f67b1259d29d5/build_script_build-dd1f67b1259d29d5" "-Wl,--gc-sections" "-pie" "-Wl,-z,relro,-z,now" "-nodefaultlibs"
[INFO] [stdout]   = note: /usr/bin/ld: final link failed: No space left on device
[INFO] [stdout]           collect2: error: ld returned 1 exit status
[INFO] [stdout]           
[INFO] [stdout] 
[INFO] [stdout] 
[INFO] [stdout] error: aborting due to previous error
[INFO] [stdout] 
[INFO] [stdout] 
[INFO] [stdout] error: linking with `cc` failed: exit status: 1
[INFO] [stdout]   |
[INFO] [stdout]   = note: LC_ALL="C" PATH="/opt/rustwide/rustup-home/toolchains/beta-2023-04-20-x86_64-unknown-linux-gnu/lib/rustlib/x86_64-unknown-linux-gnu/bin:/opt/rustwide/cargo-home/bin:/usr/local/sbin:/usr/local/bin:/usr/sbin:/usr/bin:/sbin:/bin" VSLANG="1033" "cc" "-m64" "/tmp/rustcWsEGcf/symbols.o" "/opt/rustwide/target/debug/build/wayland-sys-42f2aa98340b9ead/build_script_build-42f2aa98340b9ead.build_script_build.e0500d05-cgu.0.rcgu.o" "/opt/rustwide/target/debug/build/wayland-sys-42f2aa98340b9ead/build_script_build-42f2aa98340b9ead.build_script_build.e0500d05-cgu.1.rcgu.o" "/opt/rustwide/target/debug/build/wayland-sys-42f2aa98340b9ead/build_script_build-42f2aa98340b9ead.build_script_build.e0500d05-cgu.2.rcgu.o" "/opt/rustwide/target/debug/build/wayland-sys-42f2aa98340b9ead/build_script_build-42f2aa98340b9ead.build_script_build.e0500d05-cgu.3.rcgu.o" "/opt/rustwide/target/debug/build/wayland-sys-42f2aa98340b9ead/build_script_build-42f2aa98340b9ead.build_script_build.e0500d05-cgu.4.rcgu.o" "/opt/rustwide/target/debug/build/wayland-sys-42f2aa98340b9ead/build_script_build-42f2aa98340b9ead.build_script_build.e0500d05-cgu.5.rcgu.o" "/opt/rustwide/target/debug/build/wayland-sys-42f2aa98340b9ead/build_script_build-42f2aa98340b9ead.2zfzvefxujab57mq.rcgu.o" "-Wl,--as-needed" "-L" "/opt/rustwide/target/debug/deps" "-L" "/opt/rustwide/rustup-home/toolchains/beta-2023-04-20-x86_64-unknown-linux-gnu/lib/rustlib/x86_64-unknown-linux-gnu/lib" "-Wl,-Bstatic" "/opt/rustwide/target/debug/deps/libpkg_config-31c618b061910113.rlib" "/opt/rustwide/rustup-home/toolchains/beta-2023-04-20-x86_64-unknown-linux-gnu/lib/rustlib/x86_64-unknown-linux-gnu/lib/libstd-0e29cc23c5e02021.rlib" "/opt/rustwide/rustup-home/toolchains/beta-2023-04-20-x86_64-unknown-linux-gnu/lib/rustlib/x86_64-unknown-linux-gnu/lib/libpanic_unwind-d903621768a861d9.rlib" "/opt/rustwide/rustup-home/toolchains/beta-2023-04-20-x86_64-unknown-linux-gnu/lib/rustlib/x86_64-unknown-linux-gnu/lib/libobject-6d0225e655f31c13.rlib" "/opt/rustwide/rustup-home/toolchains/beta-2023-04-20-x86_64-unknown-linux-gnu/lib/rustlib/x86_64-unknown-linux-gnu/lib/libmemchr-9dbaf4eac7eaa079.rlib" "/opt/rustwide/rustup-home/toolchains/beta-2023-04-20-x86_64-unknown-linux-gnu/lib/rustlib/x86_64-unknown-linux-gnu/lib/libaddr2line-27f05b3d42a66dd0.rlib" "/opt/rustwide/rustup-home/toolchains/beta-2023-04-20-x86_64-unknown-linux-gnu/lib/rustlib/x86_64-unknown-linux-gnu/lib/libgimli-4d73f1030321c9a2.rlib" "/opt/rustwide/rustup-home/toolchains/beta-2023-04-20-x86_64-unknown-linux-gnu/lib/rustlib/x86_64-unknown-linux-gnu/lib/librustc_demangle-2846c9e58abd0acb.rlib" "/opt/rustwide/rustup-home/toolchains/beta-2023-04-20-x86_64-unknown-linux-gnu/lib/rustlib/x86_64-unknown-linux-gnu/lib/libstd_detect-a53d0f50415947be.rlib" "/opt/rustwide/rustup-home/toolchains/beta-2023-04-20-x86_64-unknown-linux-gnu/lib/rustlib/x86_64-unknown-linux-gnu/lib/libhashbrown-d48e4b6abc25b9dc.rlib" "/opt/rustwide/rustup-home/toolchains/beta-2023-04-20-x86_64-unknown-linux-gnu/lib/rustlib/x86_64-unknown-linux-gnu/lib/libminiz_oxide-2991859439ef1207.rlib" "/opt/rustwide/rustup-home/toolchains/beta-2023-04-20-x86_64-unknown-linux-gnu/lib/rustlib/x86_64-unknown-linux-gnu/lib/libadler-8a687517e4221bae.rlib" "/opt/rustwide/rustup-home/toolchains/beta-2023-04-20-x86_64-unknown-linux-gnu/lib/rustlib/x86_64-unknown-linux-gnu/lib/librustc_std_workspace_alloc-e07b554f6a67f5b3.rlib" "/opt/rustwide/rustup-home/toolchains/beta-2023-04-20-x86_64-unknown-linux-gnu/lib/rustlib/x86_64-unknown-linux-gnu/lib/libunwind-b68238b7c3c619dd.rlib" "/opt/rustwide/rustup-home/toolchains/beta-2023-04-20-x86_64-unknown-linux-gnu/lib/rustlib/x86_64-unknown-linux-gnu/lib/libcfg_if-d5e213e896c017e4.rlib" "/opt/rustwide/rustup-home/toolchains/beta-2023-04-20-x86_64-unknown-linux-gnu/lib/rustlib/x86_64-unknown-linux-gnu/lib/liblibc-0211a3b2e61d8689.rlib" "/opt/rustwide/rustup-home/toolchains/beta-2023-04-20-x86_64-unknown-linux-gnu/lib/rustlib/x86_64-unknown-linux-gnu/lib/liballoc-b371f055239ba51f.rlib" "/opt/rustwide/rustup-home/toolchains/beta-2023-04-20-x86_64-unknown-linux-gnu/lib/rustlib/x86_64-unknown-linux-gnu/lib/librustc_std_workspace_core-e60518d2760eb01e.rlib" "/opt/rustwide/rustup-home/toolchains/beta-2023-04-20-x86_64-unknown-linux-gnu/lib/rustlib/x86_64-unknown-linux-gnu/lib/libcore-1ad943f92a4b1081.rlib" "/opt/rustwide/rustup-home/toolchains/beta-2023-04-20-x86_64-unknown-linux-gnu/lib/rustlib/x86_64-unknown-linux-gnu/lib/libcompiler_builtins-f0d6e4d0fc1e80b4.rlib" "-Wl,-Bdynamic" "-lgcc_s" "-lutil" "-lrt" "-lpthread" "-lm" "-ldl" "-lc" "-Wl,--eh-frame-hdr" "-Wl,-z,noexecstack" "-L" "/opt/rustwide/rustup-home/toolchains/beta-2023-04-20-x86_64-unknown-linux-gnu/lib/rustlib/x86_64-unknown-linux-gnu/lib" "-o" "/opt/rustwide/target/debug/build/wayland-sys-42f2aa98340b9ead/build_script_build-42f2aa98340b9ead" "-Wl,--gc-sections" "-pie" "-Wl,-z,relro,-z,now" "-nodefaultlibs"
[INFO] [stdout]   = note: /usr/bin/ld: final link failed: No space left on device
[INFO] [stdout]           collect2: error: ld returned 1 exit status
[INFO] [stdout]           
[INFO] [stdout] 
[INFO] [stdout] 
[INFO] [stderr] error: could not compile `wayland-sys` (build script) due to 2 previous errors
[INFO] [stderr] warning: build failed, waiting for other jobs to finish...
[INFO] [stderr] error: could not compile `bindgen` (build script) due to 2 previous errors
[INFO] [stdout] error: aborting due to previous error
[INFO] [stdout] 
[INFO] [stdout] 
[INFO] [stderr] thread 'rustc' panicked at 'assertion failed: pos.get() <= self.position()', compiler/rustc_metadata/src/rmeta/encoder.rs:452:9
[INFO] [stderr] stack backtrace:
[INFO] [stderr]    0:     0x7ff224ec1cca - std::backtrace_rs::backtrace::libunwind::trace::h2f05d0192276a8f6
[INFO] [stderr]                                at /rustc/1b7dd2252b99671ce5d1cb9664c5f8636329436d/library/std/src/../../backtrace/src/backtrace/libunwind.rs:93:5
[INFO] [stderr]    1:     0x7ff224ec1cca - std::backtrace_rs::backtrace::trace_unsynchronized::hedc23dff7a1af150
[INFO] [stderr]                                at /rustc/1b7dd2252b99671ce5d1cb9664c5f8636329436d/library/std/src/../../backtrace/src/backtrace/mod.rs:66:5
[INFO] [stderr]    2:     0x7ff224ec1cca - std::sys_common::backtrace::_print_fmt::h17541ef7592f3ce2
[INFO] [stderr]                                at /rustc/1b7dd2252b99671ce5d1cb9664c5f8636329436d/library/std/src/sys_common/backtrace.rs:65:5
[INFO] [stderr]    3:     0x7ff224ec1cca - <std::sys_common::backtrace::_print::DisplayBacktrace as core::fmt::Display>::fmt::h20f75df5ab0c0792
[INFO] [stderr]                                at /rustc/1b7dd2252b99671ce5d1cb9664c5f8636329436d/library/std/src/sys_common/backtrace.rs:44:22
[INFO] [stderr]    4:     0x7ff224f260cf - core::fmt::write::h78109e6f466b3af6
[INFO] [stderr]                                at /rustc/1b7dd2252b99671ce5d1cb9664c5f8636329436d/library/core/src/fmt/mod.rs:1254:17
[INFO] [stderr]    5:     0x7ff224eb4805 - std::io::Write::write_fmt::hc59e1b02dd273c8a
[INFO] [stderr]                                at /rustc/1b7dd2252b99671ce5d1cb9664c5f8636329436d/library/std/src/io/mod.rs:1698:15
[INFO] [stderr]    6:     0x7ff224ec1a95 - std::sys_common::backtrace::_print::h8dac57a9f8fbf9a5
[INFO] [stderr]                                at /rustc/1b7dd2252b99671ce5d1cb9664c5f8636329436d/library/std/src/sys_common/backtrace.rs:47:5
[INFO] [stderr]    7:     0x7ff224ec1a95 - std::sys_common::backtrace::print::hf9ecbf41d1aa712f
[INFO] [stderr]                                at /rustc/1b7dd2252b99671ce5d1cb9664c5f8636329436d/library/std/src/sys_common/backtrace.rs:34:9
[INFO] [stderr]    8:     0x7ff224ec473e - std::panicking::default_hook::{{closure}}::h04c07acfc84ca028
[INFO] [stderr]                                at /rustc/1b7dd2252b99671ce5d1cb9664c5f8636329436d/library/std/src/panicking.rs:269:22
[INFO] [stderr]    9:     0x7ff224ec44e5 - std::panicking::default_hook::h01f6bb23e1eceb2c
[INFO] [stderr]                                at /rustc/1b7dd2252b99671ce5d1cb9664c5f8636329436d/library/std/src/panicking.rs:288:9
[INFO] [stderr] LLVM ERROR: IO failure on output stream: No space left on device
[INFO] [stderr] error: could not compile `xml-rs` (lib)
[INFO] [stderr]   10:     0x7ff2281b4a35 - rustc_driver_impl[dc743aefd116e4d1]::DEFAULT_HOOK::{closure#0}::{closure#0}
[INFO] [stderr]   11:     0x7ff224ec4f34 - <alloc::boxed::Box<F,A> as core::ops::function::Fn<Args>>::call::h3f2d6d8b14c4769f
[INFO] [stderr]                                at /rustc/1b7dd2252b99671ce5d1cb9664c5f8636329436d/library/alloc/src/boxed.rs:1987:9
[INFO] [stderr]   12:     0x7ff224ec4f34 - std::panicking::rust_panic_with_hook::h2bb3722bbaf2f6df
[INFO] [stderr]                                at /rustc/1b7dd2252b99671ce5d1cb9664c5f8636329436d/library/std/src/panicking.rs:695:13
[INFO] [stderr]   13:     0x7ff224ec4c62 - std::panicking::begin_panic_handler::{{closure}}::h91bc7f36a4be011b
[INFO] [stderr]                                at /rustc/1b7dd2252b99671ce5d1cb9664c5f8636329436d/library/std/src/panicking.rs:580:13
[INFO] [stderr]   14:     0x7ff224ec2136 - std::sys_common::backtrace::__rust_end_short_backtrace::h8b3d3717114f9e59
[INFO] [stderr]                                at /rustc/1b7dd2252b99671ce5d1cb9664c5f8636329436d/library/std/src/sys_common/backtrace.rs:150:18
[INFO] [stderr]   15:     0x7ff224ec4a02 - rust_begin_unwind
[INFO] [stderr]                                at /rustc/1b7dd2252b99671ce5d1cb9664c5f8636329436d/library/std/src/panicking.rs:578:5
[INFO] [stderr]   16:     0x7ff224f22443 - core::panicking::panic_fmt::hfd368e3fbdabea26
[INFO] [stderr]                                at /rustc/1b7dd2252b99671ce5d1cb9664c5f8636329436d/library/core/src/panicking.rs:67:14
[INFO] [stdout] error: linking with `cc` failed: exit status: 1
[INFO] [stdout]   |
[INFO] [stdout]   = note: LC_ALL="C" PATH="/opt/rustwide/rustup-home/toolchains/beta-2023-04-20-x86_64-unknown-linux-gnu/lib/rustlib/x86_64-unknown-linux-gnu/bin:/opt/rustwide/cargo-home/bin:/usr/local/sbin:/usr/local/bin:/usr/sbin:/usr/bin:/sbin:/bin" VSLANG="1033" "cc" "-m64" "/tmp/rustcOEUUEI/symbols.o" "/opt/rustwide/target/debug/build/clang-sys-0605aae4d147cfdc/build_script_build-0605aae4d147cfdc.build_script_build.79eeea14-cgu.0.rcgu.o" "/opt/rustwide/target/debug/build/clang-sys-0605aae4d147cfdc/build_script_build-0605aae4d147cfdc.build_script_build.79eeea14-cgu.1.rcgu.o" "/opt/rustwide/target/debug/build/clang-sys-0605aae4d147cfdc/build_script_build-0605aae4d147cfdc.build_script_build.79eeea14-cgu.10.rcgu.o" "/opt/rustwide/target/debug/build/clang-sys-0605aae4d147cfdc/build_script_build-0605aae4d147cfdc.build_script_build.79eeea14-cgu.11.rcgu.o" "/opt/rustwide/target/debug/build/clang-sys-0605aae4d147cfdc/build_script_build-0605aae4d147cfdc.build_script_build.79eeea14-cgu.12.rcgu.o" "/opt/rustwide/target/debug/build/clang-sys-0605aae4d147cfdc/build_script_build-0605aae4d147cfdc.build_script_build.79eeea14-cgu.13.rcgu.o" "/opt/rustwide/target/debug/build/clang-sys-0605aae4d147cfdc/build_script_build-0605aae4d147cfdc.build_script_build.79eeea14-cgu.14.rcgu.o" "/opt/rustwide/target/debug/build/clang-sys-0605aae4d147cfdc/build_script_build-0605aae4d147cfdc.build_script_build.79eeea14-cgu.15.rcgu.o" "/opt/rustwide/target/debug/build/clang-sys-0605aae4d147cfdc/build_script_build-0605aae4d147cfdc.build_script_build.79eeea14-cgu.2.rcgu.o" "/opt/rustwide/target/debug/build/clang-sys-0605aae4d147cfdc/build_script_build-0605aae4d147cfdc.build_script_build.79eeea14-cgu.3.rcgu.o" "/opt/rustwide/target/debug/build/clang-sys-0605aae4d147cfdc/build_script_build-0605aae4d147cfdc.build_script_build.79eeea14-cgu.4.rcgu.o" "/opt/rustwide/target/debug/build/clang-sys-0605aae4d147cfdc/build_script_build-0605aae4d147cfdc.build_script_build.79eeea14-cgu.5.rcgu.o" "/opt/rustwide/target/debug/build/clang-sys-0605aae4d147cfdc/build_script_build-0605aae4d147cfdc.build_script_build.79eeea14-cgu.6.rcgu.o" "/opt/rustwide/target/debug/build/clang-sys-0605aae4d147cfdc/build_script_build-0605aae4d147cfdc.build_script_build.79eeea14-cgu.7.rcgu.o" "/opt/rustwide/target/debug/build/clang-sys-0605aae4d147cfdc/build_script_build-0605aae4d147cfdc.build_script_build.79eeea14-cgu.8.rcgu.o" "/opt/rustwide/target/debug/build/clang-sys-0605aae4d147cfdc/build_script_build-0605aae4d147cfdc.build_script_build.79eeea14-cgu.9.rcgu.o" "/opt/rustwide/target/debug/build/clang-sys-0605aae4d147cfdc/build_script_build-0605aae4d147cfdc.2iial8et3h5f3qgu.rcgu.o" "-Wl,--as-needed" "-L" "/opt/rustwide/target/debug/deps" "-L" "/opt/rustwide/rustup-home/toolchains/beta-2023-04-20-x86_64-unknown-linux-gnu/lib/rustlib/x86_64-unknown-linux-gnu/lib" "-Wl,-Bstatic" "/opt/rustwide/target/debug/deps/libglob-f32af335e0cb2517.rlib" "/opt/rustwide/rustup-home/toolchains/beta-2023-04-20-x86_64-unknown-linux-gnu/lib/rustlib/x86_64-unknown-linux-gnu/lib/libstd-0e29cc23c5e02021.rlib" "/opt/rustwide/rustup-home/toolchains/beta-2023-04-20-x86_64-unknown-linux-gnu/lib/rustlib/x86_64-unknown-linux-gnu/lib/libpanic_unwind-d903621768a861d9.rlib" "/opt/rustwide/rustup-home/toolchains/beta-2023-04-20-x86_64-unknown-linux-gnu/lib/rustlib/x86_64-unknown-linux-gnu/lib/libobject-6d0225e655f31c13.rlib" "/opt/rustwide/rustup-home/toolchains/beta-2023-04-20-x86_64-unknown-linux-gnu/lib/rustlib/x86_64-unknown-linux-gnu/lib/libmemchr-9dbaf4eac7eaa079.rlib" "/opt/rustwide/rustup-home/toolchains/beta-2023-04-20-x86_64-unknown-linux-gnu/lib/rustlib/x86_64-unknown-linux-gnu/lib/libaddr2line-27f05b3d42a66dd0.rlib" "/opt/rustwide/rustup-home/toolchains/beta-2023-04-20-x86_64-unknown-linux-gnu/lib/rustlib/x86_64-unknown-linux-gnu/lib/libgimli-4d73f1030321c9a2.rlib" "/opt/rustwide/rustup-home/toolchains/beta-2023-04-20-x86_64-unknown-linux-gnu/lib/rustlib/x86_64-unknown-linux-gnu/lib/librustc_demangle-2846c9e58abd0acb.rlib" "/opt/rustwide/rustup-home/toolchains/beta-2023-04-20-x86_64-unknown-linux-gnu/lib/rustlib/x86_64-unknown-linux-gnu/lib/libstd_detect-a53d0f50415947be.rlib" "/opt/rustwide/rustup-home/toolchains/beta-2023-04-20-x86_64-unknown-linux-gnu/lib/rustlib/x86_64-unknown-linux-gnu/lib/libhashbrown-d48e4b6abc25b9dc.rlib" "/opt/rustwide/rustup-home/toolchains/beta-2023-04-20-x86_64-unknown-linux-gnu/lib/rustlib/x86_64-unknown-linux-gnu/lib/libminiz_oxide-2991859439ef1207.rlib" "/opt/rustwide/rustup-home/toolchains/beta-2023-04-20-x86_64-unknown-linux-gnu/lib/rustlib/x86_64-unknown-linux-gnu/lib/libadler-8a687517e4221bae.rlib" "/opt/rustwide/rustup-home/toolchains/beta-2023-04-20-x86_64-unknown-linux-gnu/lib/rustlib/x86_64-unknown-linux-gnu/lib/librustc_std_workspace_alloc-e07b554f6a67f5b3.rlib" "/opt/rustwide/rustup-home/toolchains/beta-2023-04-20-x86_64-unknown-linux-gnu/lib/rustlib/x86_64-unknown-linux-gnu/lib/libunwind-b68238b7c3c619dd.rlib" "/opt/rustwide/rustup-home/toolchains/beta-2023-04-20-x86_64-unknown-linux-gnu/lib/rustlib/x86_64-unknown-linux-gnu/lib/libcfg_if-d5e213e896c017e4.rlib" "/opt/rustwide/rustup-home/toolchains/beta-2023-04-20-x86_64-unknown-linux-gnu/lib/rustlib/x86_64-unknown-linux-gnu/lib/liblibc-0211a3b2e61d8689.rlib" "/opt/rustwide/rustup-home/toolchains/beta-2023-04-20-x86_64-unknown-linux-gnu/lib/rustlib/x86_64-unknown-linux-gnu/lib/liballoc-b371f055239ba51f.rlib" "/opt/rustwide/rustup-home/toolchains/beta-2023-04-20-x86_64-unknown-linux-gnu/lib/rustlib/x86_64-unknown-linux-gnu/lib/librustc_std_workspace_core-e60518d2760eb01e.rlib" "/opt/rustwide/rustup-home/toolchains/beta-2023-04-20-x86_64-unknown-linux-gnu/lib/rustlib/x86_64-unknown-linux-gnu/lib/libcore-1ad943f92a4b1081.rlib" "/opt/rustwide/rustup-home/toolchains/beta-2023-04-20-x86_64-unknown-linux-gnu/lib/rustlib/x86_64-unknown-linux-gnu/lib/libcompiler_builtins-f0d6e4d0fc1e80b4.rlib" "-Wl,-Bdynamic" "-lgcc_s" "-lutil" "-lrt" "-lpthread" "-lm" "-ldl" "-lc" "-Wl,--eh-frame-hdr" "-Wl,-z,noexecstack" "-L" "/opt/rustwide/rustup-home/toolchains/beta-2023-04-20-x86_64-unknown-linux-gnu/lib/rustlib/x86_64-unknown-linux-gnu/lib" "-o" "/opt/rustwide/target/debug/build/clang-sys-0605aae4d147cfdc/build_script_build-0605aae4d147cfdc" "-Wl,--gc-sections" "-pie" "-Wl,-z,relro,-z,now" "-nodefaultlibs"
[INFO] [stdout]   = note: /usr/bin/ld: final link failed: No space left on device
[INFO] [stdout]           collect2: error: ld returned 1 exit status
[INFO] [stdout]           
[INFO] [stdout] 
[INFO] [stdout] 
[INFO] [stderr]   17:     0x7ff224f224dd - core::panicking::panic::h3f9042d09bd0bf2e
[INFO] [stdout] error: aborting due to previous error
[INFO] [stdout] 
[INFO] [stdout] 
[INFO] [stderr]                                at /rustc/1b7dd2252b99671ce5d1cb9664c5f8636329436d/library/core/src/panicking.rs:117:5
[INFO] [stderr]   18:     0x7ff2274fd79e - <rustc_metadata[265efc8f25a37d70]::rmeta::encoder::EncodeContext>::encode_crate_root
[INFO] [stderr]   19:     0x7ff227491f89 - rustc_metadata[265efc8f25a37d70]::rmeta::encoder::encode_metadata_impl
[INFO] [stderr]   20:     0x7ff227485951 - rustc_data_structures[f629b2cb664ef839]::sync::join::<rustc_metadata[265efc8f25a37d70]::rmeta::encoder::encode_metadata::{closure#0}, rustc_metadata[265efc8f25a37d70]::rmeta::encoder::encode_metadata::{closure#1}, (), ()>
[INFO] [stderr]   21:     0x7ff22748566f - rustc_metadata[265efc8f25a37d70]::rmeta::encoder::encode_metadata
[INFO] [stderr]   22:     0x7ff227484a01 - rustc_metadata[265efc8f25a37d70]::fs::encode_and_write_metadata
[INFO] [stderr]   23:     0x7ff22747e190 - rustc_interface[a065794b3504c0d8]::passes::start_codegen
[INFO] [stderr]   24:     0x7ff2274795c4 - <rustc_middle[190fc878b70c43dc]::ty::context::GlobalCtxt>::enter::<<rustc_interface[a065794b3504c0d8]::queries::Queries>::ongoing_codegen::{closure#0}::{closure#0}, core[5dceb995eb6c8c1c]::result::Result<alloc[2e017f7c06744add]::boxed::Box<dyn core[5dceb995eb6c8c1c]::any::Any>, rustc_span[1c1785c13b4703b1]::ErrorGuaranteed>>
[INFO] [stderr]   25:     0x7ff227477c68 - <rustc_interface[a065794b3504c0d8]::queries::Queries>::ongoing_codegen
[INFO] [stderr]   26:     0x7ff227477471 - <rustc_interface[a065794b3504c0d8]::interface::Compiler>::enter::<rustc_driver_impl[dc743aefd116e4d1]::run_compiler::{closure#1}::{closure#2}, core[5dceb995eb6c8c1c]::result::Result<core[5dceb995eb6c8c1c]::option::Option<rustc_interface[a065794b3504c0d8]::queries::Linker>, rustc_span[1c1785c13b4703b1]::ErrorGuaranteed>>
[INFO] [stderr]   27:     0x7ff227472691 - rustc_span[1c1785c13b4703b1]::set_source_map::<core[5dceb995eb6c8c1c]::result::Result<(), rustc_span[1c1785c13b4703b1]::ErrorGuaranteed>, rustc_interface[a065794b3504c0d8]::interface::run_compiler<core[5dceb995eb6c8c1c]::result::Result<(), rustc_span[1c1785c13b4703b1]::ErrorGuaranteed>, rustc_driver_impl[dc743aefd116e4d1]::run_compiler::{closure#1}>::{closure#0}::{closure#0}>
[INFO] [stderr]   28:     0x7ff227471c3f - std[c49fe71d1e153478]::sys_common::backtrace::__rust_begin_short_backtrace::<rustc_interface[a065794b3504c0d8]::util::run_in_thread_pool_with_globals<rustc_interface[a065794b3504c0d8]::interface::run_compiler<core[5dceb995eb6c8c1c]::result::Result<(), rustc_span[1c1785c13b4703b1]::ErrorGuaranteed>, rustc_driver_impl[dc743aefd116e4d1]::run_compiler::{closure#1}>::{closure#0}, core[5dceb995eb6c8c1c]::result::Result<(), rustc_span[1c1785c13b4703b1]::ErrorGuaranteed>>::{closure#0}::{closure#0}, core[5dceb995eb6c8c1c]::result::Result<(), rustc_span[1c1785c13b4703b1]::ErrorGuaranteed>>
[INFO] [stderr]   29:     0x7ff227a824e1 - <<std[c49fe71d1e153478]::thread::Builder>::spawn_unchecked_<rustc_interface[a065794b3504c0d8]::util::run_in_thread_pool_with_globals<rustc_interface[a065794b3504c0d8]::interface::run_compiler<core[5dceb995eb6c8c1c]::result::Result<(), rustc_span[1c1785c13b4703b1]::ErrorGuaranteed>, rustc_driver_impl[dc743aefd116e4d1]::run_compiler::{closure#1}>::{closure#0}, core[5dceb995eb6c8c1c]::result::Result<(), rustc_span[1c1785c13b4703b1]::ErrorGuaranteed>>::{closure#0}::{closure#0}, core[5dceb995eb6c8c1c]::result::Result<(), rustc_span[1c1785c13b4703b1]::ErrorGuaranteed>>::{closure#1} as core[5dceb995eb6c8c1c]::ops::function::FnOnce<()>>::call_once::{shim:vtable#0}
[INFO] [stderr]   30:     0x7ff224ecf3b5 - <alloc::boxed::Box<F,A> as core::ops::function::FnOnce<Args>>::call_once::h0d83cb2920a49046
[INFO] [stderr]                                at /rustc/1b7dd2252b99671ce5d1cb9664c5f8636329436d/library/alloc/src/boxed.rs:1973:9
[INFO] [stderr]   31:     0x7ff224ecf3b5 - <alloc::boxed::Box<F,A> as core::ops::function::FnOnce<Args>>::call_once::hbe0a008aa7d9ef59
[INFO] [stderr]                                at /rustc/1b7dd2252b99671ce5d1cb9664c5f8636329436d/library/alloc/src/boxed.rs:1973:9
[INFO] [stderr]   32:     0x7ff224ecf3b5 - std::sys::unix::thread::Thread::new::thread_start::h3a466996bdf6b1f9
[INFO] [stderr]                                at /rustc/1b7dd2252b99671ce5d1cb9664c5f8636329436d/library/std/src/sys/unix/thread.rs:108:17
[INFO] [stderr]   33:     0x7ff224c05b43 - <unknown>
[INFO] [stderr]   34:     0x7ff224c96bb4 - __clone
[INFO] [stderr]   35:                0x0 - <unknown>
[INFO] [stderr] 
[INFO] [stderr] error: the compiler unexpectedly panicked. this is a bug.
[INFO] [stderr] 
[INFO] [stderr] note: we would appreciate a bug report: https://github.com/rust-lang/rust/issues/new?labels=C-bug%2C+I-ICE%2C+T-compiler&template=ice.md
[INFO] [stderr] 
[INFO] [stderr] note: rustc 1.70.0-beta.1 (1b7dd2252 2023-04-19) running on x86_64-unknown-linux-gnu
[INFO] [stderr] 
[INFO] [stderr] note: compiler flags: --crate-type lib -C embed-bitcode=no
[INFO] [stderr] 
[INFO] [stderr] note: some of the compiler flags provided by cargo are hidden
[INFO] [stderr] 
[INFO] [stderr] query stack during panic:
[INFO] [stderr] end of query stack
[INFO] [stderr] error: could not compile `clang-sys` (build script) due to 2 previous errors
[INFO] [stderr] error: could not compile `proc-macro2` (lib)
[INFO] [stderr] thread 'rustc' panicked at 'assertion failed: pos.get() <= self.position()', compiler/rustc_metadata/src/rmeta/encoder.rs:433:9
[INFO] [stderr] LLVM ERROR: IO failure on output stream: No space left on device
[INFO] [stderr] thread 'rustc' panicked at 'assertion failed: pos.get() <= self.position()', compiler/rustc_metadata/src/rmeta/encoder.rs:433:9
[INFO] [stderr] error: could not compile `aho-corasick` (lib)
[INFO] [stderr] error: could not compile `libc` (lib)
[INFO] [stderr] error: could not compile `libc` (lib)
[INFO] [stderr] thread 'rustc' panicked at 'assertion failed: pos.get() <= self.position()', compiler/rustc_metadata/src/rmeta/encoder.rs:433:9
[INFO] [stderr] error: could not compile `regex-syntax` (lib)
[INFO] [stderr] thread 'rustc' panicked at 'assertion failed: pos.get() <= self.position()', compiler/rustc_metadata/src/rmeta/encoder.rs:433:9
[INFO] [stderr] error: could not compile `nom` (lib)
[INFO] running `Command { std: "docker" "inspect" "50d6eef3338f9debea351d085bbdb8786244f5883b7161d80ab0aecec57a3644", kill_on_drop: false }`
[INFO] running `Command { std: "docker" "rm" "-f" "50d6eef3338f9debea351d085bbdb8786244f5883b7161d80ab0aecec57a3644", kill_on_drop: false }`
[INFO] [stdout] 50d6eef3338f9debea351d085bbdb8786244f5883b7161d80ab0aecec57a3644
