[INFO] cloning repository https://github.com/vagicc/www.xueyigou.cn
[INFO] running `Command { std: "git" "-c" "credential.helper=" "-c" "credential.helper=/workspace/cargo-home/bin/git-credential-null" "clone" "--bare" "https://github.com/vagicc/www.xueyigou.cn" "/workspace/cache/git-repos/https%3A%2F%2Fgithub.com%2Fvagicc%2Fwww.xueyigou.cn", kill_on_drop: false }`
[INFO] [stderr] Cloning into bare repository '/workspace/cache/git-repos/https%3A%2F%2Fgithub.com%2Fvagicc%2Fwww.xueyigou.cn'...
[INFO] running `Command { std: "git" "rev-parse" "HEAD", kill_on_drop: false }`
[INFO] [stdout] f7e85d5edfcd9333261c3a3263abdee60b3e93f6
[INFO] documenting vagicc/www.xueyigou.cn against beta-2023-04-20 for beta-1.70-rustdoc-1
[INFO] running `Command { std: "git" "clone" "/workspace/cache/git-repos/https%3A%2F%2Fgithub.com%2Fvagicc%2Fwww.xueyigou.cn" "/workspace/builds/worker-1-tc2/source", kill_on_drop: false }`
[INFO] [stderr] Cloning into '/workspace/builds/worker-1-tc2/source'...
[INFO] [stderr] done.
[INFO] validating manifest of git repo https://github.com/vagicc/www.xueyigou.cn on toolchain beta-2023-04-20
[INFO] running `Command { std: CARGO_HOME="/workspace/cargo-home" RUSTUP_HOME="/workspace/rustup-home" "/workspace/cargo-home/bin/cargo" "+beta-2023-04-20" "metadata" "--manifest-path" "Cargo.toml" "--no-deps", kill_on_drop: false }`
[INFO] started tweaking git repo https://github.com/vagicc/www.xueyigou.cn
[INFO] finished tweaking git repo https://github.com/vagicc/www.xueyigou.cn
[INFO] tweaked toml for git repo https://github.com/vagicc/www.xueyigou.cn written to /workspace/builds/worker-1-tc2/source/Cargo.toml
[INFO] crate git repo https://github.com/vagicc/www.xueyigou.cn already has a lockfile, it will not be regenerated
[INFO] running `Command { std: CARGO_HOME="/workspace/cargo-home" RUSTUP_HOME="/workspace/rustup-home" "/workspace/cargo-home/bin/cargo" "+beta-2023-04-20" "fetch" "--manifest-path" "Cargo.toml", kill_on_drop: false }`
[INFO] [stderr]  Downloading crates ...
[INFO] [stderr]   Downloaded bcrypt v0.9.0
[INFO] [stderr]   Downloaded blowfish v0.7.0
[INFO] [stderr]   Downloaded handlebars v4.1.5
[INFO] running `Command { std: "docker" "create" "-v" "/var/lib/crater-agent-workspace/builds/worker-1-tc2/target:/opt/rustwide/target:rw,Z" "-v" "/var/lib/crater-agent-workspace/builds/worker-1-tc2/source:/opt/rustwide/workdir:ro,Z" "-v" "/var/lib/crater-agent-workspace/cargo-home:/opt/rustwide/cargo-home:ro,Z" "-v" "/var/lib/crater-agent-workspace/rustup-home:/opt/rustwide/rustup-home:ro,Z" "-e" "SOURCE_DIR=/opt/rustwide/workdir" "-e" "CARGO_TARGET_DIR=/opt/rustwide/target" "-e" "CARGO_HOME=/opt/rustwide/cargo-home" "-e" "RUSTUP_HOME=/opt/rustwide/rustup-home" "-w" "/opt/rustwide/workdir" "-m" "1610612736" "--user" "0:0" "--network" "none" "ghcr.io/rust-lang/crates-build-env/linux@sha256:5ff2268d62e97bff2cde7d5815dd6ed5b47097566f13b8d0ca110b04b60e07ed" "/opt/rustwide/cargo-home/bin/cargo" "+beta-2023-04-20" "metadata" "--no-deps" "--format-version=1", kill_on_drop: false }`
[INFO] [stdout] a7aecf3df09b94aa8cb02514db0c1743ae03042011ff958132858451c4c8fa6c
[INFO] running `Command { std: "docker" "start" "-a" "a7aecf3df09b94aa8cb02514db0c1743ae03042011ff958132858451c4c8fa6c", kill_on_drop: false }`
[INFO] running `Command { std: "docker" "inspect" "a7aecf3df09b94aa8cb02514db0c1743ae03042011ff958132858451c4c8fa6c", kill_on_drop: false }`
[INFO] running `Command { std: "docker" "rm" "-f" "a7aecf3df09b94aa8cb02514db0c1743ae03042011ff958132858451c4c8fa6c", kill_on_drop: false }`
[INFO] [stdout] a7aecf3df09b94aa8cb02514db0c1743ae03042011ff958132858451c4c8fa6c
[INFO] running `Command { std: "docker" "create" "-v" "/var/lib/crater-agent-workspace/builds/worker-1-tc2/target:/opt/rustwide/target:rw,Z" "-v" "/var/lib/crater-agent-workspace/builds/worker-1-tc2/source:/opt/rustwide/workdir:ro,Z" "-v" "/var/lib/crater-agent-workspace/cargo-home:/opt/rustwide/cargo-home:ro,Z" "-v" "/var/lib/crater-agent-workspace/rustup-home:/opt/rustwide/rustup-home:ro,Z" "-e" "SOURCE_DIR=/opt/rustwide/workdir" "-e" "CARGO_TARGET_DIR=/opt/rustwide/target" "-e" "CARGO_INCREMENTAL=0" "-e" "RUST_BACKTRACE=full" "-e" "RUSTFLAGS=--cap-lints=warn" "-e" "RUSTDOCFLAGS=--cap-lints=warn" "-e" "CARGO_HOME=/opt/rustwide/cargo-home" "-e" "RUSTUP_HOME=/opt/rustwide/rustup-home" "-w" "/opt/rustwide/workdir" "-m" "1610612736" "--user" "0:0" "--network" "none" "ghcr.io/rust-lang/crates-build-env/linux@sha256:5ff2268d62e97bff2cde7d5815dd6ed5b47097566f13b8d0ca110b04b60e07ed" "/opt/rustwide/cargo-home/bin/cargo" "+beta-2023-04-20" "doc" "--frozen" "--no-deps" "--document-private-items" "--message-format=json", kill_on_drop: false }`
[INFO] [stdout] d7095469a8f67357b427c69ec4054cdbb049a8a835875ce70a2b262ea6e58508
[INFO] running `Command { std: "docker" "start" "-a" "d7095469a8f67357b427c69ec4054cdbb049a8a835875ce70a2b262ea6e58508", kill_on_drop: false }`
[INFO] [stderr]    Compiling libc v0.2.94
[INFO] [stderr]    Compiling autocfg v1.0.1
[INFO] [stderr]     Checking cfg-if v1.0.0
[INFO] [stderr]    Compiling proc-macro2 v1.0.26
[INFO] [stderr]    Compiling unicode-xid v0.2.2
[INFO] [stderr]    Compiling syn v1.0.72
[INFO] [stderr]    Compiling version_check v0.9.3
[INFO] [stderr]    Compiling log v0.4.14
[INFO] [stderr]     Checking itoa v0.4.7
[INFO] [stderr]    Compiling typenum v1.13.0
[INFO] [stderr]     Checking bytes v1.1.0
[INFO] [stderr]    Compiling memchr v2.4.0
[INFO] [stderr]     Checking pin-project-lite v0.2.6
[INFO] [stderr]    Compiling futures-core v0.3.17
[INFO] [stderr]    Compiling getrandom v0.2.2
[INFO] [stderr]    Compiling serde_derive v1.0.130
[INFO] [stderr]    Compiling serde v1.0.130
[INFO] [stderr]     Checking fnv v1.0.7
[INFO] [stderr]     Checking futures-sink v0.3.17
[INFO] [stderr]    Compiling futures-task v0.3.17
[INFO] [stderr]    Compiling cc v1.0.67
[INFO] [stderr]     Checking matches v0.1.8
[INFO] [stderr] LLVM ERROR: IO failure on output stream: No space left on device
[INFO] [stderr] LLVM ERROR: IO failure on output stream: No space left on device
[INFO] [stderr] LLVM ERROR: IO failure on output stream: No space left on device
[INFO] [stderr] LLVM ERROR: IO failure on output stream: No space left on device
[INFO] [stderr] error: could not compile `futures-task` (build script)
[INFO] [stderr] warning: build failed, waiting for other jobs to finish...
[INFO] [stderr] error: could not compile `getrandom` (build script)
[INFO] [stderr] error: could not compile `proc-macro2` (build script)
[INFO] [stderr] LLVM ERROR: IO failure on output stream: No space left on device
[INFO] [stderr] LLVM ERROR: IO failure on output stream: No space left on device
[INFO] [stdout] error: linking with `cc` failed: exit status: 1
[INFO] [stdout]   |
[INFO] [stdout]   = note: LC_ALL="C" PATH="/opt/rustwide/rustup-home/toolchains/beta-2023-04-20-x86_64-unknown-linux-gnu/lib/rustlib/x86_64-unknown-linux-gnu/bin:/opt/rustwide/cargo-home/bin:/usr/local/sbin:/usr/local/bin:/usr/sbin:/usr/bin:/sbin:/bin" VSLANG="1033" "cc" "-m64" "/tmp/rustc4yQP1m/symbols.o" "/opt/rustwide/target/debug/build/log-cef58145de0bad63/build_script_build-cef58145de0bad63.build_script_build.519d7b43-cgu.0.rcgu.o" "/opt/rustwide/target/debug/build/log-cef58145de0bad63/build_script_build-cef58145de0bad63.build_script_build.519d7b43-cgu.1.rcgu.o" "/opt/rustwide/target/debug/build/log-cef58145de0bad63/build_script_build-cef58145de0bad63.build_script_build.519d7b43-cgu.10.rcgu.o" "/opt/rustwide/target/debug/build/log-cef58145de0bad63/build_script_build-cef58145de0bad63.build_script_build.519d7b43-cgu.11.rcgu.o" "/opt/rustwide/target/debug/build/log-cef58145de0bad63/build_script_build-cef58145de0bad63.build_script_build.519d7b43-cgu.12.rcgu.o" "/opt/rustwide/target/debug/build/log-cef58145de0bad63/build_script_build-cef58145de0bad63.build_script_build.519d7b43-cgu.13.rcgu.o" "/opt/rustwide/target/debug/build/log-cef58145de0bad63/build_script_build-cef58145de0bad63.build_script_build.519d7b43-cgu.14.rcgu.o" "/opt/rustwide/target/debug/build/log-cef58145de0bad63/build_script_build-cef58145de0bad63.build_script_build.519d7b43-cgu.15.rcgu.o" "/opt/rustwide/target/debug/build/log-cef58145de0bad63/build_script_build-cef58145de0bad63.build_script_build.519d7b43-cgu.2.rcgu.o" "/opt/rustwide/target/debug/build/log-cef58145de0bad63/build_script_build-cef58145de0bad63.build_script_build.519d7b43-cgu.3.rcgu.o" "/opt/rustwide/target/debug/build/log-cef58145de0bad63/build_script_build-cef58145de0bad63.build_script_build.519d7b43-cgu.4.rcgu.o" "/opt/rustwide/target/debug/build/log-cef58145de0bad63/build_script_build-cef58145de0bad63.build_script_build.519d7b43-cgu.5.rcgu.o" "/opt/rustwide/target/debug/build/log-cef58145de0bad63/build_script_build-cef58145de0bad63.build_script_build.519d7b43-cgu.6.rcgu.o" "/opt/rustwide/target/debug/build/log-cef58145de0bad63/build_script_build-cef58145de0bad63.build_script_build.519d7b43-cgu.7.rcgu.o" "/opt/rustwide/target/debug/build/log-cef58145de0bad63/build_script_build-cef58145de0bad63.build_script_build.519d7b43-cgu.8.rcgu.o" "/opt/rustwide/target/debug/build/log-cef58145de0bad63/build_script_build-cef58145de0bad63.build_script_build.519d7b43-cgu.9.rcgu.o" "/opt/rustwide/target/debug/build/log-cef58145de0bad63/build_script_build-cef58145de0bad63.4j2i1i2k9wruf336.rcgu.o" "-Wl,--as-needed" "-L" "/opt/rustwide/target/debug/deps" "-L" "/opt/rustwide/rustup-home/toolchains/beta-2023-04-20-x86_64-unknown-linux-gnu/lib/rustlib/x86_64-unknown-linux-gnu/lib" "-Wl,-Bstatic" "/opt/rustwide/rustup-home/toolchains/beta-2023-04-20-x86_64-unknown-linux-gnu/lib/rustlib/x86_64-unknown-linux-gnu/lib/libstd-0e29cc23c5e02021.rlib" "/opt/rustwide/rustup-home/toolchains/beta-2023-04-20-x86_64-unknown-linux-gnu/lib/rustlib/x86_64-unknown-linux-gnu/lib/libpanic_unwind-d903621768a861d9.rlib" "/opt/rustwide/rustup-home/toolchains/beta-2023-04-20-x86_64-unknown-linux-gnu/lib/rustlib/x86_64-unknown-linux-gnu/lib/libobject-6d0225e655f31c13.rlib" "/opt/rustwide/rustup-home/toolchains/beta-2023-04-20-x86_64-unknown-linux-gnu/lib/rustlib/x86_64-unknown-linux-gnu/lib/libmemchr-9dbaf4eac7eaa079.rlib" "/opt/rustwide/rustup-home/toolchains/beta-2023-04-20-x86_64-unknown-linux-gnu/lib/rustlib/x86_64-unknown-linux-gnu/lib/libaddr2line-27f05b3d42a66dd0.rlib" "/opt/rustwide/rustup-home/toolchains/beta-2023-04-20-x86_64-unknown-linux-gnu/lib/rustlib/x86_64-unknown-linux-gnu/lib/libgimli-4d73f1030321c9a2.rlib" "/opt/rustwide/rustup-home/toolchains/beta-2023-04-20-x86_64-unknown-linux-gnu/lib/rustlib/x86_64-unknown-linux-gnu/lib/librustc_demangle-2846c9e58abd0acb.rlib" "/opt/rustwide/rustup-home/toolchains/beta-2023-04-20-x86_64-unknown-linux-gnu/lib/rustlib/x86_64-unknown-linux-gnu/lib/libstd_detect-a53d0f50415947be.rlib" "/opt/rustwide/rustup-home/toolchains/beta-2023-04-20-x86_64-unknown-linux-gnu/lib/rustlib/x86_64-unknown-linux-gnu/lib/libhashbrown-d48e4b6abc25b9dc.rlib" "/opt/rustwide/rustup-home/toolchains/beta-2023-04-20-x86_64-unknown-linux-gnu/lib/rustlib/x86_64-unknown-linux-gnu/lib/libminiz_oxide-2991859439ef1207.rlib" "/opt/rustwide/rustup-home/toolchains/beta-2023-04-20-x86_64-unknown-linux-gnu/lib/rustlib/x86_64-unknown-linux-gnu/lib/libadler-8a687517e4221bae.rlib" "/opt/rustwide/rustup-home/toolchains/beta-2023-04-20-x86_64-unknown-linux-gnu/lib/rustlib/x86_64-unknown-linux-gnu/lib/librustc_std_workspace_alloc-e07b554f6a67f5b3.rlib" "/opt/rustwide/rustup-home/toolchains/beta-2023-04-20-x86_64-unknown-linux-gnu/lib/rustlib/x86_64-unknown-linux-gnu/lib/libunwind-b68238b7c3c619dd.rlib" "/opt/rustwide/rustup-home/toolchains/beta-2023-04-20-x86_64-unknown-linux-gnu/lib/rustlib/x86_64-unknown-linux-gnu/lib/libcfg_if-d5e213e896c017e4.rlib" "/opt/rustwide/rustup-home/toolchains/beta-2023-04-20-x86_64-unknown-linux-gnu/lib/rustlib/x86_64-unknown-linux-gnu/lib/liblibc-0211a3b2e61d8689.rlib" "/opt/rustwide/rustup-home/toolchains/beta-2023-04-20-x86_64-unknown-linux-gnu/lib/rustlib/x86_64-unknown-linux-gnu/lib/liballoc-b371f055239ba51f.rlib" "/opt/rustwide/rustup-home/toolchains/beta-2023-04-20-x86_64-unknown-linux-gnu/lib/rustlib/x86_64-unknown-linux-gnu/lib/librustc_std_workspace_core-e60518d2760eb01e.rlib" "/opt/rustwide/rustup-home/toolchains/beta-2023-04-20-x86_64-unknown-linux-gnu/lib/rustlib/x86_64-unknown-linux-gnu/lib/libcore-1ad943f92a4b1081.rlib" "/opt/rustwide/rustup-home/toolchains/beta-2023-04-20-x86_64-unknown-linux-gnu/lib/rustlib/x86_64-unknown-linux-gnu/lib/libcompiler_builtins-f0d6e4d0fc1e80b4.rlib" "-Wl,-Bdynamic" "-lgcc_s" "-lutil" "-lrt" "-lpthread" "-lm" "-ldl" "-lc" "-Wl,--eh-frame-hdr" "-Wl,-z,noexecstack" "-L" "/opt/rustwide/rustup-home/toolchains/beta-2023-04-20-x86_64-unknown-linux-gnu/lib/rustlib/x86_64-unknown-linux-gnu/lib" "-o" "/opt/rustwide/target/debug/build/log-cef58145de0bad63/build_script_build-cef58145de0bad63" "-Wl,--gc-sections" "-pie" "-Wl,-z,relro,-z,now" "-nodefaultlibs"
[INFO] [stdout]   = note: /usr/bin/ld: final link failed: No space left on device
[INFO] [stdout]           collect2: error: ld returned 1 exit status
[INFO] [stdout]           
[INFO] [stdout] 
[INFO] [stdout] 
[INFO] [stderr] error: could not compile `serde` (build script)
[INFO] [stderr] error: could not compile `version_check` (lib)
[INFO] [stderr] error: could not compile `log` (build script) due to previous error
[INFO] [stderr] error: could not compile `autocfg` (lib)
[INFO] [stderr] LLVM ERROR: IO failure on output stream: No space left on device
[INFO] [stdout] error: linking with `cc` failed: exit status: 1
[INFO] [stdout]   |
[INFO] [stdout]   = note: LC_ALL="C" PATH="/opt/rustwide/rustup-home/toolchains/beta-2023-04-20-x86_64-unknown-linux-gnu/lib/rustlib/x86_64-unknown-linux-gnu/bin:/opt/rustwide/cargo-home/bin:/usr/local/sbin:/usr/local/bin:/usr/sbin:/usr/bin:/sbin:/bin" VSLANG="1033" "cc" "-m64" "/tmp/rustcy7aQT8/symbols.o" "/opt/rustwide/target/debug/build/futures-core-7ad37c7a69901f3b/build_script_build-7ad37c7a69901f3b.build_script_build.a143a1be-cgu.0.rcgu.o" "/opt/rustwide/target/debug/build/futures-core-7ad37c7a69901f3b/build_script_build-7ad37c7a69901f3b.build_script_build.a143a1be-cgu.1.rcgu.o" "/opt/rustwide/target/debug/build/futures-core-7ad37c7a69901f3b/build_script_build-7ad37c7a69901f3b.build_script_build.a143a1be-cgu.10.rcgu.o" "/opt/rustwide/target/debug/build/futures-core-7ad37c7a69901f3b/build_script_build-7ad37c7a69901f3b.build_script_build.a143a1be-cgu.11.rcgu.o" "/opt/rustwide/target/debug/build/futures-core-7ad37c7a69901f3b/build_script_build-7ad37c7a69901f3b.build_script_build.a143a1be-cgu.12.rcgu.o" "/opt/rustwide/target/debug/build/futures-core-7ad37c7a69901f3b/build_script_build-7ad37c7a69901f3b.build_script_build.a143a1be-cgu.13.rcgu.o" "/opt/rustwide/target/debug/build/futures-core-7ad37c7a69901f3b/build_script_build-7ad37c7a69901f3b.build_script_build.a143a1be-cgu.14.rcgu.o" "/opt/rustwide/target/debug/build/futures-core-7ad37c7a69901f3b/build_script_build-7ad37c7a69901f3b.build_script_build.a143a1be-cgu.15.rcgu.o" "/opt/rustwide/target/debug/build/futures-core-7ad37c7a69901f3b/build_script_build-7ad37c7a69901f3b.build_script_build.a143a1be-cgu.2.rcgu.o" "/opt/rustwide/target/debug/build/futures-core-7ad37c7a69901f3b/build_script_build-7ad37c7a69901f3b.build_script_build.a143a1be-cgu.3.rcgu.o" "/opt/rustwide/target/debug/build/futures-core-7ad37c7a69901f3b/build_script_build-7ad37c7a69901f3b.build_script_build.a143a1be-cgu.4.rcgu.o" "/opt/rustwide/target/debug/build/futures-core-7ad37c7a69901f3b/build_script_build-7ad37c7a69901f3b.build_script_build.a143a1be-cgu.5.rcgu.o" "/opt/rustwide/target/debug/build/futures-core-7ad37c7a69901f3b/build_script_build-7ad37c7a69901f3b.build_script_build.a143a1be-cgu.6.rcgu.o" "/opt/rustwide/target/debug/build/futures-core-7ad37c7a69901f3b/build_script_build-7ad37c7a69901f3b.build_script_build.a143a1be-cgu.7.rcgu.o" "/opt/rustwide/target/debug/build/futures-core-7ad37c7a69901f3b/build_script_build-7ad37c7a69901f3b.build_script_build.a143a1be-cgu.8.rcgu.o" "/opt/rustwide/target/debug/build/futures-core-7ad37c7a69901f3b/build_script_build-7ad37c7a69901f3b.build_script_build.a143a1be-cgu.9.rcgu.o" "/opt/rustwide/target/debug/build/futures-core-7ad37c7a69901f3b/build_script_build-7ad37c7a69901f3b.45le7qpaw68xfk2y.rcgu.o" "-Wl,--as-needed" "-L" "/opt/rustwide/target/debug/deps" "-L" "/opt/rustwide/rustup-home/toolchains/beta-2023-04-20-x86_64-unknown-linux-gnu/lib/rustlib/x86_64-unknown-linux-gnu/lib" "-Wl,-Bstatic" "/opt/rustwide/rustup-home/toolchains/beta-2023-04-20-x86_64-unknown-linux-gnu/lib/rustlib/x86_64-unknown-linux-gnu/lib/libstd-0e29cc23c5e02021.rlib" "/opt/rustwide/rustup-home/toolchains/beta-2023-04-20-x86_64-unknown-linux-gnu/lib/rustlib/x86_64-unknown-linux-gnu/lib/libpanic_unwind-d903621768a861d9.rlib" "/opt/rustwide/rustup-home/toolchains/beta-2023-04-20-x86_64-unknown-linux-gnu/lib/rustlib/x86_64-unknown-linux-gnu/lib/libobject-6d0225e655f31c13.rlib" "/opt/rustwide/rustup-home/toolchains/beta-2023-04-20-x86_64-unknown-linux-gnu/lib/rustlib/x86_64-unknown-linux-gnu/lib/libmemchr-9dbaf4eac7eaa079.rlib" "/opt/rustwide/rustup-home/toolchains/beta-2023-04-20-x86_64-unknown-linux-gnu/lib/rustlib/x86_64-unknown-linux-gnu/lib/libaddr2line-27f05b3d42a66dd0.rlib" "/opt/rustwide/rustup-home/toolchains/beta-2023-04-20-x86_64-unknown-linux-gnu/lib/rustlib/x86_64-unknown-linux-gnu/lib/libgimli-4d73f1030321c9a2.rlib" "/opt/rustwide/rustup-home/toolchains/beta-2023-04-20-x86_64-unknown-linux-gnu/lib/rustlib/x86_64-unknown-linux-gnu/lib/librustc_demangle-2846c9e58abd0acb.rlib" "/opt/rustwide/rustup-home/toolchains/beta-2023-04-20-x86_64-unknown-linux-gnu/lib/rustlib/x86_64-unknown-linux-gnu/lib/libstd_detect-a53d0f50415947be.rlib" "/opt/rustwide/rustup-home/toolchains/beta-2023-04-20-x86_64-unknown-linux-gnu/lib/rustlib/x86_64-unknown-linux-gnu/lib/libhashbrown-d48e4b6abc25b9dc.rlib" "/opt/rustwide/rustup-home/toolchains/beta-2023-04-20-x86_64-unknown-linux-gnu/lib/rustlib/x86_64-unknown-linux-gnu/lib/libminiz_oxide-2991859439ef1207.rlib" "/opt/rustwide/rustup-home/toolchains/beta-2023-04-20-x86_64-unknown-linux-gnu/lib/rustlib/x86_64-unknown-linux-gnu/lib/libadler-8a687517e4221bae.rlib" "/opt/rustwide/rustup-home/toolchains/beta-2023-04-20-x86_64-unknown-linux-gnu/lib/rustlib/x86_64-unknown-linux-gnu/lib/librustc_std_workspace_alloc-e07b554f6a67f5b3.rlib" "/opt/rustwide/rustup-home/toolchains/beta-2023-04-20-x86_64-unknown-linux-gnu/lib/rustlib/x86_64-unknown-linux-gnu/lib/libunwind-b68238b7c3c619dd.rlib" "/opt/rustwide/rustup-home/toolchains/beta-2023-04-20-x86_64-unknown-linux-gnu/lib/rustlib/x86_64-unknown-linux-gnu/lib/libcfg_if-d5e213e896c017e4.rlib" "/opt/rustwide/rustup-home/toolchains/beta-2023-04-20-x86_64-unknown-linux-gnu/lib/rustlib/x86_64-unknown-linux-gnu/lib/liblibc-0211a3b2e61d8689.rlib" "/opt/rustwide/rustup-home/toolchains/beta-2023-04-20-x86_64-unknown-linux-gnu/lib/rustlib/x86_64-unknown-linux-gnu/lib/liballoc-b371f055239ba51f.rlib" "/opt/rustwide/rustup-home/toolchains/beta-2023-04-20-x86_64-unknown-linux-gnu/lib/rustlib/x86_64-unknown-linux-gnu/lib/librustc_std_workspace_core-e60518d2760eb01e.rlib" "/opt/rustwide/rustup-home/toolchains/beta-2023-04-20-x86_64-unknown-linux-gnu/lib/rustlib/x86_64-unknown-linux-gnu/lib/libcore-1ad943f92a4b1081.rlib" "/opt/rustwide/rustup-home/toolchains/beta-2023-04-20-x86_64-unknown-linux-gnu/lib/rustlib/x86_64-unknown-linux-gnu/lib/libcompiler_builtins-f0d6e4d0fc1e80b4.rlib" "-Wl,-Bdynamic" "-lgcc_s" "-lutil" "-lrt" "-lpthread" "-lm" "-ldl" "-lc" "-Wl,--eh-frame-hdr" "-Wl,-z,noexecstack" "-L" "/opt/rustwide/rustup-home/toolchains/beta-2023-04-20-x86_64-unknown-linux-gnu/lib/rustlib/x86_64-unknown-linux-gnu/lib" "-o" "/opt/rustwide/target/debug/build/futures-core-7ad37c7a69901f3b/build_script_build-7ad37c7a69901f3b" "-Wl,--gc-sections" "-pie" "-Wl,-z,relro,-z,now" "-nodefaultlibs"
[INFO] [stdout]   = note: /usr/bin/ld: final link failed: No space left on device
[INFO] [stdout]           collect2: error: ld returned 1 exit status
[INFO] [stdout]           
[INFO] [stdout] 
[INFO] [stdout] 
[INFO] [stderr] error: could not compile `futures-core` (build script) due to previous error
[INFO] [stderr] error: could not compile `typenum` (build script)
[INFO] [stdout] error: couldn't create a temp dir: No space left on device (os error 28) at path "/opt/rustwide/target/debug/deps/rmetaWC99Nf"
[INFO] [stdout] 
[INFO] [stdout] 
[INFO] [stdout] error: aborting due to previous error
[INFO] [stdout] 
[INFO] [stdout] 
[INFO] [stderr] error: could not compile `matches` (lib) due to 2 previous errors
[INFO] [stdout] error: couldn't create a temp dir: No space left on device (os error 28) at path "/opt/rustwide/target/debug/deps/rmetaxj3yK7"
[INFO] [stdout] 
[INFO] [stdout] 
[INFO] [stdout] error: linking with `cc` failed: exit status: 1
[INFO] [stdout]   |
[INFO] [stdout]   = note: LC_ALL="C" PATH="/opt/rustwide/rustup-home/toolchains/beta-2023-04-20-x86_64-unknown-linux-gnu/lib/rustlib/x86_64-unknown-linux-gnu/bin:/opt/rustwide/cargo-home/bin:/usr/local/sbin:/usr/local/bin:/usr/sbin:/usr/bin:/sbin:/bin" VSLANG="1033" "cc" "-m64" "/tmp/rustcfcJU45/symbols.o" "/opt/rustwide/target/debug/build/serde_derive-8eb889ea237f6c4b/build_script_build-8eb889ea237f6c4b.build_script_build.b4a9489c-cgu.0.rcgu.o" "/opt/rustwide/target/debug/build/serde_derive-8eb889ea237f6c4b/build_script_build-8eb889ea237f6c4b.build_script_build.b4a9489c-cgu.1.rcgu.o" "/opt/rustwide/target/debug/build/serde_derive-8eb889ea237f6c4b/build_script_build-8eb889ea237f6c4b.build_script_build.b4a9489c-cgu.10.rcgu.o" "/opt/rustwide/target/debug/build/serde_derive-8eb889ea237f6c4b/build_script_build-8eb889ea237f6c4b.build_script_build.b4a9489c-cgu.11.rcgu.o" "/opt/rustwide/target/debug/build/serde_derive-8eb889ea237f6c4b/build_script_build-8eb889ea237f6c4b.build_script_build.b4a9489c-cgu.12.rcgu.o" "/opt/rustwide/target/debug/build/serde_derive-8eb889ea237f6c4b/build_script_build-8eb889ea237f6c4b.build_script_build.b4a9489c-cgu.13.rcgu.o" "/opt/rustwide/target/debug/build/serde_derive-8eb889ea237f6c4b/build_script_build-8eb889ea237f6c4b.build_script_build.b4a9489c-cgu.14.rcgu.o" "/opt/rustwide/target/debug/build/serde_derive-8eb889ea237f6c4b/build_script_build-8eb889ea237f6c4b.build_script_build.b4a9489c-cgu.15.rcgu.o" "/opt/rustwide/target/debug/build/serde_derive-8eb889ea237f6c4b/build_script_build-8eb889ea237f6c4b.build_script_build.b4a9489c-cgu.2.rcgu.o" "/opt/rustwide/target/debug/build/serde_derive-8eb889ea237f6c4b/build_script_build-8eb889ea237f6c4b.build_script_build.b4a9489c-cgu.3.rcgu.o" "/opt/rustwide/target/debug/build/serde_derive-8eb889ea237f6c4b/build_script_build-8eb889ea237f6c4b.build_script_build.b4a9489c-cgu.4.rcgu.o" "/opt/rustwide/target/debug/build/serde_derive-8eb889ea237f6c4b/build_script_build-8eb889ea237f6c4b.build_script_build.b4a9489c-cgu.5.rcgu.o" "/opt/rustwide/target/debug/build/serde_derive-8eb889ea237f6c4b/build_script_build-8eb889ea237f6c4b.build_script_build.b4a9489c-cgu.6.rcgu.o" "/opt/rustwide/target/debug/build/serde_derive-8eb889ea237f6c4b/build_script_build-8eb889ea237f6c4b.build_script_build.b4a9489c-cgu.7.rcgu.o" "/opt/rustwide/target/debug/build/serde_derive-8eb889ea237f6c4b/build_script_build-8eb889ea237f6c4b.build_script_build.b4a9489c-cgu.8.rcgu.o" "/opt/rustwide/target/debug/build/serde_derive-8eb889ea237f6c4b/build_script_build-8eb889ea237f6c4b.build_script_build.b4a9489c-cgu.9.rcgu.o" "/opt/rustwide/target/debug/build/serde_derive-8eb889ea237f6c4b/build_script_build-8eb889ea237f6c4b.54y1x7ltuawsrc4f.rcgu.o" "-Wl,--as-needed" "-L" "/opt/rustwide/target/debug/deps" "-L" "/opt/rustwide/rustup-home/toolchains/beta-2023-04-20-x86_64-unknown-linux-gnu/lib/rustlib/x86_64-unknown-linux-gnu/lib" "-Wl,-Bstatic" "/opt/rustwide/rustup-home/toolchains/beta-2023-04-20-x86_64-unknown-linux-gnu/lib/rustlib/x86_64-unknown-linux-gnu/lib/libstd-0e29cc23c5e02021.rlib" "/opt/rustwide/rustup-home/toolchains/beta-2023-04-20-x86_64-unknown-linux-gnu/lib/rustlib/x86_64-unknown-linux-gnu/lib/libpanic_unwind-d903621768a861d9.rlib" "/opt/rustwide/rustup-home/toolchains/beta-2023-04-20-x86_64-unknown-linux-gnu/lib/rustlib/x86_64-unknown-linux-gnu/lib/libobject-6d0225e655f31c13.rlib" "/opt/rustwide/rustup-home/toolchains/beta-2023-04-20-x86_64-unknown-linux-gnu/lib/rustlib/x86_64-unknown-linux-gnu/lib/libmemchr-9dbaf4eac7eaa079.rlib" "/opt/rustwide/rustup-home/toolchains/beta-2023-04-20-x86_64-unknown-linux-gnu/lib/rustlib/x86_64-unknown-linux-gnu/lib/libaddr2line-27f05b3d42a66dd0.rlib" "/opt/rustwide/rustup-home/toolchains/beta-2023-04-20-x86_64-unknown-linux-gnu/lib/rustlib/x86_64-unknown-linux-gnu/lib/libgimli-4d73f1030321c9a2.rlib" "/opt/rustwide/rustup-home/toolchains/beta-2023-04-20-x86_64-unknown-linux-gnu/lib/rustlib/x86_64-unknown-linux-gnu/lib/librustc_demangle-2846c9e58abd0acb.rlib" "/opt/rustwide/rustup-home/toolchains/beta-2023-04-20-x86_64-unknown-linux-gnu/lib/rustlib/x86_64-unknown-linux-gnu/lib/libstd_detect-a53d0f50415947be.rlib" "/opt/rustwide/rustup-home/toolchains/beta-2023-04-20-x86_64-unknown-linux-gnu/lib/rustlib/x86_64-unknown-linux-gnu/lib/libhashbrown-d48e4b6abc25b9dc.rlib" "/opt/rustwide/rustup-home/toolchains/beta-2023-04-20-x86_64-unknown-linux-gnu/lib/rustlib/x86_64-unknown-linux-gnu/lib/libminiz_oxide-2991859439ef1207.rlib" "/opt/rustwide/rustup-home/toolchains/beta-2023-04-20-x86_64-unknown-linux-gnu/lib/rustlib/x86_64-unknown-linux-gnu/lib/libadler-8a687517e4221bae.rlib" "/opt/rustwide/rustup-home/toolchains/beta-2023-04-20-x86_64-unknown-linux-gnu/lib/rustlib/x86_64-unknown-linux-gnu/lib/librustc_std_workspace_alloc-e07b554f6a67f5b3.rlib" "/opt/rustwide/rustup-home/toolchains/beta-2023-04-20-x86_64-unknown-linux-gnu/lib/rustlib/x86_64-unknown-linux-gnu/lib/libunwind-b68238b7c3c619dd.rlib" "/opt/rustwide/rustup-home/toolchains/beta-2023-04-20-x86_64-unknown-linux-gnu/lib/rustlib/x86_64-unknown-linux-gnu/lib/libcfg_if-d5e213e896c017e4.rlib" "/opt/rustwide/rustup-home/toolchains/beta-2023-04-20-x86_64-unknown-linux-gnu/lib/rustlib/x86_64-unknown-linux-gnu/lib/liblibc-0211a3b2e61d8689.rlib" "/opt/rustwide/rustup-home/toolchains/beta-2023-04-20-x86_64-unknown-linux-gnu/lib/rustlib/x86_64-unknown-linux-gnu/lib/liballoc-b371f055239ba51f.rlib" "/opt/rustwide/rustup-home/toolchains/beta-2023-04-20-x86_64-unknown-linux-gnu/lib/rustlib/x86_64-unknown-linux-gnu/lib/librustc_std_workspace_core-e60518d2760eb01e.rlib" "/opt/rustwide/rustup-home/toolchains/beta-2023-04-20-x86_64-unknown-linux-gnu/lib/rustlib/x86_64-unknown-linux-gnu/lib/libcore-1ad943f92a4b1081.rlib" "/opt/rustwide/rustup-home/toolchains/beta-2023-04-20-x86_64-unknown-linux-gnu/lib/rustlib/x86_64-unknown-linux-gnu/lib/libcompiler_builtins-f0d6e4d0fc1e80b4.rlib" "-Wl,-Bdynamic" "-lgcc_s" "-lutil" "-lrt" "-lpthread" "-lm" "-ldl" "-lc" "-Wl,--eh-frame-hdr" "-Wl,-z,noexecstack" "-L" "/opt/rustwide/rustup-home/toolchains/beta-2023-04-20-x86_64-unknown-linux-gnu/lib/rustlib/x86_64-unknown-linux-gnu/lib" "-o" "/opt/rustwide/target/debug/build/serde_derive-8eb889ea237f6c4b/build_script_build-8eb889ea237f6c4b" "-Wl,--gc-sections" "-pie" "-Wl,-z,relro,-z,now" "-nodefaultlibs"
[INFO] [stdout]   = note: /usr/bin/ld: final link failed: No space left on device
[INFO] [stdout]           collect2: error: ld returned 1 exit status
[INFO] [stdout]           
[INFO] [stdout] 
[INFO] [stdout] 
[INFO] [stderr] error: could not compile `bytes` (lib) due to previous error
[INFO] [stderr] error: could not compile `serde_derive` (build script) due to previous error
[INFO] [stdout] error: linking with `cc` failed: exit status: 1
[INFO] [stdout]   |
[INFO] [stdout]   = note: LC_ALL="C" PATH="/opt/rustwide/rustup-home/toolchains/beta-2023-04-20-x86_64-unknown-linux-gnu/lib/rustlib/x86_64-unknown-linux-gnu/bin:/opt/rustwide/cargo-home/bin:/usr/local/sbin:/usr/local/bin:/usr/sbin:/usr/bin:/sbin:/bin" VSLANG="1033" "cc" "-m64" "/tmp/rustcrGIWfp/symbols.o" "/opt/rustwide/target/debug/build/syn-1ed199d1c2ce6211/build_script_build-1ed199d1c2ce6211.build_script_build.f44a2814-cgu.0.rcgu.o" "/opt/rustwide/target/debug/build/syn-1ed199d1c2ce6211/build_script_build-1ed199d1c2ce6211.build_script_build.f44a2814-cgu.1.rcgu.o" "/opt/rustwide/target/debug/build/syn-1ed199d1c2ce6211/build_script_build-1ed199d1c2ce6211.build_script_build.f44a2814-cgu.10.rcgu.o" "/opt/rustwide/target/debug/build/syn-1ed199d1c2ce6211/build_script_build-1ed199d1c2ce6211.build_script_build.f44a2814-cgu.11.rcgu.o" "/opt/rustwide/target/debug/build/syn-1ed199d1c2ce6211/build_script_build-1ed199d1c2ce6211.build_script_build.f44a2814-cgu.12.rcgu.o" "/opt/rustwide/target/debug/build/syn-1ed199d1c2ce6211/build_script_build-1ed199d1c2ce6211.build_script_build.f44a2814-cgu.13.rcgu.o" "/opt/rustwide/target/debug/build/syn-1ed199d1c2ce6211/build_script_build-1ed199d1c2ce6211.build_script_build.f44a2814-cgu.14.rcgu.o" "/opt/rustwide/target/debug/build/syn-1ed199d1c2ce6211/build_script_build-1ed199d1c2ce6211.build_script_build.f44a2814-cgu.15.rcgu.o" "/opt/rustwide/target/debug/build/syn-1ed199d1c2ce6211/build_script_build-1ed199d1c2ce6211.build_script_build.f44a2814-cgu.2.rcgu.o" "/opt/rustwide/target/debug/build/syn-1ed199d1c2ce6211/build_script_build-1ed199d1c2ce6211.build_script_build.f44a2814-cgu.3.rcgu.o" "/opt/rustwide/target/debug/build/syn-1ed199d1c2ce6211/build_script_build-1ed199d1c2ce6211.build_script_build.f44a2814-cgu.4.rcgu.o" "/opt/rustwide/target/debug/build/syn-1ed199d1c2ce6211/build_script_build-1ed199d1c2ce6211.build_script_build.f44a2814-cgu.5.rcgu.o" "/opt/rustwide/target/debug/build/syn-1ed199d1c2ce6211/build_script_build-1ed199d1c2ce6211.build_script_build.f44a2814-cgu.6.rcgu.o" "/opt/rustwide/target/debug/build/syn-1ed199d1c2ce6211/build_script_build-1ed199d1c2ce6211.build_script_build.f44a2814-cgu.7.rcgu.o" "/opt/rustwide/target/debug/build/syn-1ed199d1c2ce6211/build_script_build-1ed199d1c2ce6211.build_script_build.f44a2814-cgu.8.rcgu.o" "/opt/rustwide/target/debug/build/syn-1ed199d1c2ce6211/build_script_build-1ed199d1c2ce6211.build_script_build.f44a2814-cgu.9.rcgu.o" "/opt/rustwide/target/debug/build/syn-1ed199d1c2ce6211/build_script_build-1ed199d1c2ce6211.2uk6rtao53j26h8q.rcgu.o" "-Wl,--as-needed" "-L" "/opt/rustwide/target/debug/deps" "-L" "/opt/rustwide/rustup-home/toolchains/beta-2023-04-20-x86_64-unknown-linux-gnu/lib/rustlib/x86_64-unknown-linux-gnu/lib" "-Wl,-Bstatic" "/opt/rustwide/rustup-home/toolchains/beta-2023-04-20-x86_64-unknown-linux-gnu/lib/rustlib/x86_64-unknown-linux-gnu/lib/libstd-0e29cc23c5e02021.rlib" "/opt/rustwide/rustup-home/toolchains/beta-2023-04-20-x86_64-unknown-linux-gnu/lib/rustlib/x86_64-unknown-linux-gnu/lib/libpanic_unwind-d903621768a861d9.rlib" "/opt/rustwide/rustup-home/toolchains/beta-2023-04-20-x86_64-unknown-linux-gnu/lib/rustlib/x86_64-unknown-linux-gnu/lib/libobject-6d0225e655f31c13.rlib" "/opt/rustwide/rustup-home/toolchains/beta-2023-04-20-x86_64-unknown-linux-gnu/lib/rustlib/x86_64-unknown-linux-gnu/lib/libmemchr-9dbaf4eac7eaa079.rlib" "/opt/rustwide/rustup-home/toolchains/beta-2023-04-20-x86_64-unknown-linux-gnu/lib/rustlib/x86_64-unknown-linux-gnu/lib/libaddr2line-27f05b3d42a66dd0.rlib" "/opt/rustwide/rustup-home/toolchains/beta-2023-04-20-x86_64-unknown-linux-gnu/lib/rustlib/x86_64-unknown-linux-gnu/lib/libgimli-4d73f1030321c9a2.rlib" "/opt/rustwide/rustup-home/toolchains/beta-2023-04-20-x86_64-unknown-linux-gnu/lib/rustlib/x86_64-unknown-linux-gnu/lib/librustc_demangle-2846c9e58abd0acb.rlib" "/opt/rustwide/rustup-home/toolchains/beta-2023-04-20-x86_64-unknown-linux-gnu/lib/rustlib/x86_64-unknown-linux-gnu/lib/libstd_detect-a53d0f50415947be.rlib" "/opt/rustwide/rustup-home/toolchains/beta-2023-04-20-x86_64-unknown-linux-gnu/lib/rustlib/x86_64-unknown-linux-gnu/lib/libhashbrown-d48e4b6abc25b9dc.rlib" "/opt/rustwide/rustup-home/toolchains/beta-2023-04-20-x86_64-unknown-linux-gnu/lib/rustlib/x86_64-unknown-linux-gnu/lib/libminiz_oxide-2991859439ef1207.rlib" "/opt/rustwide/rustup-home/toolchains/beta-2023-04-20-x86_64-unknown-linux-gnu/lib/rustlib/x86_64-unknown-linux-gnu/lib/libadler-8a687517e4221bae.rlib" "/opt/rustwide/rustup-home/toolchains/beta-2023-04-20-x86_64-unknown-linux-gnu/lib/rustlib/x86_64-unknown-linux-gnu/lib/librustc_std_workspace_alloc-e07b554f6a67f5b3.rlib" "/opt/rustwide/rustup-home/toolchains/beta-2023-04-20-x86_64-unknown-linux-gnu/lib/rustlib/x86_64-unknown-linux-gnu/lib/libunwind-b68238b7c3c619dd.rlib" "/opt/rustwide/rustup-home/toolchains/beta-2023-04-20-x86_64-unknown-linux-gnu/lib/rustlib/x86_64-unknown-linux-gnu/lib/libcfg_if-d5e213e896c017e4.rlib" "/opt/rustwide/rustup-home/toolchains/beta-2023-04-20-x86_64-unknown-linux-gnu/lib/rustlib/x86_64-unknown-linux-gnu/lib/liblibc-0211a3b2e61d8689.rlib" "/opt/rustwide/rustup-home/toolchains/beta-2023-04-20-x86_64-unknown-linux-gnu/lib/rustlib/x86_64-unknown-linux-gnu/lib/liballoc-b371f055239ba51f.rlib" "/opt/rustwide/rustup-home/toolchains/beta-2023-04-20-x86_64-unknown-linux-gnu/lib/rustlib/x86_64-unknown-linux-gnu/lib/librustc_std_workspace_core-e60518d2760eb01e.rlib" "/opt/rustwide/rustup-home/toolchains/beta-2023-04-20-x86_64-unknown-linux-gnu/lib/rustlib/x86_64-unknown-linux-gnu/lib/libcore-1ad943f92a4b1081.rlib" "/opt/rustwide/rustup-home/toolchains/beta-2023-04-20-x86_64-unknown-linux-gnu/lib/rustlib/x86_64-unknown-linux-gnu/lib/libcompiler_builtins-f0d6e4d0fc1e80b4.rlib" "-Wl,-Bdynamic" "-lgcc_s" "-lutil" "-lrt" "-lpthread" "-lm" "-ldl" "-lc" "-Wl,--eh-frame-hdr" "-Wl,-z,noexecstack" "-L" "/opt/rustwide/rustup-home/toolchains/beta-2023-04-20-x86_64-unknown-linux-gnu/lib/rustlib/x86_64-unknown-linux-gnu/lib" "-o" "/opt/rustwide/target/debug/build/syn-1ed199d1c2ce6211/build_script_build-1ed199d1c2ce6211" "-Wl,--gc-sections" "-pie" "-Wl,-z,relro,-z,now" "-nodefaultlibs"
[INFO] [stdout]   = note: /usr/bin/ld: final link failed: No space left on device
[INFO] [stdout]           collect2: error: ld returned 1 exit status
[INFO] [stdout]           
[INFO] [stdout] 
[INFO] [stdout] 
[INFO] [stderr] error: could not compile `syn` (build script) due to previous error
[INFO] [stdout] error: linking with `cc` failed: exit status: 1
[INFO] [stdout]   |
[INFO] [stdout]   = note: LC_ALL="C" PATH="/opt/rustwide/rustup-home/toolchains/beta-2023-04-20-x86_64-unknown-linux-gnu/lib/rustlib/x86_64-unknown-linux-gnu/bin:/opt/rustwide/cargo-home/bin:/usr/local/sbin:/usr/local/bin:/usr/sbin:/usr/bin:/sbin:/bin" VSLANG="1033" "cc" "-m64" "/tmp/rustcSsTNVK/symbols.o" "/opt/rustwide/target/debug/build/libc-3c4504727c59a521/build_script_build-3c4504727c59a521.build_script_build.853d4cc9-cgu.0.rcgu.o" "/opt/rustwide/target/debug/build/libc-3c4504727c59a521/build_script_build-3c4504727c59a521.build_script_build.853d4cc9-cgu.1.rcgu.o" "/opt/rustwide/target/debug/build/libc-3c4504727c59a521/build_script_build-3c4504727c59a521.build_script_build.853d4cc9-cgu.10.rcgu.o" "/opt/rustwide/target/debug/build/libc-3c4504727c59a521/build_script_build-3c4504727c59a521.build_script_build.853d4cc9-cgu.11.rcgu.o" "/opt/rustwide/target/debug/build/libc-3c4504727c59a521/build_script_build-3c4504727c59a521.build_script_build.853d4cc9-cgu.12.rcgu.o" "/opt/rustwide/target/debug/build/libc-3c4504727c59a521/build_script_build-3c4504727c59a521.build_script_build.853d4cc9-cgu.13.rcgu.o" "/opt/rustwide/target/debug/build/libc-3c4504727c59a521/build_script_build-3c4504727c59a521.build_script_build.853d4cc9-cgu.14.rcgu.o" "/opt/rustwide/target/debug/build/libc-3c4504727c59a521/build_script_build-3c4504727c59a521.build_script_build.853d4cc9-cgu.15.rcgu.o" "/opt/rustwide/target/debug/build/libc-3c4504727c59a521/build_script_build-3c4504727c59a521.build_script_build.853d4cc9-cgu.2.rcgu.o" "/opt/rustwide/target/debug/build/libc-3c4504727c59a521/build_script_build-3c4504727c59a521.build_script_build.853d4cc9-cgu.3.rcgu.o" "/opt/rustwide/target/debug/build/libc-3c4504727c59a521/build_script_build-3c4504727c59a521.build_script_build.853d4cc9-cgu.4.rcgu.o" "/opt/rustwide/target/debug/build/libc-3c4504727c59a521/build_script_build-3c4504727c59a521.build_script_build.853d4cc9-cgu.5.rcgu.o" "/opt/rustwide/target/debug/build/libc-3c4504727c59a521/build_script_build-3c4504727c59a521.build_script_build.853d4cc9-cgu.6.rcgu.o" "/opt/rustwide/target/debug/build/libc-3c4504727c59a521/build_script_build-3c4504727c59a521.build_script_build.853d4cc9-cgu.7.rcgu.o" "/opt/rustwide/target/debug/build/libc-3c4504727c59a521/build_script_build-3c4504727c59a521.build_script_build.853d4cc9-cgu.8.rcgu.o" "/opt/rustwide/target/debug/build/libc-3c4504727c59a521/build_script_build-3c4504727c59a521.build_script_build.853d4cc9-cgu.9.rcgu.o" "/opt/rustwide/target/debug/build/libc-3c4504727c59a521/build_script_build-3c4504727c59a521.53jto80y94pbh3y3.rcgu.o" "-Wl,--as-needed" "-L" "/opt/rustwide/target/debug/deps" "-L" "/opt/rustwide/rustup-home/toolchains/beta-2023-04-20-x86_64-unknown-linux-gnu/lib/rustlib/x86_64-unknown-linux-gnu/lib" "-Wl,-Bstatic" "/opt/rustwide/rustup-home/toolchains/beta-2023-04-20-x86_64-unknown-linux-gnu/lib/rustlib/x86_64-unknown-linux-gnu/lib/libstd-0e29cc23c5e02021.rlib" "/opt/rustwide/rustup-home/toolchains/beta-2023-04-20-x86_64-unknown-linux-gnu/lib/rustlib/x86_64-unknown-linux-gnu/lib/libpanic_unwind-d903621768a861d9.rlib" "/opt/rustwide/rustup-home/toolchains/beta-2023-04-20-x86_64-unknown-linux-gnu/lib/rustlib/x86_64-unknown-linux-gnu/lib/libobject-6d0225e655f31c13.rlib" "/opt/rustwide/rustup-home/toolchains/beta-2023-04-20-x86_64-unknown-linux-gnu/lib/rustlib/x86_64-unknown-linux-gnu/lib/libmemchr-9dbaf4eac7eaa079.rlib" "/opt/rustwide/rustup-home/toolchains/beta-2023-04-20-x86_64-unknown-linux-gnu/lib/rustlib/x86_64-unknown-linux-gnu/lib/libaddr2line-27f05b3d42a66dd0.rlib" "/opt/rustwide/rustup-home/toolchains/beta-2023-04-20-x86_64-unknown-linux-gnu/lib/rustlib/x86_64-unknown-linux-gnu/lib/libgimli-4d73f1030321c9a2.rlib" "/opt/rustwide/rustup-home/toolchains/beta-2023-04-20-x86_64-unknown-linux-gnu/lib/rustlib/x86_64-unknown-linux-gnu/lib/librustc_demangle-2846c9e58abd0acb.rlib" "/opt/rustwide/rustup-home/toolchains/beta-2023-04-20-x86_64-unknown-linux-gnu/lib/rustlib/x86_64-unknown-linux-gnu/lib/libstd_detect-a53d0f50415947be.rlib" "/opt/rustwide/rustup-home/toolchains/beta-2023-04-20-x86_64-unknown-linux-gnu/lib/rustlib/x86_64-unknown-linux-gnu/lib/libhashbrown-d48e4b6abc25b9dc.rlib" "/opt/rustwide/rustup-home/toolchains/beta-2023-04-20-x86_64-unknown-linux-gnu/lib/rustlib/x86_64-unknown-linux-gnu/lib/libminiz_oxide-2991859439ef1207.rlib" "/opt/rustwide/rustup-home/toolchains/beta-2023-04-20-x86_64-unknown-linux-gnu/lib/rustlib/x86_64-unknown-linux-gnu/lib/libadler-8a687517e4221bae.rlib" "/opt/rustwide/rustup-home/toolchains/beta-2023-04-20-x86_64-unknown-linux-gnu/lib/rustlib/x86_64-unknown-linux-gnu/lib/librustc_std_workspace_alloc-e07b554f6a67f5b3.rlib" "/opt/rustwide/rustup-home/toolchains/beta-2023-04-20-x86_64-unknown-linux-gnu/lib/rustlib/x86_64-unknown-linux-gnu/lib/libunwind-b68238b7c3c619dd.rlib" "/opt/rustwide/rustup-home/toolchains/beta-2023-04-20-x86_64-unknown-linux-gnu/lib/rustlib/x86_64-unknown-linux-gnu/lib/libcfg_if-d5e213e896c017e4.rlib" "/opt/rustwide/rustup-home/toolchains/beta-2023-04-20-x86_64-unknown-linux-gnu/lib/rustlib/x86_64-unknown-linux-gnu/lib/liblibc-0211a3b2e61d8689.rlib" "/opt/rustwide/rustup-home/toolchains/beta-2023-04-20-x86_64-unknown-linux-gnu/lib/rustlib/x86_64-unknown-linux-gnu/lib/liballoc-b371f055239ba51f.rlib" "/opt/rustwide/rustup-home/toolchains/beta-2023-04-20-x86_64-unknown-linux-gnu/lib/rustlib/x86_64-unknown-linux-gnu/lib/librustc_std_workspace_core-e60518d2760eb01e.rlib" "/opt/rustwide/rustup-home/toolchains/beta-2023-04-20-x86_64-unknown-linux-gnu/lib/rustlib/x86_64-unknown-linux-gnu/lib/libcore-1ad943f92a4b1081.rlib" "/opt/rustwide/rustup-home/toolchains/beta-2023-04-20-x86_64-unknown-linux-gnu/lib/rustlib/x86_64-unknown-linux-gnu/lib/libcompiler_builtins-f0d6e4d0fc1e80b4.rlib" "-Wl,-Bdynamic" "-lgcc_s" "-lutil" "-lrt" "-lpthread" "-lm" "-ldl" "-lc" "-Wl,--eh-frame-hdr" "-Wl,-z,noexecstack" "-L" "/opt/rustwide/rustup-home/toolchains/beta-2023-04-20-x86_64-unknown-linux-gnu/lib/rustlib/x86_64-unknown-linux-gnu/lib" "-o" "/opt/rustwide/target/debug/build/libc-3c4504727c59a521/build_script_build-3c4504727c59a521" "-Wl,--gc-sections" "-pie" "-Wl,-z,relro,-z,now" "-nodefaultlibs"
[INFO] [stdout]   = note: /usr/bin/ld: final link failed: No space left on device
[INFO] [stdout]           collect2: error: ld returned 1 exit status
[INFO] [stdout]           
[INFO] [stdout] 
[INFO] [stdout] 
[INFO] [stdout] error: linking with `cc` failed: exit status: 1
[INFO] [stdout]   |
[INFO] [stdout]   = note: LC_ALL="C" PATH="/opt/rustwide/rustup-home/toolchains/beta-2023-04-20-x86_64-unknown-linux-gnu/lib/rustlib/x86_64-unknown-linux-gnu/bin:/opt/rustwide/cargo-home/bin:/usr/local/sbin:/usr/local/bin:/usr/sbin:/usr/bin:/sbin:/bin" VSLANG="1033" "cc" "-m64" "/tmp/rustcy1h52z/symbols.o" "/opt/rustwide/target/debug/build/memchr-97f7922d6d4a4609/build_script_build-97f7922d6d4a4609.build_script_build.6112e6de-cgu.0.rcgu.o" "/opt/rustwide/target/debug/build/memchr-97f7922d6d4a4609/build_script_build-97f7922d6d4a4609.build_script_build.6112e6de-cgu.1.rcgu.o" "/opt/rustwide/target/debug/build/memchr-97f7922d6d4a4609/build_script_build-97f7922d6d4a4609.build_script_build.6112e6de-cgu.10.rcgu.o" "/opt/rustwide/target/debug/build/memchr-97f7922d6d4a4609/build_script_build-97f7922d6d4a4609.build_script_build.6112e6de-cgu.11.rcgu.o" "/opt/rustwide/target/debug/build/memchr-97f7922d6d4a4609/build_script_build-97f7922d6d4a4609.build_script_build.6112e6de-cgu.12.rcgu.o" "/opt/rustwide/target/debug/build/memchr-97f7922d6d4a4609/build_script_build-97f7922d6d4a4609.build_script_build.6112e6de-cgu.13.rcgu.o" "/opt/rustwide/target/debug/build/memchr-97f7922d6d4a4609/build_script_build-97f7922d6d4a4609.build_script_build.6112e6de-cgu.14.rcgu.o" "/opt/rustwide/target/debug/build/memchr-97f7922d6d4a4609/build_script_build-97f7922d6d4a4609.build_script_build.6112e6de-cgu.15.rcgu.o" "/opt/rustwide/target/debug/build/memchr-97f7922d6d4a4609/build_script_build-97f7922d6d4a4609.build_script_build.6112e6de-cgu.2.rcgu.o" "/opt/rustwide/target/debug/build/memchr-97f7922d6d4a4609/build_script_build-97f7922d6d4a4609.build_script_build.6112e6de-cgu.3.rcgu.o" "/opt/rustwide/target/debug/build/memchr-97f7922d6d4a4609/build_script_build-97f7922d6d4a4609.build_script_build.6112e6de-cgu.4.rcgu.o" "/opt/rustwide/target/debug/build/memchr-97f7922d6d4a4609/build_script_build-97f7922d6d4a4609.build_script_build.6112e6de-cgu.5.rcgu.o" "/opt/rustwide/target/debug/build/memchr-97f7922d6d4a4609/build_script_build-97f7922d6d4a4609.build_script_build.6112e6de-cgu.6.rcgu.o" "/opt/rustwide/target/debug/build/memchr-97f7922d6d4a4609/build_script_build-97f7922d6d4a4609.build_script_build.6112e6de-cgu.7.rcgu.o" "/opt/rustwide/target/debug/build/memchr-97f7922d6d4a4609/build_script_build-97f7922d6d4a4609.build_script_build.6112e6de-cgu.8.rcgu.o" "/opt/rustwide/target/debug/build/memchr-97f7922d6d4a4609/build_script_build-97f7922d6d4a4609.build_script_build.6112e6de-cgu.9.rcgu.o" "/opt/rustwide/target/debug/build/memchr-97f7922d6d4a4609/build_script_build-97f7922d6d4a4609.2q072fuztx4y4ltv.rcgu.o" "-Wl,--as-needed" "-L" "/opt/rustwide/target/debug/deps" "-L" "/opt/rustwide/rustup-home/toolchains/beta-2023-04-20-x86_64-unknown-linux-gnu/lib/rustlib/x86_64-unknown-linux-gnu/lib" "-Wl,-Bstatic" "/opt/rustwide/rustup-home/toolchains/beta-2023-04-20-x86_64-unknown-linux-gnu/lib/rustlib/x86_64-unknown-linux-gnu/lib/libstd-0e29cc23c5e02021.rlib" "/opt/rustwide/rustup-home/toolchains/beta-2023-04-20-x86_64-unknown-linux-gnu/lib/rustlib/x86_64-unknown-linux-gnu/lib/libpanic_unwind-d903621768a861d9.rlib" "/opt/rustwide/rustup-home/toolchains/beta-2023-04-20-x86_64-unknown-linux-gnu/lib/rustlib/x86_64-unknown-linux-gnu/lib/libobject-6d0225e655f31c13.rlib" "/opt/rustwide/rustup-home/toolchains/beta-2023-04-20-x86_64-unknown-linux-gnu/lib/rustlib/x86_64-unknown-linux-gnu/lib/libmemchr-9dbaf4eac7eaa079.rlib" "/opt/rustwide/rustup-home/toolchains/beta-2023-04-20-x86_64-unknown-linux-gnu/lib/rustlib/x86_64-unknown-linux-gnu/lib/libaddr2line-27f05b3d42a66dd0.rlib" "/opt/rustwide/rustup-home/toolchains/beta-2023-04-20-x86_64-unknown-linux-gnu/lib/rustlib/x86_64-unknown-linux-gnu/lib/libgimli-4d73f1030321c9a2.rlib" "/opt/rustwide/rustup-home/toolchains/beta-2023-04-20-x86_64-unknown-linux-gnu/lib/rustlib/x86_64-unknown-linux-gnu/lib/librustc_demangle-2846c9e58abd0acb.rlib" "/opt/rustwide/rustup-home/toolchains/beta-2023-04-20-x86_64-unknown-linux-gnu/lib/rustlib/x86_64-unknown-linux-gnu/lib/libstd_detect-a53d0f50415947be.rlib" "/opt/rustwide/rustup-home/toolchains/beta-2023-04-20-x86_64-unknown-linux-gnu/lib/rustlib/x86_64-unknown-linux-gnu/lib/libhashbrown-d48e4b6abc25b9dc.rlib" "/opt/rustwide/rustup-home/toolchains/beta-2023-04-20-x86_64-unknown-linux-gnu/lib/rustlib/x86_64-unknown-linux-gnu/lib/libminiz_oxide-2991859439ef1207.rlib" "/opt/rustwide/rustup-home/toolchains/beta-2023-04-20-x86_64-unknown-linux-gnu/lib/rustlib/x86_64-unknown-linux-gnu/lib/libadler-8a687517e4221bae.rlib" "/opt/rustwide/rustup-home/toolchains/beta-2023-04-20-x86_64-unknown-linux-gnu/lib/rustlib/x86_64-unknown-linux-gnu/lib/librustc_std_workspace_alloc-e07b554f6a67f5b3.rlib" "/opt/rustwide/rustup-home/toolchains/beta-2023-04-20-x86_64-unknown-linux-gnu/lib/rustlib/x86_64-unknown-linux-gnu/lib/libunwind-b68238b7c3c619dd.rlib" "/opt/rustwide/rustup-home/toolchains/beta-2023-04-20-x86_64-unknown-linux-gnu/lib/rustlib/x86_64-unknown-linux-gnu/lib/libcfg_if-d5e213e896c017e4.rlib" "/opt/rustwide/rustup-home/toolchains/beta-2023-04-20-x86_64-unknown-linux-gnu/lib/rustlib/x86_64-unknown-linux-gnu/lib/liblibc-0211a3b2e61d8689.rlib" "/opt/rustwide/rustup-home/toolchains/beta-2023-04-20-x86_64-unknown-linux-gnu/lib/rustlib/x86_64-unknown-linux-gnu/lib/liballoc-b371f055239ba51f.rlib" "/opt/rustwide/rustup-home/toolchains/beta-2023-04-20-x86_64-unknown-linux-gnu/lib/rustlib/x86_64-unknown-linux-gnu/lib/librustc_std_workspace_core-e60518d2760eb01e.rlib" "/opt/rustwide/rustup-home/toolchains/beta-2023-04-20-x86_64-unknown-linux-gnu/lib/rustlib/x86_64-unknown-linux-gnu/lib/libcore-1ad943f92a4b1081.rlib" "/opt/rustwide/rustup-home/toolchains/beta-2023-04-20-x86_64-unknown-linux-gnu/lib/rustlib/x86_64-unknown-linux-gnu/lib/libcompiler_builtins-f0d6e4d0fc1e80b4.rlib" "-Wl,-Bdynamic" "-lgcc_s" "-lutil" "-lrt" "-lpthread" "-lm" "-ldl" "-lc" "-Wl,--eh-frame-hdr" "-Wl,-z,noexecstack" "-L" "/opt/rustwide/rustup-home/toolchains/beta-2023-04-20-x86_64-unknown-linux-gnu/lib/rustlib/x86_64-unknown-linux-gnu/lib" "-o" "/opt/rustwide/target/debug/build/memchr-97f7922d6d4a4609/build_script_build-97f7922d6d4a4609" "-Wl,--gc-sections" "-pie" "-Wl,-z,relro,-z,now" "-nodefaultlibs"
[INFO] [stdout]   = note: /usr/bin/ld: final link failed: No space left on device
[INFO] [stdout]           collect2: error: ld returned 1 exit status
[INFO] [stdout]           
[INFO] [stdout] 
[INFO] [stdout] 
[INFO] [stdout] error: aborting due to previous error
[INFO] [stdout] 
[INFO] [stdout] 
[INFO] [stdout] error: aborting due to previous error
[INFO] [stdout] 
[INFO] [stdout] 
[INFO] [stderr] error: could not compile `libc` (build script) due to 2 previous errors
[INFO] [stderr] error: could not compile `memchr` (build script) due to 2 previous errors
[INFO] [stdout] error: couldn't create a temp dir: No space left on device (os error 28) at path "/opt/rustwide/target/debug/deps/rmetaR3xdPU"
[INFO] [stdout] 
[INFO] [stdout] 
[INFO] [stderr] error: could not compile `cc` (lib) due to previous error
[INFO] running `Command { std: "docker" "inspect" "d7095469a8f67357b427c69ec4054cdbb049a8a835875ce70a2b262ea6e58508", kill_on_drop: false }`
[INFO] running `Command { std: "docker" "rm" "-f" "d7095469a8f67357b427c69ec4054cdbb049a8a835875ce70a2b262ea6e58508", kill_on_drop: false }`
[INFO] [stdout] d7095469a8f67357b427c69ec4054cdbb049a8a835875ce70a2b262ea6e58508
