[INFO] cloning repository https://github.com/uwitty/rust-flappy
[INFO] running `Command { std: "git" "-c" "credential.helper=" "-c" "credential.helper=/workspace/cargo-home/bin/git-credential-null" "clone" "--bare" "https://github.com/uwitty/rust-flappy" "/workspace/cache/git-repos/https%3A%2F%2Fgithub.com%2Fuwitty%2Frust-flappy", kill_on_drop: false }`
[INFO] [stderr] Cloning into bare repository '/workspace/cache/git-repos/https%3A%2F%2Fgithub.com%2Fuwitty%2Frust-flappy'...
[INFO] running `Command { std: "git" "rev-parse" "HEAD", kill_on_drop: false }`
[INFO] [stdout] c7d21732ea9f08d1073927da167ab87642c602ef
[INFO] documenting uwitty/rust-flappy against beta-2023-04-20 for beta-1.70-rustdoc-1
[INFO] running `Command { std: "git" "clone" "/workspace/cache/git-repos/https%3A%2F%2Fgithub.com%2Fuwitty%2Frust-flappy" "/workspace/builds/worker-3-tc2/source", kill_on_drop: false }`
[INFO] [stderr] Cloning into '/workspace/builds/worker-3-tc2/source'...
[INFO] [stderr] done.
[INFO] validating manifest of git repo https://github.com/uwitty/rust-flappy on toolchain beta-2023-04-20
[INFO] running `Command { std: CARGO_HOME="/workspace/cargo-home" RUSTUP_HOME="/workspace/rustup-home" "/workspace/cargo-home/bin/cargo" "+beta-2023-04-20" "metadata" "--manifest-path" "Cargo.toml" "--no-deps", kill_on_drop: false }`
[INFO] started tweaking git repo https://github.com/uwitty/rust-flappy
[INFO] finished tweaking git repo https://github.com/uwitty/rust-flappy
[INFO] tweaked toml for git repo https://github.com/uwitty/rust-flappy written to /workspace/builds/worker-3-tc2/source/Cargo.toml
[INFO] crate git repo https://github.com/uwitty/rust-flappy already has a lockfile, it will not be regenerated
[INFO] running `Command { std: CARGO_HOME="/workspace/cargo-home" RUSTUP_HOME="/workspace/rustup-home" "/workspace/cargo-home/bin/cargo" "+beta-2023-04-20" "fetch" "--manifest-path" "Cargo.toml", kill_on_drop: false }`
[INFO] [stderr]  Downloading crates ...
[INFO] [stderr]   Downloaded raw-window-handle v0.3.0
[INFO] [stderr]   Downloaded winit v0.19.4
[INFO] running `Command { std: "docker" "create" "-v" "/var/lib/crater-agent-workspace/builds/worker-3-tc2/target:/opt/rustwide/target:rw,Z" "-v" "/var/lib/crater-agent-workspace/builds/worker-3-tc2/source:/opt/rustwide/workdir:ro,Z" "-v" "/var/lib/crater-agent-workspace/cargo-home:/opt/rustwide/cargo-home:ro,Z" "-v" "/var/lib/crater-agent-workspace/rustup-home:/opt/rustwide/rustup-home:ro,Z" "-e" "SOURCE_DIR=/opt/rustwide/workdir" "-e" "CARGO_TARGET_DIR=/opt/rustwide/target" "-e" "CARGO_HOME=/opt/rustwide/cargo-home" "-e" "RUSTUP_HOME=/opt/rustwide/rustup-home" "-w" "/opt/rustwide/workdir" "-m" "1610612736" "--user" "0:0" "--network" "none" "ghcr.io/rust-lang/crates-build-env/linux@sha256:5ff2268d62e97bff2cde7d5815dd6ed5b47097566f13b8d0ca110b04b60e07ed" "/opt/rustwide/cargo-home/bin/cargo" "+beta-2023-04-20" "metadata" "--no-deps" "--format-version=1", kill_on_drop: false }`
[INFO] [stdout] 5b2beefb3525eb7684f16dad9e9b5c85ea92381742da8517f3818af97252cd6a
[INFO] running `Command { std: "docker" "start" "-a" "5b2beefb3525eb7684f16dad9e9b5c85ea92381742da8517f3818af97252cd6a", kill_on_drop: false }`
[INFO] running `Command { std: "docker" "inspect" "5b2beefb3525eb7684f16dad9e9b5c85ea92381742da8517f3818af97252cd6a", kill_on_drop: false }`
[INFO] running `Command { std: "docker" "rm" "-f" "5b2beefb3525eb7684f16dad9e9b5c85ea92381742da8517f3818af97252cd6a", kill_on_drop: false }`
[INFO] [stdout] 5b2beefb3525eb7684f16dad9e9b5c85ea92381742da8517f3818af97252cd6a
[INFO] running `Command { std: "docker" "create" "-v" "/var/lib/crater-agent-workspace/builds/worker-3-tc2/target:/opt/rustwide/target:rw,Z" "-v" "/var/lib/crater-agent-workspace/builds/worker-3-tc2/source:/opt/rustwide/workdir:ro,Z" "-v" "/var/lib/crater-agent-workspace/cargo-home:/opt/rustwide/cargo-home:ro,Z" "-v" "/var/lib/crater-agent-workspace/rustup-home:/opt/rustwide/rustup-home:ro,Z" "-e" "SOURCE_DIR=/opt/rustwide/workdir" "-e" "CARGO_TARGET_DIR=/opt/rustwide/target" "-e" "CARGO_INCREMENTAL=0" "-e" "RUST_BACKTRACE=full" "-e" "RUSTFLAGS=--cap-lints=warn" "-e" "RUSTDOCFLAGS=--cap-lints=warn" "-e" "CARGO_HOME=/opt/rustwide/cargo-home" "-e" "RUSTUP_HOME=/opt/rustwide/rustup-home" "-w" "/opt/rustwide/workdir" "-m" "1610612736" "--user" "0:0" "--network" "none" "ghcr.io/rust-lang/crates-build-env/linux@sha256:5ff2268d62e97bff2cde7d5815dd6ed5b47097566f13b8d0ca110b04b60e07ed" "/opt/rustwide/cargo-home/bin/cargo" "+beta-2023-04-20" "doc" "--frozen" "--no-deps" "--document-private-items" "--message-format=json", kill_on_drop: false }`
[INFO] [stdout] b9557e469d20c045957f9b0927d4ad9927117d4b3608765f93eed23556788be8
[INFO] running `Command { std: "docker" "start" "-a" "b9557e469d20c045957f9b0927d4ad9927117d4b3608765f93eed23556788be8", kill_on_drop: false }`
[INFO] [stderr]    Compiling libc v0.2.65
[INFO] [stderr]    Compiling autocfg v0.1.6
[INFO] [stderr]     Checking cfg-if v0.1.10
[INFO] [stderr]    Compiling serde v1.0.101
[INFO] [stderr]    Compiling cc v1.0.46
[INFO] [stderr]     Checking lazy_static v1.4.0
[INFO] [stderr]    Compiling semver-parser v0.7.0
[INFO] [stderr]    Compiling proc-macro2 v0.4.30
[INFO] [stderr]    Compiling bitflags v1.2.1
[INFO] [stderr]    Compiling unicode-xid v0.1.0
[INFO] [stderr]    Compiling log v0.4.8
[INFO] [stderr]    Compiling byteorder v1.3.2
[INFO] [stderr]    Compiling xml-rs v0.8.0
[INFO] [stderr]    Compiling arrayvec v0.4.12
[INFO] [stderr]     Checking nodrop v0.1.14
[INFO] [stderr]    Compiling pkg-config v0.3.16
[INFO] [stderr]    Compiling khronos_api v3.1.0
[INFO] [stderr]     Checking scopeguard v1.0.0
[INFO] [stderr]    Compiling syn v0.15.44
[INFO] [stderr]     Checking crossbeam-utils v0.6.6
[INFO] [stderr]     Checking rand_core v0.4.2
[INFO] [stderr]    Compiling num-traits v0.2.8
[INFO] [stderr]     Checking void v1.0.2
[INFO] [stderr]     Checking arrayvec v0.5.1
[INFO] [stderr]     Checking linked-hash-map v0.5.2
[INFO] [stderr]    Compiling proc-macro2 v1.0.5
[INFO] [stderr]    Compiling nix v0.14.1
[INFO] [stderr]    Compiling getrandom v0.1.12
[INFO] [stderr]    Compiling unicode-xid v0.2.0
[INFO] [stderr]     Checking rand_core v0.3.1
[INFO] [stderr]    Compiling gl_generator v0.11.0
[INFO] [stderr]    Compiling num-integer v0.1.41
[INFO] [stderr]    Compiling syn v1.0.5
[INFO] [stderr]     Checking rustc-hash v1.0.1
[INFO] [stderr]     Checking stb_truetype v0.3.0
[INFO] [stderr]    Compiling version_check v0.1.5
[INFO] [stderr]    Compiling ryu v1.0.2
[INFO] [stderr]    Compiling maybe-uninit v2.0.0
[INFO] [stderr]    Compiling quote v0.6.13
[INFO] [stderr]     Checking num_cpus v1.10.1
[INFO] [stderr]     Checking smallvec v0.6.10
[INFO] [stderr]    Compiling wayland-scanner v0.21.13
[INFO] [stderr]    Compiling error-chain v0.12.1
[INFO] [stderr]    Compiling x11-dl v2.18.4
[INFO] [stderr]     Checking same-file v1.0.5
[INFO] [stderr]    Compiling rustc-demangle v0.1.16
[INFO] [stderr]     Checking downcast-rs v1.1.0
[INFO] [stderr]     Checking ppv-lite86 v0.2.5
[INFO] [stderr]    Compiling libloading v0.5.2
[INFO] [stderr]    Compiling backtrace-sys v0.1.32
[INFO] [stderr]     Checking walkdir v2.2.9
[INFO] [stderr]     Checking rand_core v0.5.1
[INFO] [stderr]     Checking approx v0.3.2
[INFO] [stderr]     Checking ordered-float v1.0.2
[INFO] [stderr]    Compiling quote v1.0.2
[INFO] [stderr]     Checking line_drawing v0.7.0
[INFO] [stderr]     Checking c2-chacha v0.2.2
[INFO] [stderr]    Compiling num-complex v0.2.3
[INFO] [stderr]    Compiling rand_pcg v0.1.2
[INFO] [stderr]    Compiling num-rational v0.2.2
[INFO] [stderr]    Compiling rand_chacha v0.1.1
[INFO] [stderr]    Compiling itoa v0.4.4
[INFO] [stderr]    Compiling typenum v1.11.2
[INFO] [stderr]    Compiling pulldown-cmark v0.2.0
[INFO] [stderr]     Checking xdg v2.2.0
[INFO] [stderr]    Compiling crc32fast v1.2.0
[INFO] [stderr]    Compiling libm v0.1.4
[INFO] [stderr]     Checking dlib v0.4.1
[INFO] [stderr]     Checking wayland-sys v0.21.13
[INFO] [stderr]     Checking rand_chacha v0.2.1
[INFO] [stderr]    Compiling glutin_egl_sys v0.1.3
[INFO] [stderr]    Compiling glutin_glx_sys v0.1.5
[INFO] [stderr]    Compiling gfx_gl v0.6.0
[INFO] [stderr]     Checking num-traits v0.1.43
[INFO] [stderr]    Compiling minimp3-sys v0.3.1
[INFO] [stderr]    Compiling bzip2-sys v0.1.7
[INFO] [stderr]    Compiling backtrace v0.3.40
[INFO] [stderr]    Compiling rand v0.4.6
[INFO] [stderr]     Checking memmap v0.7.0
[INFO] [stderr]    Compiling libudev-sys v0.1.4
[INFO] [stderr]    Compiling alsa-sys v0.1.2
[INFO] [stderr]     Checking draw_state v0.8.0
[INFO] [stderr]    Compiling wayland-client v0.21.13
[INFO] [stderr]    Compiling wayland-protocols v0.21.13
[INFO] [stderr]    Compiling rand v0.6.5
[INFO] [stderr]     Checking lock_api v0.3.1
[INFO] [stderr]    Compiling nix v0.11.1
[INFO] [stderr]    Compiling remove_dir_all v0.5.2
[INFO] [stderr]     Checking adler32 v1.0.4
[INFO] [stderr]    Compiling num-derive v0.2.5
[INFO] [stderr]    Compiling tempdir v0.3.7
[INFO] [stderr]     Checking gfx_core v0.9.2
[INFO] [stdout] error: failed to write /tmp/rustciwT9Of/lib.rmeta: No space left on device (os error 28)
[INFO] [stdout] 
[INFO] [stdout] 
[INFO] [stderr] thread 'rustc' panicked at 'assertion failed: pos.get() <= self.position()', compiler/rustc_metadata/src/rmeta/encoder.rs:433:9
[INFO] [stderr] stack backtrace:
[INFO] [stderr]    0:     0x7f244e0e9cca - std::backtrace_rs::backtrace::libunwind::trace::h2f05d0192276a8f6
[INFO] [stderr]                                at /rustc/1b7dd2252b99671ce5d1cb9664c5f8636329436d/library/std/src/../../backtrace/src/backtrace/libunwind.rs:93:5
[INFO] [stderr]    1:     0x7f244e0e9cca - std::backtrace_rs::backtrace::trace_unsynchronized::hedc23dff7a1af150
[INFO] [stderr]                                at /rustc/1b7dd2252b99671ce5d1cb9664c5f8636329436d/library/std/src/../../backtrace/src/backtrace/mod.rs:66:5
[INFO] [stderr]    2:     0x7f244e0e9cca - std::sys_common::backtrace::_print_fmt::h17541ef7592f3ce2
[INFO] [stderr]                                at /rustc/1b7dd2252b99671ce5d1cb9664c5f8636329436d/library/std/src/sys_common/backtrace.rs:65:5
[INFO] [stderr]    3:     0x7f244e0e9cca - <std::sys_common::backtrace::_print::DisplayBacktrace as core::fmt::Display>::fmt::h20f75df5ab0c0792
[INFO] [stderr]                                at /rustc/1b7dd2252b99671ce5d1cb9664c5f8636329436d/library/std/src/sys_common/backtrace.rs:44:22
[INFO] [stdout] error: aborting due to previous error
[INFO] [stdout] 
[INFO] [stdout] 
[INFO] [stderr]    4:     0x7f244e14e0cf - core::fmt::write::h78109e6f466b3af6
[INFO] [stderr]                                at /rustc/1b7dd2252b99671ce5d1cb9664c5f8636329436d/library/core/src/fmt/mod.rs:1254:17
[INFO] [stderr]    5:     0x7f244e0dc805 - std::io::Write::write_fmt::hc59e1b02dd273c8a
[INFO] [stderr]                                at /rustc/1b7dd2252b99671ce5d1cb9664c5f8636329436d/library/std/src/io/mod.rs:1698:15
[INFO] [stderr]    6:     0x7f244e0e9a95 - std::sys_common::backtrace::_print::h8dac57a9f8fbf9a5
[INFO] [stderr]                                at /rustc/1b7dd2252b99671ce5d1cb9664c5f8636329436d/library/std/src/sys_common/backtrace.rs:47:5
[INFO] [stderr]    7:     0x7f244e0e9a95 - std::sys_common::backtrace::print::hf9ecbf41d1aa712f
[INFO] [stderr]                                at /rustc/1b7dd2252b99671ce5d1cb9664c5f8636329436d/library/std/src/sys_common/backtrace.rs:34:9
[INFO] [stdout] error: linking with `cc` failed: exit status: 1
[INFO] [stdout]   |
[INFO] [stdout]   = note: LC_ALL="C" PATH="/opt/rustwide/rustup-home/toolchains/beta-2023-04-20-x86_64-unknown-linux-gnu/lib/rustlib/x86_64-unknown-linux-gnu/bin:/opt/rustwide/cargo-home/bin:/usr/local/sbin:/usr/local/bin:/usr/sbin:/usr/bin:/sbin:/bin" VSLANG="1033" "cc" "-m64" "/tmp/rustcNRuNLu/symbols.o" "/opt/rustwide/target/debug/build/num-derive-b41d19465d7a7e59/build_script_build-b41d19465d7a7e59.build_script_build.e4e85eef-cgu.0.rcgu.o" "/opt/rustwide/target/debug/build/num-derive-b41d19465d7a7e59/build_script_build-b41d19465d7a7e59.build_script_build.e4e85eef-cgu.1.rcgu.o" "/opt/rustwide/target/debug/build/num-derive-b41d19465d7a7e59/build_script_build-b41d19465d7a7e59.build_script_build.e4e85eef-cgu.10.rcgu.o" "/opt/rustwide/target/debug/build/num-derive-b41d19465d7a7e59/build_script_build-b41d19465d7a7e59.build_script_build.e4e85eef-cgu.11.rcgu.o" "/opt/rustwide/target/debug/build/num-derive-b41d19465d7a7e59/build_script_build-b41d19465d7a7e59.build_script_build.e4e85eef-cgu.12.rcgu.o" "/opt/rustwide/target/debug/build/num-derive-b41d19465d7a7e59/build_script_build-b41d19465d7a7e59.build_script_build.e4e85eef-cgu.13.rcgu.o" "/opt/rustwide/target/debug/build/num-derive-b41d19465d7a7e59/build_script_build-b41d19465d7a7e59.build_script_build.e4e85eef-cgu.14.rcgu.o" "/opt/rustwide/target/debug/build/num-derive-b41d19465d7a7e59/build_script_build-b41d19465d7a7e59.build_script_build.e4e85eef-cgu.15.rcgu.o" "/opt/rustwide/target/debug/build/num-derive-b41d19465d7a7e59/build_script_build-b41d19465d7a7e59.build_script_build.e4e85eef-cgu.2.rcgu.o" "/opt/rustwide/target/debug/build/num-derive-b41d19465d7a7e59/build_script_build-b41d19465d7a7e59.build_script_build.e4e85eef-cgu.3.rcgu.o" "/opt/rustwide/target/debug/build/num-derive-b41d19465d7a7e59/build_script_build-b41d19465d7a7e59.build_script_build.e4e85eef-cgu.4.rcgu.o" "/opt/rustwide/target/debug/build/num-derive-b41d19465d7a7e59/build_script_build-b41d19465d7a7e59.build_script_build.e4e85eef-cgu.5.rcgu.o" "/opt/rustwide/target/debug/build/num-derive-b41d19465d7a7e59/build_script_build-b41d19465d7a7e59.build_script_build.e4e85eef-cgu.6.rcgu.o" "/opt/rustwide/target/debug/build/num-derive-b41d19465d7a7e59/build_script_build-b41d19465d7a7e59.build_script_build.e4e85eef-cgu.7.rcgu.o" "/opt/rustwide/target/debug/build/num-derive-b41d19465d7a7e59/build_script_build-b41d19465d7a7e59.build_script_build.e4e85eef-cgu.8.rcgu.o" "/opt/rustwide/target/debug/build/num-derive-b41d19465d7a7e59/build_script_build-b41d19465d7a7e59.build_script_build.e4e85eef-cgu.9.rcgu.o" "/opt/rustwide/target/debug/build/num-derive-b41d19465d7a7e59/build_script_build-b41d19465d7a7e59.1jst8hn4g15ythw2.rcgu.o" "-Wl,--as-needed" "-L" "/opt/rustwide/target/debug/deps" "-L" "/opt/rustwide/rustup-home/toolchains/beta-2023-04-20-x86_64-unknown-linux-gnu/lib/rustlib/x86_64-unknown-linux-gnu/lib" "-Wl,-Bstatic" "/opt/rustwide/rustup-home/toolchains/beta-2023-04-20-x86_64-unknown-linux-gnu/lib/rustlib/x86_64-unknown-linux-gnu/lib/libstd-0e29cc23c5e02021.rlib" "/opt/rustwide/rustup-home/toolchains/beta-2023-04-20-x86_64-unknown-linux-gnu/lib/rustlib/x86_64-unknown-linux-gnu/lib/libpanic_unwind-d903621768a861d9.rlib" "/opt/rustwide/rustup-home/toolchains/beta-2023-04-20-x86_64-unknown-linux-gnu/lib/rustlib/x86_64-unknown-linux-gnu/lib/libobject-6d0225e655f31c13.rlib" "/opt/rustwide/rustup-home/toolchains/beta-2023-04-20-x86_64-unknown-linux-gnu/lib/rustlib/x86_64-unknown-linux-gnu/lib/libmemchr-9dbaf4eac7eaa079.rlib" "/opt/rustwide/rustup-home/toolchains/beta-2023-04-20-x86_64-unknown-linux-gnu/lib/rustlib/x86_64-unknown-linux-gnu/lib/libaddr2line-27f05b3d42a66dd0.rlib" "/opt/rustwide/rustup-home/toolchains/beta-2023-04-20-x86_64-unknown-linux-gnu/lib/rustlib/x86_64-unknown-linux-gnu/lib/libgimli-4d73f1030321c9a2.rlib" "/opt/rustwide/rustup-home/toolchains/beta-2023-04-20-x86_64-unknown-linux-gnu/lib/rustlib/x86_64-unknown-linux-gnu/lib/librustc_demangle-2846c9e58abd0acb.rlib" "/opt/rustwide/rustup-home/toolchains/beta-2023-04-20-x86_64-unknown-linux-gnu/lib/rustlib/x86_64-unknown-linux-gnu/lib/libstd_detect-a53d0f50415947be.rlib" "/opt/rustwide/rustup-home/toolchains/beta-2023-04-20-x86_64-unknown-linux-gnu/lib/rustlib/x86_64-unknown-linux-gnu/lib/libhashbrown-d48e4b6abc25b9dc.rlib" "/opt/rustwide/rustup-home/toolchains/beta-2023-04-20-x86_64-unknown-linux-gnu/lib/rustlib/x86_64-unknown-linux-gnu/lib/libminiz_oxide-2991859439ef1207.rlib" "/opt/rustwide/rustup-home/toolchains/beta-2023-04-20-x86_64-unknown-linux-gnu/lib/rustlib/x86_64-unknown-linux-gnu/lib/libadler-8a687517e4221bae.rlib" "/opt/rustwide/rustup-home/toolchains/beta-2023-04-20-x86_64-unknown-linux-gnu/lib/rustlib/x86_64-unknown-linux-gnu/lib/librustc_std_workspace_alloc-e07b554f6a67f5b3.rlib" "/opt/rustwide/rustup-home/toolchains/beta-2023-04-20-x86_64-unknown-linux-gnu/lib/rustlib/x86_64-unknown-linux-gnu/lib/libunwind-b68238b7c3c619dd.rlib" "/opt/rustwide/rustup-home/toolchains/beta-2023-04-20-x86_64-unknown-linux-gnu/lib/rustlib/x86_64-unknown-linux-gnu/lib/libcfg_if-d5e213e896c017e4.rlib" "/opt/rustwide/rustup-home/toolchains/beta-2023-04-20-x86_64-unknown-linux-gnu/lib/rustlib/x86_64-unknown-linux-gnu/lib/liblibc-0211a3b2e61d8689.rlib" "/opt/rustwide/rustup-home/toolchains/beta-2023-04-20-x86_64-unknown-linux-gnu/lib/rustlib/x86_64-unknown-linux-gnu/lib/liballoc-b371f055239ba51f.rlib" "/opt/rustwide/rustup-home/toolchains/beta-2023-04-20-x86_64-unknown-linux-gnu/lib/rustlib/x86_64-unknown-linux-gnu/lib/librustc_std_workspace_core-e60518d2760eb01e.rlib" "/opt/rustwide/rustup-home/toolchains/beta-2023-04-20-x86_64-unknown-linux-gnu/lib/rustlib/x86_64-unknown-linux-gnu/lib/libcore-1ad943f92a4b1081.rlib" "/opt/rustwide/rustup-home/toolchains/beta-2023-04-20-x86_64-unknown-linux-gnu/lib/rustlib/x86_64-unknown-linux-gnu/lib/libcompiler_builtins-f0d6e4d0fc1e80b4.rlib" "-Wl,-Bdynamic" "-lgcc_s" "-lutil" "-lrt" "-lpthread" "-lm" "-ldl" "-lc" "-Wl,--eh-frame-hdr" "-Wl,-z,noexecstack" "-L" "/opt/rustwide/rustup-home/toolchains/beta-2023-04-20-x86_64-unknown-linux-gnu/lib/rustlib/x86_64-unknown-linux-gnu/lib" "-o" "/opt/rustwide/target/debug/build/num-derive-b41d19465d7a7e59/build_script_build-b41d19465d7a7e59" "-Wl,--gc-sections" "-pie" "-Wl,-z,relro,-z,now" "-nodefaultlibs"
[INFO] [stdout]   = note: /usr/bin/ld: final link failed: No space left on device
[INFO] [stdout]           collect2: error: ld returned 1 exit status
[INFO] [stdout]           
[INFO] [stdout] 
[INFO] [stdout] 
[INFO] [stdout] error: aborting due to previous error
[INFO] [stdout] 
[INFO] [stdout] 
[INFO] [stderr]    8:     0x7f244e0ec73e - std::panicking::default_hook::{{closure}}::h04c07acfc84ca028
[INFO] [stderr]                                at /rustc/1b7dd2252b99671ce5d1cb9664c5f8636329436d/library/std/src/panicking.rs:269:22
[INFO] [stderr]    9:     0x7f244e0ec4e5 - std::panicking::default_hook::h01f6bb23e1eceb2c
[INFO] [stderr]                                at /rustc/1b7dd2252b99671ce5d1cb9664c5f8636329436d/library/std/src/panicking.rs:288:9
[INFO] [stdout] error: linking with `cc` failed: exit status: 1
[INFO] [stdout]   |
[INFO] [stdout]   = note: LC_ALL="C" PATH="/opt/rustwide/rustup-home/toolchains/beta-2023-04-20-x86_64-unknown-linux-gnu/lib/rustlib/x86_64-unknown-linux-gnu/bin:/opt/rustwide/cargo-home/bin:/usr/local/sbin:/usr/local/bin:/usr/sbin:/usr/bin:/sbin:/bin" VSLANG="1033" "cc" "-m64" "/tmp/rustcXVMbEM/symbols.o" "/opt/rustwide/target/debug/build/wayland-protocols-05c35868e0bbc73a/build_script_build-05c35868e0bbc73a.build_script_build.52f771f8-cgu.0.rcgu.o" "/opt/rustwide/target/debug/build/wayland-protocols-05c35868e0bbc73a/build_script_build-05c35868e0bbc73a.build_script_build.52f771f8-cgu.1.rcgu.o" "/opt/rustwide/target/debug/build/wayland-protocols-05c35868e0bbc73a/build_script_build-05c35868e0bbc73a.build_script_build.52f771f8-cgu.10.rcgu.o" "/opt/rustwide/target/debug/build/wayland-protocols-05c35868e0bbc73a/build_script_build-05c35868e0bbc73a.build_script_build.52f771f8-cgu.11.rcgu.o" "/opt/rustwide/target/debug/build/wayland-protocols-05c35868e0bbc73a/build_script_build-05c35868e0bbc73a.build_script_build.52f771f8-cgu.12.rcgu.o" "/opt/rustwide/target/debug/build/wayland-protocols-05c35868e0bbc73a/build_script_build-05c35868e0bbc73a.build_script_build.52f771f8-cgu.13.rcgu.o" "/opt/rustwide/target/debug/build/wayland-protocols-05c35868e0bbc73a/build_script_build-05c35868e0bbc73a.build_script_build.52f771f8-cgu.14.rcgu.o" "/opt/rustwide/target/debug/build/wayland-protocols-05c35868e0bbc73a/build_script_build-05c35868e0bbc73a.build_script_build.52f771f8-cgu.15.rcgu.o" "/opt/rustwide/target/debug/build/wayland-protocols-05c35868e0bbc73a/build_script_build-05c35868e0bbc73a.build_script_build.52f771f8-cgu.2.rcgu.o" "/opt/rustwide/target/debug/build/wayland-protocols-05c35868e0bbc73a/build_script_build-05c35868e0bbc73a.build_script_build.52f771f8-cgu.3.rcgu.o" "/opt/rustwide/target/debug/build/wayland-protocols-05c35868e0bbc73a/build_script_build-05c35868e0bbc73a.build_script_build.52f771f8-cgu.4.rcgu.o" "/opt/rustwide/target/debug/build/wayland-protocols-05c35868e0bbc73a/build_script_build-05c35868e0bbc73a.build_script_build.52f771f8-cgu.5.rcgu.o" "/opt/rustwide/target/debug/build/wayland-protocols-05c35868e0bbc73a/build_script_build-05c35868e0bbc73a.build_script_build.52f771f8-cgu.6.rcgu.o" "/opt/rustwide/target/debug/build/wayland-protocols-05c35868e0bbc73a/build_script_build-05c35868e0bbc73a.build_script_build.52f771f8-cgu.7.rcgu.o" "/opt/rustwide/target/debug/build/wayland-protocols-05c35868e0bbc73a/build_script_build-05c35868e0bbc73a.build_script_build.52f771f8-cgu.8.rcgu.o" "/opt/rustwide/target/debug/build/wayland-protocols-05c35868e0bbc73a/build_script_build-05c35868e0bbc73a.build_script_build.52f771f8-cgu.9.rcgu.o" "/opt/rustwide/target/debug/build/wayland-protocols-05c35868e0bbc73a/build_script_build-05c35868e0bbc73a.4bp602y8l6kdu1px.rcgu.o" "-Wl,--as-needed" "-L" "/opt/rustwide/target/debug/deps" "-L" "/opt/rustwide/rustup-home/toolchains/beta-2023-04-20-x86_64-unknown-linux-gnu/lib/rustlib/x86_64-unknown-linux-gnu/lib" "-Wl,-Bstatic" "/opt/rustwide/target/debug/deps/libwayland_scanner-417186eddd2481ce.rlib" "/opt/rustwide/target/debug/deps/libxml-016b42b208a55d19.rlib" "/opt/rustwide/target/debug/deps/libquote-f519a2334a313e05.rlib" "/opt/rustwide/target/debug/deps/libproc_macro2-4d936c3e685ac099.rlib" "/opt/rustwide/target/debug/deps/libunicode_xid-47fa730716712e44.rlib" "/opt/rustwide/rustup-home/toolchains/beta-2023-04-20-x86_64-unknown-linux-gnu/lib/rustlib/x86_64-unknown-linux-gnu/lib/libproc_macro-4ae0b5c8ec17d92d.rlib" "/opt/rustwide/rustup-home/toolchains/beta-2023-04-20-x86_64-unknown-linux-gnu/lib/rustlib/x86_64-unknown-linux-gnu/lib/libstd-0e29cc23c5e02021.rlib" "/opt/rustwide/rustup-home/toolchains/beta-2023-04-20-x86_64-unknown-linux-gnu/lib/rustlib/x86_64-unknown-linux-gnu/lib/libpanic_unwind-d903621768a861d9.rlib" "/opt/rustwide/rustup-home/toolchains/beta-2023-04-20-x86_64-unknown-linux-gnu/lib/rustlib/x86_64-unknown-linux-gnu/lib/libobject-6d0225e655f31c13.rlib" "/opt/rustwide/rustup-home/toolchains/beta-2023-04-20-x86_64-unknown-linux-gnu/lib/rustlib/x86_64-unknown-linux-gnu/lib/libmemchr-9dbaf4eac7eaa079.rlib" "/opt/rustwide/rustup-home/toolchains/beta-2023-04-20-x86_64-unknown-linux-gnu/lib/rustlib/x86_64-unknown-linux-gnu/lib/libaddr2line-27f05b3d42a66dd0.rlib" "/opt/rustwide/rustup-home/toolchains/beta-2023-04-20-x86_64-unknown-linux-gnu/lib/rustlib/x86_64-unknown-linux-gnu/lib/libgimli-4d73f1030321c9a2.rlib" "/opt/rustwide/rustup-home/toolchains/beta-2023-04-20-x86_64-unknown-linux-gnu/lib/rustlib/x86_64-unknown-linux-gnu/lib/librustc_demangle-2846c9e58abd0acb.rlib" "/opt/rustwide/rustup-home/toolchains/beta-2023-04-20-x86_64-unknown-linux-gnu/lib/rustlib/x86_64-unknown-linux-gnu/lib/libstd_detect-a53d0f50415947be.rlib" "/opt/rustwide/rustup-home/toolchains/beta-2023-04-20-x86_64-unknown-linux-gnu/lib/rustlib/x86_64-unknown-linux-gnu/lib/libhashbrown-d48e4b6abc25b9dc.rlib" "/opt/rustwide/rustup-home/toolchains/beta-2023-04-20-x86_64-unknown-linux-gnu/lib/rustlib/x86_64-unknown-linux-gnu/lib/libminiz_oxide-2991859439ef1207.rlib" "/opt/rustwide/rustup-home/toolchains/beta-2023-04-20-x86_64-unknown-linux-gnu/lib/rustlib/x86_64-unknown-linux-gnu/lib/libadler-8a687517e4221bae.rlib" "/opt/rustwide/rustup-home/toolchains/beta-2023-04-20-x86_64-unknown-linux-gnu/lib/rustlib/x86_64-unknown-linux-gnu/lib/librustc_std_workspace_alloc-e07b554f6a67f5b3.rlib" "/opt/rustwide/rustup-home/toolchains/beta-2023-04-20-x86_64-unknown-linux-gnu/lib/rustlib/x86_64-unknown-linux-gnu/lib/libunwind-b68238b7c3c619dd.rlib" "/opt/rustwide/rustup-home/toolchains/beta-2023-04-20-x86_64-unknown-linux-gnu/lib/rustlib/x86_64-unknown-linux-gnu/lib/libcfg_if-d5e213e896c017e4.rlib" "/opt/rustwide/rustup-home/toolchains/beta-2023-04-20-x86_64-unknown-linux-gnu/lib/rustlib/x86_64-unknown-linux-gnu/lib/liblibc-0211a3b2e61d8689.rlib" "/opt/rustwide/rustup-home/toolchains/beta-2023-04-20-x86_64-unknown-linux-gnu/lib/rustlib/x86_64-unknown-linux-gnu/lib/liballoc-b371f055239ba51f.rlib" "/opt/rustwide/rustup-home/toolchains/beta-2023-04-20-x86_64-unknown-linux-gnu/lib/rustlib/x86_64-unknown-linux-gnu/lib/librustc_std_workspace_core-e60518d2760eb01e.rlib" "/opt/rustwide/rustup-home/toolchains/beta-2023-04-20-x86_64-unknown-linux-gnu/lib/rustlib/x86_64-unknown-linux-gnu/lib/libcore-1ad943f92a4b1081.rlib" "/opt/rustwide/rustup-home/toolchains/beta-2023-04-20-x86_64-unknown-linux-gnu/lib/rustlib/x86_64-unknown-linux-gnu/lib/libcompiler_builtins-f0d6e4d0fc1e80b4.rlib" "-Wl,-Bdynamic" "-lgcc_s" "-lutil" "-lrt" "-lpthread" "-lm" "-ldl" "-lc" "-Wl,--eh-frame-hdr" "-Wl,-z,noexecstack" "-L" "/opt/rustwide/rustup-home/toolchains/beta-2023-04-20-x86_64-unknown-linux-gnu/lib/rustlib/x86_64-unknown-linux-gnu/lib" "-o" "/opt/rustwide/target/debug/build/wayland-protocols-05c35868e0bbc73a/build_script_build-05c35868e0bbc73a" "-Wl,--gc-sections" "-pie" "-Wl,-z,relro,-z,now" "-nodefaultlibs"
[INFO] [stdout]   = note: /usr/bin/ld: final link failed: No space left on device
[INFO] [stdout]           collect2: error: ld returned 1 exit status
[INFO] [stdout]           
[INFO] [stdout] 
[INFO] [stdout] 
[INFO] [stdout] error: aborting due to previous error
[INFO] [stdout] 
[INFO] [stdout] 
[INFO] [stdout] error: linking with `cc` failed: exit status: 1
[INFO] [stdout]   |
[INFO] [stdout]   = note: LC_ALL="C" PATH="/opt/rustwide/rustup-home/toolchains/beta-2023-04-20-x86_64-unknown-linux-gnu/lib/rustlib/x86_64-unknown-linux-gnu/bin:/opt/rustwide/cargo-home/bin:/usr/local/sbin:/usr/local/bin:/usr/sbin:/usr/bin:/sbin:/bin" VSLANG="1033" "cc" "-m64" "/tmp/rustcQnXF9Q/symbols.o" "/opt/rustwide/target/debug/build/gfx_gl-1c32463825d009ea/build_script_build-1c32463825d009ea.build_script_build.ed8436b1-cgu.0.rcgu.o" "/opt/rustwide/target/debug/build/gfx_gl-1c32463825d009ea/build_script_build-1c32463825d009ea.build_script_build.ed8436b1-cgu.1.rcgu.o" "/opt/rustwide/target/debug/build/gfx_gl-1c32463825d009ea/build_script_build-1c32463825d009ea.build_script_build.ed8436b1-cgu.10.rcgu.o" "/opt/rustwide/target/debug/build/gfx_gl-1c32463825d009ea/build_script_build-1c32463825d009ea.build_script_build.ed8436b1-cgu.11.rcgu.o" "/opt/rustwide/target/debug/build/gfx_gl-1c32463825d009ea/build_script_build-1c32463825d009ea.build_script_build.ed8436b1-cgu.12.rcgu.o" "/opt/rustwide/target/debug/build/gfx_gl-1c32463825d009ea/build_script_build-1c32463825d009ea.build_script_build.ed8436b1-cgu.13.rcgu.o" "/opt/rustwide/target/debug/build/gfx_gl-1c32463825d009ea/build_script_build-1c32463825d009ea.build_script_build.ed8436b1-cgu.14.rcgu.o" "/opt/rustwide/target/debug/build/gfx_gl-1c32463825d009ea/build_script_build-1c32463825d009ea.build_script_build.ed8436b1-cgu.15.rcgu.o" "/opt/rustwide/target/debug/build/gfx_gl-1c32463825d009ea/build_script_build-1c32463825d009ea.build_script_build.ed8436b1-cgu.2.rcgu.o" "/opt/rustwide/target/debug/build/gfx_gl-1c32463825d009ea/build_script_build-1c32463825d009ea.build_script_build.ed8436b1-cgu.3.rcgu.o" "/opt/rustwide/target/debug/build/gfx_gl-1c32463825d009ea/build_script_build-1c32463825d009ea.build_script_build.ed8436b1-cgu.4.rcgu.o" "/opt/rustwide/target/debug/build/gfx_gl-1c32463825d009ea/build_script_build-1c32463825d009ea.build_script_build.ed8436b1-cgu.5.rcgu.o" "/opt/rustwide/target/debug/build/gfx_gl-1c32463825d009ea/build_script_build-1c32463825d009ea.build_script_build.ed8436b1-cgu.6.rcgu.o" "/opt/rustwide/target/debug/build/gfx_gl-1c32463825d009ea/build_script_build-1c32463825d009ea.build_script_build.ed8436b1-cgu.7.rcgu.o" "/opt/rustwide/target/debug/build/gfx_gl-1c32463825d009ea/build_script_build-1c32463825d009ea.build_script_build.ed8436b1-cgu.8.rcgu.o" "/opt/rustwide/target/debug/build/gfx_gl-1c32463825d009ea/build_script_build-1c32463825d009ea.build_script_build.ed8436b1-cgu.9.rcgu.o" "/opt/rustwide/target/debug/build/gfx_gl-1c32463825d009ea/build_script_build-1c32463825d009ea.3feque27576mx3o.rcgu.o" "-Wl,--as-needed" "-L" "/opt/rustwide/target/debug/deps" "-L" "/opt/rustwide/rustup-home/toolchains/beta-2023-04-20-x86_64-unknown-linux-gnu/lib/rustlib/x86_64-unknown-linux-gnu/lib" "-Wl,-Bstatic" "/opt/rustwide/target/debug/deps/libgl_generator-b3b07c81edb412d6.rlib" "/opt/rustwide/target/debug/deps/libkhronos_api-afb3cf769d2dda79.rlib" "/opt/rustwide/target/debug/deps/libxml-016b42b208a55d19.rlib" "/opt/rustwide/target/debug/deps/liblog-812044d2850a6a13.rlib" "/opt/rustwide/target/debug/deps/libcfg_if-f97525f69ebe0996.rlib" "/opt/rustwide/rustup-home/toolchains/beta-2023-04-20-x86_64-unknown-linux-gnu/lib/rustlib/x86_64-unknown-linux-gnu/lib/libstd-0e29cc23c5e02021.rlib" "/opt/rustwide/rustup-home/toolchains/beta-2023-04-20-x86_64-unknown-linux-gnu/lib/rustlib/x86_64-unknown-linux-gnu/lib/libpanic_unwind-d903621768a861d9.rlib" "/opt/rustwide/rustup-home/toolchains/beta-2023-04-20-x86_64-unknown-linux-gnu/lib/rustlib/x86_64-unknown-linux-gnu/lib/libobject-6d0225e655f31c13.rlib" "/opt/rustwide/rustup-home/toolchains/beta-2023-04-20-x86_64-unknown-linux-gnu/lib/rustlib/x86_64-unknown-linux-gnu/lib/libmemchr-9dbaf4eac7eaa079.rlib" "/opt/rustwide/rustup-home/toolchains/beta-2023-04-20-x86_64-unknown-linux-gnu/lib/rustlib/x86_64-unknown-linux-gnu/lib/libaddr2line-27f05b3d42a66dd0.rlib" "/opt/rustwide/rustup-home/toolchains/beta-2023-04-20-x86_64-unknown-linux-gnu/lib/rustlib/x86_64-unknown-linux-gnu/lib/libgimli-4d73f1030321c9a2.rlib" "/opt/rustwide/rustup-home/toolchains/beta-2023-04-20-x86_64-unknown-linux-gnu/lib/rustlib/x86_64-unknown-linux-gnu/lib/librustc_demangle-2846c9e58abd0acb.rlib" "/opt/rustwide/rustup-home/toolchains/beta-2023-04-20-x86_64-unknown-linux-gnu/lib/rustlib/x86_64-unknown-linux-gnu/lib/libstd_detect-a53d0f50415947be.rlib" "/opt/rustwide/rustup-home/toolchains/beta-2023-04-20-x86_64-unknown-linux-gnu/lib/rustlib/x86_64-unknown-linux-gnu/lib/libhashbrown-d48e4b6abc25b9dc.rlib" "/opt/rustwide/rustup-home/toolchains/beta-2023-04-20-x86_64-unknown-linux-gnu/lib/rustlib/x86_64-unknown-linux-gnu/lib/libminiz_oxide-2991859439ef1207.rlib" "/opt/rustwide/rustup-home/toolchains/beta-2023-04-20-x86_64-unknown-linux-gnu/lib/rustlib/x86_64-unknown-linux-gnu/lib/libadler-8a687517e4221bae.rlib" "/opt/rustwide/rustup-home/toolchains/beta-2023-04-20-x86_64-unknown-linux-gnu/lib/rustlib/x86_64-unknown-linux-gnu/lib/librustc_std_workspace_alloc-e07b554f6a67f5b3.rlib" "/opt/rustwide/rustup-home/toolchains/beta-2023-04-20-x86_64-unknown-linux-gnu/lib/rustlib/x86_64-unknown-linux-gnu/lib/libunwind-b68238b7c3c619dd.rlib" "/opt/rustwide/rustup-home/toolchains/beta-2023-04-20-x86_64-unknown-linux-gnu/lib/rustlib/x86_64-unknown-linux-gnu/lib/libcfg_if-d5e213e896c017e4.rlib" "/opt/rustwide/rustup-home/toolchains/beta-2023-04-20-x86_64-unknown-linux-gnu/lib/rustlib/x86_64-unknown-linux-gnu/lib/liblibc-0211a3b2e61d8689.rlib" "/opt/rustwide/rustup-home/toolchains/beta-2023-04-20-x86_64-unknown-linux-gnu/lib/rustlib/x86_64-unknown-linux-gnu/lib/liballoc-b371f055239ba51f.rlib" "/opt/rustwide/rustup-home/toolchains/beta-2023-04-20-x86_64-unknown-linux-gnu/lib/rustlib/x86_64-unknown-linux-gnu/lib/librustc_std_workspace_core-e60518d2760eb01e.rlib" "/opt/rustwide/rustup-home/toolchains/beta-2023-04-20-x86_64-unknown-linux-gnu/lib/rustlib/x86_64-unknown-linux-gnu/lib/libcore-1ad943f92a4b1081.rlib" "/opt/rustwide/rustup-home/toolchains/beta-2023-04-20-x86_64-unknown-linux-gnu/lib/rustlib/x86_64-unknown-linux-gnu/lib/libcompiler_builtins-f0d6e4d0fc1e80b4.rlib" "-Wl,-Bdynamic" "-lgcc_s" "-lutil" "-lrt" "-lpthread" "-lm" "-ldl" "-lc" "-Wl,--eh-frame-hdr" "-Wl,-z,noexecstack" "-L" "/opt/rustwide/rustup-home/toolchains/beta-2023-04-20-x86_64-unknown-linux-gnu/lib/rustlib/x86_64-unknown-linux-gnu/lib" "-o" "/opt/rustwide/target/debug/build/gfx_gl-1c32463825d009ea/build_script_build-1c32463825d009ea" "-Wl,--gc-sections" "-pie" "-Wl,-z,relro,-z,now" "-nodefaultlibs"
[INFO] [stdout]   = note: /usr/bin/ld: final link failed: No space left on device
[INFO] [stdout]           collect2: error: ld returned 1 exit status
[INFO] [stdout]           
[INFO] [stdout] 
[INFO] [stdout] 
[INFO] [stdout] error: linking with `cc` failed: exit status: 1
[INFO] [stdout]   |
[INFO] [stdout]   = note: LC_ALL="C" PATH="/opt/rustwide/rustup-home/toolchains/beta-2023-04-20-x86_64-unknown-linux-gnu/lib/rustlib/x86_64-unknown-linux-gnu/bin:/opt/rustwide/cargo-home/bin:/usr/local/sbin:/usr/local/bin:/usr/sbin:/usr/bin:/sbin:/bin" VSLANG="1033" "cc" "-m64" "/tmp/rustc4uOZfT/symbols.o" "/opt/rustwide/target/debug/build/glutin_egl_sys-a8797a20cf1d93d1/build_script_build-a8797a20cf1d93d1.build_script_build.d2386077-cgu.0.rcgu.o" "/opt/rustwide/target/debug/build/glutin_egl_sys-a8797a20cf1d93d1/build_script_build-a8797a20cf1d93d1.build_script_build.d2386077-cgu.1.rcgu.o" "/opt/rustwide/target/debug/build/glutin_egl_sys-a8797a20cf1d93d1/build_script_build-a8797a20cf1d93d1.build_script_build.d2386077-cgu.10.rcgu.o" "/opt/rustwide/target/debug/build/glutin_egl_sys-a8797a20cf1d93d1/build_script_build-a8797a20cf1d93d1.build_script_build.d2386077-cgu.11.rcgu.o" "/opt/rustwide/target/debug/build/glutin_egl_sys-a8797a20cf1d93d1/build_script_build-a8797a20cf1d93d1.build_script_build.d2386077-cgu.12.rcgu.o" "/opt/rustwide/target/debug/build/glutin_egl_sys-a8797a20cf1d93d1/build_script_build-a8797a20cf1d93d1.build_script_build.d2386077-cgu.13.rcgu.o" "/opt/rustwide/target/debug/build/glutin_egl_sys-a8797a20cf1d93d1/build_script_build-a8797a20cf1d93d1.build_script_build.d2386077-cgu.14.rcgu.o" "/opt/rustwide/target/debug/build/glutin_egl_sys-a8797a20cf1d93d1/build_script_build-a8797a20cf1d93d1.build_script_build.d2386077-cgu.15.rcgu.o" "/opt/rustwide/target/debug/build/glutin_egl_sys-a8797a20cf1d93d1/build_script_build-a8797a20cf1d93d1.build_script_build.d2386077-cgu.2.rcgu.o" "/opt/rustwide/target/debug/build/glutin_egl_sys-a8797a20cf1d93d1/build_script_build-a8797a20cf1d93d1.build_script_build.d2386077-cgu.3.rcgu.o" "/opt/rustwide/target/debug/build/glutin_egl_sys-a8797a20cf1d93d1/build_script_build-a8797a20cf1d93d1.build_script_build.d2386077-cgu.4.rcgu.o" "/opt/rustwide/target/debug/build/glutin_egl_sys-a8797a20cf1d93d1/build_script_build-a8797a20cf1d93d1.build_script_build.d2386077-cgu.5.rcgu.o" "/opt/rustwide/target/debug/build/glutin_egl_sys-a8797a20cf1d93d1/build_script_build-a8797a20cf1d93d1.build_script_build.d2386077-cgu.6.rcgu.o" "/opt/rustwide/target/debug/build/glutin_egl_sys-a8797a20cf1d93d1/build_script_build-a8797a20cf1d93d1.build_script_build.d2386077-cgu.7.rcgu.o" "/opt/rustwide/target/debug/build/glutin_egl_sys-a8797a20cf1d93d1/build_script_build-a8797a20cf1d93d1.build_script_build.d2386077-cgu.8.rcgu.o" "/opt/rustwide/target/debug/build/glutin_egl_sys-a8797a20cf1d93d1/build_script_build-a8797a20cf1d93d1.build_script_build.d2386077-cgu.9.rcgu.o" "/opt/rustwide/target/debug/build/glutin_egl_sys-a8797a20cf1d93d1/build_script_build-a8797a20cf1d93d1.2r0dpc4nbm1nbfik.rcgu.o" "-Wl,--as-needed" "-L" "/opt/rustwide/target/debug/deps" "-L" "/opt/rustwide/rustup-home/toolchains/beta-2023-04-20-x86_64-unknown-linux-gnu/lib/rustlib/x86_64-unknown-linux-gnu/lib" "-Wl,-Bstatic" "/opt/rustwide/target/debug/deps/libgl_generator-b3b07c81edb412d6.rlib" "/opt/rustwide/target/debug/deps/libkhronos_api-afb3cf769d2dda79.rlib" "/opt/rustwide/target/debug/deps/libxml-016b42b208a55d19.rlib" "/opt/rustwide/target/debug/deps/liblog-812044d2850a6a13.rlib" "/opt/rustwide/target/debug/deps/libcfg_if-f97525f69ebe0996.rlib" "/opt/rustwide/rustup-home/toolchains/beta-2023-04-20-x86_64-unknown-linux-gnu/lib/rustlib/x86_64-unknown-linux-gnu/lib/libstd-0e29cc23c5e02021.rlib" "/opt/rustwide/rustup-home/toolchains/beta-2023-04-20-x86_64-unknown-linux-gnu/lib/rustlib/x86_64-unknown-linux-gnu/lib/libpanic_unwind-d903621768a861d9.rlib" "/opt/rustwide/rustup-home/toolchains/beta-2023-04-20-x86_64-unknown-linux-gnu/lib/rustlib/x86_64-unknown-linux-gnu/lib/libobject-6d0225e655f31c13.rlib" "/opt/rustwide/rustup-home/toolchains/beta-2023-04-20-x86_64-unknown-linux-gnu/lib/rustlib/x86_64-unknown-linux-gnu/lib/libmemchr-9dbaf4eac7eaa079.rlib" "/opt/rustwide/rustup-home/toolchains/beta-2023-04-20-x86_64-unknown-linux-gnu/lib/rustlib/x86_64-unknown-linux-gnu/lib/libaddr2line-27f05b3d42a66dd0.rlib" "/opt/rustwide/rustup-home/toolchains/beta-2023-04-20-x86_64-unknown-linux-gnu/lib/rustlib/x86_64-unknown-linux-gnu/lib/libgimli-4d73f1030321c9a2.rlib" "/opt/rustwide/rustup-home/toolchains/beta-2023-04-20-x86_64-unknown-linux-gnu/lib/rustlib/x86_64-unknown-linux-gnu/lib/librustc_demangle-2846c9e58abd0acb.rlib" "/opt/rustwide/rustup-home/toolchains/beta-2023-04-20-x86_64-unknown-linux-gnu/lib/rustlib/x86_64-unknown-linux-gnu/lib/libstd_detect-a53d0f50415947be.rlib" "/opt/rustwide/rustup-home/toolchains/beta-2023-04-20-x86_64-unknown-linux-gnu/lib/rustlib/x86_64-unknown-linux-gnu/lib/libhashbrown-d48e4b6abc25b9dc.rlib" "/opt/rustwide/rustup-home/toolchains/beta-2023-04-20-x86_64-unknown-linux-gnu/lib/rustlib/x86_64-unknown-linux-gnu/lib/libminiz_oxide-2991859439ef1207.rlib" "/opt/rustwide/rustup-home/toolchains/beta-2023-04-20-x86_64-unknown-linux-gnu/lib/rustlib/x86_64-unknown-linux-gnu/lib/libadler-8a687517e4221bae.rlib" "/opt/rustwide/rustup-home/toolchains/beta-2023-04-20-x86_64-unknown-linux-gnu/lib/rustlib/x86_64-unknown-linux-gnu/lib/librustc_std_workspace_alloc-e07b554f6a67f5b3.rlib" "/opt/rustwide/rustup-home/toolchains/beta-2023-04-20-x86_64-unknown-linux-gnu/lib/rustlib/x86_64-unknown-linux-gnu/lib/libunwind-b68238b7c3c619dd.rlib" "/opt/rustwide/rustup-home/toolchains/beta-2023-04-20-x86_64-unknown-linux-gnu/lib/rustlib/x86_64-unknown-linux-gnu/lib/libcfg_if-d5e213e896c017e4.rlib" "/opt/rustwide/rustup-home/toolchains/beta-2023-04-20-x86_64-unknown-linux-gnu/lib/rustlib/x86_64-unknown-linux-gnu/lib/liblibc-0211a3b2e61d8689.rlib" "/opt/rustwide/rustup-home/toolchains/beta-2023-04-20-x86_64-unknown-linux-gnu/lib/rustlib/x86_64-unknown-linux-gnu/lib/liballoc-b371f055239ba51f.rlib" "/opt/rustwide/rustup-home/toolchains/beta-2023-04-20-x86_64-unknown-linux-gnu/lib/rustlib/x86_64-unknown-linux-gnu/lib/librustc_std_workspace_core-e60518d2760eb01e.rlib" "/opt/rustwide/rustup-home/toolchains/beta-2023-04-20-x86_64-unknown-linux-gnu/lib/rustlib/x86_64-unknown-linux-gnu/lib/libcore-1ad943f92a4b1081.rlib" "/opt/rustwide/rustup-home/toolchains/beta-2023-04-20-x86_64-unknown-linux-gnu/lib/rustlib/x86_64-unknown-linux-gnu/lib/libcompiler_builtins-f0d6e4d0fc1e80b4.rlib" "-Wl,-Bdynamic" "-lgcc_s" "-lutil" "-lrt" "-lpthread" "-lm" "-ldl" "-lc" "-Wl,--eh-frame-hdr" "-Wl,-z,noexecstack" "-L" "/opt/rustwide/rustup-home/toolchains/beta-2023-04-20-x86_64-unknown-linux-gnu/lib/rustlib/x86_64-unknown-linux-gnu/lib" "-o" "/opt/rustwide/target/debug/build/glutin_egl_sys-a8797a20cf1d93d1/build_script_build-a8797a20cf1d93d1" "-Wl,--gc-sections" "-pie" "-Wl,-z,relro,-z,now" "-nodefaultlibs"
[INFO] [stdout]   = note: /usr/bin/ld: final link failed: No space left on device
[INFO] [stdout]           collect2: error: ld returned 1 exit status
[INFO] [stdout]           
[INFO] [stdout] 
[INFO] [stdout] 
[INFO] [stdout] error: aborting due to previous error
[INFO] [stdout] 
[INFO] [stdout] 
[INFO] [stderr] error: could not compile `wayland-protocols` (build script) due to 2 previous errors
[INFO] [stdout] error: aborting due to previous error
[INFO] [stdout] 
[INFO] [stdout] 
[INFO] [stderr] warning: build failed, waiting for other jobs to finish...
[INFO] [stderr] error: could not compile `rand` (lib) due to 2 previous errors
[INFO] [stderr] error: could not compile `gfx_gl` (build script) due to 2 previous errors
[INFO] [stderr] error: could not compile `glutin_egl_sys` (build script) due to 2 previous errors
[INFO] [stderr] error: could not compile `num-derive` (build script) due to 2 previous errors
[INFO] [stdout] error: linking with `cc` failed: exit status: 1
[INFO] [stdout]   |
[INFO] [stdout]   = note: LC_ALL="C" PATH="/opt/rustwide/rustup-home/toolchains/beta-2023-04-20-x86_64-unknown-linux-gnu/lib/rustlib/x86_64-unknown-linux-gnu/bin:/opt/rustwide/cargo-home/bin:/usr/local/sbin:/usr/local/bin:/usr/sbin:/usr/bin:/sbin:/bin" VSLANG="1033" "cc" "-m64" "/tmp/rustclC5463/symbols.o" "/opt/rustwide/target/debug/build/wayland-client-b35ecac255fbd7cb/build_script_build-b35ecac255fbd7cb.build_script_build.53195bf5-cgu.0.rcgu.o" "/opt/rustwide/target/debug/build/wayland-client-b35ecac255fbd7cb/build_script_build-b35ecac255fbd7cb.build_script_build.53195bf5-cgu.1.rcgu.o" "/opt/rustwide/target/debug/build/wayland-client-b35ecac255fbd7cb/build_script_build-b35ecac255fbd7cb.build_script_build.53195bf5-cgu.10.rcgu.o" "/opt/rustwide/target/debug/build/wayland-client-b35ecac255fbd7cb/build_script_build-b35ecac255fbd7cb.build_script_build.53195bf5-cgu.11.rcgu.o" "/opt/rustwide/target/debug/build/wayland-client-b35ecac255fbd7cb/build_script_build-b35ecac255fbd7cb.build_script_build.53195bf5-cgu.12.rcgu.o" "/opt/rustwide/target/debug/build/wayland-client-b35ecac255fbd7cb/build_script_build-b35ecac255fbd7cb.build_script_build.53195bf5-cgu.13.rcgu.o" "/opt/rustwide/target/debug/build/wayland-client-b35ecac255fbd7cb/build_script_build-b35ecac255fbd7cb.build_script_build.53195bf5-cgu.14.rcgu.o" "/opt/rustwide/target/debug/build/wayland-client-b35ecac255fbd7cb/build_script_build-b35ecac255fbd7cb.build_script_build.53195bf5-cgu.15.rcgu.o" "/opt/rustwide/target/debug/build/wayland-client-b35ecac255fbd7cb/build_script_build-b35ecac255fbd7cb.build_script_build.53195bf5-cgu.2.rcgu.o" "/opt/rustwide/target/debug/build/wayland-client-b35ecac255fbd7cb/build_script_build-b35ecac255fbd7cb.build_script_build.53195bf5-cgu.3.rcgu.o" "/opt/rustwide/target/debug/build/wayland-client-b35ecac255fbd7cb/build_script_build-b35ecac255fbd7cb.build_script_build.53195bf5-cgu.4.rcgu.o" "/opt/rustwide/target/debug/build/wayland-client-b35ecac255fbd7cb/build_script_build-b35ecac255fbd7cb.build_script_build.53195bf5-cgu.5.rcgu.o" "/opt/rustwide/target/debug/build/wayland-client-b35ecac255fbd7cb/build_script_build-b35ecac255fbd7cb.build_script_build.53195bf5-cgu.6.rcgu.o" "/opt/rustwide/target/debug/build/wayland-client-b35ecac255fbd7cb/build_script_build-b35ecac255fbd7cb.build_script_build.53195bf5-cgu.7.rcgu.o" "/opt/rustwide/target/debug/build/wayland-client-b35ecac255fbd7cb/build_script_build-b35ecac255fbd7cb.build_script_build.53195bf5-cgu.8.rcgu.o" "/opt/rustwide/target/debug/build/wayland-client-b35ecac255fbd7cb/build_script_build-b35ecac255fbd7cb.build_script_build.53195bf5-cgu.9.rcgu.o" "/opt/rustwide/target/debug/build/wayland-client-b35ecac255fbd7cb/build_script_build-b35ecac255fbd7cb.3ckstd8kukn61tuz.rcgu.o" "-Wl,--as-needed" "-L" "/opt/rustwide/target/debug/deps" "-L" "/opt/rustwide/rustup-home/toolchains/beta-2023-04-20-x86_64-unknown-linux-gnu/lib/rustlib/x86_64-unknown-linux-gnu/lib" "-Wl,-Bstatic" "/opt/rustwide/target/debug/deps/libwayland_scanner-417186eddd2481ce.rlib" "/opt/rustwide/target/debug/deps/libxml-016b42b208a55d19.rlib" "/opt/rustwide/target/debug/deps/libquote-f519a2334a313e05.rlib" "/opt/rustwide/target/debug/deps/libproc_macro2-4d936c3e685ac099.rlib" "/opt/rustwide/target/debug/deps/libunicode_xid-47fa730716712e44.rlib" "/opt/rustwide/rustup-home/toolchains/beta-2023-04-20-x86_64-unknown-linux-gnu/lib/rustlib/x86_64-unknown-linux-gnu/lib/libproc_macro-4ae0b5c8ec17d92d.rlib" "/opt/rustwide/rustup-home/toolchains/beta-2023-04-20-x86_64-unknown-linux-gnu/lib/rustlib/x86_64-unknown-linux-gnu/lib/libstd-0e29cc23c5e02021.rlib" "/opt/rustwide/rustup-home/toolchains/beta-2023-04-20-x86_64-unknown-linux-gnu/lib/rustlib/x86_64-unknown-linux-gnu/lib/libpanic_unwind-d903621768a861d9.rlib" "/opt/rustwide/rustup-home/toolchains/beta-2023-04-20-x86_64-unknown-linux-gnu/lib/rustlib/x86_64-unknown-linux-gnu/lib/libobject-6d0225e655f31c13.rlib" "/opt/rustwide/rustup-home/toolchains/beta-2023-04-20-x86_64-unknown-linux-gnu/lib/rustlib/x86_64-unknown-linux-gnu/lib/libmemchr-9dbaf4eac7eaa079.rlib" "/opt/rustwide/rustup-home/toolchains/beta-2023-04-20-x86_64-unknown-linux-gnu/lib/rustlib/x86_64-unknown-linux-gnu/lib/libaddr2line-27f05b3d42a66dd0.rlib" "/opt/rustwide/rustup-home/toolchains/beta-2023-04-20-x86_64-unknown-linux-gnu/lib/rustlib/x86_64-unknown-linux-gnu/lib/libgimli-4d73f1030321c9a2.rlib" "/opt/rustwide/rustup-home/toolchains/beta-2023-04-20-x86_64-unknown-linux-gnu/lib/rustlib/x86_64-unknown-linux-gnu/lib/librustc_demangle-2846c9e58abd0acb.rlib" "/opt/rustwide/rustup-home/toolchains/beta-2023-04-20-x86_64-unknown-linux-gnu/lib/rustlib/x86_64-unknown-linux-gnu/lib/libstd_detect-a53d0f50415947be.rlib" "/opt/rustwide/rustup-home/toolchains/beta-2023-04-20-x86_64-unknown-linux-gnu/lib/rustlib/x86_64-unknown-linux-gnu/lib/libhashbrown-d48e4b6abc25b9dc.rlib" "/opt/rustwide/rustup-home/toolchains/beta-2023-04-20-x86_64-unknown-linux-gnu/lib/rustlib/x86_64-unknown-linux-gnu/lib/libminiz_oxide-2991859439ef1207.rlib" "/opt/rustwide/rustup-home/toolchains/beta-2023-04-20-x86_64-unknown-linux-gnu/lib/rustlib/x86_64-unknown-linux-gnu/lib/libadler-8a687517e4221bae.rlib" "/opt/rustwide/rustup-home/toolchains/beta-2023-04-20-x86_64-unknown-linux-gnu/lib/rustlib/x86_64-unknown-linux-gnu/lib/librustc_std_workspace_alloc-e07b554f6a67f5b3.rlib" "/opt/rustwide/rustup-home/toolchains/beta-2023-04-20-x86_64-unknown-linux-gnu/lib/rustlib/x86_64-unknown-linux-gnu/lib/libunwind-b68238b7c3c619dd.rlib" "/opt/rustwide/rustup-home/toolchains/beta-2023-04-20-x86_64-unknown-linux-gnu/lib/rustlib/x86_64-unknown-linux-gnu/lib/libcfg_if-d5e213e896c017e4.rlib" "/opt/rustwide/rustup-home/toolchains/beta-2023-04-20-x86_64-unknown-linux-gnu/lib/rustlib/x86_64-unknown-linux-gnu/lib/liblibc-0211a3b2e61d8689.rlib" "/opt/rustwide/rustup-home/toolchains/beta-2023-04-20-x86_64-unknown-linux-gnu/lib/rustlib/x86_64-unknown-linux-gnu/lib/liballoc-b371f055239ba51f.rlib" "/opt/rustwide/rustup-home/toolchains/beta-2023-04-20-x86_64-unknown-linux-gnu/lib/rustlib/x86_64-unknown-linux-gnu/lib/librustc_std_workspace_core-e60518d2760eb01e.rlib" "/opt/rustwide/rustup-home/toolchains/beta-2023-04-20-x86_64-unknown-linux-gnu/lib/rustlib/x86_64-unknown-linux-gnu/lib/libcore-1ad943f92a4b1081.rlib" "/opt/rustwide/rustup-home/toolchains/beta-2023-04-20-x86_64-unknown-linux-gnu/lib/rustlib/x86_64-unknown-linux-gnu/lib/libcompiler_builtins-f0d6e4d0fc1e80b4.rlib" "-Wl,-Bdynamic" "-lgcc_s" "-lutil" "-lrt" "-lpthread" "-lm" "-ldl" "-lc" "-Wl,--eh-frame-hdr" "-Wl,-z,noexecstack" "-L" "/opt/rustwide/rustup-home/toolchains/beta-2023-04-20-x86_64-unknown-linux-gnu/lib/rustlib/x86_64-unknown-linux-gnu/lib" "-o" "/opt/rustwide/target/debug/build/wayland-client-b35ecac255fbd7cb/build_script_build-b35ecac255fbd7cb" "-Wl,--gc-sections" "-pie" "-Wl,-z,relro,-z,now" "-nodefaultlibs"
[INFO] [stdout]   = note: /usr/bin/ld: final link failed: No space left on device
[INFO] [stdout]           collect2: error: ld returned 1 exit status
[INFO] [stdout]           
[INFO] [stdout] 
[INFO] [stdout] 
[INFO] [stdout] error: aborting due to previous error
[INFO] [stdout] 
[INFO] [stdout] 
[INFO] [stderr] error: could not compile `wayland-client` (build script) due to 2 previous errors
[INFO] [stderr]   10:     0x7f24513dca35 - rustc_driver_impl[dc743aefd116e4d1]::DEFAULT_HOOK::{closure#0}::{closure#0}
[INFO] [stderr]   11:     0x7f244e0ecf34 - <alloc::boxed::Box<F,A> as core::ops::function::Fn<Args>>::call::h3f2d6d8b14c4769f
[INFO] [stderr]                                at /rustc/1b7dd2252b99671ce5d1cb9664c5f8636329436d/library/alloc/src/boxed.rs:1987:9
[INFO] [stderr]   12:     0x7f244e0ecf34 - std::panicking::rust_panic_with_hook::h2bb3722bbaf2f6df
[INFO] [stderr]                                at /rustc/1b7dd2252b99671ce5d1cb9664c5f8636329436d/library/std/src/panicking.rs:695:13
[INFO] [stderr]   13:     0x7f244e0ecc62 - std::panicking::begin_panic_handler::{{closure}}::h91bc7f36a4be011b
[INFO] [stderr]                                at /rustc/1b7dd2252b99671ce5d1cb9664c5f8636329436d/library/std/src/panicking.rs:580:13
[INFO] [stderr]   14:     0x7f244e0ea136 - std::sys_common::backtrace::__rust_end_short_backtrace::h8b3d3717114f9e59
[INFO] [stderr]                                at /rustc/1b7dd2252b99671ce5d1cb9664c5f8636329436d/library/std/src/sys_common/backtrace.rs:150:18
[INFO] [stderr]   15:     0x7f244e0eca02 - rust_begin_unwind
[INFO] [stderr]                                at /rustc/1b7dd2252b99671ce5d1cb9664c5f8636329436d/library/std/src/panicking.rs:578:5
[INFO] [stderr]   16:     0x7f244e14a443 - core::panicking::panic_fmt::hfd368e3fbdabea26
[INFO] [stderr]                                at /rustc/1b7dd2252b99671ce5d1cb9664c5f8636329436d/library/core/src/panicking.rs:67:14
[INFO] [stderr]   17:     0x7f244e14a4dd - core::panicking::panic::h3f9042d09bd0bf2e
[INFO] [stderr]                                at /rustc/1b7dd2252b99671ce5d1cb9664c5f8636329436d/library/core/src/panicking.rs:117:5
[INFO] [stderr]   18:     0x7f245072579e - <rustc_metadata[265efc8f25a37d70]::rmeta::encoder::EncodeContext>::encode_crate_root
[INFO] [stderr]   19:     0x7f24506b9f89 - rustc_metadata[265efc8f25a37d70]::rmeta::encoder::encode_metadata_impl
[INFO] [stderr]   20:     0x7f24506ad951 - rustc_data_structures[f629b2cb664ef839]::sync::join::<rustc_metadata[265efc8f25a37d70]::rmeta::encoder::encode_metadata::{closure#0}, rustc_metadata[265efc8f25a37d70]::rmeta::encoder::encode_metadata::{closure#1}, (), ()>
[INFO] [stderr]   21:     0x7f24506ad66f - rustc_metadata[265efc8f25a37d70]::rmeta::encoder::encode_metadata
[INFO] [stderr]   22:     0x7f24506aca01 - rustc_metadata[265efc8f25a37d70]::fs::encode_and_write_metadata
[INFO] [stderr]   23:     0x7f24506a6190 - rustc_interface[a065794b3504c0d8]::passes::start_codegen
[INFO] [stderr]   24:     0x7f24506a15c4 - <rustc_middle[190fc878b70c43dc]::ty::context::GlobalCtxt>::enter::<<rustc_interface[a065794b3504c0d8]::queries::Queries>::ongoing_codegen::{closure#0}::{closure#0}, core[5dceb995eb6c8c1c]::result::Result<alloc[2e017f7c06744add]::boxed::Box<dyn core[5dceb995eb6c8c1c]::any::Any>, rustc_span[1c1785c13b4703b1]::ErrorGuaranteed>>
[INFO] [stderr]   25:     0x7f245069fc68 - <rustc_interface[a065794b3504c0d8]::queries::Queries>::ongoing_codegen
[INFO] [stderr]   26:     0x7f245069f471 - <rustc_interface[a065794b3504c0d8]::interface::Compiler>::enter::<rustc_driver_impl[dc743aefd116e4d1]::run_compiler::{closure#1}::{closure#2}, core[5dceb995eb6c8c1c]::result::Result<core[5dceb995eb6c8c1c]::option::Option<rustc_interface[a065794b3504c0d8]::queries::Linker>, rustc_span[1c1785c13b4703b1]::ErrorGuaranteed>>
[INFO] [stderr]   27:     0x7f245069a691 - rustc_span[1c1785c13b4703b1]::set_source_map::<core[5dceb995eb6c8c1c]::result::Result<(), rustc_span[1c1785c13b4703b1]::ErrorGuaranteed>, rustc_interface[a065794b3504c0d8]::interface::run_compiler<core[5dceb995eb6c8c1c]::result::Result<(), rustc_span[1c1785c13b4703b1]::ErrorGuaranteed>, rustc_driver_impl[dc743aefd116e4d1]::run_compiler::{closure#1}>::{closure#0}::{closure#0}>
[INFO] [stderr]   28:     0x7f2450699c3f - std[c49fe71d1e153478]::sys_common::backtrace::__rust_begin_short_backtrace::<rustc_interface[a065794b3504c0d8]::util::run_in_thread_pool_with_globals<rustc_interface[a065794b3504c0d8]::interface::run_compiler<core[5dceb995eb6c8c1c]::result::Result<(), rustc_span[1c1785c13b4703b1]::ErrorGuaranteed>, rustc_driver_impl[dc743aefd116e4d1]::run_compiler::{closure#1}>::{closure#0}, core[5dceb995eb6c8c1c]::result::Result<(), rustc_span[1c1785c13b4703b1]::ErrorGuaranteed>>::{closure#0}::{closure#0}, core[5dceb995eb6c8c1c]::result::Result<(), rustc_span[1c1785c13b4703b1]::ErrorGuaranteed>>
[INFO] [stderr]   29:     0x7f2450caa4e1 - <<std[c49fe71d1e153478]::thread::Builder>::spawn_unchecked_<rustc_interface[a065794b3504c0d8]::util::run_in_thread_pool_with_globals<rustc_interface[a065794b3504c0d8]::interface::run_compiler<core[5dceb995eb6c8c1c]::result::Result<(), rustc_span[1c1785c13b4703b1]::ErrorGuaranteed>, rustc_driver_impl[dc743aefd116e4d1]::run_compiler::{closure#1}>::{closure#0}, core[5dceb995eb6c8c1c]::result::Result<(), rustc_span[1c1785c13b4703b1]::ErrorGuaranteed>>::{closure#0}::{closure#0}, core[5dceb995eb6c8c1c]::result::Result<(), rustc_span[1c1785c13b4703b1]::ErrorGuaranteed>>::{closure#1} as core[5dceb995eb6c8c1c]::ops::function::FnOnce<()>>::call_once::{shim:vtable#0}
[INFO] [stderr]   30:     0x7f244e0f73b5 - <alloc::boxed::Box<F,A> as core::ops::function::FnOnce<Args>>::call_once::h0d83cb2920a49046
[INFO] [stderr]                                at /rustc/1b7dd2252b99671ce5d1cb9664c5f8636329436d/library/alloc/src/boxed.rs:1973:9
[INFO] [stderr]   31:     0x7f244e0f73b5 - <alloc::boxed::Box<F,A> as core::ops::function::FnOnce<Args>>::call_once::hbe0a008aa7d9ef59
[INFO] [stderr]                                at /rustc/1b7dd2252b99671ce5d1cb9664c5f8636329436d/library/alloc/src/boxed.rs:1973:9
[INFO] [stderr]   32:     0x7f244e0f73b5 - std::sys::unix::thread::Thread::new::thread_start::h3a466996bdf6b1f9
[INFO] [stderr]                                at /rustc/1b7dd2252b99671ce5d1cb9664c5f8636329436d/library/std/src/sys/unix/thread.rs:108:17
[INFO] [stderr]   33:     0x7f244de2db43 - <unknown>
[INFO] [stderr]   34:     0x7f244debebb4 - __clone
[INFO] [stderr]   35:                0x0 - <unknown>
[INFO] [stderr] 
[INFO] [stderr] error: the compiler unexpectedly panicked. this is a bug.
[INFO] [stderr] 
[INFO] [stderr] note: we would appreciate a bug report: https://github.com/rust-lang/rust/issues/new?labels=C-bug%2C+I-ICE%2C+T-compiler&template=ice.md
[INFO] [stderr] 
[INFO] [stderr] note: rustc 1.70.0-beta.1 (1b7dd2252 2023-04-19) running on x86_64-unknown-linux-gnu
[INFO] [stderr] 
[INFO] [stderr] note: compiler flags: --crate-type lib -C embed-bitcode=no
[INFO] [stderr] 
[INFO] [stderr] note: some of the compiler flags provided by cargo are hidden
[INFO] [stderr] 
[INFO] [stderr] query stack during panic:
[INFO] [stderr] end of query stack
[INFO] [stderr] thread 'rustc' panicked at 'assertion failed: pos.get() <= self.position()', compiler/rustc_metadata/src/rmeta/encoder.rs:433:9
[INFO] [stderr] error: could not compile `syn` (lib)
[INFO] [stdout] error: linking with `cc` failed: exit status: 1
[INFO] [stdout]   |
[INFO] [stdout]   = note: LC_ALL="C" PATH="/opt/rustwide/rustup-home/toolchains/beta-2023-04-20-x86_64-unknown-linux-gnu/lib/rustlib/x86_64-unknown-linux-gnu/bin:/opt/rustwide/cargo-home/bin:/usr/local/sbin:/usr/local/bin:/usr/sbin:/usr/bin:/sbin:/bin" VSLANG="1033" "cc" "-m64" "/tmp/rustcFNRIa1/symbols.o" "/opt/rustwide/target/debug/build/glutin_glx_sys-c06bbddaf624d7ca/build_script_build-c06bbddaf624d7ca.build_script_build.990e8e24-cgu.0.rcgu.o" "/opt/rustwide/target/debug/build/glutin_glx_sys-c06bbddaf624d7ca/build_script_build-c06bbddaf624d7ca.build_script_build.990e8e24-cgu.1.rcgu.o" "/opt/rustwide/target/debug/build/glutin_glx_sys-c06bbddaf624d7ca/build_script_build-c06bbddaf624d7ca.build_script_build.990e8e24-cgu.10.rcgu.o" "/opt/rustwide/target/debug/build/glutin_glx_sys-c06bbddaf624d7ca/build_script_build-c06bbddaf624d7ca.build_script_build.990e8e24-cgu.11.rcgu.o" "/opt/rustwide/target/debug/build/glutin_glx_sys-c06bbddaf624d7ca/build_script_build-c06bbddaf624d7ca.build_script_build.990e8e24-cgu.12.rcgu.o" "/opt/rustwide/target/debug/build/glutin_glx_sys-c06bbddaf624d7ca/build_script_build-c06bbddaf624d7ca.build_script_build.990e8e24-cgu.13.rcgu.o" "/opt/rustwide/target/debug/build/glutin_glx_sys-c06bbddaf624d7ca/build_script_build-c06bbddaf624d7ca.build_script_build.990e8e24-cgu.14.rcgu.o" "/opt/rustwide/target/debug/build/glutin_glx_sys-c06bbddaf624d7ca/build_script_build-c06bbddaf624d7ca.build_script_build.990e8e24-cgu.15.rcgu.o" "/opt/rustwide/target/debug/build/glutin_glx_sys-c06bbddaf624d7ca/build_script_build-c06bbddaf624d7ca.build_script_build.990e8e24-cgu.2.rcgu.o" "/opt/rustwide/target/debug/build/glutin_glx_sys-c06bbddaf624d7ca/build_script_build-c06bbddaf624d7ca.build_script_build.990e8e24-cgu.3.rcgu.o" "/opt/rustwide/target/debug/build/glutin_glx_sys-c06bbddaf624d7ca/build_script_build-c06bbddaf624d7ca.build_script_build.990e8e24-cgu.4.rcgu.o" "/opt/rustwide/target/debug/build/glutin_glx_sys-c06bbddaf624d7ca/build_script_build-c06bbddaf624d7ca.build_script_build.990e8e24-cgu.5.rcgu.o" "/opt/rustwide/target/debug/build/glutin_glx_sys-c06bbddaf624d7ca/build_script_build-c06bbddaf624d7ca.build_script_build.990e8e24-cgu.6.rcgu.o" "/opt/rustwide/target/debug/build/glutin_glx_sys-c06bbddaf624d7ca/build_script_build-c06bbddaf624d7ca.build_script_build.990e8e24-cgu.7.rcgu.o" "/opt/rustwide/target/debug/build/glutin_glx_sys-c06bbddaf624d7ca/build_script_build-c06bbddaf624d7ca.build_script_build.990e8e24-cgu.8.rcgu.o" "/opt/rustwide/target/debug/build/glutin_glx_sys-c06bbddaf624d7ca/build_script_build-c06bbddaf624d7ca.build_script_build.990e8e24-cgu.9.rcgu.o" "/opt/rustwide/target/debug/build/glutin_glx_sys-c06bbddaf624d7ca/build_script_build-c06bbddaf624d7ca.4c04232o65nsguim.rcgu.o" "-Wl,--as-needed" "-L" "/opt/rustwide/target/debug/deps" "-L" "/opt/rustwide/rustup-home/toolchains/beta-2023-04-20-x86_64-unknown-linux-gnu/lib/rustlib/x86_64-unknown-linux-gnu/lib" "-Wl,-Bstatic" "/opt/rustwide/target/debug/deps/libgl_generator-b3b07c81edb412d6.rlib" "/opt/rustwide/target/debug/deps/libkhronos_api-afb3cf769d2dda79.rlib" "/opt/rustwide/target/debug/deps/libxml-016b42b208a55d19.rlib" "/opt/rustwide/target/debug/deps/liblog-812044d2850a6a13.rlib" "/opt/rustwide/target/debug/deps/libcfg_if-f97525f69ebe0996.rlib" "/opt/rustwide/rustup-home/toolchains/beta-2023-04-20-x86_64-unknown-linux-gnu/lib/rustlib/x86_64-unknown-linux-gnu/lib/libstd-0e29cc23c5e02021.rlib" "/opt/rustwide/rustup-home/toolchains/beta-2023-04-20-x86_64-unknown-linux-gnu/lib/rustlib/x86_64-unknown-linux-gnu/lib/libpanic_unwind-d903621768a861d9.rlib" "/opt/rustwide/rustup-home/toolchains/beta-2023-04-20-x86_64-unknown-linux-gnu/lib/rustlib/x86_64-unknown-linux-gnu/lib/libobject-6d0225e655f31c13.rlib" "/opt/rustwide/rustup-home/toolchains/beta-2023-04-20-x86_64-unknown-linux-gnu/lib/rustlib/x86_64-unknown-linux-gnu/lib/libmemchr-9dbaf4eac7eaa079.rlib" "/opt/rustwide/rustup-home/toolchains/beta-2023-04-20-x86_64-unknown-linux-gnu/lib/rustlib/x86_64-unknown-linux-gnu/lib/libaddr2line-27f05b3d42a66dd0.rlib" "/opt/rustwide/rustup-home/toolchains/beta-2023-04-20-x86_64-unknown-linux-gnu/lib/rustlib/x86_64-unknown-linux-gnu/lib/libgimli-4d73f1030321c9a2.rlib" "/opt/rustwide/rustup-home/toolchains/beta-2023-04-20-x86_64-unknown-linux-gnu/lib/rustlib/x86_64-unknown-linux-gnu/lib/librustc_demangle-2846c9e58abd0acb.rlib" "/opt/rustwide/rustup-home/toolchains/beta-2023-04-20-x86_64-unknown-linux-gnu/lib/rustlib/x86_64-unknown-linux-gnu/lib/libstd_detect-a53d0f50415947be.rlib" "/opt/rustwide/rustup-home/toolchains/beta-2023-04-20-x86_64-unknown-linux-gnu/lib/rustlib/x86_64-unknown-linux-gnu/lib/libhashbrown-d48e4b6abc25b9dc.rlib" "/opt/rustwide/rustup-home/toolchains/beta-2023-04-20-x86_64-unknown-linux-gnu/lib/rustlib/x86_64-unknown-linux-gnu/lib/libminiz_oxide-2991859439ef1207.rlib" "/opt/rustwide/rustup-home/toolchains/beta-2023-04-20-x86_64-unknown-linux-gnu/lib/rustlib/x86_64-unknown-linux-gnu/lib/libadler-8a687517e4221bae.rlib" "/opt/rustwide/rustup-home/toolchains/beta-2023-04-20-x86_64-unknown-linux-gnu/lib/rustlib/x86_64-unknown-linux-gnu/lib/librustc_std_workspace_alloc-e07b554f6a67f5b3.rlib" "/opt/rustwide/rustup-home/toolchains/beta-2023-04-20-x86_64-unknown-linux-gnu/lib/rustlib/x86_64-unknown-linux-gnu/lib/libunwind-b68238b7c3c619dd.rlib" "/opt/rustwide/rustup-home/toolchains/beta-2023-04-20-x86_64-unknown-linux-gnu/lib/rustlib/x86_64-unknown-linux-gnu/lib/libcfg_if-d5e213e896c017e4.rlib" "/opt/rustwide/rustup-home/toolchains/beta-2023-04-20-x86_64-unknown-linux-gnu/lib/rustlib/x86_64-unknown-linux-gnu/lib/liblibc-0211a3b2e61d8689.rlib" "/opt/rustwide/rustup-home/toolchains/beta-2023-04-20-x86_64-unknown-linux-gnu/lib/rustlib/x86_64-unknown-linux-gnu/lib/liballoc-b371f055239ba51f.rlib" "/opt/rustwide/rustup-home/toolchains/beta-2023-04-20-x86_64-unknown-linux-gnu/lib/rustlib/x86_64-unknown-linux-gnu/lib/librustc_std_workspace_core-e60518d2760eb01e.rlib" "/opt/rustwide/rustup-home/toolchains/beta-2023-04-20-x86_64-unknown-linux-gnu/lib/rustlib/x86_64-unknown-linux-gnu/lib/libcore-1ad943f92a4b1081.rlib" "/opt/rustwide/rustup-home/toolchains/beta-2023-04-20-x86_64-unknown-linux-gnu/lib/rustlib/x86_64-unknown-linux-gnu/lib/libcompiler_builtins-f0d6e4d0fc1e80b4.rlib" "-Wl,-Bdynamic" "-lgcc_s" "-lutil" "-lrt" "-lpthread" "-lm" "-ldl" "-lc" "-Wl,--eh-frame-hdr" "-Wl,-z,noexecstack" "-L" "/opt/rustwide/rustup-home/toolchains/beta-2023-04-20-x86_64-unknown-linux-gnu/lib/rustlib/x86_64-unknown-linux-gnu/lib" "-o" "/opt/rustwide/target/debug/build/glutin_glx_sys-c06bbddaf624d7ca/build_script_build-c06bbddaf624d7ca" "-Wl,--gc-sections" "-pie" "-Wl,-z,relro,-z,now" "-nodefaultlibs"
[INFO] [stdout]   = note: /usr/bin/ld: final link failed: No space left on device
[INFO] [stdout]           collect2: error: ld returned 1 exit status
[INFO] [stdout]           
[INFO] [stdout] 
[INFO] [stdout] 
[INFO] [stdout] error: aborting due to previous error
[INFO] [stdout] 
[INFO] [stdout] 
[INFO] [stderr] error: could not compile `glutin_glx_sys` (build script) due to 2 previous errors
[INFO] [stderr] error: could not compile `nix` (lib)
[INFO] [stderr] thread 'rustc' panicked at 'assertion failed: pos.get() <= self.position()', compiler/rustc_metadata/src/rmeta/encoder.rs:433:9
[INFO] [stderr] The following warnings were emitted during compilation:
[INFO] [stderr] 
[INFO] [stderr] warning: bzip2-1.0.6/compress.c:667:1: fatal error: error writing to /tmp/ccIKIKGB.s: No space left on device
[INFO] [stderr] warning:   667 | }
[INFO] [stderr] warning:       | ^
[INFO] [stderr] warning: compilation terminated.
[INFO] [stderr] 
[INFO] [stderr] error: failed to run custom build command for `bzip2-sys v0.1.7`
[INFO] [stderr] note: To improve backtraces for build dependencies, set the CARGO_PROFILE_DEV_BUILD_OVERRIDE_DEBUG=true environment variable to enable debug information generation.
[INFO] [stderr] 
[INFO] [stderr] Caused by:
[INFO] [stderr]   process didn't exit successfully: `/opt/rustwide/target/debug/build/bzip2-sys-36035a3cbf1688ac/build-script-build` (exit status: 1)
[INFO] [stderr]   --- stdout
[INFO] [stderr]   TARGET = Some("x86_64-unknown-linux-gnu")
[INFO] [stderr]   OPT_LEVEL = Some("0")
[INFO] [stderr]   HOST = Some("x86_64-unknown-linux-gnu")
[INFO] [stderr]   CC_x86_64-unknown-linux-gnu = None
[INFO] [stderr]   CC_x86_64_unknown_linux_gnu = None
[INFO] [stderr]   HOST_CC = None
[INFO] [stderr]   CC = None
[INFO] [stderr]   CFLAGS_x86_64-unknown-linux-gnu = None
[INFO] [stderr]   CFLAGS_x86_64_unknown_linux_gnu = None
[INFO] [stderr]   HOST_CFLAGS = None
[INFO] [stderr]   CFLAGS = None
[INFO] [stderr]   CRATE_CC_NO_DEFAULTS = None
[INFO] [stderr]   DEBUG = Some("true")
[INFO] [stderr]   CARGO_CFG_TARGET_FEATURE = Some("fxsr,sse,sse2")
[INFO] [stderr]   running: "cc" "-O0" "-ffunction-sections" "-fdata-sections" "-fPIC" "-g" "-fno-omit-frame-pointer" "-m64" "-I" "bzip2-1.0.6" "-D_FILE_OFFSET_BITS=64" "-DBZ_NO_STDIO" "-o" "/opt/rustwide/target/debug/build/bzip2-sys-a17f65c880371f39/out/lib/bzip2-1.0.6/blocksort.o" "-c" "bzip2-1.0.6/blocksort.c"
[INFO] [stderr]   exit status: 0
[INFO] [stderr]   running: "cc" "-O0" "-ffunction-sections" "-fdata-sections" "-fPIC" "-g" "-fno-omit-frame-pointer" "-m64" "-I" "bzip2-1.0.6" "-D_FILE_OFFSET_BITS=64" "-DBZ_NO_STDIO" "-o" "/opt/rustwide/target/debug/build/bzip2-sys-a17f65c880371f39/out/lib/bzip2-1.0.6/huffman.o" "-c" "bzip2-1.0.6/huffman.c"
[INFO] [stderr]   exit status: 0
[INFO] [stderr]   running: "cc" "-O0" "-ffunction-sections" "-fdata-sections" "-fPIC" "-g" "-fno-omit-frame-pointer" "-m64" "-I" "bzip2-1.0.6" "-D_FILE_OFFSET_BITS=64" "-DBZ_NO_STDIO" "-o" "/opt/rustwide/target/debug/build/bzip2-sys-a17f65c880371f39/out/lib/bzip2-1.0.6/crctable.o" "-c" "bzip2-1.0.6/crctable.c"
[INFO] [stderr]   exit status: 0
[INFO] [stderr]   running: "cc" "-O0" "-ffunction-sections" "-fdata-sections" "-fPIC" "-g" "-fno-omit-frame-pointer" "-m64" "-I" "bzip2-1.0.6" "-D_FILE_OFFSET_BITS=64" "-DBZ_NO_STDIO" "-o" "/opt/rustwide/target/debug/build/bzip2-sys-a17f65c880371f39/out/lib/bzip2-1.0.6/randtable.o" "-c" "bzip2-1.0.6/randtable.c"
[INFO] [stderr]   exit status: 0
[INFO] [stderr]   running: "cc" "-O0" "-ffunction-sections" "-fdata-sections" "-fPIC" "-g" "-fno-omit-frame-pointer" "-m64" "-I" "bzip2-1.0.6" "-D_FILE_OFFSET_BITS=64" "-DBZ_NO_STDIO" "-o" "/opt/rustwide/target/debug/build/bzip2-sys-a17f65c880371f39/out/lib/bzip2-1.0.6/compress.o" "-c" "bzip2-1.0.6/compress.c"
[INFO] [stderr]   cargo:warning=bzip2-1.0.6/compress.c:667:1: fatal error: error writing to /tmp/ccIKIKGB.s: No space left on device
[INFO] [stderr]   cargo:warning=  667 | }
[INFO] [stderr]   cargo:warning=      | ^
[INFO] [stderr]   cargo:warning=compilation terminated.
[INFO] [stderr]   exit status: 1
[INFO] [stderr] 
[INFO] [stderr]   --- stderr
[INFO] [stderr] 
[INFO] [stderr] 
[INFO] [stderr]   error occurred: Command "cc" "-O0" "-ffunction-sections" "-fdata-sections" "-fPIC" "-g" "-fno-omit-frame-pointer" "-m64" "-I" "bzip2-1.0.6" "-D_FILE_OFFSET_BITS=64" "-DBZ_NO_STDIO" "-o" "/opt/rustwide/target/debug/build/bzip2-sys-a17f65c880371f39/out/lib/bzip2-1.0.6/compress.o" "-c" "bzip2-1.0.6/compress.c" with args "cc" did not execute successfully (status code exit status: 1).
[INFO] [stderr] 
[INFO] [stderr] 
[INFO] [stdout] error: couldn't create a temp dir: No space left on device (os error 28) at path "/opt/rustwide/target/debug/deps/rmeta2YbZG1"
[INFO] [stdout] 
[INFO] [stdout] 
[INFO] [stderr] error: could not compile `x11-dl` (lib) due to previous error
[INFO] [stderr] thread 'rustc' panicked at 'assertion failed: pos.get() <= self.position()', compiler/rustc_metadata/src/rmeta/encoder.rs:433:9
[INFO] [stderr] error: could not compile `serde` (lib)
[INFO] [stderr] error: could not compile `pulldown-cmark` (lib)
[INFO] running `Command { std: "docker" "inspect" "b9557e469d20c045957f9b0927d4ad9927117d4b3608765f93eed23556788be8", kill_on_drop: false }`
[INFO] running `Command { std: "docker" "rm" "-f" "b9557e469d20c045957f9b0927d4ad9927117d4b3608765f93eed23556788be8", kill_on_drop: false }`
[INFO] [stdout] b9557e469d20c045957f9b0927d4ad9927117d4b3608765f93eed23556788be8
