[INFO] cloning repository https://github.com/sw814f21/rest-api
[INFO] running `Command { std: "git" "-c" "credential.helper=" "-c" "credential.helper=/workspace/cargo-home/bin/git-credential-null" "clone" "--bare" "https://github.com/sw814f21/rest-api" "/workspace/cache/git-repos/https%3A%2F%2Fgithub.com%2Fsw814f21%2Frest-api", kill_on_drop: false }`
[INFO] [stderr] Cloning into bare repository '/workspace/cache/git-repos/https%3A%2F%2Fgithub.com%2Fsw814f21%2Frest-api'...
[INFO] running `Command { std: "git" "rev-parse" "HEAD", kill_on_drop: false }`
[INFO] [stdout] d26c9fe4a1776b9bcd555aae5b4d00e3a8ea5244
[INFO] documenting sw814f21/rest-api against beta-2023-04-20 for beta-1.70-rustdoc-1
[INFO] running `Command { std: "git" "clone" "/workspace/cache/git-repos/https%3A%2F%2Fgithub.com%2Fsw814f21%2Frest-api" "/workspace/builds/worker-1-tc2/source", kill_on_drop: false }`
[INFO] [stderr] Cloning into '/workspace/builds/worker-1-tc2/source'...
[INFO] [stderr] done.
[INFO] validating manifest of git repo https://github.com/sw814f21/rest-api on toolchain beta-2023-04-20
[INFO] running `Command { std: CARGO_HOME="/workspace/cargo-home" RUSTUP_HOME="/workspace/rustup-home" "/workspace/cargo-home/bin/cargo" "+beta-2023-04-20" "metadata" "--manifest-path" "Cargo.toml" "--no-deps", kill_on_drop: false }`
[INFO] started tweaking git repo https://github.com/sw814f21/rest-api
[INFO] finished tweaking git repo https://github.com/sw814f21/rest-api
[INFO] tweaked toml for git repo https://github.com/sw814f21/rest-api written to /workspace/builds/worker-1-tc2/source/Cargo.toml
[INFO] crate git repo https://github.com/sw814f21/rest-api already has a lockfile, it will not be regenerated
[INFO] running `Command { std: CARGO_HOME="/workspace/cargo-home" RUSTUP_HOME="/workspace/rustup-home" "/workspace/cargo-home/bin/cargo" "+beta-2023-04-20" "fetch" "--manifest-path" "Cargo.toml", kill_on_drop: false }`
[INFO] [stderr]     Blocking waiting for file lock on package cache
[INFO] running `Command { std: "docker" "create" "-v" "/var/lib/crater-agent-workspace/builds/worker-1-tc2/target:/opt/rustwide/target:rw,Z" "-v" "/var/lib/crater-agent-workspace/builds/worker-1-tc2/source:/opt/rustwide/workdir:ro,Z" "-v" "/var/lib/crater-agent-workspace/cargo-home:/opt/rustwide/cargo-home:ro,Z" "-v" "/var/lib/crater-agent-workspace/rustup-home:/opt/rustwide/rustup-home:ro,Z" "-e" "SOURCE_DIR=/opt/rustwide/workdir" "-e" "CARGO_TARGET_DIR=/opt/rustwide/target" "-e" "CARGO_HOME=/opt/rustwide/cargo-home" "-e" "RUSTUP_HOME=/opt/rustwide/rustup-home" "-w" "/opt/rustwide/workdir" "-m" "1610612736" "--user" "0:0" "--network" "none" "ghcr.io/rust-lang/crates-build-env/linux@sha256:5ff2268d62e97bff2cde7d5815dd6ed5b47097566f13b8d0ca110b04b60e07ed" "/opt/rustwide/cargo-home/bin/cargo" "+beta-2023-04-20" "metadata" "--no-deps" "--format-version=1", kill_on_drop: false }`
[INFO] [stdout] 581d8402fcede0799f18cc49f851dd9e43e8181179480e888d6e9bdec76dfa4f
[INFO] running `Command { std: "docker" "start" "-a" "581d8402fcede0799f18cc49f851dd9e43e8181179480e888d6e9bdec76dfa4f", kill_on_drop: false }`
[INFO] running `Command { std: "docker" "inspect" "581d8402fcede0799f18cc49f851dd9e43e8181179480e888d6e9bdec76dfa4f", kill_on_drop: false }`
[INFO] running `Command { std: "docker" "rm" "-f" "581d8402fcede0799f18cc49f851dd9e43e8181179480e888d6e9bdec76dfa4f", kill_on_drop: false }`
[INFO] [stdout] 581d8402fcede0799f18cc49f851dd9e43e8181179480e888d6e9bdec76dfa4f
[INFO] running `Command { std: "docker" "create" "-v" "/var/lib/crater-agent-workspace/builds/worker-1-tc2/target:/opt/rustwide/target:rw,Z" "-v" "/var/lib/crater-agent-workspace/builds/worker-1-tc2/source:/opt/rustwide/workdir:ro,Z" "-v" "/var/lib/crater-agent-workspace/cargo-home:/opt/rustwide/cargo-home:ro,Z" "-v" "/var/lib/crater-agent-workspace/rustup-home:/opt/rustwide/rustup-home:ro,Z" "-e" "SOURCE_DIR=/opt/rustwide/workdir" "-e" "CARGO_TARGET_DIR=/opt/rustwide/target" "-e" "CARGO_INCREMENTAL=0" "-e" "RUST_BACKTRACE=full" "-e" "RUSTFLAGS=--cap-lints=warn" "-e" "RUSTDOCFLAGS=--cap-lints=warn" "-e" "CARGO_HOME=/opt/rustwide/cargo-home" "-e" "RUSTUP_HOME=/opt/rustwide/rustup-home" "-w" "/opt/rustwide/workdir" "-m" "1610612736" "--user" "0:0" "--network" "none" "ghcr.io/rust-lang/crates-build-env/linux@sha256:5ff2268d62e97bff2cde7d5815dd6ed5b47097566f13b8d0ca110b04b60e07ed" "/opt/rustwide/cargo-home/bin/cargo" "+beta-2023-04-20" "doc" "--frozen" "--no-deps" "--document-private-items" "--message-format=json", kill_on_drop: false }`
[INFO] [stdout] f1a988656f6e05e3cc8ccf31bb1aee9d3dd568e45f8d41d02c04bceaa7dff3d3
[INFO] running `Command { std: "docker" "start" "-a" "f1a988656f6e05e3cc8ccf31bb1aee9d3dd568e45f8d41d02c04bceaa7dff3d3", kill_on_drop: false }`
[INFO] [stderr]    Compiling libc v0.2.87
[INFO] [stderr]    Compiling proc-macro2 v1.0.24
[INFO] [stderr]    Compiling unicode-xid v0.2.1
[INFO] [stderr]    Compiling syn v1.0.60
[INFO] [stderr]     Checking cfg-if v1.0.0
[INFO] [stderr]    Compiling log v0.4.14
[INFO] [stderr]    Compiling cc v1.0.67
[INFO] [stderr]    Compiling memchr v2.3.4
[INFO] [stderr]    Compiling proc-macro-hack v0.5.19
[INFO] [stderr]     Checking futures-core v0.3.13
[INFO] [stderr]     Checking slab v0.4.2
[INFO] [stderr]     Checking smallvec v1.6.1
[INFO] [stderr]    Compiling version_check v0.9.2
[INFO] [stderr]     Checking lazy_static v1.4.0
[INFO] [stderr]     Checking cfg-if v0.1.10
[INFO] [stderr]     Checking futures-sink v0.3.13
[INFO] [stderr]    Compiling autocfg v1.0.1
[INFO] [stderr]     Checking scopeguard v1.1.0
[INFO] [stderr]     Checking instant v0.1.9
[INFO] [stderr]     Checking pin-project-lite v0.2.6
[INFO] [stderr]    Compiling proc-macro-nested v0.1.7
[INFO] [stderr]     Checking futures-channel v0.3.13
[INFO] [stderr]     Checking once_cell v1.7.2
[INFO] [stderr]     Checking bytes v0.5.6
[INFO] [stderr]     Checking pin-project-lite v0.1.12
[INFO] [stderr]     Checking pin-utils v0.1.0
[INFO] [stderr]     Checking lock_api v0.4.2
[INFO] [stderr]     Checking futures-task v0.3.13
[INFO] [stderr]     Checking futures-io v0.3.13
[INFO] [stderr]    Compiling pin-project-internal v0.4.27
[INFO] [stderr]    Compiling byteorder v1.3.4
[INFO] [stderr]     Checking untrusted v0.7.1
[INFO] [stderr]    Compiling bitflags v1.2.1
[INFO] [stderr]     Checking spin v0.5.2
[INFO] [stderr]    Compiling getrandom v0.1.16
[INFO] [stderr]     Checking matches v0.1.8
[INFO] [stderr]    Compiling miniz_oxide v0.4.4
[INFO] [stderr]    Compiling standback v0.2.15
[INFO] [stderr]     Checking percent-encoding v2.1.0
[INFO] [stderr]    Compiling pkg-config v0.3.19
[INFO] [stderr]     Checking tinyvec_macros v0.1.0
[INFO] [stderr]     Checking itoa v0.4.7
[INFO] [stderr]    Compiling typenum v1.12.0
[INFO] [stderr]     Checking tinyvec v1.1.1
[INFO] [stderr]     Checking adler v1.0.2
[INFO] [stderr]     Checking copyless v0.1.5
[INFO] [stderr]    Compiling serde_derive v1.0.123
[INFO] [stderr]     Checking form_urlencoded v1.0.1
[INFO] [stderr]     Checking unicode-bidi v0.3.4
[INFO] [stderr]    Compiling generic-array v0.14.4
[INFO] [stderr]    Compiling unicode-segmentation v1.7.1
[INFO] [stderr]    Compiling quote v1.0.9
[INFO] [stderr]     Checking either v1.6.1
[INFO] [stderr]     Checking iovec v0.1.4
[INFO] [stderr]     Checking parking_lot_core v0.8.3
[INFO] [stderr]     Checking net2 v0.2.37
[INFO] [stderr]     Checking signal-hook-registry v1.3.0
[INFO] [stderr]     Checking num_cpus v1.13.0
[INFO] [stderr]    Compiling ring v0.16.20
[INFO] [stderr]    Compiling libsqlite3-sys v0.20.1
[INFO] [stderr]     Checking threadpool v1.8.1
[INFO] [stderr]     Checking mio v0.6.23
[INFO] [stderr]     Checking rand_core v0.5.1
[INFO] [stderr]     Checking gimli v0.23.0
[INFO] [stderr]     Checking ppv-lite86 v0.2.10
[INFO] [stderr]     Checking parking_lot v0.11.1
[INFO] [stderr]    Compiling serde v1.0.123
[INFO] [stderr]     Checking bytes v1.0.1
[INFO] [stderr]    Compiling heck v0.3.2
[INFO] [stderr]     Checking unicode-normalization v0.1.17
[INFO] [stderr]     Checking rustc-demangle v0.1.18
[INFO] [stderr]    Compiling const_fn v0.4.5
[INFO] [stderr]     Checking object v0.23.0
[INFO] [stderr]     Checking fnv v1.0.7
[INFO] [stderr]     Checking rand_chacha v0.2.2
[INFO] [stderr]     Checking base64 v0.12.3
[INFO] [stderr]    Compiling ryu v1.0.5
[INFO] [stderr]     Checking mio-uds v0.6.8
[INFO] [stderr]     Checking match_cfg v0.1.0
[INFO] [stderr]     Checking http v0.2.3
[INFO] [stderr]    Compiling brotli-sys v0.3.2
[INFO] [stderr]     Checking rand v0.7.3
[INFO] [stderr]     Checking hostname v0.3.1
[INFO] [stderr]    Compiling indexmap v1.6.2
[INFO] [stderr]     Checking tokio v0.2.25
[INFO] [stderr]    Compiling time v0.2.25
[INFO] [stderr]     Checking idna v0.2.2
[INFO] [stderr]     Checking tracing-core v0.1.17
[INFO] [stderr]     Checking linked-hash-map v0.5.4
[INFO] [stderr]     Checking quick-error v1.2.3
[INFO] [stderr]    Compiling crc32fast v1.2.1
[INFO] [stderr]     Checking lru-cache v0.1.2
[INFO] [stderr]     Checking resolv-conf v0.7.0
[INFO] [stderr]     Checking tracing v0.1.25
[INFO] [stderr]     Checking url v2.2.1
[INFO] [stderr]    Compiling scheduled-thread-pool v0.2.5
[INFO] [stderr]     Checking aho-corasick v0.7.15
[INFO] [stderr]    Compiling cookie v0.14.4
[INFO] [stderr]     Checking thread_local v1.1.3
[INFO] [stderr]     Checking addr2line v0.14.1
[INFO] [stderr]    Compiling encoding_rs v0.8.28
[INFO] [stderr]     Checking hashbrown v0.9.1
[INFO] [stderr]    Compiling httparse v1.3.5
[INFO] [stderr]    Compiling serde_json v1.0.64
[INFO] [stderr]     Checking regex-syntax v0.6.22
[INFO] [stderr]    Compiling r2d2 v0.8.9
[INFO] [stderr]     Checking block-buffer v0.9.0
[INFO] [stderr]     Checking digest v0.9.0
[INFO] [stderr]     Checking cpuid-bool v0.1.2
[INFO] [stderr]     Checking opaque-debug v0.3.0
[INFO] [stderr]     Checking flate2 v1.0.20
[INFO] [stderr] LLVM ERROR: IO failure on output stream: No space left on device
[INFO] [stderr] LLVM ERROR: IO failure on output stream: No space left on device
[INFO] [stderr] error: could not compile `serde_json` (build script)
[INFO] [stderr] warning: build failed, waiting for other jobs to finish...
[INFO] [stderr] error: could not compile `httparse` (build script)
[INFO] [stdout] error: couldn't create a temp dir: No space left on device (os error 28) at path "/opt/rustwide/target/debug/deps/rmetaOLVq8B"
[INFO] [stdout] 
[INFO] [stdout] 
[INFO] [stdout] error: error writing dependencies to `/opt/rustwide/target/debug/deps/regex_syntax-d1d590631337355c.d`: No space left on device (os error 28)
[INFO] [stdout] 
[INFO] [stdout] 
[INFO] [stderr] error: could not compile `cpuid-bool` (lib) due to previous error
[INFO] [stdout] error: couldn't create a temp dir: No space left on device (os error 28) at path "/opt/rustwide/target/debug/deps/rmetaE05SLo"
[INFO] [stdout] 
[INFO] [stdout] 
[INFO] [stderr] error: could not compile `r2d2` (lib) due to previous error
[INFO] [stdout] error: couldn't create a temp dir: No space left on device (os error 28) at path "/opt/rustwide/target/debug/deps/rmetaYu97yN"
[INFO] [stdout] 
[INFO] [stdout] 
[INFO] [stderr] error: could not compile `scheduled-thread-pool` (lib) due to previous error
[INFO] [stderr] error: could not compile `regex-syntax` (lib) due to previous error
[INFO] [stdout] error: couldn't create a temp dir: No space left on device (os error 28) at path "/opt/rustwide/target/debug/deps/rmetaXf5GY5"
[INFO] [stdout] 
[INFO] [stdout] 
[INFO] [stderr] error: could not compile `opaque-debug` (lib) due to previous error
[INFO] [stderr] error: failed to run custom build command for `ring v0.16.20`
[INFO] [stderr] note: To improve backtraces for build dependencies, set the CARGO_PROFILE_DEV_BUILD_OVERRIDE_DEBUG=true environment variable to enable debug information generation.
[INFO] [stderr] 
[INFO] [stderr] Caused by:
[INFO] [stderr]   process didn't exit successfully: `/opt/rustwide/target/debug/build/ring-e082d62ba3d793ca/build-script-build` (exit status: 101)
[INFO] [stderr]   --- stdout
[INFO] [stderr]   OPT_LEVEL = Some("0")
[INFO] [stderr]   TARGET = Some("x86_64-unknown-linux-gnu")
[INFO] [stderr]   HOST = Some("x86_64-unknown-linux-gnu")
[INFO] [stderr]   CC_x86_64-unknown-linux-gnu = None
[INFO] [stderr]   CC_x86_64_unknown_linux_gnu = None
[INFO] [stderr]   HOST_CC = None
[INFO] [stderr]   CC = None
[INFO] [stderr]   CFLAGS_x86_64-unknown-linux-gnu = None
[INFO] [stderr]   CFLAGS_x86_64_unknown_linux_gnu = None
[INFO] [stderr]   HOST_CFLAGS = None
[INFO] [stderr]   CFLAGS = None
[INFO] [stderr]   CRATE_CC_NO_DEFAULTS = None
[INFO] [stderr]   DEBUG = Some("true")
[INFO] [stderr]   CARGO_CFG_TARGET_FEATURE = Some("fxsr,sse,sse2")
[INFO] [stderr]   OPT_LEVEL = Some("0")
[INFO] [stderr]   TARGET = Some("x86_64-unknown-linux-gnu")
[INFO] [stderr]   HOST = Some("x86_64-unknown-linux-gnu")
[INFO] [stderr]   CC_x86_64-unknown-linux-gnu = None
[INFO] [stderr]   CC_x86_64_unknown_linux_gnu = None
[INFO] [stderr]   HOST_CC = None
[INFO] [stderr]   CC = None
[INFO] [stderr]   CFLAGS_x86_64-unknown-linux-gnu = None
[INFO] [stderr]   CFLAGS_x86_64_unknown_linux_gnu = None
[INFO] [stderr]   HOST_CFLAGS = None
[INFO] [stderr]   CFLAGS = None
[INFO] [stderr]   CRATE_CC_NO_DEFAULTS = None
[INFO] [stderr]   DEBUG = Some("true")
[INFO] [stderr]   CARGO_CFG_TARGET_FEATURE = Some("fxsr,sse,sse2")
[INFO] [stderr]   OPT_LEVEL = Some("0")
[INFO] [stderr]   TARGET = Some("x86_64-unknown-linux-gnu")
[INFO] [stderr]   HOST = Some("x86_64-unknown-linux-gnu")
[INFO] [stderr]   CC_x86_64-unknown-linux-gnu = None
[INFO] [stderr]   CC_x86_64_unknown_linux_gnu = None
[INFO] [stderr]   HOST_CC = None
[INFO] [stderr]   CC = None
[INFO] [stderr]   CFLAGS_x86_64-unknown-linux-gnu = None
[INFO] [stderr]   CFLAGS_x86_64_unknown_linux_gnu = None
[INFO] [stderr]   HOST_CFLAGS = None
[INFO] [stderr]   CFLAGS = None
[INFO] [stderr]   CRATE_CC_NO_DEFAULTS = None
[INFO] [stderr]   DEBUG = Some("true")
[INFO] [stderr]   CARGO_CFG_TARGET_FEATURE = Some("fxsr,sse,sse2")
[INFO] [stderr]   OPT_LEVEL = Some("0")
[INFO] [stderr]   TARGET = Some("x86_64-unknown-linux-gnu")
[INFO] [stderr]   HOST = Some("x86_64-unknown-linux-gnu")
[INFO] [stderr]   CC_x86_64-unknown-linux-gnu = None
[INFO] [stderr]   CC_x86_64_unknown_linux_gnu = None
[INFO] [stderr]   HOST_CC = None
[INFO] [stderr]   CC = None
[INFO] [stderr]   CFLAGS_x86_64-unknown-linux-gnu = None
[INFO] [stderr]   CFLAGS_x86_64_unknown_linux_gnu = None
[INFO] [stderr]   HOST_CFLAGS = None
[INFO] [stderr]   CFLAGS = None
[INFO] [stderr]   CRATE_CC_NO_DEFAULTS = None
[INFO] [stderr]   DEBUG = Some("true")
[INFO] [stderr]   CARGO_CFG_TARGET_FEATURE = Some("fxsr,sse,sse2")
[INFO] [stderr]   OPT_LEVEL = Some("0")
[INFO] [stderr]   TARGET = Some("x86_64-unknown-linux-gnu")
[INFO] [stderr]   HOST = Some("x86_64-unknown-linux-gnu")
[INFO] [stderr]   CC_x86_64-unknown-linux-gnu = None
[INFO] [stderr]   CC_x86_64_unknown_linux_gnu = None
[INFO] [stderr]   HOST_CC = None
[INFO] [stderr]   CC = None
[INFO] [stderr]   CFLAGS_x86_64-unknown-linux-gnu = None
[INFO] [stderr]   CFLAGS_x86_64_unknown_linux_gnu = None
[INFO] [stderr]   HOST_CFLAGS = None
[INFO] [stderr]   CFLAGS = None
[INFO] [stderr]   CRATE_CC_NO_DEFAULTS = None
[INFO] [stderr]   DEBUG = Some("true")
[INFO] [stderr]   CARGO_CFG_TARGET_FEATURE = Some("fxsr,sse,sse2")
[INFO] [stderr]   OPT_LEVEL = Some("0")
[INFO] [stderr]   TARGET = Some("x86_64-unknown-linux-gnu")
[INFO] [stderr]   HOST = Some("x86_64-unknown-linux-gnu")
[INFO] [stderr]   CC_x86_64-unknown-linux-gnu = None
[INFO] [stderr]   CC_x86_64_unknown_linux_gnu = None
[INFO] [stderr]   HOST_CC = None
[INFO] [stderr]   CC = None
[INFO] [stderr]   CFLAGS_x86_64-unknown-linux-gnu = None
[INFO] [stderr]   CFLAGS_x86_64_unknown_linux_gnu = None
[INFO] [stderr]   HOST_CFLAGS = None
[INFO] [stderr]   CFLAGS = None
[INFO] [stderr]   CRATE_CC_NO_DEFAULTS = None
[INFO] [stderr]   DEBUG = Some("true")
[INFO] [stderr]   CARGO_CFG_TARGET_FEATURE = Some("fxsr,sse,sse2")
[INFO] [stderr]   OPT_LEVEL = Some("0")
[INFO] [stderr]   TARGET = Some("x86_64-unknown-linux-gnu")
[INFO] [stderr]   HOST = Some("x86_64-unknown-linux-gnu")
[INFO] [stderr]   CC_x86_64-unknown-linux-gnu = None
[INFO] [stderr]   CC_x86_64_unknown_linux_gnu = None
[INFO] [stderr]   HOST_CC = None
[INFO] [stderr]   CC = None
[INFO] [stderr]   CFLAGS_x86_64-unknown-linux-gnu = None
[INFO] [stderr]   CFLAGS_x86_64_unknown_linux_gnu = None
[INFO] [stderr]   HOST_CFLAGS = None
[INFO] [stderr]   CFLAGS = None
[INFO] [stderr]   CRATE_CC_NO_DEFAULTS = None
[INFO] [stderr]   DEBUG = Some("true")
[INFO] [stderr]   CARGO_CFG_TARGET_FEATURE = Some("fxsr,sse,sse2")
[INFO] [stderr]   OPT_LEVEL = Some("0")
[INFO] [stderr]   TARGET = Some("x86_64-unknown-linux-gnu")
[INFO] [stderr]   HOST = Some("x86_64-unknown-linux-gnu")
[INFO] [stderr]   CC_x86_64-unknown-linux-gnu = None
[INFO] [stderr]   CC_x86_64_unknown_linux_gnu = None
[INFO] [stderr]   HOST_CC = None
[INFO] [stderr]   CC = None
[INFO] [stderr]   CFLAGS_x86_64-unknown-linux-gnu = None
[INFO] [stderr]   CFLAGS_x86_64_unknown_linux_gnu = None
[INFO] [stderr]   HOST_CFLAGS = None
[INFO] [stderr]   CFLAGS = None
[INFO] [stderr]   CRATE_CC_NO_DEFAULTS = None
[INFO] [stderr]   DEBUG = Some("true")
[INFO] [stderr]   CARGO_CFG_TARGET_FEATURE = Some("fxsr,sse,sse2")
[INFO] [stderr]   OPT_LEVEL = Some("0")
[INFO] [stderr]   TARGET = Some("x86_64-unknown-linux-gnu")
[INFO] [stderr]   HOST = Some("x86_64-unknown-linux-gnu")
[INFO] [stderr]   CC_x86_64-unknown-linux-gnu = None
[INFO] [stderr]   CC_x86_64_unknown_linux_gnu = None
[INFO] [stderr]   HOST_CC = None
[INFO] [stderr]   CC = None
[INFO] [stderr]   CFLAGS_x86_64-unknown-linux-gnu = None
[INFO] [stderr]   CFLAGS_x86_64_unknown_linux_gnu = None
[INFO] [stderr]   HOST_CFLAGS = None
[INFO] [stderr]   CFLAGS = None
[INFO] [stderr]   CRATE_CC_NO_DEFAULTS = None
[INFO] [stderr]   DEBUG = Some("true")
[INFO] [stderr]   CARGO_CFG_TARGET_FEATURE = Some("fxsr,sse,sse2")
[INFO] [stderr]   OPT_LEVEL = Some("0")
[INFO] [stderr]   TARGET = Some("x86_64-unknown-linux-gnu")
[INFO] [stderr]   HOST = Some("x86_64-unknown-linux-gnu")
[INFO] [stderr]   CC_x86_64-unknown-linux-gnu = None
[INFO] [stderr]   CC_x86_64_unknown_linux_gnu = None
[INFO] [stderr]   HOST_CC = None
[INFO] [stderr]   CC = None
[INFO] [stderr]   CFLAGS_x86_64-unknown-linux-gnu = None
[INFO] [stderr]   CFLAGS_x86_64_unknown_linux_gnu = None
[INFO] [stderr]   HOST_CFLAGS = None
[INFO] [stderr]   CFLAGS = None
[INFO] [stderr]   CRATE_CC_NO_DEFAULTS = None
[INFO] [stderr]   DEBUG = Some("true")
[INFO] [stderr]   CARGO_CFG_TARGET_FEATURE = Some("fxsr,sse,sse2")
[INFO] [stderr]   OPT_LEVEL = Some("0")
[INFO] [stderr]   TARGET = Some("x86_64-unknown-linux-gnu")
[INFO] [stderr]   HOST = Some("x86_64-unknown-linux-gnu")
[INFO] [stderr]   CC_x86_64-unknown-linux-gnu = None
[INFO] [stderr]   CC_x86_64_unknown_linux_gnu = None
[INFO] [stderr]   HOST_CC = None
[INFO] [stderr]   CC = None
[INFO] [stderr]   CFLAGS_x86_64-unknown-linux-gnu = None
[INFO] [stderr]   CFLAGS_x86_64_unknown_linux_gnu = None
[INFO] [stderr]   HOST_CFLAGS = None
[INFO] [stderr]   CFLAGS = None
[INFO] [stderr]   CRATE_CC_NO_DEFAULTS = None
[INFO] [stderr]   DEBUG = Some("true")
[INFO] [stderr]   CARGO_CFG_TARGET_FEATURE = Some("fxsr,sse,sse2")
[INFO] [stderr]   OPT_LEVEL = Some("0")
[INFO] [stderr]   TARGET = Some("x86_64-unknown-linux-gnu")
[INFO] [stderr]   HOST = Some("x86_64-unknown-linux-gnu")
[INFO] [stderr]   CC_x86_64-unknown-linux-gnu = None
[INFO] [stderr]   CC_x86_64_unknown_linux_gnu = None
[INFO] [stderr]   HOST_CC = None
[INFO] [stderr]   CC = None
[INFO] [stderr]   CFLAGS_x86_64-unknown-linux-gnu = None
[INFO] [stderr]   CFLAGS_x86_64_unknown_linux_gnu = None
[INFO] [stderr]   HOST_CFLAGS = None
[INFO] [stderr]   CFLAGS = None
[INFO] [stderr]   CRATE_CC_NO_DEFAULTS = None
[INFO] [stderr]   DEBUG = Some("true")
[INFO] [stderr]   CARGO_CFG_TARGET_FEATURE = Some("fxsr,sse,sse2")
[INFO] [stderr]   OPT_LEVEL = Some("0")
[INFO] [stderr]   TARGET = Some("x86_64-unknown-linux-gnu")
[INFO] [stderr]   HOST = Some("x86_64-unknown-linux-gnu")
[INFO] [stderr]   CC_x86_64-unknown-linux-gnu = None
[INFO] [stderr]   CC_x86_64_unknown_linux_gnu = None
[INFO] [stderr]   HOST_CC = None
[INFO] [stderr]   CC = None
[INFO] [stderr]   CFLAGS_x86_64-unknown-linux-gnu = None
[INFO] [stderr]   CFLAGS_x86_64_unknown_linux_gnu = None
[INFO] [stderr]   HOST_CFLAGS = None
[INFO] [stderr]   CFLAGS = None
[INFO] [stderr]   CRATE_CC_NO_DEFAULTS = None
[INFO] [stderr]   DEBUG = Some("true")
[INFO] [stderr]   CARGO_CFG_TARGET_FEATURE = Some("fxsr,sse,sse2")
[INFO] [stderr]   OPT_LEVEL = Some("0")
[INFO] [stderr]   TARGET = Some("x86_64-unknown-linux-gnu")
[INFO] [stderr]   HOST = Some("x86_64-unknown-linux-gnu")
[INFO] [stderr]   CC_x86_64-unknown-linux-gnu = None
[INFO] [stderr]   CC_x86_64_unknown_linux_gnu = None
[INFO] [stderr]   HOST_CC = None
[INFO] [stderr]   CC = None
[INFO] [stderr]   CFLAGS_x86_64-unknown-linux-gnu = None
[INFO] [stderr]   CFLAGS_x86_64_unknown_linux_gnu = None
[INFO] [stderr]   HOST_CFLAGS = None
[INFO] [stderr]   CFLAGS = None
[INFO] [stderr]   CRATE_CC_NO_DEFAULTS = None
[INFO] [stderr]   DEBUG = Some("true")
[INFO] [stderr]   CARGO_CFG_TARGET_FEATURE = Some("fxsr,sse,sse2")
[INFO] [stderr]   OPT_LEVEL = Some("0")
[INFO] [stderr]   TARGET = Some("x86_64-unknown-linux-gnu")
[INFO] [stderr]   HOST = Some("x86_64-unknown-linux-gnu")
[INFO] [stderr]   CC_x86_64-unknown-linux-gnu = None
[INFO] [stderr]   CC_x86_64_unknown_linux_gnu = None
[INFO] [stderr]   HOST_CC = None
[INFO] [stderr]   CC = None
[INFO] [stderr]   CFLAGS_x86_64-unknown-linux-gnu = None
[INFO] [stderr]   CFLAGS_x86_64_unknown_linux_gnu = None
[INFO] [stderr]   HOST_CFLAGS = None
[INFO] [stderr]   CFLAGS = None
[INFO] [stderr]   CRATE_CC_NO_DEFAULTS = None
[INFO] [stderr]   DEBUG = Some("true")
[INFO] [stderr]   CARGO_CFG_TARGET_FEATURE = Some("fxsr,sse,sse2")
[INFO] [stderr]   OPT_LEVEL = Some("0")
[INFO] [stderr]   TARGET = Some("x86_64-unknown-linux-gnu")
[INFO] [stderr]   HOST = Some("x86_64-unknown-linux-gnu")
[INFO] [stderr]   CC_x86_64-unknown-linux-gnu = None
[INFO] [stderr]   CC_x86_64_unknown_linux_gnu = None
[INFO] [stderr]   HOST_CC = None
[INFO] [stderr]   CC = None
[INFO] [stderr]   CFLAGS_x86_64-unknown-linux-gnu = None
[INFO] [stderr]   CFLAGS_x86_64_unknown_linux_gnu = None
[INFO] [stderr]   HOST_CFLAGS = None
[INFO] [stderr]   CFLAGS = None
[INFO] [stderr]   CRATE_CC_NO_DEFAULTS = None
[INFO] [stderr]   DEBUG = Some("true")
[INFO] [stderr]   CARGO_CFG_TARGET_FEATURE = Some("fxsr,sse,sse2")
[INFO] [stderr]   OPT_LEVEL = Some("0")
[INFO] [stderr]   TARGET = Some("x86_64-unknown-linux-gnu")
[INFO] [stderr]   HOST = Some("x86_64-unknown-linux-gnu")
[INFO] [stderr]   CC_x86_64-unknown-linux-gnu = None
[INFO] [stderr]   CC_x86_64_unknown_linux_gnu = None
[INFO] [stderr]   HOST_CC = None
[INFO] [stderr]   CC = None
[INFO] [stderr]   CFLAGS_x86_64-unknown-linux-gnu = None
[INFO] [stderr]   CFLAGS_x86_64_unknown_linux_gnu = None
[INFO] [stderr]   HOST_CFLAGS = None
[INFO] [stderr]   CFLAGS = None
[INFO] [stderr]   CRATE_CC_NO_DEFAULTS = None
[INFO] [stderr]   DEBUG = Some("true")
[INFO] [stderr]   CARGO_CFG_TARGET_FEATURE = Some("fxsr,sse,sse2")
[INFO] [stderr]   OPT_LEVEL = Some("0")
[INFO] [stderr]   TARGET = Some("x86_64-unknown-linux-gnu")
[INFO] [stderr]   HOST = Some("x86_64-unknown-linux-gnu")
[INFO] [stderr]   CC_x86_64-unknown-linux-gnu = None
[INFO] [stderr]   CC_x86_64_unknown_linux_gnu = None
[INFO] [stderr]   HOST_CC = None
[INFO] [stderr]   CC = None
[INFO] [stderr]   CFLAGS_x86_64-unknown-linux-gnu = None
[INFO] [stderr]   CFLAGS_x86_64_unknown_linux_gnu = None
[INFO] [stderr]   HOST_CFLAGS = None
[INFO] [stderr]   CFLAGS = None
[INFO] [stderr]   CRATE_CC_NO_DEFAULTS = None
[INFO] [stderr]   DEBUG = Some("true")
[INFO] [stderr]   CARGO_CFG_TARGET_FEATURE = Some("fxsr,sse,sse2")
[INFO] [stderr]   OPT_LEVEL = Some("0")
[INFO] [stderr]   TARGET = Some("x86_64-unknown-linux-gnu")
[INFO] [stderr]   HOST = Some("x86_64-unknown-linux-gnu")
[INFO] [stderr]   CC_x86_64-unknown-linux-gnu = None
[INFO] [stderr]   CC_x86_64_unknown_linux_gnu = None
[INFO] [stderr]   HOST_CC = None
[INFO] [stderr]   CC = None
[INFO] [stderr]   CFLAGS_x86_64-unknown-linux-gnu = None
[INFO] [stderr]   CFLAGS_x86_64_unknown_linux_gnu = None
[INFO] [stderr]   HOST_CFLAGS = None
[INFO] [stderr]   CFLAGS = None
[INFO] [stderr]   CRATE_CC_NO_DEFAULTS = None
[INFO] [stderr]   DEBUG = Some("true")
[INFO] [stderr]   CARGO_CFG_TARGET_FEATURE = Some("fxsr,sse,sse2")
[INFO] [stderr]   OPT_LEVEL = Some("0")
[INFO] [stderr]   TARGET = Some("x86_64-unknown-linux-gnu")
[INFO] [stderr]   HOST = Some("x86_64-unknown-linux-gnu")
[INFO] [stderr]   CC_x86_64-unknown-linux-gnu = None
[INFO] [stderr]   CC_x86_64_unknown_linux_gnu = None
[INFO] [stderr]   HOST_CC = None
[INFO] [stderr]   CC = None
[INFO] [stderr]   CFLAGS_x86_64-unknown-linux-gnu = None
[INFO] [stderr]   CFLAGS_x86_64_unknown_linux_gnu = None
[INFO] [stderr]   HOST_CFLAGS = None
[INFO] [stderr]   CFLAGS = None
[INFO] [stderr]   CRATE_CC_NO_DEFAULTS = None
[INFO] [stderr]   DEBUG = Some("true")
[INFO] [stderr]   CARGO_CFG_TARGET_FEATURE = Some("fxsr,sse,sse2")
[INFO] [stderr]   OPT_LEVEL = Some("0")
[INFO] [stderr]   TARGET = Some("x86_64-unknown-linux-gnu")
[INFO] [stderr]   HOST = Some("x86_64-unknown-linux-gnu")
[INFO] [stderr]   CC_x86_64-unknown-linux-gnu = None
[INFO] [stderr]   CC_x86_64_unknown_linux_gnu = None
[INFO] [stderr]   HOST_CC = None
[INFO] [stderr]   CC = None
[INFO] [stderr]   CFLAGS_x86_64-unknown-linux-gnu = None
[INFO] [stderr]   CFLAGS_x86_64_unknown_linux_gnu = None
[INFO] [stderr]   HOST_CFLAGS = None
[INFO] [stderr]   CFLAGS = None
[INFO] [stderr]   CRATE_CC_NO_DEFAULTS = None
[INFO] [stderr]   DEBUG = Some("true")
[INFO] [stderr]   CARGO_CFG_TARGET_FEATURE = Some("fxsr,sse,sse2")
[INFO] [stderr] 
[INFO] [stderr]   --- stderr
[INFO] [stderr]   running "cc" "-O0" "-ffunction-sections" "-fdata-sections" "-fPIC" "-g" "-fno-omit-frame-pointer" "-m64" "-I" "include" "-Wall" "-Wextra" "-pedantic" "-pedantic-errors" "-Wall" "-Wextra" "-Wcast-align" "-Wcast-qual" "-Wconversion" "-Wenum-compare" "-Wfloat-equal" "-Wformat=2" "-Winline" "-Winvalid-pch" "-Wmissing-field-initializers" "-Wmissing-include-dirs" "-Wredundant-decls" "-Wshadow" "-Wsign-compare" "-Wsign-conversion" "-Wundef" "-Wuninitialized" "-Wwrite-strings" "-fno-strict-aliasing" "-fvisibility=hidden" "-fstack-protector" "-g3" "-DNDEBUG" "-c" "-o/opt/rustwide/target/debug/build/ring-3a446119ef251f70/out/aesni-x86_64-elf.o" "/opt/rustwide/cargo-home/registry/src/index.crates.io-6f17d22bba15001f/ring-0.16.20/pregenerated/aesni-x86_64-elf.S"
[INFO] [stderr]   running "cc" "-O0" "-ffunction-sections" "-fdata-sections" "-fPIC" "-g" "-fno-omit-frame-pointer" "-m64" "-I" "include" "-Wall" "-Wextra" "-pedantic" "-pedantic-errors" "-Wall" "-Wextra" "-Wcast-align" "-Wcast-qual" "-Wconversion" "-Wenum-compare" "-Wfloat-equal" "-Wformat=2" "-Winline" "-Winvalid-pch" "-Wmissing-field-initializers" "-Wmissing-include-dirs" "-Wredundant-decls" "-Wshadow" "-Wsign-compare" "-Wsign-conversion" "-Wundef" "-Wuninitialized" "-Wwrite-strings" "-fno-strict-aliasing" "-fvisibility=hidden" "-fstack-protector" "-g3" "-DNDEBUG" "-c" "-o/opt/rustwide/target/debug/build/ring-3a446119ef251f70/out/vpaes-x86_64-elf.o" "/opt/rustwide/cargo-home/registry/src/index.crates.io-6f17d22bba15001f/ring-0.16.20/pregenerated/vpaes-x86_64-elf.S"
[INFO] [stderr]   running "cc" "-O0" "-ffunction-sections" "-fdata-sections" "-fPIC" "-g" "-fno-omit-frame-pointer" "-m64" "-I" "include" "-Wall" "-Wextra" "-pedantic" "-pedantic-errors" "-Wall" "-Wextra" "-Wcast-align" "-Wcast-qual" "-Wconversion" "-Wenum-compare" "-Wfloat-equal" "-Wformat=2" "-Winline" "-Winvalid-pch" "-Wmissing-field-initializers" "-Wmissing-include-dirs" "-Wredundant-decls" "-Wshadow" "-Wsign-compare" "-Wsign-conversion" "-Wundef" "-Wuninitialized" "-Wwrite-strings" "-fno-strict-aliasing" "-fvisibility=hidden" "-fstack-protector" "-g3" "-DNDEBUG" "-c" "-o/opt/rustwide/target/debug/build/ring-3a446119ef251f70/out/x86_64-mont-elf.o" "/opt/rustwide/cargo-home/registry/src/index.crates.io-6f17d22bba15001f/ring-0.16.20/pregenerated/x86_64-mont-elf.S"
[INFO] [stderr]   running "cc" "-O0" "-ffunction-sections" "-fdata-sections" "-fPIC" "-g" "-fno-omit-frame-pointer" "-m64" "-I" "include" "-Wall" "-Wextra" "-pedantic" "-pedantic-errors" "-Wall" "-Wextra" "-Wcast-align" "-Wcast-qual" "-Wconversion" "-Wenum-compare" "-Wfloat-equal" "-Wformat=2" "-Winline" "-Winvalid-pch" "-Wmissing-field-initializers" "-Wmissing-include-dirs" "-Wredundant-decls" "-Wshadow" "-Wsign-compare" "-Wsign-conversion" "-Wundef" "-Wuninitialized" "-Wwrite-strings" "-fno-strict-aliasing" "-fvisibility=hidden" "-fstack-protector" "-g3" "-DNDEBUG" "-c" "-o/opt/rustwide/target/debug/build/ring-3a446119ef251f70/out/x86_64-mont5-elf.o" "/opt/rustwide/cargo-home/registry/src/index.crates.io-6f17d22bba15001f/ring-0.16.20/pregenerated/x86_64-mont5-elf.S"
[INFO] [stderr]   running "cc" "-O0" "-ffunction-sections" "-fdata-sections" "-fPIC" "-g" "-fno-omit-frame-pointer" "-m64" "-I" "include" "-Wall" "-Wextra" "-pedantic" "-pedantic-errors" "-Wall" "-Wextra" "-Wcast-align" "-Wcast-qual" "-Wconversion" "-Wenum-compare" "-Wfloat-equal" "-Wformat=2" "-Winline" "-Winvalid-pch" "-Wmissing-field-initializers" "-Wmissing-include-dirs" "-Wredundant-decls" "-Wshadow" "-Wsign-compare" "-Wsign-conversion" "-Wundef" "-Wuninitialized" "-Wwrite-strings" "-fno-strict-aliasing" "-fvisibility=hidden" "-fstack-protector" "-g3" "-DNDEBUG" "-c" "-o/opt/rustwide/target/debug/build/ring-3a446119ef251f70/out/chacha-x86_64-elf.o" "/opt/rustwide/cargo-home/registry/src/index.crates.io-6f17d22bba15001f/ring-0.16.20/pregenerated/chacha-x86_64-elf.S"
[INFO] [stderr]   running "cc" "-O0" "-ffunction-sections" "-fdata-sections" "-fPIC" "-g" "-fno-omit-frame-pointer" "-m64" "-I" "include" "-Wall" "-Wextra" "-pedantic" "-pedantic-errors" "-Wall" "-Wextra" "-Wcast-align" "-Wcast-qual" "-Wconversion" "-Wenum-compare" "-Wfloat-equal" "-Wformat=2" "-Winline" "-Winvalid-pch" "-Wmissing-field-initializers" "-Wmissing-include-dirs" "-Wredundant-decls" "-Wshadow" "-Wsign-compare" "-Wsign-conversion" "-Wundef" "-Wuninitialized" "-Wwrite-strings" "-fno-strict-aliasing" "-fvisibility=hidden" "-fstack-protector" "-g3" "-DNDEBUG" "-c" "-o/opt/rustwide/target/debug/build/ring-3a446119ef251f70/out/p256-x86_64-asm-elf.o" "/opt/rustwide/cargo-home/registry/src/index.crates.io-6f17d22bba15001f/ring-0.16.20/pregenerated/p256-x86_64-asm-elf.S"
[INFO] [stderr]   running "cc" "-O0" "-ffunction-sections" "-fdata-sections" "-fPIC" "-g" "-fno-omit-frame-pointer" "-m64" "-I" "include" "-Wall" "-Wextra" "-pedantic" "-pedantic-errors" "-Wall" "-Wextra" "-Wcast-align" "-Wcast-qual" "-Wconversion" "-Wenum-compare" "-Wfloat-equal" "-Wformat=2" "-Winline" "-Winvalid-pch" "-Wmissing-field-initializers" "-Wmissing-include-dirs" "-Wredundant-decls" "-Wshadow" "-Wsign-compare" "-Wsign-conversion" "-Wundef" "-Wuninitialized" "-Wwrite-strings" "-fno-strict-aliasing" "-fvisibility=hidden" "-fstack-protector" "-g3" "-DNDEBUG" "-c" "-o/opt/rustwide/target/debug/build/ring-3a446119ef251f70/out/aesni-gcm-x86_64-elf.o" "/opt/rustwide/cargo-home/registry/src/index.crates.io-6f17d22bba15001f/ring-0.16.20/pregenerated/aesni-gcm-x86_64-elf.S"
[INFO] [stderr]   running "cc" "-O0" "-ffunction-sections" "-fdata-sections" "-fPIC" "-g" "-fno-omit-frame-pointer" "-m64" "-I" "include" "-Wall" "-Wextra" "-pedantic" "-pedantic-errors" "-Wall" "-Wextra" "-Wcast-align" "-Wcast-qual" "-Wconversion" "-Wenum-compare" "-Wfloat-equal" "-Wformat=2" "-Winline" "-Winvalid-pch" "-Wmissing-field-initializers" "-Wmissing-include-dirs" "-Wredundant-decls" "-Wshadow" "-Wsign-compare" "-Wsign-conversion" "-Wundef" "-Wuninitialized" "-Wwrite-strings" "-fno-strict-aliasing" "-fvisibility=hidden" "-fstack-protector" "-g3" "-DNDEBUG" "-c" "-o/opt/rustwide/target/debug/build/ring-3a446119ef251f70/out/ghash-x86_64-elf.o" "/opt/rustwide/cargo-home/registry/src/index.crates.io-6f17d22bba15001f/ring-0.16.20/pregenerated/ghash-x86_64-elf.S"
[INFO] [stderr]   running "cc" "-O0" "-ffunction-sections" "-fdata-sections" "-fPIC" "-g" "-fno-omit-frame-pointer" "-m64" "-I" "include" "-Wall" "-Wextra" "-pedantic" "-pedantic-errors" "-Wall" "-Wextra" "-Wcast-align" "-Wcast-qual" "-Wconversion" "-Wenum-compare" "-Wfloat-equal" "-Wformat=2" "-Winline" "-Winvalid-pch" "-Wmissing-field-initializers" "-Wmissing-include-dirs" "-Wredundant-decls" "-Wshadow" "-Wsign-compare" "-Wsign-conversion" "-Wundef" "-Wuninitialized" "-Wwrite-strings" "-fno-strict-aliasing" "-fvisibility=hidden" "-fstack-protector" "-g3" "-DNDEBUG" "-c" "-o/opt/rustwide/target/debug/build/ring-3a446119ef251f70/out/sha512-x86_64-elf.o" "/opt/rustwide/cargo-home/registry/src/index.crates.io-6f17d22bba15001f/ring-0.16.20/pregenerated/sha512-x86_64-elf.S"
[INFO] [stderr]   running "cc" "-O0" "-ffunction-sections" "-fdata-sections" "-fPIC" "-g" "-fno-omit-frame-pointer" "-m64" "-I" "include" "-Wall" "-Wextra" "-pedantic" "-pedantic-errors" "-Wall" "-Wextra" "-Wcast-align" "-Wcast-qual" "-Wconversion" "-Wenum-compare" "-Wfloat-equal" "-Wformat=2" "-Winline" "-Winvalid-pch" "-Wmissing-field-initializers" "-Wmissing-include-dirs" "-Wredundant-decls" "-Wshadow" "-Wsign-compare" "-Wsign-conversion" "-Wundef" "-Wuninitialized" "-Wwrite-strings" "-fno-strict-aliasing" "-fvisibility=hidden" "-fstack-protector" "-g3" "-DNDEBUG" "-c" "-o/opt/rustwide/target/debug/build/ring-3a446119ef251f70/out/chacha20_poly1305_x86_64-elf.o" "/opt/rustwide/cargo-home/registry/src/index.crates.io-6f17d22bba15001f/ring-0.16.20/pregenerated/chacha20_poly1305_x86_64-elf.S"
[INFO] [stderr]   running "cc" "-O0" "-ffunction-sections" "-fdata-sections" "-fPIC" "-g" "-fno-omit-frame-pointer" "-m64" "-I" "include" "-Wall" "-Wextra" "-pedantic" "-pedantic-errors" "-Wall" "-Wextra" "-Wcast-align" "-Wcast-qual" "-Wconversion" "-Wenum-compare" "-Wfloat-equal" "-Wformat=2" "-Winline" "-Winvalid-pch" "-Wmissing-field-initializers" "-Wmissing-include-dirs" "-Wredundant-decls" "-Wshadow" "-Wsign-compare" "-Wsign-conversion" "-Wundef" "-Wuninitialized" "-Wwrite-strings" "-fno-strict-aliasing" "-fvisibility=hidden" "-fstack-protector" "-g3" "-DNDEBUG" "-c" "-o/opt/rustwide/target/debug/build/ring-3a446119ef251f70/out/sha256-x86_64-elf.o" "/opt/rustwide/cargo-home/registry/src/index.crates.io-6f17d22bba15001f/ring-0.16.20/pregenerated/sha256-x86_64-elf.S"
[INFO] [stderr]   running "cc" "-O0" "-ffunction-sections" "-fdata-sections" "-fPIC" "-g" "-fno-omit-frame-pointer" "-m64" "-I" "include" "-Wall" "-Wextra" "-std=c1x" "-Wbad-function-cast" "-Wnested-externs" "-Wstrict-prototypes" "-pedantic" "-pedantic-errors" "-Wall" "-Wextra" "-Wcast-align" "-Wcast-qual" "-Wconversion" "-Wenum-compare" "-Wfloat-equal" "-Wformat=2" "-Winline" "-Winvalid-pch" "-Wmissing-field-initializers" "-Wmissing-include-dirs" "-Wredundant-decls" "-Wshadow" "-Wsign-compare" "-Wsign-conversion" "-Wundef" "-Wuninitialized" "-Wwrite-strings" "-fno-strict-aliasing" "-fvisibility=hidden" "-fstack-protector" "-g3" "-DNDEBUG" "-c" "-o/opt/rustwide/target/debug/build/ring-3a446119ef251f70/out/aes_nohw.o" "crypto/fipsmodule/aes/aes_nohw.c"
[INFO] [stderr]   running "cc" "-O0" "-ffunction-sections" "-fdata-sections" "-fPIC" "-g" "-fno-omit-frame-pointer" "-m64" "-I" "include" "-Wall" "-Wextra" "-std=c1x" "-Wbad-function-cast" "-Wnested-externs" "-Wstrict-prototypes" "-pedantic" "-pedantic-errors" "-Wall" "-Wextra" "-Wcast-align" "-Wcast-qual" "-Wconversion" "-Wenum-compare" "-Wfloat-equal" "-Wformat=2" "-Winline" "-Winvalid-pch" "-Wmissing-field-initializers" "-Wmissing-include-dirs" "-Wredundant-decls" "-Wshadow" "-Wsign-compare" "-Wsign-conversion" "-Wundef" "-Wuninitialized" "-Wwrite-strings" "-fno-strict-aliasing" "-fvisibility=hidden" "-fstack-protector" "-g3" "-DNDEBUG" "-c" "-o/opt/rustwide/target/debug/build/ring-3a446119ef251f70/out/montgomery.o" "crypto/fipsmodule/bn/montgomery.c"
[INFO] [stderr]   running "cc" "-O0" "-ffunction-sections" "-fdata-sections" "-fPIC" "-g" "-fno-omit-frame-pointer" "-m64" "-I" "include" "-Wall" "-Wextra" "-std=c1x" "-Wbad-function-cast" "-Wnested-externs" "-Wstrict-prototypes" "-pedantic" "-pedantic-errors" "-Wall" "-Wextra" "-Wcast-align" "-Wcast-qual" "-Wconversion" "-Wenum-compare" "-Wfloat-equal" "-Wformat=2" "-Winline" "-Winvalid-pch" "-Wmissing-field-initializers" "-Wmissing-include-dirs" "-Wredundant-decls" "-Wshadow" "-Wsign-compare" "-Wsign-conversion" "-Wundef" "-Wuninitialized" "-Wwrite-strings" "-fno-strict-aliasing" "-fvisibility=hidden" "-fstack-protector" "-g3" "-DNDEBUG" "-c" "-o/opt/rustwide/target/debug/build/ring-3a446119ef251f70/out/montgomery_inv.o" "crypto/fipsmodule/bn/montgomery_inv.c"
[INFO] [stderr]   running "cc" "-O0" "-ffunction-sections" "-fdata-sections" "-fPIC" "-g" "-fno-omit-frame-pointer" "-m64" "-I" "include" "-Wall" "-Wextra" "-std=c1x" "-Wbad-function-cast" "-Wnested-externs" "-Wstrict-prototypes" "-pedantic" "-pedantic-errors" "-Wall" "-Wextra" "-Wcast-align" "-Wcast-qual" "-Wconversion" "-Wenum-compare" "-Wfloat-equal" "-Wformat=2" "-Winline" "-Winvalid-pch" "-Wmissing-field-initializers" "-Wmissing-include-dirs" "-Wredundant-decls" "-Wshadow" "-Wsign-compare" "-Wsign-conversion" "-Wundef" "-Wuninitialized" "-Wwrite-strings" "-fno-strict-aliasing" "-fvisibility=hidden" "-fstack-protector" "-g3" "-DNDEBUG" "-c" "-o/opt/rustwide/target/debug/build/ring-3a446119ef251f70/out/limbs.o" "crypto/limbs/limbs.c"
[INFO] [stderr]   running "cc" "-O0" "-ffunction-sections" "-fdata-sections" "-fPIC" "-g" "-fno-omit-frame-pointer" "-m64" "-I" "include" "-Wall" "-Wextra" "-std=c1x" "-Wbad-function-cast" "-Wnested-externs" "-Wstrict-prototypes" "-pedantic" "-pedantic-errors" "-Wall" "-Wextra" "-Wcast-align" "-Wcast-qual" "-Wconversion" "-Wenum-compare" "-Wfloat-equal" "-Wformat=2" "-Winline" "-Winvalid-pch" "-Wmissing-field-initializers" "-Wmissing-include-dirs" "-Wredundant-decls" "-Wshadow" "-Wsign-compare" "-Wsign-conversion" "-Wundef" "-Wuninitialized" "-Wwrite-strings" "-fno-strict-aliasing" "-fvisibility=hidden" "-fstack-protector" "-g3" "-DNDEBUG" "-c" "-o/opt/rustwide/target/debug/build/ring-3a446119ef251f70/out/mem.o" "crypto/mem.c"
[INFO] [stderr]   running "cc" "-O0" "-ffunction-sections" "-fdata-sections" "-fPIC" "-g" "-fno-omit-frame-pointer" "-m64" "-I" "include" "-Wall" "-Wextra" "-std=c1x" "-Wbad-function-cast" "-Wnested-externs" "-Wstrict-prototypes" "-pedantic" "-pedantic-errors" "-Wall" "-Wextra" "-Wcast-align" "-Wcast-qual" "-Wconversion" "-Wenum-compare" "-Wfloat-equal" "-Wformat=2" "-Winline" "-Winvalid-pch" "-Wmissing-field-initializers" "-Wmissing-include-dirs" "-Wredundant-decls" "-Wshadow" "-Wsign-compare" "-Wsign-conversion" "-Wundef" "-Wuninitialized" "-Wwrite-strings" "-fno-strict-aliasing" "-fvisibility=hidden" "-fstack-protector" "-g3" "-DNDEBUG" "-c" "-o/opt/rustwide/target/debug/build/ring-3a446119ef251f70/out/poly1305.o" "crypto/poly1305/poly1305.c"
[INFO] [stderr]   running "cc" "-O0" "-ffunction-sections" "-fdata-sections" "-fPIC" "-g" "-fno-omit-frame-pointer" "-m64" "-I" "include" "-Wall" "-Wextra" "-std=c1x" "-Wbad-function-cast" "-Wnested-externs" "-Wstrict-prototypes" "-pedantic" "-pedantic-errors" "-Wall" "-Wextra" "-Wcast-align" "-Wcast-qual" "-Wconversion" "-Wenum-compare" "-Wfloat-equal" "-Wformat=2" "-Winline" "-Winvalid-pch" "-Wmissing-field-initializers" "-Wmissing-include-dirs" "-Wredundant-decls" "-Wshadow" "-Wsign-compare" "-Wsign-conversion" "-Wundef" "-Wuninitialized" "-Wwrite-strings" "-fno-strict-aliasing" "-fvisibility=hidden" "-fstack-protector" "-g3" "-DNDEBUG" "-c" "-o/opt/rustwide/target/debug/build/ring-3a446119ef251f70/out/crypto.o" "crypto/crypto.c"
[INFO] [stderr]   running "cc" "-O0" "-ffunction-sections" "-fdata-sections" "-fPIC" "-g" "-fno-omit-frame-pointer" "-m64" "-I" "include" "-Wall" "-Wextra" "-std=c1x" "-Wbad-function-cast" "-Wnested-externs" "-Wstrict-prototypes" "-pedantic" "-pedantic-errors" "-Wall" "-Wextra" "-Wcast-align" "-Wcast-qual" "-Wconversion" "-Wenum-compare" "-Wfloat-equal" "-Wformat=2" "-Winline" "-Winvalid-pch" "-Wmissing-field-initializers" "-Wmissing-include-dirs" "-Wredundant-decls" "-Wshadow" "-Wsign-compare" "-Wsign-conversion" "-Wundef" "-Wuninitialized" "-Wwrite-strings" "-fno-strict-aliasing" "-fvisibility=hidden" "-fstack-protector" "-g3" "-DNDEBUG" "-c" "-o/opt/rustwide/target/debug/build/ring-3a446119ef251f70/out/curve25519.o" "crypto/curve25519/curve25519.c"
[INFO] [stderr]   running "cc" "-O0" "-ffunction-sections" "-fdata-sections" "-fPIC" "-g" "-fno-omit-frame-pointer" "-m64" "-I" "include" "-Wall" "-Wextra" "-std=c1x" "-Wbad-function-cast" "-Wnested-externs" "-Wstrict-prototypes" "-pedantic" "-pedantic-errors" "-Wall" "-Wextra" "-Wcast-align" "-Wcast-qual" "-Wconversion" "-Wenum-compare" "-Wfloat-equal" "-Wformat=2" "-Winline" "-Winvalid-pch" "-Wmissing-field-initializers" "-Wmissing-include-dirs" "-Wredundant-decls" "-Wshadow" "-Wsign-compare" "-Wsign-conversion" "-Wundef" "-Wuninitialized" "-Wwrite-strings" "-fno-strict-aliasing" "-fvisibility=hidden" "-fstack-protector" "-g3" "-DNDEBUG" "-c" "-o/opt/rustwide/target/debug/build/ring-3a446119ef251f70/out/ecp_nistz.o" "crypto/fipsmodule/ec/ecp_nistz.c"
[INFO] [stderr]   running "cc" "-O0" "-ffunction-sections" "-fdata-sections" "-fPIC" "-g" "-fno-omit-frame-pointer" "-m64" "-I" "include" "-Wall" "-Wextra" "-std=c1x" "-Wbad-function-cast" "-Wnested-externs" "-Wstrict-prototypes" "-pedantic" "-pedantic-errors" "-Wall" "-Wextra" "-Wcast-align" "-Wcast-qual" "-Wconversion" "-Wenum-compare" "-Wfloat-equal" "-Wformat=2" "-Winline" "-Winvalid-pch" "-Wmissing-field-initializers" "-Wmissing-include-dirs" "-Wredundant-decls" "-Wshadow" "-Wsign-compare" "-Wsign-conversion" "-Wundef" "-Wuninitialized" "-Wwrite-strings" "-fno-strict-aliasing" "-fvisibility=hidden" "-fstack-protector" "-g3" "-DNDEBUG" "-c" "-o/opt/rustwide/target/debug/build/ring-3a446119ef251f70/out/ecp_nistz256.o" "crypto/fipsmodule/ec/ecp_nistz256.c"
[INFO] [stderr]   crypto/fipsmodule/ec/ecp_nistz256.c:347:1: fatal error: error writing to /tmp/cc46L3Vh.s: No space left on device
[INFO] [stderr]     347 | }
[INFO] [stderr]         | ^
[INFO] [stderr]   compilation terminated.
[INFO] [stderr]   thread 'main' panicked at 'execution failed', /opt/rustwide/cargo-home/registry/src/index.crates.io-6f17d22bba15001f/ring-0.16.20/build.rs:656:9
[INFO] [stderr]   stack backtrace:
[INFO] [stderr]      0:     0x5587ae66217a - std::backtrace_rs::backtrace::libunwind::trace::h2f05d0192276a8f6
[INFO] [stderr]                                  at /rustc/1b7dd2252b99671ce5d1cb9664c5f8636329436d/library/std/src/../../backtrace/src/backtrace/libunwind.rs:93:5
[INFO] [stderr]      1:     0x5587ae66217a - std::backtrace_rs::backtrace::trace_unsynchronized::hedc23dff7a1af150
[INFO] [stderr]                                  at /rustc/1b7dd2252b99671ce5d1cb9664c5f8636329436d/library/std/src/../../backtrace/src/backtrace/mod.rs:66:5
[INFO] [stderr]      2:     0x5587ae66217a - std::sys_common::backtrace::_print_fmt::h17541ef7592f3ce2
[INFO] [stderr]                                  at /rustc/1b7dd2252b99671ce5d1cb9664c5f8636329436d/library/std/src/sys_common/backtrace.rs:65:5
[INFO] [stderr]      3:     0x5587ae66217a - <std::sys_common::backtrace::_print::DisplayBacktrace as core::fmt::Display>::fmt::h20f75df5ab0c0792
[INFO] [stderr]                                  at /rustc/1b7dd2252b99671ce5d1cb9664c5f8636329436d/library/std/src/sys_common/backtrace.rs:44:22
[INFO] [stderr]      4:     0x5587ae68314f - core::fmt::write::h78109e6f466b3af6
[INFO] [stderr]                                  at /rustc/1b7dd2252b99671ce5d1cb9664c5f8636329436d/library/core/src/fmt/mod.rs:1254:17
[INFO] [stderr]      5:     0x5587ae65ea35 - std::io::Write::write_fmt::hc59e1b02dd273c8a
[INFO] [stderr]                                  at /rustc/1b7dd2252b99671ce5d1cb9664c5f8636329436d/library/std/src/io/mod.rs:1698:15
[INFO] [stderr]      6:     0x5587ae661f45 - std::sys_common::backtrace::_print::h8dac57a9f8fbf9a5
[INFO] [stderr]                                  at /rustc/1b7dd2252b99671ce5d1cb9664c5f8636329436d/library/std/src/sys_common/backtrace.rs:47:5
[INFO] [stderr]      7:     0x5587ae661f45 - std::sys_common::backtrace::print::hf9ecbf41d1aa712f
[INFO] [stderr]                                  at /rustc/1b7dd2252b99671ce5d1cb9664c5f8636329436d/library/std/src/sys_common/backtrace.rs:34:9
[INFO] [stderr]      8:     0x5587ae663e7e - std::panicking::default_hook::{{closure}}::h04c07acfc84ca028
[INFO] [stderr]                                  at /rustc/1b7dd2252b99671ce5d1cb9664c5f8636329436d/library/std/src/panicking.rs:269:22
[INFO] [stderr]      9:     0x5587ae663c25 - std::panicking::default_hook::h01f6bb23e1eceb2c
[INFO] [stderr]                                  at /rustc/1b7dd2252b99671ce5d1cb9664c5f8636329436d/library/std/src/panicking.rs:288:9
[INFO] [stderr]     10:     0x5587ae6643de - std::panicking::rust_panic_with_hook::h2bb3722bbaf2f6df
[INFO] [stderr]                                  at /rustc/1b7dd2252b99671ce5d1cb9664c5f8636329436d/library/std/src/panicking.rs:691:13
[INFO] [stderr]     11:     0x5587ae63328a - std::panicking::begin_panic::{{closure}}::h69935f3b999d7bb1
[INFO] [stderr]     12:     0x5587ae634d2a - std::sys_common::backtrace::__rust_end_short_backtrace::h8e45f59924b2f4ee
[INFO] [stderr]     13:     0x5587ae6331db - std::panicking::begin_panic::h6f6dbc7a437795b3
[INFO] [stderr]     14:     0x5587ae5f0ffc - build_script_build::run_command::ha4247c0a68f4243e
[INFO] [stderr]     15:     0x5587ae5efaf5 - build_script_build::compile::h81dca46ca96a3bb6
[INFO] [stderr]     16:     0x5587ae5ef63e - build_script_build::build_library::{{closure}}::h70bed04cabc2309f
[INFO] [stderr]     17:     0x5587ae5ecacb - core::ops::function::impls::<impl core::ops::function::FnOnce<A> for &mut F>::call_once::h369bbc029c77df7e
[INFO] [stderr]     18:     0x5587ae5eb237 - core::option::Option<T>::map::h27443d8cd0e318a1
[INFO] [stderr]     19:     0x5587ae5f6764 - <core::iter::adapters::map::Map<I,F> as core::iter::traits::iterator::Iterator>::next::h63b2434bcfffe6d2
[INFO] [stderr]     20:     0x5587ae5e7350 - alloc::vec::Vec<T,A>::extend_desugared::hb6e8bd3e851a11ce
[INFO] [stderr]     21:     0x5587ae5e8536 - <alloc::vec::Vec<T,A> as alloc::vec::spec_extend::SpecExtend<T,I>>::spec_extend::ha8ad7c518ceb5670
[INFO] [stderr]     22:     0x5587ae5e6c05 - <alloc::vec::Vec<T> as alloc::vec::spec_from_iter_nested::SpecFromIterNested<T,I>>::from_iter::haa1144e15a6cfe18
[INFO] [stderr]     23:     0x5587ae5e858d - <alloc::vec::Vec<T> as alloc::vec::spec_from_iter::SpecFromIter<T,I>>::from_iter::h0a2551a77a28e1d6
[INFO] [stderr]     24:     0x5587ae5e8505 - <alloc::vec::Vec<T> as core::iter::traits::collect::FromIterator<T>>::from_iter::he435e8bbec0be192
[INFO] [stderr]     25:     0x5587ae5f6c2d - core::iter::traits::iterator::Iterator::collect::h0607e69c08423cfd
[INFO] [stderr]     26:     0x5587ae5eede5 - build_script_build::build_library::hafe50b621e6e559a
[INFO] [stderr]     27:     0x5587ae5eec0e - build_script_build::build_c_code::{{closure}}::hed501d8aeec8034f
[INFO] [stderr]     28:     0x5587ae5e9a2d - <core::slice::iter::Iter<T> as core::iter::traits::iterator::Iterator>::for_each::h7eb29a34318831fb
[INFO] [stderr]     29:     0x5587ae5ee80e - build_script_build::build_c_code::h3f2b92ee766e03c3
[INFO] [stderr]     30:     0x5587ae5ed455 - build_script_build::ring_build_rs_main::h9b9e35200dc7b9be
[INFO] [stderr]     31:     0x5587ae5eccbd - build_script_build::main::h873225042758b1e7
[INFO] [stderr]     32:     0x5587ae5ec203 - core::ops::function::FnOnce::call_once::hcf96e96b2c7ad921
[INFO] [stderr]     33:     0x5587ae5ebc76 - std::sys_common::backtrace::__rust_begin_short_backtrace::hcced28cb6e37c74a
[INFO] [stderr]     34:     0x5587ae5ebea9 - std::rt::lang_start::{{closure}}::h6a85e96cec474fb3
[INFO] [stderr]     35:     0x5587ae65b10e - core::ops::function::impls::<impl core::ops::function::FnOnce<A> for &F>::call_once::h2eb19b8ce4148df4
[INFO] [stderr]                                  at /rustc/1b7dd2252b99671ce5d1cb9664c5f8636329436d/library/core/src/ops/function.rs:287:13
[INFO] [stderr]     36:     0x5587ae65b10e - std::panicking::try::do_call::h2e900feff5d504c5
[INFO] [stderr]                                  at /rustc/1b7dd2252b99671ce5d1cb9664c5f8636329436d/library/std/src/panicking.rs:485:40
[INFO] [stderr]     37:     0x5587ae65b10e - std::panicking::try::h8854836cb85aa9f2
[INFO] [stderr]                                  at /rustc/1b7dd2252b99671ce5d1cb9664c5f8636329436d/library/std/src/panicking.rs:449:19
[INFO] [stderr]     38:     0x5587ae65b10e - std::panic::catch_unwind::h706025dd4c48f64b
[INFO] [stderr]                                  at /rustc/1b7dd2252b99671ce5d1cb9664c5f8636329436d/library/std/src/panic.rs:140:14
[INFO] [stderr]     39:     0x5587ae65b10e - std::rt::lang_start_internal::{{closure}}::h7be5b97f4a07a91a
[INFO] [stderr]                                  at /rustc/1b7dd2252b99671ce5d1cb9664c5f8636329436d/library/std/src/rt.rs:148:48
[INFO] [stderr]     40:     0x5587ae65b10e - std::panicking::try::do_call::h59847e9d0a176965
[INFO] [stderr]                                  at /rustc/1b7dd2252b99671ce5d1cb9664c5f8636329436d/library/std/src/panicking.rs:485:40
[INFO] [stderr]     41:     0x5587ae65b10e - std::panicking::try::h399a918ba8522823
[INFO] [stderr]                                  at /rustc/1b7dd2252b99671ce5d1cb9664c5f8636329436d/library/std/src/panicking.rs:449:19
[INFO] [stderr]     42:     0x5587ae65b10e - std::panic::catch_unwind::hca7ca6c55b2a2e26
[INFO] [stderr]                                  at /rustc/1b7dd2252b99671ce5d1cb9664c5f8636329436d/library/std/src/panic.rs:140:14
[INFO] [stderr]     43:     0x5587ae65b10e - std::rt::lang_start_internal::h2c807a81560459eb
[INFO] [stderr]                                  at /rustc/1b7dd2252b99671ce5d1cb9664c5f8636329436d/library/std/src/rt.rs:148:20
[INFO] [stderr]     44:     0x5587ae5ebe87 - std::rt::lang_start::h45e226f31ab99023
[INFO] [stderr]     45:     0x5587ae5f2e45 - main
[INFO] [stderr]     46:     0x7fc5667c2d90 - <unknown>
[INFO] [stderr]     47:     0x7fc5667c2e40 - __libc_start_main
[INFO] [stderr]     48:     0x5587ae5e5d75 - _start
[INFO] [stderr]     49:                0x0 - <unknown>
[INFO] [stdout] error: couldn't create a temp dir: No space left on device (os error 28) at path "/opt/rustwide/target/debug/deps/rmetaoJgbJa"
[INFO] [stdout] 
[INFO] [stdout] 
[INFO] [stdout] error: couldn't create a temp dir: No space left on device (os error 28) at path "/opt/rustwide/target/debug/deps/rmeta1VjIVt"
[INFO] [stdout] 
[INFO] [stdout] 
[INFO] [stderr] error: could not compile `byteorder` (lib) due to previous error
[INFO] [stderr] error: could not compile `object` (lib) due to previous error
[INFO] [stderr] The following warnings were emitted during compilation:
[INFO] [stderr] 
[INFO] [stderr] warning: brotli/enc/backward_references.c:126:1: fatal error: error writing to /tmp/ccpToTbP.s: No space left on device
[INFO] [stderr] warning:   126 | }
[INFO] [stderr] warning:       | ^
[INFO] [stderr] warning: compilation terminated.
[INFO] [stderr] 
[INFO] [stderr] error: failed to run custom build command for `brotli-sys v0.3.2`
[INFO] [stderr] note: To improve backtraces for build dependencies, set the CARGO_PROFILE_DEV_BUILD_OVERRIDE_DEBUG=true environment variable to enable debug information generation.
[INFO] [stderr] 
[INFO] [stderr] Caused by:
[INFO] [stderr]   process didn't exit successfully: `/opt/rustwide/target/debug/build/brotli-sys-97e4a0cf575a5698/build-script-build` (exit status: 1)
[INFO] [stderr]   --- stdout
[INFO] [stderr]   cargo:include=/opt/rustwide/cargo-home/registry/src/index.crates.io-6f17d22bba15001f/brotli-sys-0.3.2/brotli/include
[INFO] [stderr]   TARGET = Some("x86_64-unknown-linux-gnu")
[INFO] [stderr]   OPT_LEVEL = Some("0")
[INFO] [stderr]   HOST = Some("x86_64-unknown-linux-gnu")
[INFO] [stderr]   CC_x86_64-unknown-linux-gnu = None
[INFO] [stderr]   CC_x86_64_unknown_linux_gnu = None
[INFO] [stderr]   HOST_CC = None
[INFO] [stderr]   CC = None
[INFO] [stderr]   CFLAGS_x86_64-unknown-linux-gnu = None
[INFO] [stderr]   CFLAGS_x86_64_unknown_linux_gnu = None
[INFO] [stderr]   HOST_CFLAGS = None
[INFO] [stderr]   CFLAGS = None
[INFO] [stderr]   CRATE_CC_NO_DEFAULTS = None
[INFO] [stderr]   DEBUG = Some("true")
[INFO] [stderr]   CARGO_CFG_TARGET_FEATURE = Some("fxsr,sse,sse2")
[INFO] [stderr]   running: "cc" "-O0" "-ffunction-sections" "-fdata-sections" "-fPIC" "-g" "-fno-omit-frame-pointer" "-m64" "-I" "brotli/include" "-o" "/opt/rustwide/target/debug/build/brotli-sys-9144b2e752f3571d/out/brotli/common/dictionary.o" "-c" "brotli/common/dictionary.c"
[INFO] [stderr]   exit status: 0
[INFO] [stderr]   running: "cc" "-O0" "-ffunction-sections" "-fdata-sections" "-fPIC" "-g" "-fno-omit-frame-pointer" "-m64" "-I" "brotli/include" "-o" "/opt/rustwide/target/debug/build/brotli-sys-9144b2e752f3571d/out/brotli/dec/bit_reader.o" "-c" "brotli/dec/bit_reader.c"
[INFO] [stderr]   exit status: 0
[INFO] [stderr]   running: "cc" "-O0" "-ffunction-sections" "-fdata-sections" "-fPIC" "-g" "-fno-omit-frame-pointer" "-m64" "-I" "brotli/include" "-o" "/opt/rustwide/target/debug/build/brotli-sys-9144b2e752f3571d/out/brotli/dec/decode.o" "-c" "brotli/dec/decode.c"
[INFO] [stderr]   exit status: 0
[INFO] [stderr]   running: "cc" "-O0" "-ffunction-sections" "-fdata-sections" "-fPIC" "-g" "-fno-omit-frame-pointer" "-m64" "-I" "brotli/include" "-o" "/opt/rustwide/target/debug/build/brotli-sys-9144b2e752f3571d/out/brotli/dec/huffman.o" "-c" "brotli/dec/huffman.c"
[INFO] [stderr]   exit status: 0
[INFO] [stderr]   running: "cc" "-O0" "-ffunction-sections" "-fdata-sections" "-fPIC" "-g" "-fno-omit-frame-pointer" "-m64" "-I" "brotli/include" "-o" "/opt/rustwide/target/debug/build/brotli-sys-9144b2e752f3571d/out/brotli/dec/state.o" "-c" "brotli/dec/state.c"
[INFO] [stderr]   exit status: 0
[INFO] [stderr]   running: "cc" "-O0" "-ffunction-sections" "-fdata-sections" "-fPIC" "-g" "-fno-omit-frame-pointer" "-m64" "-I" "brotli/include" "-o" "/opt/rustwide/target/debug/build/brotli-sys-9144b2e752f3571d/out/brotli/enc/backward_references.o" "-c" "brotli/enc/backward_references.c"
[INFO] [stderr]   cargo:warning=brotli/enc/backward_references.c:126:1: fatal error: error writing to /tmp/ccpToTbP.s: No space left on device
[INFO] [stderr]   cargo:warning=  126 | }
[INFO] [stderr]   cargo:warning=      | ^
[INFO] [stderr]   cargo:warning=compilation terminated.
[INFO] [stderr]   exit status: 1
[INFO] [stderr] 
[INFO] [stderr]   --- stderr
[INFO] [stderr]   fatal: not a git repository (or any parent up to mount point /opt/rustwide)
[INFO] [stderr]   Stopping at filesystem boundary (GIT_DISCOVERY_ACROSS_FILESYSTEM not set).
[INFO] [stderr] 
[INFO] [stderr] 
[INFO] [stderr]   error occurred: Command "cc" "-O0" "-ffunction-sections" "-fdata-sections" "-fPIC" "-g" "-fno-omit-frame-pointer" "-m64" "-I" "brotli/include" "-o" "/opt/rustwide/target/debug/build/brotli-sys-9144b2e752f3571d/out/brotli/enc/backward_references.o" "-c" "brotli/enc/backward_references.c" with args "cc" did not execute successfully (status code exit status: 1).
[INFO] [stderr] 
[INFO] [stderr] 
[INFO] [stdout] error: couldn't create a temp dir: No space left on device (os error 28) at path "/opt/rustwide/target/debug/deps/rmetaJYyKZo"
[INFO] [stdout] 
[INFO] [stdout] 
[INFO] [stderr] error: could not compile `indexmap` (lib) due to previous error
[INFO] [stdout] error: couldn't create a temp dir: No space left on device (os error 28) at path "/opt/rustwide/target/debug/deps/rmetaAAGuXM"
[INFO] [stdout] 
[INFO] [stdout] 
[INFO] [stderr] error: could not compile `flate2` (lib) due to previous error
[INFO] [stdout] error: couldn't create a temp dir: No space left on device (os error 28) at path "/opt/rustwide/target/debug/deps/rmetauUiyyl"
[INFO] [stdout] 
[INFO] [stdout] 
[INFO] [stderr] error: could not compile `tokio` (lib) due to previous error
[INFO] [stdout] error: couldn't create a temp dir: No space left on device (os error 28) at path "/opt/rustwide/target/debug/deps/rmetapamArw"
[INFO] [stdout] 
[INFO] [stdout] 
[INFO] [stderr] error: could not compile `syn` (lib) due to previous error
[INFO] [stderr] The following warnings were emitted during compilation:
[INFO] [stderr] 
[INFO] [stderr] warning: sqlite3/sqlite3.c:230516:1: fatal error: error writing to /tmp/cc8WYlmo.s: No space left on device
[INFO] [stderr] warning: 230516 | SQLITE_API const char *sqlite3_sourceid(void){ return SQLITE_SOURCE_ID; }
[INFO] [stderr] warning:        | ^~~~~~~~~~
[INFO] [stderr] warning: compilation terminated.
[INFO] [stderr] 
[INFO] [stderr] error: failed to run custom build command for `libsqlite3-sys v0.20.1`
[INFO] [stderr] note: To improve backtraces for build dependencies, set the CARGO_PROFILE_DEV_BUILD_OVERRIDE_DEBUG=true environment variable to enable debug information generation.
[INFO] [stderr] 
[INFO] [stderr] Caused by:
[INFO] [stderr]   process didn't exit successfully: `/opt/rustwide/target/debug/build/libsqlite3-sys-8547c6d2a275f579/build-script-build` (exit status: 1)
[INFO] [stderr]   --- stdout
[INFO] [stderr]   cargo:rerun-if-changed=sqlite3/sqlite3.c
[INFO] [stderr]   cargo:rerun-if-changed=sqlite3/wasm32-wasi-vfs.c
[INFO] [stderr]   cargo:rerun-if-env-changed=SQLITE_MAX_VARIABLE_NUMBER
[INFO] [stderr]   cargo:rerun-if-env-changed=SQLITE_MAX_EXPR_DEPTH
[INFO] [stderr]   cargo:rerun-if-env-changed=LIBSQLITE3_FLAGS
[INFO] [stderr]   TARGET = Some("x86_64-unknown-linux-gnu")
[INFO] [stderr]   OPT_LEVEL = Some("0")
[INFO] [stderr]   HOST = Some("x86_64-unknown-linux-gnu")
[INFO] [stderr]   CC_x86_64-unknown-linux-gnu = None
[INFO] [stderr]   CC_x86_64_unknown_linux_gnu = None
[INFO] [stderr]   HOST_CC = None
[INFO] [stderr]   CC = None
[INFO] [stderr]   CFLAGS_x86_64-unknown-linux-gnu = None
[INFO] [stderr]   CFLAGS_x86_64_unknown_linux_gnu = None
[INFO] [stderr]   HOST_CFLAGS = None
[INFO] [stderr]   CFLAGS = None
[INFO] [stderr]   CRATE_CC_NO_DEFAULTS = None
[INFO] [stderr]   DEBUG = Some("true")
[INFO] [stderr]   CARGO_CFG_TARGET_FEATURE = Some("fxsr,sse,sse2")
[INFO] [stderr]   running: "cc" "-O0" "-ffunction-sections" "-fdata-sections" "-fPIC" "-g" "-fno-omit-frame-pointer" "-m64" "-DSQLITE_CORE" "-DSQLITE_DEFAULT_FOREIGN_KEYS=1" "-DSQLITE_ENABLE_API_ARMOR" "-DSQLITE_ENABLE_COLUMN_METADATA" "-DSQLITE_ENABLE_DBSTAT_VTAB" "-DSQLITE_ENABLE_FTS3" "-DSQLITE_ENABLE_FTS3_PARENTHESIS" "-DSQLITE_ENABLE_FTS5" "-DSQLITE_ENABLE_JSON1" "-DSQLITE_ENABLE_LOAD_EXTENSION=1" "-DSQLITE_ENABLE_MEMORY_MANAGEMENT" "-DSQLITE_ENABLE_RTREE" "-DSQLITE_ENABLE_STAT2" "-DSQLITE_ENABLE_STAT4" "-DSQLITE_SOUNDEX" "-DSQLITE_THREADSAFE=1" "-DSQLITE_USE_URI" "-DHAVE_USLEEP=1" "-D_POSIX_THREAD_SAFE_FUNCTIONS" "-DHAVE_ISNAN" "-DHAVE_LOCALTIME_R" "-o" "/opt/rustwide/target/debug/build/libsqlite3-sys-ecf64112d13f2f27/out/sqlite3/sqlite3.o" "-c" "sqlite3/sqlite3.c"
[INFO] [stderr]   cargo:warning=sqlite3/sqlite3.c:230516:1: fatal error: error writing to /tmp/cc8WYlmo.s: No space left on device
[INFO] [stderr]   cargo:warning=230516 | SQLITE_API const char *sqlite3_sourceid(void){ return SQLITE_SOURCE_ID; }
[INFO] [stderr]   cargo:warning=       | ^~~~~~~~~~
[INFO] [stderr]   cargo:warning=compilation terminated.
[INFO] [stderr]   exit status: 1
[INFO] [stderr] 
[INFO] [stderr]   --- stderr
[INFO] [stderr] 
[INFO] [stderr] 
[INFO] [stderr]   error occurred: Command "cc" "-O0" "-ffunction-sections" "-fdata-sections" "-fPIC" "-g" "-fno-omit-frame-pointer" "-m64" "-DSQLITE_CORE" "-DSQLITE_DEFAULT_FOREIGN_KEYS=1" "-DSQLITE_ENABLE_API_ARMOR" "-DSQLITE_ENABLE_COLUMN_METADATA" "-DSQLITE_ENABLE_DBSTAT_VTAB" "-DSQLITE_ENABLE_FTS3" "-DSQLITE_ENABLE_FTS3_PARENTHESIS" "-DSQLITE_ENABLE_FTS5" "-DSQLITE_ENABLE_JSON1" "-DSQLITE_ENABLE_LOAD_EXTENSION=1" "-DSQLITE_ENABLE_MEMORY_MANAGEMENT" "-DSQLITE_ENABLE_RTREE" "-DSQLITE_ENABLE_STAT2" "-DSQLITE_ENABLE_STAT4" "-DSQLITE_SOUNDEX" "-DSQLITE_THREADSAFE=1" "-DSQLITE_USE_URI" "-DHAVE_USLEEP=1" "-D_POSIX_THREAD_SAFE_FUNCTIONS" "-DHAVE_ISNAN" "-DHAVE_LOCALTIME_R" "-o" "/opt/rustwide/target/debug/build/libsqlite3-sys-ecf64112d13f2f27/out/sqlite3/sqlite3.o" "-c" "sqlite3/sqlite3.c" with args "cc" did not execute successfully (status code exit status: 1).
[INFO] [stderr] 
[INFO] [stderr] 
[INFO] running `Command { std: "docker" "inspect" "f1a988656f6e05e3cc8ccf31bb1aee9d3dd568e45f8d41d02c04bceaa7dff3d3", kill_on_drop: false }`
[INFO] running `Command { std: "docker" "rm" "-f" "f1a988656f6e05e3cc8ccf31bb1aee9d3dd568e45f8d41d02c04bceaa7dff3d3", kill_on_drop: false }`
[INFO] [stdout] f1a988656f6e05e3cc8ccf31bb1aee9d3dd568e45f8d41d02c04bceaa7dff3d3
