[INFO] cloning repository https://github.com/RajivKurien/Dining_Philosophers
[INFO] running `Command { std: "git" "-c" "credential.helper=" "-c" "credential.helper=/workspace/cargo-home/bin/git-credential-null" "clone" "--bare" "https://github.com/RajivKurien/Dining_Philosophers" "/workspace/cache/git-repos/https%3A%2F%2Fgithub.com%2FRajivKurien%2FDining_Philosophers", kill_on_drop: false }`
[INFO] [stderr] Cloning into bare repository '/workspace/cache/git-repos/https%3A%2F%2Fgithub.com%2FRajivKurien%2FDining_Philosophers'...
[INFO] running `Command { std: "git" "rev-parse" "HEAD", kill_on_drop: false }`
[INFO] [stdout] bdaba33bcf72c35cb9f9a7b7f54acc982ebc5f1d
[INFO] documenting RajivKurien/Dining_Philosophers against beta-2023-04-20 for beta-1.70-rustdoc-1
[INFO] running `Command { std: "git" "clone" "/workspace/cache/git-repos/https%3A%2F%2Fgithub.com%2FRajivKurien%2FDining_Philosophers" "/workspace/builds/worker-6-tc2/source", kill_on_drop: false }`
[INFO] [stderr] Cloning into '/workspace/builds/worker-6-tc2/source'...
[INFO] [stderr] done.
[INFO] validating manifest of git repo https://github.com/RajivKurien/Dining_Philosophers on toolchain beta-2023-04-20
[INFO] running `Command { std: CARGO_HOME="/workspace/cargo-home" RUSTUP_HOME="/workspace/rustup-home" "/workspace/cargo-home/bin/cargo" "+beta-2023-04-20" "metadata" "--manifest-path" "Cargo.toml" "--no-deps", kill_on_drop: false }`
[INFO] started tweaking git repo https://github.com/RajivKurien/Dining_Philosophers
[INFO] finished tweaking git repo https://github.com/RajivKurien/Dining_Philosophers
[INFO] tweaked toml for git repo https://github.com/RajivKurien/Dining_Philosophers written to /workspace/builds/worker-6-tc2/source/Cargo.toml
[INFO] crate git repo https://github.com/RajivKurien/Dining_Philosophers already has a lockfile, it will not be regenerated
[INFO] running `Command { std: CARGO_HOME="/workspace/cargo-home" RUSTUP_HOME="/workspace/rustup-home" "/workspace/cargo-home/bin/cargo" "+beta-2023-04-20" "fetch" "--manifest-path" "Cargo.toml", kill_on_drop: false }`
[INFO] [stderr]  Downloading crates ...
[INFO] [stderr]   Downloaded env_logger v0.6.1
[INFO] running `Command { std: "docker" "create" "-v" "/var/lib/crater-agent-workspace/builds/worker-6-tc2/target:/opt/rustwide/target:rw,Z" "-v" "/var/lib/crater-agent-workspace/builds/worker-6-tc2/source:/opt/rustwide/workdir:ro,Z" "-v" "/var/lib/crater-agent-workspace/cargo-home:/opt/rustwide/cargo-home:ro,Z" "-v" "/var/lib/crater-agent-workspace/rustup-home:/opt/rustwide/rustup-home:ro,Z" "-e" "SOURCE_DIR=/opt/rustwide/workdir" "-e" "CARGO_TARGET_DIR=/opt/rustwide/target" "-e" "CARGO_HOME=/opt/rustwide/cargo-home" "-e" "RUSTUP_HOME=/opt/rustwide/rustup-home" "-w" "/opt/rustwide/workdir" "-m" "1610612736" "--user" "0:0" "--network" "none" "ghcr.io/rust-lang/crates-build-env/linux@sha256:97d61d7686bf65f8ecb15491ab51835e82dc9176a96a831f143a431b191fc501" "/opt/rustwide/cargo-home/bin/cargo" "+beta-2023-04-20" "metadata" "--no-deps" "--format-version=1", kill_on_drop: false }`
[INFO] [stdout] ce239c744affa1328a8c6450311d39a425ece90b9f172cfd43360cc061cb2e16
[INFO] running `Command { std: "docker" "start" "-a" "ce239c744affa1328a8c6450311d39a425ece90b9f172cfd43360cc061cb2e16", kill_on_drop: false }`
[INFO] running `Command { std: "docker" "inspect" "ce239c744affa1328a8c6450311d39a425ece90b9f172cfd43360cc061cb2e16", kill_on_drop: false }`
[INFO] running `Command { std: "docker" "rm" "-f" "ce239c744affa1328a8c6450311d39a425ece90b9f172cfd43360cc061cb2e16", kill_on_drop: false }`
[INFO] [stdout] ce239c744affa1328a8c6450311d39a425ece90b9f172cfd43360cc061cb2e16
[INFO] running `Command { std: "docker" "create" "-v" "/var/lib/crater-agent-workspace/builds/worker-6-tc2/target:/opt/rustwide/target:rw,Z" "-v" "/var/lib/crater-agent-workspace/builds/worker-6-tc2/source:/opt/rustwide/workdir:ro,Z" "-v" "/var/lib/crater-agent-workspace/cargo-home:/opt/rustwide/cargo-home:ro,Z" "-v" "/var/lib/crater-agent-workspace/rustup-home:/opt/rustwide/rustup-home:ro,Z" "-e" "SOURCE_DIR=/opt/rustwide/workdir" "-e" "CARGO_TARGET_DIR=/opt/rustwide/target" "-e" "CARGO_INCREMENTAL=0" "-e" "RUST_BACKTRACE=full" "-e" "RUSTFLAGS=--cap-lints=warn" "-e" "RUSTDOCFLAGS=--cap-lints=warn" "-e" "CARGO_HOME=/opt/rustwide/cargo-home" "-e" "RUSTUP_HOME=/opt/rustwide/rustup-home" "-w" "/opt/rustwide/workdir" "-m" "1610612736" "--user" "0:0" "--network" "none" "ghcr.io/rust-lang/crates-build-env/linux@sha256:97d61d7686bf65f8ecb15491ab51835e82dc9176a96a831f143a431b191fc501" "/opt/rustwide/cargo-home/bin/cargo" "+beta-2023-04-20" "doc" "--frozen" "--no-deps" "--document-private-items" "--message-format=json", kill_on_drop: false }`
[INFO] [stdout] 6c6e77db05ceadb4d9fec0ec963f359766da2b2526e8aade3c44f8f0e010eb98
[INFO] running `Command { std: "docker" "start" "-a" "6c6e77db05ceadb4d9fec0ec963f359766da2b2526e8aade3c44f8f0e010eb98", kill_on_drop: false }`
[INFO] [stderr]    Compiling memchr v2.2.0
[INFO] [stderr]    Compiling libc v0.2.55
[INFO] [stderr]     Checking ucd-util v0.1.3
[INFO] [stderr]    Compiling regex v1.1.6
[INFO] [stderr]     Checking lazy_static v1.3.0
[INFO] [stderr]     Checking utf8-ranges v1.0.2
[INFO] [stderr]     Checking cfg-if v0.1.9
[INFO] [stderr]     Checking quick-error v1.2.2
[INFO] [stderr]     Checking termcolor v1.0.4
[INFO] [stderr]     Checking thread_local v0.3.6
[INFO] [stderr]     Checking humantime v1.2.0
[INFO] [stderr]     Checking log v0.4.6
[INFO] [stderr]     Checking regex-syntax v0.6.6
[INFO] [stdout] error: couldn't create a temp dir: No space left on device (os error 28) at path "/opt/rustwide/target/debug/deps/rmetabLXLTT"
[INFO] [stdout] 
[INFO] [stdout] 
[INFO] [stdout] error: aborting due to previous error
[INFO] [stdout] 
[INFO] [stdout] 
[INFO] [stdout] error: linking with `cc` failed: exit status: 1
[INFO] [stdout]   |
[INFO] [stdout]   = note: LC_ALL="C" PATH="/opt/rustwide/rustup-home/toolchains/beta-2023-04-20-x86_64-unknown-linux-gnu/lib/rustlib/x86_64-unknown-linux-gnu/bin:/opt/rustwide/cargo-home/bin:/usr/local/sbin:/usr/local/bin:/usr/sbin:/usr/bin:/sbin:/bin" VSLANG="1033" "cc" "-m64" "/tmp/rustcYtbZ8l/symbols.o" "/opt/rustwide/target/debug/build/regex-9b9ce1334593a072/build_script_build-9b9ce1334593a072.build_script_build.9941d920-cgu.0.rcgu.o" "/opt/rustwide/target/debug/build/regex-9b9ce1334593a072/build_script_build-9b9ce1334593a072.build_script_build.9941d920-cgu.1.rcgu.o" "/opt/rustwide/target/debug/build/regex-9b9ce1334593a072/build_script_build-9b9ce1334593a072.build_script_build.9941d920-cgu.10.rcgu.o" "/opt/rustwide/target/debug/build/regex-9b9ce1334593a072/build_script_build-9b9ce1334593a072.build_script_build.9941d920-cgu.11.rcgu.o" "/opt/rustwide/target/debug/build/regex-9b9ce1334593a072/build_script_build-9b9ce1334593a072.build_script_build.9941d920-cgu.12.rcgu.o" "/opt/rustwide/target/debug/build/regex-9b9ce1334593a072/build_script_build-9b9ce1334593a072.build_script_build.9941d920-cgu.13.rcgu.o" "/opt/rustwide/target/debug/build/regex-9b9ce1334593a072/build_script_build-9b9ce1334593a072.build_script_build.9941d920-cgu.14.rcgu.o" "/opt/rustwide/target/debug/build/regex-9b9ce1334593a072/build_script_build-9b9ce1334593a072.build_script_build.9941d920-cgu.15.rcgu.o" "/opt/rustwide/target/debug/build/regex-9b9ce1334593a072/build_script_build-9b9ce1334593a072.build_script_build.9941d920-cgu.2.rcgu.o" "/opt/rustwide/target/debug/build/regex-9b9ce1334593a072/build_script_build-9b9ce1334593a072.build_script_build.9941d920-cgu.3.rcgu.o" "/opt/rustwide/target/debug/build/regex-9b9ce1334593a072/build_script_build-9b9ce1334593a072.build_script_build.9941d920-cgu.4.rcgu.o" "/opt/rustwide/target/debug/build/regex-9b9ce1334593a072/build_script_build-9b9ce1334593a072.build_script_build.9941d920-cgu.5.rcgu.o" "/opt/rustwide/target/debug/build/regex-9b9ce1334593a072/build_script_build-9b9ce1334593a072.build_script_build.9941d920-cgu.6.rcgu.o" "/opt/rustwide/target/debug/build/regex-9b9ce1334593a072/build_script_build-9b9ce1334593a072.build_script_build.9941d920-cgu.7.rcgu.o" "/opt/rustwide/target/debug/build/regex-9b9ce1334593a072/build_script_build-9b9ce1334593a072.build_script_build.9941d920-cgu.8.rcgu.o" "/opt/rustwide/target/debug/build/regex-9b9ce1334593a072/build_script_build-9b9ce1334593a072.build_script_build.9941d920-cgu.9.rcgu.o" "/opt/rustwide/target/debug/build/regex-9b9ce1334593a072/build_script_build-9b9ce1334593a072.138r9s2ag0oa3dg4.rcgu.o" "-Wl,--as-needed" "-L" "/opt/rustwide/target/debug/deps" "-L" "/opt/rustwide/rustup-home/toolchains/beta-2023-04-20-x86_64-unknown-linux-gnu/lib/rustlib/x86_64-unknown-linux-gnu/lib" "-Wl,-Bstatic" "/opt/rustwide/rustup-home/toolchains/beta-2023-04-20-x86_64-unknown-linux-gnu/lib/rustlib/x86_64-unknown-linux-gnu/lib/libstd-0e29cc23c5e02021.rlib" "/opt/rustwide/rustup-home/toolchains/beta-2023-04-20-x86_64-unknown-linux-gnu/lib/rustlib/x86_64-unknown-linux-gnu/lib/libpanic_unwind-d903621768a861d9.rlib" "/opt/rustwide/rustup-home/toolchains/beta-2023-04-20-x86_64-unknown-linux-gnu/lib/rustlib/x86_64-unknown-linux-gnu/lib/libobject-6d0225e655f31c13.rlib" "/opt/rustwide/rustup-home/toolchains/beta-2023-04-20-x86_64-unknown-linux-gnu/lib/rustlib/x86_64-unknown-linux-gnu/lib/libmemchr-9dbaf4eac7eaa079.rlib" "/opt/rustwide/rustup-home/toolchains/beta-2023-04-20-x86_64-unknown-linux-gnu/lib/rustlib/x86_64-unknown-linux-gnu/lib/libaddr2line-27f05b3d42a66dd0.rlib" "/opt/rustwide/rustup-home/toolchains/beta-2023-04-20-x86_64-unknown-linux-gnu/lib/rustlib/x86_64-unknown-linux-gnu/lib/libgimli-4d73f1030321c9a2.rlib" "/opt/rustwide/rustup-home/toolchains/beta-2023-04-20-x86_64-unknown-linux-gnu/lib/rustlib/x86_64-unknown-linux-gnu/lib/librustc_demangle-2846c9e58abd0acb.rlib" "/opt/rustwide/rustup-home/toolchains/beta-2023-04-20-x86_64-unknown-linux-gnu/lib/rustlib/x86_64-unknown-linux-gnu/lib/libstd_detect-a53d0f50415947be.rlib" "/opt/rustwide/rustup-home/toolchains/beta-2023-04-20-x86_64-unknown-linux-gnu/lib/rustlib/x86_64-unknown-linux-gnu/lib/libhashbrown-d48e4b6abc25b9dc.rlib" "/opt/rustwide/rustup-home/toolchains/beta-2023-04-20-x86_64-unknown-linux-gnu/lib/rustlib/x86_64-unknown-linux-gnu/lib/libminiz_oxide-2991859439ef1207.rlib" "/opt/rustwide/rustup-home/toolchains/beta-2023-04-20-x86_64-unknown-linux-gnu/lib/rustlib/x86_64-unknown-linux-gnu/lib/libadler-8a687517e4221bae.rlib" "/opt/rustwide/rustup-home/toolchains/beta-2023-04-20-x86_64-unknown-linux-gnu/lib/rustlib/x86_64-unknown-linux-gnu/lib/librustc_std_workspace_alloc-e07b554f6a67f5b3.rlib" "/opt/rustwide/rustup-home/toolchains/beta-2023-04-20-x86_64-unknown-linux-gnu/lib/rustlib/x86_64-unknown-linux-gnu/lib/libunwind-b68238b7c3c619dd.rlib" "/opt/rustwide/rustup-home/toolchains/beta-2023-04-20-x86_64-unknown-linux-gnu/lib/rustlib/x86_64-unknown-linux-gnu/lib/libcfg_if-d5e213e896c017e4.rlib" "/opt/rustwide/rustup-home/toolchains/beta-2023-04-20-x86_64-unknown-linux-gnu/lib/rustlib/x86_64-unknown-linux-gnu/lib/liblibc-0211a3b2e61d8689.rlib" "/opt/rustwide/rustup-home/toolchains/beta-2023-04-20-x86_64-unknown-linux-gnu/lib/rustlib/x86_64-unknown-linux-gnu/lib/liballoc-b371f055239ba51f.rlib" "/opt/rustwide/rustup-home/toolchains/beta-2023-04-20-x86_64-unknown-linux-gnu/lib/rustlib/x86_64-unknown-linux-gnu/lib/librustc_std_workspace_core-e60518d2760eb01e.rlib" "/opt/rustwide/rustup-home/toolchains/beta-2023-04-20-x86_64-unknown-linux-gnu/lib/rustlib/x86_64-unknown-linux-gnu/lib/libcore-1ad943f92a4b1081.rlib" "/opt/rustwide/rustup-home/toolchains/beta-2023-04-20-x86_64-unknown-linux-gnu/lib/rustlib/x86_64-unknown-linux-gnu/lib/libcompiler_builtins-f0d6e4d0fc1e80b4.rlib" "-Wl,-Bdynamic" "-lgcc_s" "-lutil" "-lrt" "-lpthread" "-lm" "-ldl" "-lc" "-Wl,--eh-frame-hdr" "-Wl,-z,noexecstack" "-L" "/opt/rustwide/rustup-home/toolchains/beta-2023-04-20-x86_64-unknown-linux-gnu/lib/rustlib/x86_64-unknown-linux-gnu/lib" "-o" "/opt/rustwide/target/debug/build/regex-9b9ce1334593a072/build_script_build-9b9ce1334593a072" "-Wl,--gc-sections" "-pie" "-Wl,-z,relro,-z,now" "-nodefaultlibs"
[INFO] [stdout]   = note: /usr/bin/ld: final link failed: No space left on device
[INFO] [stdout]           collect2: error: ld returned 1 exit status
[INFO] [stdout]           
[INFO] [stdout] 
[INFO] [stdout] 
[INFO] [stdout] error: aborting due to previous error
[INFO] [stdout] 
[INFO] [stdout] 
[INFO] [stderr] error: could not compile `humantime` (lib) due to 2 previous errors
[INFO] [stderr] warning: build failed, waiting for other jobs to finish...
[INFO] [stderr] error: could not compile `regex` (build script) due to 2 previous errors
[INFO] [stdout] error: linking with `cc` failed: exit status: 1
[INFO] [stdout]   |
[INFO] [stdout]   = note: LC_ALL="C" PATH="/opt/rustwide/rustup-home/toolchains/beta-2023-04-20-x86_64-unknown-linux-gnu/lib/rustlib/x86_64-unknown-linux-gnu/bin:/opt/rustwide/cargo-home/bin:/usr/local/sbin:/usr/local/bin:/usr/sbin:/usr/bin:/sbin:/bin" VSLANG="1033" "cc" "-m64" "/tmp/rustcMZCwpE/symbols.o" "/opt/rustwide/target/debug/build/memchr-4f2c85716fb5bb2e/build_script_build-4f2c85716fb5bb2e.build_script_build.75ec7e11-cgu.0.rcgu.o" "/opt/rustwide/target/debug/build/memchr-4f2c85716fb5bb2e/build_script_build-4f2c85716fb5bb2e.build_script_build.75ec7e11-cgu.1.rcgu.o" "/opt/rustwide/target/debug/build/memchr-4f2c85716fb5bb2e/build_script_build-4f2c85716fb5bb2e.build_script_build.75ec7e11-cgu.10.rcgu.o" "/opt/rustwide/target/debug/build/memchr-4f2c85716fb5bb2e/build_script_build-4f2c85716fb5bb2e.build_script_build.75ec7e11-cgu.11.rcgu.o" "/opt/rustwide/target/debug/build/memchr-4f2c85716fb5bb2e/build_script_build-4f2c85716fb5bb2e.build_script_build.75ec7e11-cgu.12.rcgu.o" "/opt/rustwide/target/debug/build/memchr-4f2c85716fb5bb2e/build_script_build-4f2c85716fb5bb2e.build_script_build.75ec7e11-cgu.13.rcgu.o" "/opt/rustwide/target/debug/build/memchr-4f2c85716fb5bb2e/build_script_build-4f2c85716fb5bb2e.build_script_build.75ec7e11-cgu.14.rcgu.o" "/opt/rustwide/target/debug/build/memchr-4f2c85716fb5bb2e/build_script_build-4f2c85716fb5bb2e.build_script_build.75ec7e11-cgu.15.rcgu.o" "/opt/rustwide/target/debug/build/memchr-4f2c85716fb5bb2e/build_script_build-4f2c85716fb5bb2e.build_script_build.75ec7e11-cgu.2.rcgu.o" "/opt/rustwide/target/debug/build/memchr-4f2c85716fb5bb2e/build_script_build-4f2c85716fb5bb2e.build_script_build.75ec7e11-cgu.3.rcgu.o" "/opt/rustwide/target/debug/build/memchr-4f2c85716fb5bb2e/build_script_build-4f2c85716fb5bb2e.build_script_build.75ec7e11-cgu.4.rcgu.o" "/opt/rustwide/target/debug/build/memchr-4f2c85716fb5bb2e/build_script_build-4f2c85716fb5bb2e.build_script_build.75ec7e11-cgu.5.rcgu.o" "/opt/rustwide/target/debug/build/memchr-4f2c85716fb5bb2e/build_script_build-4f2c85716fb5bb2e.build_script_build.75ec7e11-cgu.6.rcgu.o" "/opt/rustwide/target/debug/build/memchr-4f2c85716fb5bb2e/build_script_build-4f2c85716fb5bb2e.build_script_build.75ec7e11-cgu.7.rcgu.o" "/opt/rustwide/target/debug/build/memchr-4f2c85716fb5bb2e/build_script_build-4f2c85716fb5bb2e.build_script_build.75ec7e11-cgu.8.rcgu.o" "/opt/rustwide/target/debug/build/memchr-4f2c85716fb5bb2e/build_script_build-4f2c85716fb5bb2e.build_script_build.75ec7e11-cgu.9.rcgu.o" "/opt/rustwide/target/debug/build/memchr-4f2c85716fb5bb2e/build_script_build-4f2c85716fb5bb2e.3levchbr0sug2jlh.rcgu.o" "-Wl,--as-needed" "-L" "/opt/rustwide/target/debug/deps" "-L" "/opt/rustwide/rustup-home/toolchains/beta-2023-04-20-x86_64-unknown-linux-gnu/lib/rustlib/x86_64-unknown-linux-gnu/lib" "-Wl,-Bstatic" "/opt/rustwide/rustup-home/toolchains/beta-2023-04-20-x86_64-unknown-linux-gnu/lib/rustlib/x86_64-unknown-linux-gnu/lib/libstd-0e29cc23c5e02021.rlib" "/opt/rustwide/rustup-home/toolchains/beta-2023-04-20-x86_64-unknown-linux-gnu/lib/rustlib/x86_64-unknown-linux-gnu/lib/libpanic_unwind-d903621768a861d9.rlib" "/opt/rustwide/rustup-home/toolchains/beta-2023-04-20-x86_64-unknown-linux-gnu/lib/rustlib/x86_64-unknown-linux-gnu/lib/libobject-6d0225e655f31c13.rlib" "/opt/rustwide/rustup-home/toolchains/beta-2023-04-20-x86_64-unknown-linux-gnu/lib/rustlib/x86_64-unknown-linux-gnu/lib/libmemchr-9dbaf4eac7eaa079.rlib" "/opt/rustwide/rustup-home/toolchains/beta-2023-04-20-x86_64-unknown-linux-gnu/lib/rustlib/x86_64-unknown-linux-gnu/lib/libaddr2line-27f05b3d42a66dd0.rlib" "/opt/rustwide/rustup-home/toolchains/beta-2023-04-20-x86_64-unknown-linux-gnu/lib/rustlib/x86_64-unknown-linux-gnu/lib/libgimli-4d73f1030321c9a2.rlib" "/opt/rustwide/rustup-home/toolchains/beta-2023-04-20-x86_64-unknown-linux-gnu/lib/rustlib/x86_64-unknown-linux-gnu/lib/librustc_demangle-2846c9e58abd0acb.rlib" "/opt/rustwide/rustup-home/toolchains/beta-2023-04-20-x86_64-unknown-linux-gnu/lib/rustlib/x86_64-unknown-linux-gnu/lib/libstd_detect-a53d0f50415947be.rlib" "/opt/rustwide/rustup-home/toolchains/beta-2023-04-20-x86_64-unknown-linux-gnu/lib/rustlib/x86_64-unknown-linux-gnu/lib/libhashbrown-d48e4b6abc25b9dc.rlib" "/opt/rustwide/rustup-home/toolchains/beta-2023-04-20-x86_64-unknown-linux-gnu/lib/rustlib/x86_64-unknown-linux-gnu/lib/libminiz_oxide-2991859439ef1207.rlib" "/opt/rustwide/rustup-home/toolchains/beta-2023-04-20-x86_64-unknown-linux-gnu/lib/rustlib/x86_64-unknown-linux-gnu/lib/libadler-8a687517e4221bae.rlib" "/opt/rustwide/rustup-home/toolchains/beta-2023-04-20-x86_64-unknown-linux-gnu/lib/rustlib/x86_64-unknown-linux-gnu/lib/librustc_std_workspace_alloc-e07b554f6a67f5b3.rlib" "/opt/rustwide/rustup-home/toolchains/beta-2023-04-20-x86_64-unknown-linux-gnu/lib/rustlib/x86_64-unknown-linux-gnu/lib/libunwind-b68238b7c3c619dd.rlib" "/opt/rustwide/rustup-home/toolchains/beta-2023-04-20-x86_64-unknown-linux-gnu/lib/rustlib/x86_64-unknown-linux-gnu/lib/libcfg_if-d5e213e896c017e4.rlib" "/opt/rustwide/rustup-home/toolchains/beta-2023-04-20-x86_64-unknown-linux-gnu/lib/rustlib/x86_64-unknown-linux-gnu/lib/liblibc-0211a3b2e61d8689.rlib" "/opt/rustwide/rustup-home/toolchains/beta-2023-04-20-x86_64-unknown-linux-gnu/lib/rustlib/x86_64-unknown-linux-gnu/lib/liballoc-b371f055239ba51f.rlib" "/opt/rustwide/rustup-home/toolchains/beta-2023-04-20-x86_64-unknown-linux-gnu/lib/rustlib/x86_64-unknown-linux-gnu/lib/librustc_std_workspace_core-e60518d2760eb01e.rlib" "/opt/rustwide/rustup-home/toolchains/beta-2023-04-20-x86_64-unknown-linux-gnu/lib/rustlib/x86_64-unknown-linux-gnu/lib/libcore-1ad943f92a4b1081.rlib" "/opt/rustwide/rustup-home/toolchains/beta-2023-04-20-x86_64-unknown-linux-gnu/lib/rustlib/x86_64-unknown-linux-gnu/lib/libcompiler_builtins-f0d6e4d0fc1e80b4.rlib" "-Wl,-Bdynamic" "-lgcc_s" "-lutil" "-lrt" "-lpthread" "-lm" "-ldl" "-lc" "-Wl,--eh-frame-hdr" "-Wl,-z,noexecstack" "-L" "/opt/rustwide/rustup-home/toolchains/beta-2023-04-20-x86_64-unknown-linux-gnu/lib/rustlib/x86_64-unknown-linux-gnu/lib" "-o" "/opt/rustwide/target/debug/build/memchr-4f2c85716fb5bb2e/build_script_build-4f2c85716fb5bb2e" "-Wl,--gc-sections" "-pie" "-Wl,-z,relro,-z,now" "-nodefaultlibs"
[INFO] [stdout]   = note: /usr/bin/ld: final link failed: No space left on device
[INFO] [stdout]           collect2: error: ld returned 1 exit status
[INFO] [stdout]           
[INFO] [stdout] 
[INFO] [stdout] 
[INFO] [stdout] error: aborting due to previous error
[INFO] [stdout] 
[INFO] [stdout] 
[INFO] [stderr] error: could not compile `memchr` (build script) due to 2 previous errors
[INFO] [stderr] thread 'rustc' panicked at 'assertion failed: pos.get() <= self.position()', compiler/rustc_metadata/src/rmeta/encoder.rs:433:9
[INFO] [stderr] error: could not compile `regex-syntax` (lib)
[INFO] running `Command { std: "docker" "inspect" "6c6e77db05ceadb4d9fec0ec963f359766da2b2526e8aade3c44f8f0e010eb98", kill_on_drop: false }`
[INFO] running `Command { std: "docker" "rm" "-f" "6c6e77db05ceadb4d9fec0ec963f359766da2b2526e8aade3c44f8f0e010eb98", kill_on_drop: false }`
[INFO] [stdout] 6c6e77db05ceadb4d9fec0ec963f359766da2b2526e8aade3c44f8f0e010eb98
