[INFO] cloning repository https://github.com/JonathanMurray/os-rs
[INFO] running `Command { std: "git" "-c" "credential.helper=" "-c" "credential.helper=/workspace/cargo-home/bin/git-credential-null" "clone" "--bare" "https://github.com/JonathanMurray/os-rs" "/workspace/cache/git-repos/https%3A%2F%2Fgithub.com%2FJonathanMurray%2Fos-rs", kill_on_drop: false }`
[INFO] [stderr] Cloning into bare repository '/workspace/cache/git-repos/https%3A%2F%2Fgithub.com%2FJonathanMurray%2Fos-rs'...
[INFO] running `Command { std: "git" "rev-parse" "HEAD", kill_on_drop: false }`
[INFO] [stdout] a1fa286964c1ee0282a9b028b9b2d7c827177f7c
[INFO] documenting JonathanMurray/os-rs against beta-2023-04-20 for beta-1.70-rustdoc-1
[INFO] running `Command { std: "git" "clone" "/workspace/cache/git-repos/https%3A%2F%2Fgithub.com%2FJonathanMurray%2Fos-rs" "/workspace/builds/worker-5-tc2/source", kill_on_drop: false }`
[INFO] [stderr] Cloning into '/workspace/builds/worker-5-tc2/source'...
[INFO] [stderr] done.
[INFO] validating manifest of git repo https://github.com/JonathanMurray/os-rs on toolchain beta-2023-04-20
[INFO] running `Command { std: CARGO_HOME="/workspace/cargo-home" RUSTUP_HOME="/workspace/rustup-home" "/workspace/cargo-home/bin/cargo" "+beta-2023-04-20" "metadata" "--manifest-path" "Cargo.toml" "--no-deps", kill_on_drop: false }`
[INFO] started tweaking git repo https://github.com/JonathanMurray/os-rs
[INFO] finished tweaking git repo https://github.com/JonathanMurray/os-rs
[INFO] tweaked toml for git repo https://github.com/JonathanMurray/os-rs written to /workspace/builds/worker-5-tc2/source/Cargo.toml
[INFO] crate git repo https://github.com/JonathanMurray/os-rs already has a lockfile, it will not be regenerated
[INFO] running `Command { std: CARGO_HOME="/workspace/cargo-home" RUSTUP_HOME="/workspace/rustup-home" "/workspace/cargo-home/bin/cargo" "+beta-2023-04-20" "fetch" "--manifest-path" "Cargo.toml", kill_on_drop: false }`
[INFO] running `Command { std: "docker" "create" "-v" "/var/lib/crater-agent-workspace/builds/worker-5-tc2/target:/opt/rustwide/target:rw,Z" "-v" "/var/lib/crater-agent-workspace/builds/worker-5-tc2/source:/opt/rustwide/workdir:ro,Z" "-v" "/var/lib/crater-agent-workspace/cargo-home:/opt/rustwide/cargo-home:ro,Z" "-v" "/var/lib/crater-agent-workspace/rustup-home:/opt/rustwide/rustup-home:ro,Z" "-e" "SOURCE_DIR=/opt/rustwide/workdir" "-e" "CARGO_TARGET_DIR=/opt/rustwide/target" "-e" "CARGO_HOME=/opt/rustwide/cargo-home" "-e" "RUSTUP_HOME=/opt/rustwide/rustup-home" "-w" "/opt/rustwide/workdir" "-m" "1610612736" "--user" "0:0" "--network" "none" "ghcr.io/rust-lang/crates-build-env/linux@sha256:97d61d7686bf65f8ecb15491ab51835e82dc9176a96a831f143a431b191fc501" "/opt/rustwide/cargo-home/bin/cargo" "+beta-2023-04-20" "metadata" "--no-deps" "--format-version=1", kill_on_drop: false }`
[INFO] [stdout] 901230a61d975e55b8fd11e214a0d69d90403ce6731c879a51547ecb75f586d6
[INFO] running `Command { std: "docker" "start" "-a" "901230a61d975e55b8fd11e214a0d69d90403ce6731c879a51547ecb75f586d6", kill_on_drop: false }`
[INFO] running `Command { std: "docker" "inspect" "901230a61d975e55b8fd11e214a0d69d90403ce6731c879a51547ecb75f586d6", kill_on_drop: false }`
[INFO] running `Command { std: "docker" "rm" "-f" "901230a61d975e55b8fd11e214a0d69d90403ce6731c879a51547ecb75f586d6", kill_on_drop: false }`
[INFO] [stdout] 901230a61d975e55b8fd11e214a0d69d90403ce6731c879a51547ecb75f586d6
[INFO] running `Command { std: "docker" "create" "-v" "/var/lib/crater-agent-workspace/builds/worker-5-tc2/target:/opt/rustwide/target:rw,Z" "-v" "/var/lib/crater-agent-workspace/builds/worker-5-tc2/source:/opt/rustwide/workdir:ro,Z" "-v" "/var/lib/crater-agent-workspace/cargo-home:/opt/rustwide/cargo-home:ro,Z" "-v" "/var/lib/crater-agent-workspace/rustup-home:/opt/rustwide/rustup-home:ro,Z" "-e" "SOURCE_DIR=/opt/rustwide/workdir" "-e" "CARGO_TARGET_DIR=/opt/rustwide/target" "-e" "CARGO_INCREMENTAL=0" "-e" "RUST_BACKTRACE=full" "-e" "RUSTFLAGS=--cap-lints=warn" "-e" "RUSTDOCFLAGS=--cap-lints=warn" "-e" "CARGO_HOME=/opt/rustwide/cargo-home" "-e" "RUSTUP_HOME=/opt/rustwide/rustup-home" "-w" "/opt/rustwide/workdir" "-m" "1610612736" "--user" "0:0" "--network" "none" "ghcr.io/rust-lang/crates-build-env/linux@sha256:97d61d7686bf65f8ecb15491ab51835e82dc9176a96a831f143a431b191fc501" "/opt/rustwide/cargo-home/bin/cargo" "+beta-2023-04-20" "doc" "--frozen" "--no-deps" "--document-private-items" "--message-format=json", kill_on_drop: false }`
[INFO] [stdout] b43ddb8c82171e4f70fbfd9d0d11af08681628345b7bd2b22242fce8688597d1
[INFO] running `Command { std: "docker" "start" "-a" "b43ddb8c82171e4f70fbfd9d0d11af08681628345b7bd2b22242fce8688597d1", kill_on_drop: false }`
[INFO] [stderr]    Compiling autocfg v1.0.1
[INFO] [stderr]    Compiling proc-macro2 v1.0.29
[INFO] [stderr]    Compiling unicode-xid v0.2.2
[INFO] [stderr]    Compiling libc v0.2.101
[INFO] [stderr]    Compiling syn v1.0.75
[INFO] [stderr]    Compiling futures-core v0.3.17
[INFO] [stderr]    Compiling proc-macro-hack v0.5.19
[INFO] [stderr]     Checking cfg-if v1.0.0
[INFO] [stderr]    Compiling memchr v2.4.1
[INFO] [stderr]    Compiling proc-macro-nested v0.1.7
[INFO] [stderr]    Compiling futures-task v0.3.17
[INFO] [stderr]    Compiling futures-channel v0.3.17
[INFO] [stderr]    Compiling log v0.4.14
[INFO] [stderr]    Compiling parking_lot_core v0.8.5
[INFO] [stderr]     Checking futures-sink v0.3.17
[INFO] [stderr]     Checking pin-project-lite v0.2.7
[INFO] [stderr]     Checking instant v0.1.10
[INFO] [stderr]     Checking slab v0.4.4
[INFO] [stderr]     Checking futures-io v0.3.17
[INFO] [stderr]     Checking scopeguard v1.1.0
[INFO] [stderr]     Checking smallvec v1.6.1
[INFO] [stderr]     Checking pin-utils v0.1.0
[INFO] [stderr]     Checking lock_api v0.4.5
[INFO] [stderr]     Checking once_cell v1.8.0
[INFO] [stderr]     Checking bytes v1.1.0
[INFO] [stdout] error: linking with `cc` failed: exit status: 1
[INFO] [stdout]   |
[INFO] [stdout]   = note: LC_ALL="C" PATH="/opt/rustwide/rustup-home/toolchains/beta-2023-04-20-x86_64-unknown-linux-gnu/lib/rustlib/x86_64-unknown-linux-gnu/bin:/opt/rustwide/cargo-home/bin:/usr/local/sbin:/usr/local/bin:/usr/sbin:/usr/bin:/sbin:/bin" VSLANG="1033" "cc" "-m64" "/tmp/rustcbmNQ1x/symbols.o" "/opt/rustwide/target/debug/build/memchr-0113f20d4a0ee565/build_script_build-0113f20d4a0ee565.build_script_build.40896929-cgu.0.rcgu.o" "/opt/rustwide/target/debug/build/memchr-0113f20d4a0ee565/build_script_build-0113f20d4a0ee565.build_script_build.40896929-cgu.1.rcgu.o" "/opt/rustwide/target/debug/build/memchr-0113f20d4a0ee565/build_script_build-0113f20d4a0ee565.build_script_build.40896929-cgu.10.rcgu.o" "/opt/rustwide/target/debug/build/memchr-0113f20d4a0ee565/build_script_build-0113f20d4a0ee565.build_script_build.40896929-cgu.11.rcgu.o" "/opt/rustwide/target/debug/build/memchr-0113f20d4a0ee565/build_script_build-0113f20d4a0ee565.build_script_build.40896929-cgu.12.rcgu.o" "/opt/rustwide/target/debug/build/memchr-0113f20d4a0ee565/build_script_build-0113f20d4a0ee565.build_script_build.40896929-cgu.13.rcgu.o" "/opt/rustwide/target/debug/build/memchr-0113f20d4a0ee565/build_script_build-0113f20d4a0ee565.build_script_build.40896929-cgu.14.rcgu.o" "/opt/rustwide/target/debug/build/memchr-0113f20d4a0ee565/build_script_build-0113f20d4a0ee565.build_script_build.40896929-cgu.15.rcgu.o" "/opt/rustwide/target/debug/build/memchr-0113f20d4a0ee565/build_script_build-0113f20d4a0ee565.build_script_build.40896929-cgu.2.rcgu.o" "/opt/rustwide/target/debug/build/memchr-0113f20d4a0ee565/build_script_build-0113f20d4a0ee565.build_script_build.40896929-cgu.3.rcgu.o" "/opt/rustwide/target/debug/build/memchr-0113f20d4a0ee565/build_script_build-0113f20d4a0ee565.build_script_build.40896929-cgu.4.rcgu.o" "/opt/rustwide/target/debug/build/memchr-0113f20d4a0ee565/build_script_build-0113f20d4a0ee565.build_script_build.40896929-cgu.5.rcgu.o" "/opt/rustwide/target/debug/build/memchr-0113f20d4a0ee565/build_script_build-0113f20d4a0ee565.build_script_build.40896929-cgu.6.rcgu.o" "/opt/rustwide/target/debug/build/memchr-0113f20d4a0ee565/build_script_build-0113f20d4a0ee565.build_script_build.40896929-cgu.7.rcgu.o" "/opt/rustwide/target/debug/build/memchr-0113f20d4a0ee565/build_script_build-0113f20d4a0ee565.build_script_build.40896929-cgu.8.rcgu.o" "/opt/rustwide/target/debug/build/memchr-0113f20d4a0ee565/build_script_build-0113f20d4a0ee565.build_script_build.40896929-cgu.9.rcgu.o" "/opt/rustwide/target/debug/build/memchr-0113f20d4a0ee565/build_script_build-0113f20d4a0ee565.2qeah7yjtrsiehgv.rcgu.o" "-Wl,--as-needed" "-L" "/opt/rustwide/target/debug/deps" "-L" "/opt/rustwide/rustup-home/toolchains/beta-2023-04-20-x86_64-unknown-linux-gnu/lib/rustlib/x86_64-unknown-linux-gnu/lib" "-Wl,-Bstatic" "/opt/rustwide/rustup-home/toolchains/beta-2023-04-20-x86_64-unknown-linux-gnu/lib/rustlib/x86_64-unknown-linux-gnu/lib/libstd-0e29cc23c5e02021.rlib" "/opt/rustwide/rustup-home/toolchains/beta-2023-04-20-x86_64-unknown-linux-gnu/lib/rustlib/x86_64-unknown-linux-gnu/lib/libpanic_unwind-d903621768a861d9.rlib" "/opt/rustwide/rustup-home/toolchains/beta-2023-04-20-x86_64-unknown-linux-gnu/lib/rustlib/x86_64-unknown-linux-gnu/lib/libobject-6d0225e655f31c13.rlib" "/opt/rustwide/rustup-home/toolchains/beta-2023-04-20-x86_64-unknown-linux-gnu/lib/rustlib/x86_64-unknown-linux-gnu/lib/libmemchr-9dbaf4eac7eaa079.rlib" "/opt/rustwide/rustup-home/toolchains/beta-2023-04-20-x86_64-unknown-linux-gnu/lib/rustlib/x86_64-unknown-linux-gnu/lib/libaddr2line-27f05b3d42a66dd0.rlib" "/opt/rustwide/rustup-home/toolchains/beta-2023-04-20-x86_64-unknown-linux-gnu/lib/rustlib/x86_64-unknown-linux-gnu/lib/libgimli-4d73f1030321c9a2.rlib" "/opt/rustwide/rustup-home/toolchains/beta-2023-04-20-x86_64-unknown-linux-gnu/lib/rustlib/x86_64-unknown-linux-gnu/lib/librustc_demangle-2846c9e58abd0acb.rlib" "/opt/rustwide/rustup-home/toolchains/beta-2023-04-20-x86_64-unknown-linux-gnu/lib/rustlib/x86_64-unknown-linux-gnu/lib/libstd_detect-a53d0f50415947be.rlib" "/opt/rustwide/rustup-home/toolchains/beta-2023-04-20-x86_64-unknown-linux-gnu/lib/rustlib/x86_64-unknown-linux-gnu/lib/libhashbrown-d48e4b6abc25b9dc.rlib" "/opt/rustwide/rustup-home/toolchains/beta-2023-04-20-x86_64-unknown-linux-gnu/lib/rustlib/x86_64-unknown-linux-gnu/lib/libminiz_oxide-2991859439ef1207.rlib" "/opt/rustwide/rustup-home/toolchains/beta-2023-04-20-x86_64-unknown-linux-gnu/lib/rustlib/x86_64-unknown-linux-gnu/lib/libadler-8a687517e4221bae.rlib" "/opt/rustwide/rustup-home/toolchains/beta-2023-04-20-x86_64-unknown-linux-gnu/lib/rustlib/x86_64-unknown-linux-gnu/lib/librustc_std_workspace_alloc-e07b554f6a67f5b3.rlib" "/opt/rustwide/rustup-home/toolchains/beta-2023-04-20-x86_64-unknown-linux-gnu/lib/rustlib/x86_64-unknown-linux-gnu/lib/libunwind-b68238b7c3c619dd.rlib" "/opt/rustwide/rustup-home/toolchains/beta-2023-04-20-x86_64-unknown-linux-gnu/lib/rustlib/x86_64-unknown-linux-gnu/lib/libcfg_if-d5e213e896c017e4.rlib" "/opt/rustwide/rustup-home/toolchains/beta-2023-04-20-x86_64-unknown-linux-gnu/lib/rustlib/x86_64-unknown-linux-gnu/lib/liblibc-0211a3b2e61d8689.rlib" "/opt/rustwide/rustup-home/toolchains/beta-2023-04-20-x86_64-unknown-linux-gnu/lib/rustlib/x86_64-unknown-linux-gnu/lib/liballoc-b371f055239ba51f.rlib" "/opt/rustwide/rustup-home/toolchains/beta-2023-04-20-x86_64-unknown-linux-gnu/lib/rustlib/x86_64-unknown-linux-gnu/lib/librustc_std_workspace_core-e60518d2760eb01e.rlib" "/opt/rustwide/rustup-home/toolchains/beta-2023-04-20-x86_64-unknown-linux-gnu/lib/rustlib/x86_64-unknown-linux-gnu/lib/libcore-1ad943f92a4b1081.rlib" "/opt/rustwide/rustup-home/toolchains/beta-2023-04-20-x86_64-unknown-linux-gnu/lib/rustlib/x86_64-unknown-linux-gnu/lib/libcompiler_builtins-f0d6e4d0fc1e80b4.rlib" "-Wl,-Bdynamic" "-lgcc_s" "-lutil" "-lrt" "-lpthread" "-lm" "-ldl" "-lc" "-Wl,--eh-frame-hdr" "-Wl,-z,noexecstack" "-L" "/opt/rustwide/rustup-home/toolchains/beta-2023-04-20-x86_64-unknown-linux-gnu/lib/rustlib/x86_64-unknown-linux-gnu/lib" "-o" "/opt/rustwide/target/debug/build/memchr-0113f20d4a0ee565/build_script_build-0113f20d4a0ee565" "-Wl,--gc-sections" "-pie" "-Wl,-z,relro,-z,now" "-nodefaultlibs"
[INFO] [stdout]   = note: /usr/bin/ld: final link failed: No space left on device
[INFO] [stdout]           collect2: error: ld returned 1 exit status
[INFO] [stdout]           
[INFO] [stdout] 
[INFO] [stdout] 
[INFO] [stdout] error: linking with `cc` failed: exit status: 1
[INFO] [stdout]   |
[INFO] [stdout]   = note: LC_ALL="C" PATH="/opt/rustwide/rustup-home/toolchains/beta-2023-04-20-x86_64-unknown-linux-gnu/lib/rustlib/x86_64-unknown-linux-gnu/bin:/opt/rustwide/cargo-home/bin:/usr/local/sbin:/usr/local/bin:/usr/sbin:/usr/bin:/sbin:/bin" VSLANG="1033" "cc" "-m64" "/tmp/rustcUrPtiK/symbols.o" "/opt/rustwide/target/debug/build/syn-ce149a2b2841e035/build_script_build-ce149a2b2841e035.build_script_build.68c98531-cgu.0.rcgu.o" "/opt/rustwide/target/debug/build/syn-ce149a2b2841e035/build_script_build-ce149a2b2841e035.build_script_build.68c98531-cgu.1.rcgu.o" "/opt/rustwide/target/debug/build/syn-ce149a2b2841e035/build_script_build-ce149a2b2841e035.build_script_build.68c98531-cgu.10.rcgu.o" "/opt/rustwide/target/debug/build/syn-ce149a2b2841e035/build_script_build-ce149a2b2841e035.build_script_build.68c98531-cgu.11.rcgu.o" "/opt/rustwide/target/debug/build/syn-ce149a2b2841e035/build_script_build-ce149a2b2841e035.build_script_build.68c98531-cgu.12.rcgu.o" "/opt/rustwide/target/debug/build/syn-ce149a2b2841e035/build_script_build-ce149a2b2841e035.build_script_build.68c98531-cgu.13.rcgu.o" "/opt/rustwide/target/debug/build/syn-ce149a2b2841e035/build_script_build-ce149a2b2841e035.build_script_build.68c98531-cgu.14.rcgu.o" "/opt/rustwide/target/debug/build/syn-ce149a2b2841e035/build_script_build-ce149a2b2841e035.build_script_build.68c98531-cgu.15.rcgu.o" "/opt/rustwide/target/debug/build/syn-ce149a2b2841e035/build_script_build-ce149a2b2841e035.build_script_build.68c98531-cgu.2.rcgu.o" "/opt/rustwide/target/debug/build/syn-ce149a2b2841e035/build_script_build-ce149a2b2841e035.build_script_build.68c98531-cgu.3.rcgu.o" "/opt/rustwide/target/debug/build/syn-ce149a2b2841e035/build_script_build-ce149a2b2841e035.build_script_build.68c98531-cgu.4.rcgu.o" "/opt/rustwide/target/debug/build/syn-ce149a2b2841e035/build_script_build-ce149a2b2841e035.build_script_build.68c98531-cgu.5.rcgu.o" "/opt/rustwide/target/debug/build/syn-ce149a2b2841e035/build_script_build-ce149a2b2841e035.build_script_build.68c98531-cgu.6.rcgu.o" "/opt/rustwide/target/debug/build/syn-ce149a2b2841e035/build_script_build-ce149a2b2841e035.build_script_build.68c98531-cgu.7.rcgu.o" "/opt/rustwide/target/debug/build/syn-ce149a2b2841e035/build_script_build-ce149a2b2841e035.build_script_build.68c98531-cgu.8.rcgu.o" "/opt/rustwide/target/debug/build/syn-ce149a2b2841e035/build_script_build-ce149a2b2841e035.build_script_build.68c98531-cgu.9.rcgu.o" "/opt/rustwide/target/debug/build/syn-ce149a2b2841e035/build_script_build-ce149a2b2841e035.1k8m8copdwaeo5u4.rcgu.o" "-Wl,--as-needed" "-L" "/opt/rustwide/target/debug/deps" "-L" "/opt/rustwide/rustup-home/toolchains/beta-2023-04-20-x86_64-unknown-linux-gnu/lib/rustlib/x86_64-unknown-linux-gnu/lib" "-Wl,-Bstatic" "/opt/rustwide/rustup-home/toolchains/beta-2023-04-20-x86_64-unknown-linux-gnu/lib/rustlib/x86_64-unknown-linux-gnu/lib/libstd-0e29cc23c5e02021.rlib" "/opt/rustwide/rustup-home/toolchains/beta-2023-04-20-x86_64-unknown-linux-gnu/lib/rustlib/x86_64-unknown-linux-gnu/lib/libpanic_unwind-d903621768a861d9.rlib" "/opt/rustwide/rustup-home/toolchains/beta-2023-04-20-x86_64-unknown-linux-gnu/lib/rustlib/x86_64-unknown-linux-gnu/lib/libobject-6d0225e655f31c13.rlib" "/opt/rustwide/rustup-home/toolchains/beta-2023-04-20-x86_64-unknown-linux-gnu/lib/rustlib/x86_64-unknown-linux-gnu/lib/libmemchr-9dbaf4eac7eaa079.rlib" "/opt/rustwide/rustup-home/toolchains/beta-2023-04-20-x86_64-unknown-linux-gnu/lib/rustlib/x86_64-unknown-linux-gnu/lib/libaddr2line-27f05b3d42a66dd0.rlib" "/opt/rustwide/rustup-home/toolchains/beta-2023-04-20-x86_64-unknown-linux-gnu/lib/rustlib/x86_64-unknown-linux-gnu/lib/libgimli-4d73f1030321c9a2.rlib" "/opt/rustwide/rustup-home/toolchains/beta-2023-04-20-x86_64-unknown-linux-gnu/lib/rustlib/x86_64-unknown-linux-gnu/lib/librustc_demangle-2846c9e58abd0acb.rlib" "/opt/rustwide/rustup-home/toolchains/beta-2023-04-20-x86_64-unknown-linux-gnu/lib/rustlib/x86_64-unknown-linux-gnu/lib/libstd_detect-a53d0f50415947be.rlib" "/opt/rustwide/rustup-home/toolchains/beta-2023-04-20-x86_64-unknown-linux-gnu/lib/rustlib/x86_64-unknown-linux-gnu/lib/libhashbrown-d48e4b6abc25b9dc.rlib" "/opt/rustwide/rustup-home/toolchains/beta-2023-04-20-x86_64-unknown-linux-gnu/lib/rustlib/x86_64-unknown-linux-gnu/lib/libminiz_oxide-2991859439ef1207.rlib" "/opt/rustwide/rustup-home/toolchains/beta-2023-04-20-x86_64-unknown-linux-gnu/lib/rustlib/x86_64-unknown-linux-gnu/lib/libadler-8a687517e4221bae.rlib" "/opt/rustwide/rustup-home/toolchains/beta-2023-04-20-x86_64-unknown-linux-gnu/lib/rustlib/x86_64-unknown-linux-gnu/lib/librustc_std_workspace_alloc-e07b554f6a67f5b3.rlib" "/opt/rustwide/rustup-home/toolchains/beta-2023-04-20-x86_64-unknown-linux-gnu/lib/rustlib/x86_64-unknown-linux-gnu/lib/libunwind-b68238b7c3c619dd.rlib" "/opt/rustwide/rustup-home/toolchains/beta-2023-04-20-x86_64-unknown-linux-gnu/lib/rustlib/x86_64-unknown-linux-gnu/lib/libcfg_if-d5e213e896c017e4.rlib" "/opt/rustwide/rustup-home/toolchains/beta-2023-04-20-x86_64-unknown-linux-gnu/lib/rustlib/x86_64-unknown-linux-gnu/lib/liblibc-0211a3b2e61d8689.rlib" "/opt/rustwide/rustup-home/toolchains/beta-2023-04-20-x86_64-unknown-linux-gnu/lib/rustlib/x86_64-unknown-linux-gnu/lib/liballoc-b371f055239ba51f.rlib" "/opt/rustwide/rustup-home/toolchains/beta-2023-04-20-x86_64-unknown-linux-gnu/lib/rustlib/x86_64-unknown-linux-gnu/lib/librustc_std_workspace_core-e60518d2760eb01e.rlib" "/opt/rustwide/rustup-home/toolchains/beta-2023-04-20-x86_64-unknown-linux-gnu/lib/rustlib/x86_64-unknown-linux-gnu/lib/libcore-1ad943f92a4b1081.rlib" "/opt/rustwide/rustup-home/toolchains/beta-2023-04-20-x86_64-unknown-linux-gnu/lib/rustlib/x86_64-unknown-linux-gnu/lib/libcompiler_builtins-f0d6e4d0fc1e80b4.rlib" "-Wl,-Bdynamic" "-lgcc_s" "-lutil" "-lrt" "-lpthread" "-lm" "-ldl" "-lc" "-Wl,--eh-frame-hdr" "-Wl,-z,noexecstack" "-L" "/opt/rustwide/rustup-home/toolchains/beta-2023-04-20-x86_64-unknown-linux-gnu/lib/rustlib/x86_64-unknown-linux-gnu/lib" "-o" "/opt/rustwide/target/debug/build/syn-ce149a2b2841e035/build_script_build-ce149a2b2841e035" "-Wl,--gc-sections" "-pie" "-Wl,-z,relro,-z,now" "-nodefaultlibs"
[INFO] [stdout]   = note: /usr/bin/ld: final link failed: No space left on device
[INFO] [stdout]           collect2: error: ld returned 1 exit status
[INFO] [stdout]           
[INFO] [stdout] 
[INFO] [stdout] 
[INFO] [stdout] error: aborting due to previous error
[INFO] [stdout] 
[INFO] [stdout] 
[INFO] [stdout] error: aborting due to previous error
[INFO] [stdout] 
[INFO] [stdout] 
[INFO] [stdout] error: linking with `cc` failed: exit status: 1
[INFO] [stdout]   |
[INFO] [stdout]   = note: LC_ALL="C" PATH="/opt/rustwide/rustup-home/toolchains/beta-2023-04-20-x86_64-unknown-linux-gnu/lib/rustlib/x86_64-unknown-linux-gnu/bin:/opt/rustwide/cargo-home/bin:/usr/local/sbin:/usr/local/bin:/usr/sbin:/usr/bin:/sbin:/bin" VSLANG="1033" "cc" "-m64" "/tmp/rustcH9JWa3/symbols.o" "/opt/rustwide/target/debug/build/proc-macro-nested-d8f70fca671c196b/build_script_build-d8f70fca671c196b.build_script_build.75c9109b-cgu.0.rcgu.o" "/opt/rustwide/target/debug/build/proc-macro-nested-d8f70fca671c196b/build_script_build-d8f70fca671c196b.build_script_build.75c9109b-cgu.1.rcgu.o" "/opt/rustwide/target/debug/build/proc-macro-nested-d8f70fca671c196b/build_script_build-d8f70fca671c196b.build_script_build.75c9109b-cgu.10.rcgu.o" "/opt/rustwide/target/debug/build/proc-macro-nested-d8f70fca671c196b/build_script_build-d8f70fca671c196b.build_script_build.75c9109b-cgu.11.rcgu.o" "/opt/rustwide/target/debug/build/proc-macro-nested-d8f70fca671c196b/build_script_build-d8f70fca671c196b.build_script_build.75c9109b-cgu.12.rcgu.o" "/opt/rustwide/target/debug/build/proc-macro-nested-d8f70fca671c196b/build_script_build-d8f70fca671c196b.build_script_build.75c9109b-cgu.13.rcgu.o" "/opt/rustwide/target/debug/build/proc-macro-nested-d8f70fca671c196b/build_script_build-d8f70fca671c196b.build_script_build.75c9109b-cgu.14.rcgu.o" "/opt/rustwide/target/debug/build/proc-macro-nested-d8f70fca671c196b/build_script_build-d8f70fca671c196b.build_script_build.75c9109b-cgu.15.rcgu.o" "/opt/rustwide/target/debug/build/proc-macro-nested-d8f70fca671c196b/build_script_build-d8f70fca671c196b.build_script_build.75c9109b-cgu.2.rcgu.o" "/opt/rustwide/target/debug/build/proc-macro-nested-d8f70fca671c196b/build_script_build-d8f70fca671c196b.build_script_build.75c9109b-cgu.3.rcgu.o" "/opt/rustwide/target/debug/build/proc-macro-nested-d8f70fca671c196b/build_script_build-d8f70fca671c196b.build_script_build.75c9109b-cgu.4.rcgu.o" "/opt/rustwide/target/debug/build/proc-macro-nested-d8f70fca671c196b/build_script_build-d8f70fca671c196b.build_script_build.75c9109b-cgu.5.rcgu.o" "/opt/rustwide/target/debug/build/proc-macro-nested-d8f70fca671c196b/build_script_build-d8f70fca671c196b.build_script_build.75c9109b-cgu.6.rcgu.o" "/opt/rustwide/target/debug/build/proc-macro-nested-d8f70fca671c196b/build_script_build-d8f70fca671c196b.build_script_build.75c9109b-cgu.7.rcgu.o" "/opt/rustwide/target/debug/build/proc-macro-nested-d8f70fca671c196b/build_script_build-d8f70fca671c196b.build_script_build.75c9109b-cgu.8.rcgu.o" "/opt/rustwide/target/debug/build/proc-macro-nested-d8f70fca671c196b/build_script_build-d8f70fca671c196b.build_script_build.75c9109b-cgu.9.rcgu.o" "/opt/rustwide/target/debug/build/proc-macro-nested-d8f70fca671c196b/build_script_build-d8f70fca671c196b.23n9cqem908g0cfe.rcgu.o" "-Wl,--as-needed" "-L" "/opt/rustwide/target/debug/deps" "-L" "/opt/rustwide/rustup-home/toolchains/beta-2023-04-20-x86_64-unknown-linux-gnu/lib/rustlib/x86_64-unknown-linux-gnu/lib" "-Wl,-Bstatic" "/opt/rustwide/rustup-home/toolchains/beta-2023-04-20-x86_64-unknown-linux-gnu/lib/rustlib/x86_64-unknown-linux-gnu/lib/libstd-0e29cc23c5e02021.rlib" "/opt/rustwide/rustup-home/toolchains/beta-2023-04-20-x86_64-unknown-linux-gnu/lib/rustlib/x86_64-unknown-linux-gnu/lib/libpanic_unwind-d903621768a861d9.rlib" "/opt/rustwide/rustup-home/toolchains/beta-2023-04-20-x86_64-unknown-linux-gnu/lib/rustlib/x86_64-unknown-linux-gnu/lib/libobject-6d0225e655f31c13.rlib" "/opt/rustwide/rustup-home/toolchains/beta-2023-04-20-x86_64-unknown-linux-gnu/lib/rustlib/x86_64-unknown-linux-gnu/lib/libmemchr-9dbaf4eac7eaa079.rlib" "/opt/rustwide/rustup-home/toolchains/beta-2023-04-20-x86_64-unknown-linux-gnu/lib/rustlib/x86_64-unknown-linux-gnu/lib/libaddr2line-27f05b3d42a66dd0.rlib" "/opt/rustwide/rustup-home/toolchains/beta-2023-04-20-x86_64-unknown-linux-gnu/lib/rustlib/x86_64-unknown-linux-gnu/lib/libgimli-4d73f1030321c9a2.rlib" "/opt/rustwide/rustup-home/toolchains/beta-2023-04-20-x86_64-unknown-linux-gnu/lib/rustlib/x86_64-unknown-linux-gnu/lib/librustc_demangle-2846c9e58abd0acb.rlib" "/opt/rustwide/rustup-home/toolchains/beta-2023-04-20-x86_64-unknown-linux-gnu/lib/rustlib/x86_64-unknown-linux-gnu/lib/libstd_detect-a53d0f50415947be.rlib" "/opt/rustwide/rustup-home/toolchains/beta-2023-04-20-x86_64-unknown-linux-gnu/lib/rustlib/x86_64-unknown-linux-gnu/lib/libhashbrown-d48e4b6abc25b9dc.rlib" "/opt/rustwide/rustup-home/toolchains/beta-2023-04-20-x86_64-unknown-linux-gnu/lib/rustlib/x86_64-unknown-linux-gnu/lib/libminiz_oxide-2991859439ef1207.rlib" "/opt/rustwide/rustup-home/toolchains/beta-2023-04-20-x86_64-unknown-linux-gnu/lib/rustlib/x86_64-unknown-linux-gnu/lib/libadler-8a687517e4221bae.rlib" "/opt/rustwide/rustup-home/toolchains/beta-2023-04-20-x86_64-unknown-linux-gnu/lib/rustlib/x86_64-unknown-linux-gnu/lib/librustc_std_workspace_alloc-e07b554f6a67f5b3.rlib" "/opt/rustwide/rustup-home/toolchains/beta-2023-04-20-x86_64-unknown-linux-gnu/lib/rustlib/x86_64-unknown-linux-gnu/lib/libunwind-b68238b7c3c619dd.rlib" "/opt/rustwide/rustup-home/toolchains/beta-2023-04-20-x86_64-unknown-linux-gnu/lib/rustlib/x86_64-unknown-linux-gnu/lib/libcfg_if-d5e213e896c017e4.rlib" "/opt/rustwide/rustup-home/toolchains/beta-2023-04-20-x86_64-unknown-linux-gnu/lib/rustlib/x86_64-unknown-linux-gnu/lib/liblibc-0211a3b2e61d8689.rlib" "/opt/rustwide/rustup-home/toolchains/beta-2023-04-20-x86_64-unknown-linux-gnu/lib/rustlib/x86_64-unknown-linux-gnu/lib/liballoc-b371f055239ba51f.rlib" "/opt/rustwide/rustup-home/toolchains/beta-2023-04-20-x86_64-unknown-linux-gnu/lib/rustlib/x86_64-unknown-linux-gnu/lib/librustc_std_workspace_core-e60518d2760eb01e.rlib" "/opt/rustwide/rustup-home/toolchains/beta-2023-04-20-x86_64-unknown-linux-gnu/lib/rustlib/x86_64-unknown-linux-gnu/lib/libcore-1ad943f92a4b1081.rlib" "/opt/rustwide/rustup-home/toolchains/beta-2023-04-20-x86_64-unknown-linux-gnu/lib/rustlib/x86_64-unknown-linux-gnu/lib/libcompiler_builtins-f0d6e4d0fc1e80b4.rlib" "-Wl,-Bdynamic" "-lgcc_s" "-lutil" "-lrt" "-lpthread" "-lm" "-ldl" "-lc" "-Wl,--eh-frame-hdr" "-Wl,-z,noexecstack" "-L" "/opt/rustwide/rustup-home/toolchains/beta-2023-04-20-x86_64-unknown-linux-gnu/lib/rustlib/x86_64-unknown-linux-gnu/lib" "-o" "/opt/rustwide/target/debug/build/proc-macro-nested-d8f70fca671c196b/build_script_build-d8f70fca671c196b" "-Wl,--gc-sections" "-pie" "-Wl,-z,relro,-z,now" "-nodefaultlibs"
[INFO] [stdout]   = note: /usr/bin/ld: final link failed: No space left on device
[INFO] [stdout]           collect2: error: ld returned 1 exit status
[INFO] [stdout]           
[INFO] [stdout] 
[INFO] [stdout] 
[INFO] [stdout] error: aborting due to previous error
[INFO] [stdout] 
[INFO] [stdout] 
[INFO] [stderr]     Checking numtoa v0.1.0
[INFO] [stderr] error: could not compile `memchr` (build script) due to 2 previous errors
[INFO] [stderr] warning: build failed, waiting for other jobs to finish...
[INFO] [stderr] error: could not compile `syn` (build script) due to 2 previous errors
[INFO] [stderr] error: could not compile `proc-macro-nested` (build script) due to 2 previous errors
[INFO] [stderr] LLVM ERROR: IO failure on output stream: No space left on device
[INFO] [stdout] error: linking with `cc` failed: exit status: 1
[INFO] [stdout]   |
[INFO] [stdout]   = note: LC_ALL="C" PATH="/opt/rustwide/rustup-home/toolchains/beta-2023-04-20-x86_64-unknown-linux-gnu/lib/rustlib/x86_64-unknown-linux-gnu/bin:/opt/rustwide/cargo-home/bin:/usr/local/sbin:/usr/local/bin:/usr/sbin:/usr/bin:/sbin:/bin" VSLANG="1033" "cc" "-m64" "/tmp/rustclJQy3A/symbols.o" "/opt/rustwide/target/debug/build/proc-macro-hack-219d0e575d8defd3/build_script_build-219d0e575d8defd3.build_script_build.8a22e764-cgu.0.rcgu.o" "/opt/rustwide/target/debug/build/proc-macro-hack-219d0e575d8defd3/build_script_build-219d0e575d8defd3.build_script_build.8a22e764-cgu.1.rcgu.o" "/opt/rustwide/target/debug/build/proc-macro-hack-219d0e575d8defd3/build_script_build-219d0e575d8defd3.build_script_build.8a22e764-cgu.10.rcgu.o" "/opt/rustwide/target/debug/build/proc-macro-hack-219d0e575d8defd3/build_script_build-219d0e575d8defd3.build_script_build.8a22e764-cgu.11.rcgu.o" "/opt/rustwide/target/debug/build/proc-macro-hack-219d0e575d8defd3/build_script_build-219d0e575d8defd3.build_script_build.8a22e764-cgu.12.rcgu.o" "/opt/rustwide/target/debug/build/proc-macro-hack-219d0e575d8defd3/build_script_build-219d0e575d8defd3.build_script_build.8a22e764-cgu.13.rcgu.o" "/opt/rustwide/target/debug/build/proc-macro-hack-219d0e575d8defd3/build_script_build-219d0e575d8defd3.build_script_build.8a22e764-cgu.14.rcgu.o" "/opt/rustwide/target/debug/build/proc-macro-hack-219d0e575d8defd3/build_script_build-219d0e575d8defd3.build_script_build.8a22e764-cgu.15.rcgu.o" "/opt/rustwide/target/debug/build/proc-macro-hack-219d0e575d8defd3/build_script_build-219d0e575d8defd3.build_script_build.8a22e764-cgu.2.rcgu.o" "/opt/rustwide/target/debug/build/proc-macro-hack-219d0e575d8defd3/build_script_build-219d0e575d8defd3.build_script_build.8a22e764-cgu.3.rcgu.o" "/opt/rustwide/target/debug/build/proc-macro-hack-219d0e575d8defd3/build_script_build-219d0e575d8defd3.build_script_build.8a22e764-cgu.4.rcgu.o" "/opt/rustwide/target/debug/build/proc-macro-hack-219d0e575d8defd3/build_script_build-219d0e575d8defd3.build_script_build.8a22e764-cgu.5.rcgu.o" "/opt/rustwide/target/debug/build/proc-macro-hack-219d0e575d8defd3/build_script_build-219d0e575d8defd3.build_script_build.8a22e764-cgu.6.rcgu.o" "/opt/rustwide/target/debug/build/proc-macro-hack-219d0e575d8defd3/build_script_build-219d0e575d8defd3.build_script_build.8a22e764-cgu.7.rcgu.o" "/opt/rustwide/target/debug/build/proc-macro-hack-219d0e575d8defd3/build_script_build-219d0e575d8defd3.build_script_build.8a22e764-cgu.8.rcgu.o" "/opt/rustwide/target/debug/build/proc-macro-hack-219d0e575d8defd3/build_script_build-219d0e575d8defd3.build_script_build.8a22e764-cgu.9.rcgu.o" "/opt/rustwide/target/debug/build/proc-macro-hack-219d0e575d8defd3/build_script_build-219d0e575d8defd3.4gjow84gh07jm388.rcgu.o" "-Wl,--as-needed" "-L" "/opt/rustwide/target/debug/deps" "-L" "/opt/rustwide/rustup-home/toolchains/beta-2023-04-20-x86_64-unknown-linux-gnu/lib/rustlib/x86_64-unknown-linux-gnu/lib" "-Wl,-Bstatic" "/opt/rustwide/rustup-home/toolchains/beta-2023-04-20-x86_64-unknown-linux-gnu/lib/rustlib/x86_64-unknown-linux-gnu/lib/libstd-0e29cc23c5e02021.rlib" "/opt/rustwide/rustup-home/toolchains/beta-2023-04-20-x86_64-unknown-linux-gnu/lib/rustlib/x86_64-unknown-linux-gnu/lib/libpanic_unwind-d903621768a861d9.rlib" "/opt/rustwide/rustup-home/toolchains/beta-2023-04-20-x86_64-unknown-linux-gnu/lib/rustlib/x86_64-unknown-linux-gnu/lib/libobject-6d0225e655f31c13.rlib" "/opt/rustwide/rustup-home/toolchains/beta-2023-04-20-x86_64-unknown-linux-gnu/lib/rustlib/x86_64-unknown-linux-gnu/lib/libmemchr-9dbaf4eac7eaa079.rlib" "/opt/rustwide/rustup-home/toolchains/beta-2023-04-20-x86_64-unknown-linux-gnu/lib/rustlib/x86_64-unknown-linux-gnu/lib/libaddr2line-27f05b3d42a66dd0.rlib" "/opt/rustwide/rustup-home/toolchains/beta-2023-04-20-x86_64-unknown-linux-gnu/lib/rustlib/x86_64-unknown-linux-gnu/lib/libgimli-4d73f1030321c9a2.rlib" "/opt/rustwide/rustup-home/toolchains/beta-2023-04-20-x86_64-unknown-linux-gnu/lib/rustlib/x86_64-unknown-linux-gnu/lib/librustc_demangle-2846c9e58abd0acb.rlib" "/opt/rustwide/rustup-home/toolchains/beta-2023-04-20-x86_64-unknown-linux-gnu/lib/rustlib/x86_64-unknown-linux-gnu/lib/libstd_detect-a53d0f50415947be.rlib" "/opt/rustwide/rustup-home/toolchains/beta-2023-04-20-x86_64-unknown-linux-gnu/lib/rustlib/x86_64-unknown-linux-gnu/lib/libhashbrown-d48e4b6abc25b9dc.rlib" "/opt/rustwide/rustup-home/toolchains/beta-2023-04-20-x86_64-unknown-linux-gnu/lib/rustlib/x86_64-unknown-linux-gnu/lib/libminiz_oxide-2991859439ef1207.rlib" "/opt/rustwide/rustup-home/toolchains/beta-2023-04-20-x86_64-unknown-linux-gnu/lib/rustlib/x86_64-unknown-linux-gnu/lib/libadler-8a687517e4221bae.rlib" "/opt/rustwide/rustup-home/toolchains/beta-2023-04-20-x86_64-unknown-linux-gnu/lib/rustlib/x86_64-unknown-linux-gnu/lib/librustc_std_workspace_alloc-e07b554f6a67f5b3.rlib" "/opt/rustwide/rustup-home/toolchains/beta-2023-04-20-x86_64-unknown-linux-gnu/lib/rustlib/x86_64-unknown-linux-gnu/lib/libunwind-b68238b7c3c619dd.rlib" "/opt/rustwide/rustup-home/toolchains/beta-2023-04-20-x86_64-unknown-linux-gnu/lib/rustlib/x86_64-unknown-linux-gnu/lib/libcfg_if-d5e213e896c017e4.rlib" "/opt/rustwide/rustup-home/toolchains/beta-2023-04-20-x86_64-unknown-linux-gnu/lib/rustlib/x86_64-unknown-linux-gnu/lib/liblibc-0211a3b2e61d8689.rlib" "/opt/rustwide/rustup-home/toolchains/beta-2023-04-20-x86_64-unknown-linux-gnu/lib/rustlib/x86_64-unknown-linux-gnu/lib/liballoc-b371f055239ba51f.rlib" "/opt/rustwide/rustup-home/toolchains/beta-2023-04-20-x86_64-unknown-linux-gnu/lib/rustlib/x86_64-unknown-linux-gnu/lib/librustc_std_workspace_core-e60518d2760eb01e.rlib" "/opt/rustwide/rustup-home/toolchains/beta-2023-04-20-x86_64-unknown-linux-gnu/lib/rustlib/x86_64-unknown-linux-gnu/lib/libcore-1ad943f92a4b1081.rlib" "/opt/rustwide/rustup-home/toolchains/beta-2023-04-20-x86_64-unknown-linux-gnu/lib/rustlib/x86_64-unknown-linux-gnu/lib/libcompiler_builtins-f0d6e4d0fc1e80b4.rlib" "-Wl,-Bdynamic" "-lgcc_s" "-lutil" "-lrt" "-lpthread" "-lm" "-ldl" "-lc" "-Wl,--eh-frame-hdr" "-Wl,-z,noexecstack" "-L" "/opt/rustwide/rustup-home/toolchains/beta-2023-04-20-x86_64-unknown-linux-gnu/lib/rustlib/x86_64-unknown-linux-gnu/lib" "-o" "/opt/rustwide/target/debug/build/proc-macro-hack-219d0e575d8defd3/build_script_build-219d0e575d8defd3" "-Wl,--gc-sections" "-pie" "-Wl,-z,relro,-z,now" "-nodefaultlibs"
[INFO] [stdout]   = note: /usr/bin/ld: final link failed: No space left on device
[INFO] [stdout]           collect2: error: ld returned 1 exit status
[INFO] [stdout]           
[INFO] [stdout] 
[INFO] [stdout] 
[INFO] [stdout] error: aborting due to previous error
[INFO] [stdout] 
[INFO] [stdout] 
[INFO] [stdout] error: linking with `cc` failed: exit status: 1
[INFO] [stdout]   |
[INFO] [stdout]   = note: LC_ALL="C" PATH="/opt/rustwide/rustup-home/toolchains/beta-2023-04-20-x86_64-unknown-linux-gnu/lib/rustlib/x86_64-unknown-linux-gnu/bin:/opt/rustwide/cargo-home/bin:/usr/local/sbin:/usr/local/bin:/usr/sbin:/usr/bin:/sbin:/bin" VSLANG="1033" "cc" "-m64" "/tmp/rustcIN3vOn/symbols.o" "/opt/rustwide/target/debug/build/libc-8e640f0eba478baa/build_script_build-8e640f0eba478baa.build_script_build.33f0ff8e-cgu.0.rcgu.o" "/opt/rustwide/target/debug/build/libc-8e640f0eba478baa/build_script_build-8e640f0eba478baa.build_script_build.33f0ff8e-cgu.1.rcgu.o" "/opt/rustwide/target/debug/build/libc-8e640f0eba478baa/build_script_build-8e640f0eba478baa.build_script_build.33f0ff8e-cgu.10.rcgu.o" "/opt/rustwide/target/debug/build/libc-8e640f0eba478baa/build_script_build-8e640f0eba478baa.build_script_build.33f0ff8e-cgu.11.rcgu.o" "/opt/rustwide/target/debug/build/libc-8e640f0eba478baa/build_script_build-8e640f0eba478baa.build_script_build.33f0ff8e-cgu.12.rcgu.o" "/opt/rustwide/target/debug/build/libc-8e640f0eba478baa/build_script_build-8e640f0eba478baa.build_script_build.33f0ff8e-cgu.13.rcgu.o" "/opt/rustwide/target/debug/build/libc-8e640f0eba478baa/build_script_build-8e640f0eba478baa.build_script_build.33f0ff8e-cgu.14.rcgu.o" "/opt/rustwide/target/debug/build/libc-8e640f0eba478baa/build_script_build-8e640f0eba478baa.build_script_build.33f0ff8e-cgu.15.rcgu.o" "/opt/rustwide/target/debug/build/libc-8e640f0eba478baa/build_script_build-8e640f0eba478baa.build_script_build.33f0ff8e-cgu.2.rcgu.o" "/opt/rustwide/target/debug/build/libc-8e640f0eba478baa/build_script_build-8e640f0eba478baa.build_script_build.33f0ff8e-cgu.3.rcgu.o" "/opt/rustwide/target/debug/build/libc-8e640f0eba478baa/build_script_build-8e640f0eba478baa.build_script_build.33f0ff8e-cgu.4.rcgu.o" "/opt/rustwide/target/debug/build/libc-8e640f0eba478baa/build_script_build-8e640f0eba478baa.build_script_build.33f0ff8e-cgu.5.rcgu.o" "/opt/rustwide/target/debug/build/libc-8e640f0eba478baa/build_script_build-8e640f0eba478baa.build_script_build.33f0ff8e-cgu.6.rcgu.o" "/opt/rustwide/target/debug/build/libc-8e640f0eba478baa/build_script_build-8e640f0eba478baa.build_script_build.33f0ff8e-cgu.7.rcgu.o" "/opt/rustwide/target/debug/build/libc-8e640f0eba478baa/build_script_build-8e640f0eba478baa.build_script_build.33f0ff8e-cgu.8.rcgu.o" "/opt/rustwide/target/debug/build/libc-8e640f0eba478baa/build_script_build-8e640f0eba478baa.build_script_build.33f0ff8e-cgu.9.rcgu.o" "/opt/rustwide/target/debug/build/libc-8e640f0eba478baa/build_script_build-8e640f0eba478baa.1ywc8wrf045fxiwo.rcgu.o" "-Wl,--as-needed" "-L" "/opt/rustwide/target/debug/deps" "-L" "/opt/rustwide/rustup-home/toolchains/beta-2023-04-20-x86_64-unknown-linux-gnu/lib/rustlib/x86_64-unknown-linux-gnu/lib" "-Wl,-Bstatic" "/opt/rustwide/rustup-home/toolchains/beta-2023-04-20-x86_64-unknown-linux-gnu/lib/rustlib/x86_64-unknown-linux-gnu/lib/libstd-0e29cc23c5e02021.rlib" "/opt/rustwide/rustup-home/toolchains/beta-2023-04-20-x86_64-unknown-linux-gnu/lib/rustlib/x86_64-unknown-linux-gnu/lib/libpanic_unwind-d903621768a861d9.rlib" "/opt/rustwide/rustup-home/toolchains/beta-2023-04-20-x86_64-unknown-linux-gnu/lib/rustlib/x86_64-unknown-linux-gnu/lib/libobject-6d0225e655f31c13.rlib" "/opt/rustwide/rustup-home/toolchains/beta-2023-04-20-x86_64-unknown-linux-gnu/lib/rustlib/x86_64-unknown-linux-gnu/lib/libmemchr-9dbaf4eac7eaa079.rlib" "/opt/rustwide/rustup-home/toolchains/beta-2023-04-20-x86_64-unknown-linux-gnu/lib/rustlib/x86_64-unknown-linux-gnu/lib/libaddr2line-27f05b3d42a66dd0.rlib" "/opt/rustwide/rustup-home/toolchains/beta-2023-04-20-x86_64-unknown-linux-gnu/lib/rustlib/x86_64-unknown-linux-gnu/lib/libgimli-4d73f1030321c9a2.rlib" "/opt/rustwide/rustup-home/toolchains/beta-2023-04-20-x86_64-unknown-linux-gnu/lib/rustlib/x86_64-unknown-linux-gnu/lib/librustc_demangle-2846c9e58abd0acb.rlib" "/opt/rustwide/rustup-home/toolchains/beta-2023-04-20-x86_64-unknown-linux-gnu/lib/rustlib/x86_64-unknown-linux-gnu/lib/libstd_detect-a53d0f50415947be.rlib" "/opt/rustwide/rustup-home/toolchains/beta-2023-04-20-x86_64-unknown-linux-gnu/lib/rustlib/x86_64-unknown-linux-gnu/lib/libhashbrown-d48e4b6abc25b9dc.rlib" "/opt/rustwide/rustup-home/toolchains/beta-2023-04-20-x86_64-unknown-linux-gnu/lib/rustlib/x86_64-unknown-linux-gnu/lib/libminiz_oxide-2991859439ef1207.rlib" "/opt/rustwide/rustup-home/toolchains/beta-2023-04-20-x86_64-unknown-linux-gnu/lib/rustlib/x86_64-unknown-linux-gnu/lib/libadler-8a687517e4221bae.rlib" "/opt/rustwide/rustup-home/toolchains/beta-2023-04-20-x86_64-unknown-linux-gnu/lib/rustlib/x86_64-unknown-linux-gnu/lib/librustc_std_workspace_alloc-e07b554f6a67f5b3.rlib" "/opt/rustwide/rustup-home/toolchains/beta-2023-04-20-x86_64-unknown-linux-gnu/lib/rustlib/x86_64-unknown-linux-gnu/lib/libunwind-b68238b7c3c619dd.rlib" "/opt/rustwide/rustup-home/toolchains/beta-2023-04-20-x86_64-unknown-linux-gnu/lib/rustlib/x86_64-unknown-linux-gnu/lib/libcfg_if-d5e213e896c017e4.rlib" "/opt/rustwide/rustup-home/toolchains/beta-2023-04-20-x86_64-unknown-linux-gnu/lib/rustlib/x86_64-unknown-linux-gnu/lib/liblibc-0211a3b2e61d8689.rlib" "/opt/rustwide/rustup-home/toolchains/beta-2023-04-20-x86_64-unknown-linux-gnu/lib/rustlib/x86_64-unknown-linux-gnu/lib/liballoc-b371f055239ba51f.rlib" "/opt/rustwide/rustup-home/toolchains/beta-2023-04-20-x86_64-unknown-linux-gnu/lib/rustlib/x86_64-unknown-linux-gnu/lib/librustc_std_workspace_core-e60518d2760eb01e.rlib" "/opt/rustwide/rustup-home/toolchains/beta-2023-04-20-x86_64-unknown-linux-gnu/lib/rustlib/x86_64-unknown-linux-gnu/lib/libcore-1ad943f92a4b1081.rlib" "/opt/rustwide/rustup-home/toolchains/beta-2023-04-20-x86_64-unknown-linux-gnu/lib/rustlib/x86_64-unknown-linux-gnu/lib/libcompiler_builtins-f0d6e4d0fc1e80b4.rlib" "-Wl,-Bdynamic" "-lgcc_s" "-lutil" "-lrt" "-lpthread" "-lm" "-ldl" "-lc" "-Wl,--eh-frame-hdr" "-Wl,-z,noexecstack" "-L" "/opt/rustwide/rustup-home/toolchains/beta-2023-04-20-x86_64-unknown-linux-gnu/lib/rustlib/x86_64-unknown-linux-gnu/lib" "-o" "/opt/rustwide/target/debug/build/libc-8e640f0eba478baa/build_script_build-8e640f0eba478baa" "-Wl,--gc-sections" "-pie" "-Wl,-z,relro,-z,now" "-nodefaultlibs"
[INFO] [stdout]   = note: /usr/bin/ld: final link failed: No space left on device
[INFO] [stdout]           collect2: error: ld returned 1 exit status
[INFO] [stdout]           
[INFO] [stdout] 
[INFO] [stdout] 
[INFO] [stderr] error: could not compile `autocfg` (lib)
[INFO] [stderr] error: could not compile `proc-macro-hack` (build script) due to 2 previous errors
[INFO] [stdout] error: aborting due to previous error
[INFO] [stdout] 
[INFO] [stdout] 
[INFO] [stderr] error: could not compile `libc` (build script) due to 2 previous errors
[INFO] [stdout] error: linking with `cc` failed: exit status: 1
[INFO] [stdout]   |
[INFO] [stdout]   = note: LC_ALL="C" PATH="/opt/rustwide/rustup-home/toolchains/beta-2023-04-20-x86_64-unknown-linux-gnu/lib/rustlib/x86_64-unknown-linux-gnu/bin:/opt/rustwide/cargo-home/bin:/usr/local/sbin:/usr/local/bin:/usr/sbin:/usr/bin:/sbin:/bin" VSLANG="1033" "cc" "-m64" "/tmp/rustcQbDuhP/symbols.o" "/opt/rustwide/target/debug/build/log-cef58145de0bad63/build_script_build-cef58145de0bad63.build_script_build.519d7b43-cgu.0.rcgu.o" "/opt/rustwide/target/debug/build/log-cef58145de0bad63/build_script_build-cef58145de0bad63.build_script_build.519d7b43-cgu.1.rcgu.o" "/opt/rustwide/target/debug/build/log-cef58145de0bad63/build_script_build-cef58145de0bad63.build_script_build.519d7b43-cgu.10.rcgu.o" "/opt/rustwide/target/debug/build/log-cef58145de0bad63/build_script_build-cef58145de0bad63.build_script_build.519d7b43-cgu.11.rcgu.o" "/opt/rustwide/target/debug/build/log-cef58145de0bad63/build_script_build-cef58145de0bad63.build_script_build.519d7b43-cgu.12.rcgu.o" "/opt/rustwide/target/debug/build/log-cef58145de0bad63/build_script_build-cef58145de0bad63.build_script_build.519d7b43-cgu.13.rcgu.o" "/opt/rustwide/target/debug/build/log-cef58145de0bad63/build_script_build-cef58145de0bad63.build_script_build.519d7b43-cgu.14.rcgu.o" "/opt/rustwide/target/debug/build/log-cef58145de0bad63/build_script_build-cef58145de0bad63.build_script_build.519d7b43-cgu.15.rcgu.o" "/opt/rustwide/target/debug/build/log-cef58145de0bad63/build_script_build-cef58145de0bad63.build_script_build.519d7b43-cgu.2.rcgu.o" "/opt/rustwide/target/debug/build/log-cef58145de0bad63/build_script_build-cef58145de0bad63.build_script_build.519d7b43-cgu.3.rcgu.o" "/opt/rustwide/target/debug/build/log-cef58145de0bad63/build_script_build-cef58145de0bad63.build_script_build.519d7b43-cgu.4.rcgu.o" "/opt/rustwide/target/debug/build/log-cef58145de0bad63/build_script_build-cef58145de0bad63.build_script_build.519d7b43-cgu.5.rcgu.o" "/opt/rustwide/target/debug/build/log-cef58145de0bad63/build_script_build-cef58145de0bad63.build_script_build.519d7b43-cgu.6.rcgu.o" "/opt/rustwide/target/debug/build/log-cef58145de0bad63/build_script_build-cef58145de0bad63.build_script_build.519d7b43-cgu.7.rcgu.o" "/opt/rustwide/target/debug/build/log-cef58145de0bad63/build_script_build-cef58145de0bad63.build_script_build.519d7b43-cgu.8.rcgu.o" "/opt/rustwide/target/debug/build/log-cef58145de0bad63/build_script_build-cef58145de0bad63.build_script_build.519d7b43-cgu.9.rcgu.o" "/opt/rustwide/target/debug/build/log-cef58145de0bad63/build_script_build-cef58145de0bad63.4j2i1i2k9wruf336.rcgu.o" "-Wl,--as-needed" "-L" "/opt/rustwide/target/debug/deps" "-L" "/opt/rustwide/rustup-home/toolchains/beta-2023-04-20-x86_64-unknown-linux-gnu/lib/rustlib/x86_64-unknown-linux-gnu/lib" "-Wl,-Bstatic" "/opt/rustwide/rustup-home/toolchains/beta-2023-04-20-x86_64-unknown-linux-gnu/lib/rustlib/x86_64-unknown-linux-gnu/lib/libstd-0e29cc23c5e02021.rlib" "/opt/rustwide/rustup-home/toolchains/beta-2023-04-20-x86_64-unknown-linux-gnu/lib/rustlib/x86_64-unknown-linux-gnu/lib/libpanic_unwind-d903621768a861d9.rlib" "/opt/rustwide/rustup-home/toolchains/beta-2023-04-20-x86_64-unknown-linux-gnu/lib/rustlib/x86_64-unknown-linux-gnu/lib/libobject-6d0225e655f31c13.rlib" "/opt/rustwide/rustup-home/toolchains/beta-2023-04-20-x86_64-unknown-linux-gnu/lib/rustlib/x86_64-unknown-linux-gnu/lib/libmemchr-9dbaf4eac7eaa079.rlib" "/opt/rustwide/rustup-home/toolchains/beta-2023-04-20-x86_64-unknown-linux-gnu/lib/rustlib/x86_64-unknown-linux-gnu/lib/libaddr2line-27f05b3d42a66dd0.rlib" "/opt/rustwide/rustup-home/toolchains/beta-2023-04-20-x86_64-unknown-linux-gnu/lib/rustlib/x86_64-unknown-linux-gnu/lib/libgimli-4d73f1030321c9a2.rlib" "/opt/rustwide/rustup-home/toolchains/beta-2023-04-20-x86_64-unknown-linux-gnu/lib/rustlib/x86_64-unknown-linux-gnu/lib/librustc_demangle-2846c9e58abd0acb.rlib" "/opt/rustwide/rustup-home/toolchains/beta-2023-04-20-x86_64-unknown-linux-gnu/lib/rustlib/x86_64-unknown-linux-gnu/lib/libstd_detect-a53d0f50415947be.rlib" "/opt/rustwide/rustup-home/toolchains/beta-2023-04-20-x86_64-unknown-linux-gnu/lib/rustlib/x86_64-unknown-linux-gnu/lib/libhashbrown-d48e4b6abc25b9dc.rlib" "/opt/rustwide/rustup-home/toolchains/beta-2023-04-20-x86_64-unknown-linux-gnu/lib/rustlib/x86_64-unknown-linux-gnu/lib/libminiz_oxide-2991859439ef1207.rlib" "/opt/rustwide/rustup-home/toolchains/beta-2023-04-20-x86_64-unknown-linux-gnu/lib/rustlib/x86_64-unknown-linux-gnu/lib/libadler-8a687517e4221bae.rlib" "/opt/rustwide/rustup-home/toolchains/beta-2023-04-20-x86_64-unknown-linux-gnu/lib/rustlib/x86_64-unknown-linux-gnu/lib/librustc_std_workspace_alloc-e07b554f6a67f5b3.rlib" "/opt/rustwide/rustup-home/toolchains/beta-2023-04-20-x86_64-unknown-linux-gnu/lib/rustlib/x86_64-unknown-linux-gnu/lib/libunwind-b68238b7c3c619dd.rlib" "/opt/rustwide/rustup-home/toolchains/beta-2023-04-20-x86_64-unknown-linux-gnu/lib/rustlib/x86_64-unknown-linux-gnu/lib/libcfg_if-d5e213e896c017e4.rlib" "/opt/rustwide/rustup-home/toolchains/beta-2023-04-20-x86_64-unknown-linux-gnu/lib/rustlib/x86_64-unknown-linux-gnu/lib/liblibc-0211a3b2e61d8689.rlib" "/opt/rustwide/rustup-home/toolchains/beta-2023-04-20-x86_64-unknown-linux-gnu/lib/rustlib/x86_64-unknown-linux-gnu/lib/liballoc-b371f055239ba51f.rlib" "/opt/rustwide/rustup-home/toolchains/beta-2023-04-20-x86_64-unknown-linux-gnu/lib/rustlib/x86_64-unknown-linux-gnu/lib/librustc_std_workspace_core-e60518d2760eb01e.rlib" "/opt/rustwide/rustup-home/toolchains/beta-2023-04-20-x86_64-unknown-linux-gnu/lib/rustlib/x86_64-unknown-linux-gnu/lib/libcore-1ad943f92a4b1081.rlib" "/opt/rustwide/rustup-home/toolchains/beta-2023-04-20-x86_64-unknown-linux-gnu/lib/rustlib/x86_64-unknown-linux-gnu/lib/libcompiler_builtins-f0d6e4d0fc1e80b4.rlib" "-Wl,-Bdynamic" "-lgcc_s" "-lutil" "-lrt" "-lpthread" "-lm" "-ldl" "-lc" "-Wl,--eh-frame-hdr" "-Wl,-z,noexecstack" "-L" "/opt/rustwide/rustup-home/toolchains/beta-2023-04-20-x86_64-unknown-linux-gnu/lib/rustlib/x86_64-unknown-linux-gnu/lib" "-o" "/opt/rustwide/target/debug/build/log-cef58145de0bad63/build_script_build-cef58145de0bad63" "-Wl,--gc-sections" "-pie" "-Wl,-z,relro,-z,now" "-nodefaultlibs"
[INFO] [stdout]   = note: /usr/bin/ld: final link failed: No space left on device
[INFO] [stdout]           collect2: error: ld returned 1 exit status
[INFO] [stdout]           
[INFO] [stdout] 
[INFO] [stdout] 
[INFO] [stdout] error: aborting due to previous error
[INFO] [stdout] 
[INFO] [stdout] 
[INFO] [stderr] error: could not compile `log` (build script) due to 2 previous errors
[INFO] [stdout] error: linking with `cc` failed: exit status: 1
[INFO] [stdout]   |
[INFO] [stdout]   = note: LC_ALL="C" PATH="/opt/rustwide/rustup-home/toolchains/beta-2023-04-20-x86_64-unknown-linux-gnu/lib/rustlib/x86_64-unknown-linux-gnu/bin:/opt/rustwide/cargo-home/bin:/usr/local/sbin:/usr/local/bin:/usr/sbin:/usr/bin:/sbin:/bin" VSLANG="1033" "cc" "-m64" "/tmp/rustcUKGNjn/symbols.o" "/opt/rustwide/target/debug/build/proc-macro2-edffb52753575f84/build_script_build-edffb52753575f84.build_script_build.0dbc3f2d-cgu.0.rcgu.o" "/opt/rustwide/target/debug/build/proc-macro2-edffb52753575f84/build_script_build-edffb52753575f84.build_script_build.0dbc3f2d-cgu.1.rcgu.o" "/opt/rustwide/target/debug/build/proc-macro2-edffb52753575f84/build_script_build-edffb52753575f84.build_script_build.0dbc3f2d-cgu.10.rcgu.o" "/opt/rustwide/target/debug/build/proc-macro2-edffb52753575f84/build_script_build-edffb52753575f84.build_script_build.0dbc3f2d-cgu.11.rcgu.o" "/opt/rustwide/target/debug/build/proc-macro2-edffb52753575f84/build_script_build-edffb52753575f84.build_script_build.0dbc3f2d-cgu.12.rcgu.o" "/opt/rustwide/target/debug/build/proc-macro2-edffb52753575f84/build_script_build-edffb52753575f84.build_script_build.0dbc3f2d-cgu.13.rcgu.o" "/opt/rustwide/target/debug/build/proc-macro2-edffb52753575f84/build_script_build-edffb52753575f84.build_script_build.0dbc3f2d-cgu.14.rcgu.o" "/opt/rustwide/target/debug/build/proc-macro2-edffb52753575f84/build_script_build-edffb52753575f84.build_script_build.0dbc3f2d-cgu.15.rcgu.o" "/opt/rustwide/target/debug/build/proc-macro2-edffb52753575f84/build_script_build-edffb52753575f84.build_script_build.0dbc3f2d-cgu.2.rcgu.o" "/opt/rustwide/target/debug/build/proc-macro2-edffb52753575f84/build_script_build-edffb52753575f84.build_script_build.0dbc3f2d-cgu.3.rcgu.o" "/opt/rustwide/target/debug/build/proc-macro2-edffb52753575f84/build_script_build-edffb52753575f84.build_script_build.0dbc3f2d-cgu.4.rcgu.o" "/opt/rustwide/target/debug/build/proc-macro2-edffb52753575f84/build_script_build-edffb52753575f84.build_script_build.0dbc3f2d-cgu.5.rcgu.o" "/opt/rustwide/target/debug/build/proc-macro2-edffb52753575f84/build_script_build-edffb52753575f84.build_script_build.0dbc3f2d-cgu.6.rcgu.o" "/opt/rustwide/target/debug/build/proc-macro2-edffb52753575f84/build_script_build-edffb52753575f84.build_script_build.0dbc3f2d-cgu.7.rcgu.o" "/opt/rustwide/target/debug/build/proc-macro2-edffb52753575f84/build_script_build-edffb52753575f84.build_script_build.0dbc3f2d-cgu.8.rcgu.o" "/opt/rustwide/target/debug/build/proc-macro2-edffb52753575f84/build_script_build-edffb52753575f84.build_script_build.0dbc3f2d-cgu.9.rcgu.o" "/opt/rustwide/target/debug/build/proc-macro2-edffb52753575f84/build_script_build-edffb52753575f84.2f4pigkx7lcpj7j8.rcgu.o" "-Wl,--as-needed" "-L" "/opt/rustwide/target/debug/deps" "-L" "/opt/rustwide/rustup-home/toolchains/beta-2023-04-20-x86_64-unknown-linux-gnu/lib/rustlib/x86_64-unknown-linux-gnu/lib" "-Wl,-Bstatic" "/opt/rustwide/rustup-home/toolchains/beta-2023-04-20-x86_64-unknown-linux-gnu/lib/rustlib/x86_64-unknown-linux-gnu/lib/libstd-0e29cc23c5e02021.rlib" "/opt/rustwide/rustup-home/toolchains/beta-2023-04-20-x86_64-unknown-linux-gnu/lib/rustlib/x86_64-unknown-linux-gnu/lib/libpanic_unwind-d903621768a861d9.rlib" "/opt/rustwide/rustup-home/toolchains/beta-2023-04-20-x86_64-unknown-linux-gnu/lib/rustlib/x86_64-unknown-linux-gnu/lib/libobject-6d0225e655f31c13.rlib" "/opt/rustwide/rustup-home/toolchains/beta-2023-04-20-x86_64-unknown-linux-gnu/lib/rustlib/x86_64-unknown-linux-gnu/lib/libmemchr-9dbaf4eac7eaa079.rlib" "/opt/rustwide/rustup-home/toolchains/beta-2023-04-20-x86_64-unknown-linux-gnu/lib/rustlib/x86_64-unknown-linux-gnu/lib/libaddr2line-27f05b3d42a66dd0.rlib" "/opt/rustwide/rustup-home/toolchains/beta-2023-04-20-x86_64-unknown-linux-gnu/lib/rustlib/x86_64-unknown-linux-gnu/lib/libgimli-4d73f1030321c9a2.rlib" "/opt/rustwide/rustup-home/toolchains/beta-2023-04-20-x86_64-unknown-linux-gnu/lib/rustlib/x86_64-unknown-linux-gnu/lib/librustc_demangle-2846c9e58abd0acb.rlib" "/opt/rustwide/rustup-home/toolchains/beta-2023-04-20-x86_64-unknown-linux-gnu/lib/rustlib/x86_64-unknown-linux-gnu/lib/libstd_detect-a53d0f50415947be.rlib" "/opt/rustwide/rustup-home/toolchains/beta-2023-04-20-x86_64-unknown-linux-gnu/lib/rustlib/x86_64-unknown-linux-gnu/lib/libhashbrown-d48e4b6abc25b9dc.rlib" "/opt/rustwide/rustup-home/toolchains/beta-2023-04-20-x86_64-unknown-linux-gnu/lib/rustlib/x86_64-unknown-linux-gnu/lib/libminiz_oxide-2991859439ef1207.rlib" "/opt/rustwide/rustup-home/toolchains/beta-2023-04-20-x86_64-unknown-linux-gnu/lib/rustlib/x86_64-unknown-linux-gnu/lib/libadler-8a687517e4221bae.rlib" "/opt/rustwide/rustup-home/toolchains/beta-2023-04-20-x86_64-unknown-linux-gnu/lib/rustlib/x86_64-unknown-linux-gnu/lib/librustc_std_workspace_alloc-e07b554f6a67f5b3.rlib" "/opt/rustwide/rustup-home/toolchains/beta-2023-04-20-x86_64-unknown-linux-gnu/lib/rustlib/x86_64-unknown-linux-gnu/lib/libunwind-b68238b7c3c619dd.rlib" "/opt/rustwide/rustup-home/toolchains/beta-2023-04-20-x86_64-unknown-linux-gnu/lib/rustlib/x86_64-unknown-linux-gnu/lib/libcfg_if-d5e213e896c017e4.rlib" "/opt/rustwide/rustup-home/toolchains/beta-2023-04-20-x86_64-unknown-linux-gnu/lib/rustlib/x86_64-unknown-linux-gnu/lib/liblibc-0211a3b2e61d8689.rlib" "/opt/rustwide/rustup-home/toolchains/beta-2023-04-20-x86_64-unknown-linux-gnu/lib/rustlib/x86_64-unknown-linux-gnu/lib/liballoc-b371f055239ba51f.rlib" "/opt/rustwide/rustup-home/toolchains/beta-2023-04-20-x86_64-unknown-linux-gnu/lib/rustlib/x86_64-unknown-linux-gnu/lib/librustc_std_workspace_core-e60518d2760eb01e.rlib" "/opt/rustwide/rustup-home/toolchains/beta-2023-04-20-x86_64-unknown-linux-gnu/lib/rustlib/x86_64-unknown-linux-gnu/lib/libcore-1ad943f92a4b1081.rlib" "/opt/rustwide/rustup-home/toolchains/beta-2023-04-20-x86_64-unknown-linux-gnu/lib/rustlib/x86_64-unknown-linux-gnu/lib/libcompiler_builtins-f0d6e4d0fc1e80b4.rlib" "-Wl,-Bdynamic" "-lgcc_s" "-lutil" "-lrt" "-lpthread" "-lm" "-ldl" "-lc" "-Wl,--eh-frame-hdr" "-Wl,-z,noexecstack" "-L" "/opt/rustwide/rustup-home/toolchains/beta-2023-04-20-x86_64-unknown-linux-gnu/lib/rustlib/x86_64-unknown-linux-gnu/lib" "-o" "/opt/rustwide/target/debug/build/proc-macro2-edffb52753575f84/build_script_build-edffb52753575f84" "-Wl,--gc-sections" "-pie" "-Wl,-z,relro,-z,now" "-nodefaultlibs"
[INFO] [stdout]   = note: /usr/bin/ld: final link failed: No space left on device
[INFO] [stdout]           collect2: error: ld returned 1 exit status
[INFO] [stdout]           
[INFO] [stdout] 
[INFO] [stdout] 
[INFO] [stdout] error: aborting due to previous error
[INFO] [stdout] 
[INFO] [stdout] 
[INFO] [stderr] error: could not compile `proc-macro2` (build script) due to 2 previous errors
[INFO] [stderr] thread 'rustc' panicked at 'assertion failed: pos.get() <= self.position()', compiler/rustc_metadata/src/rmeta/encoder.rs:452:9
[INFO] [stdout] error: couldn't create a temp dir: No space left on device (os error 28) at path "/opt/rustwide/target/debug/deps/rmetaPcBETk"
[INFO] [stdout] 
[INFO] [stdout] 
[INFO] [stderr] error: could not compile `numtoa` (lib) due to previous error
[INFO] [stderr] error: could not compile `lock_api` (lib)
[INFO] running `Command { std: "docker" "inspect" "b43ddb8c82171e4f70fbfd9d0d11af08681628345b7bd2b22242fce8688597d1", kill_on_drop: false }`
[INFO] running `Command { std: "docker" "rm" "-f" "b43ddb8c82171e4f70fbfd9d0d11af08681628345b7bd2b22242fce8688597d1", kill_on_drop: false }`
[INFO] [stdout] b43ddb8c82171e4f70fbfd9d0d11af08681628345b7bd2b22242fce8688597d1
