[INFO] cloning repository https://github.com/JavaLich/GGEZRPG
[INFO] running `Command { std: "git" "-c" "credential.helper=" "-c" "credential.helper=/workspace/cargo-home/bin/git-credential-null" "clone" "--bare" "https://github.com/JavaLich/GGEZRPG" "/workspace/cache/git-repos/https%3A%2F%2Fgithub.com%2FJavaLich%2FGGEZRPG", kill_on_drop: false }`
[INFO] [stderr] Cloning into bare repository '/workspace/cache/git-repos/https%3A%2F%2Fgithub.com%2FJavaLich%2FGGEZRPG'...
[INFO] running `Command { std: "git" "rev-parse" "HEAD", kill_on_drop: false }`
[INFO] [stdout] c5af685bacaa663b87eb5267f5b6c317a644a50f
[INFO] documenting JavaLich/GGEZRPG against beta-2023-04-20 for beta-1.70-rustdoc-1
[INFO] running `Command { std: "git" "clone" "/workspace/cache/git-repos/https%3A%2F%2Fgithub.com%2FJavaLich%2FGGEZRPG" "/workspace/builds/worker-1-tc2/source", kill_on_drop: false }`
[INFO] [stderr] Cloning into '/workspace/builds/worker-1-tc2/source'...
[INFO] [stderr] done.
[INFO] validating manifest of git repo https://github.com/JavaLich/GGEZRPG on toolchain beta-2023-04-20
[INFO] running `Command { std: CARGO_HOME="/workspace/cargo-home" RUSTUP_HOME="/workspace/rustup-home" "/workspace/cargo-home/bin/cargo" "+beta-2023-04-20" "metadata" "--manifest-path" "Cargo.toml" "--no-deps", kill_on_drop: false }`
[INFO] started tweaking git repo https://github.com/JavaLich/GGEZRPG
[INFO] finished tweaking git repo https://github.com/JavaLich/GGEZRPG
[INFO] tweaked toml for git repo https://github.com/JavaLich/GGEZRPG written to /workspace/builds/worker-1-tc2/source/Cargo.toml
[INFO] crate git repo https://github.com/JavaLich/GGEZRPG already has a lockfile, it will not be regenerated
[INFO] running `Command { std: CARGO_HOME="/workspace/cargo-home" RUSTUP_HOME="/workspace/rustup-home" "/workspace/cargo-home/bin/cargo" "+beta-2023-04-20" "fetch" "--manifest-path" "Cargo.toml", kill_on_drop: false }`
[INFO] [stderr]     Updating crates.io index
[INFO] [stderr]  Downloading crates ...
[INFO] [stderr]   Downloaded lyon v0.13.5
[INFO] [stderr]   Downloaded euclid_macros v0.1.0
[INFO] [stderr]   Downloaded glutin v0.20.1
[INFO] [stderr]   Downloaded gleam v0.6.19
[INFO] [stderr]   Downloaded glyph_brush v0.5.4
[INFO] [stderr]   Downloaded alga v0.9.3
[INFO] [stderr]   Downloaded smart-default v0.5.2
[INFO] [stderr]   Downloaded gfx_gl v0.6.1
[INFO] [stderr]   Downloaded coreaudio-sys v0.2.4
[INFO] [stderr]   Downloaded glyph_brush_layout v0.1.9
[INFO] [stderr]   Downloaded gfx_window_glutin v0.30.0
[INFO] [stderr]   Downloaded minimp3 v0.3.5
[INFO] [stderr]   Downloaded gfx v0.18.2
[INFO] [stderr]   Downloaded lyon_algorithms v0.13.4
[INFO] [stderr]   Downloaded gfx_core v0.9.2
[INFO] [stderr]   Downloaded lyon_path v0.13.2
[INFO] [stderr]   Downloaded gfx_device_gl v0.16.2
[INFO] [stderr]   Downloaded glyph_brush v0.6.3
[INFO] [stderr]   Downloaded lyon_geom v0.12.7
[INFO] [stderr]   Downloaded gilrs-core v0.2.5
[INFO] [stderr]   Downloaded euclid v0.19.9
[INFO] [stderr]   Downloaded xml-rs v0.8.1
[INFO] [stderr]   Downloaded lyon_tessellation v0.13.5
[INFO] [stderr]   Downloaded gilrs v0.7.4
[INFO] [stderr]   Downloaded ggez v0.5.1
[INFO] running `Command { std: "docker" "create" "-v" "/var/lib/crater-agent-workspace/builds/worker-1-tc2/target:/opt/rustwide/target:rw,Z" "-v" "/var/lib/crater-agent-workspace/builds/worker-1-tc2/source:/opt/rustwide/workdir:ro,Z" "-v" "/var/lib/crater-agent-workspace/cargo-home:/opt/rustwide/cargo-home:ro,Z" "-v" "/var/lib/crater-agent-workspace/rustup-home:/opt/rustwide/rustup-home:ro,Z" "-e" "SOURCE_DIR=/opt/rustwide/workdir" "-e" "CARGO_TARGET_DIR=/opt/rustwide/target" "-e" "CARGO_HOME=/opt/rustwide/cargo-home" "-e" "RUSTUP_HOME=/opt/rustwide/rustup-home" "-w" "/opt/rustwide/workdir" "-m" "1610612736" "--user" "0:0" "--network" "none" "ghcr.io/rust-lang/crates-build-env/linux@sha256:97d61d7686bf65f8ecb15491ab51835e82dc9176a96a831f143a431b191fc501" "/opt/rustwide/cargo-home/bin/cargo" "+beta-2023-04-20" "metadata" "--no-deps" "--format-version=1", kill_on_drop: false }`
[INFO] [stdout] 7cf37bad847a6ff7dcb92fdcb1f09cd4ff87e0c17520a68f6bd5a9cae3c20753
[INFO] running `Command { std: "docker" "start" "-a" "7cf37bad847a6ff7dcb92fdcb1f09cd4ff87e0c17520a68f6bd5a9cae3c20753", kill_on_drop: false }`
[INFO] running `Command { std: "docker" "inspect" "7cf37bad847a6ff7dcb92fdcb1f09cd4ff87e0c17520a68f6bd5a9cae3c20753", kill_on_drop: false }`
[INFO] running `Command { std: "docker" "rm" "-f" "7cf37bad847a6ff7dcb92fdcb1f09cd4ff87e0c17520a68f6bd5a9cae3c20753", kill_on_drop: false }`
[INFO] [stdout] 7cf37bad847a6ff7dcb92fdcb1f09cd4ff87e0c17520a68f6bd5a9cae3c20753
[INFO] running `Command { std: "docker" "create" "-v" "/var/lib/crater-agent-workspace/builds/worker-1-tc2/target:/opt/rustwide/target:rw,Z" "-v" "/var/lib/crater-agent-workspace/builds/worker-1-tc2/source:/opt/rustwide/workdir:ro,Z" "-v" "/var/lib/crater-agent-workspace/cargo-home:/opt/rustwide/cargo-home:ro,Z" "-v" "/var/lib/crater-agent-workspace/rustup-home:/opt/rustwide/rustup-home:ro,Z" "-e" "SOURCE_DIR=/opt/rustwide/workdir" "-e" "CARGO_TARGET_DIR=/opt/rustwide/target" "-e" "CARGO_INCREMENTAL=0" "-e" "RUST_BACKTRACE=full" "-e" "RUSTFLAGS=--cap-lints=warn" "-e" "RUSTDOCFLAGS=--cap-lints=warn" "-e" "CARGO_HOME=/opt/rustwide/cargo-home" "-e" "RUSTUP_HOME=/opt/rustwide/rustup-home" "-w" "/opt/rustwide/workdir" "-m" "1610612736" "--user" "0:0" "--network" "none" "ghcr.io/rust-lang/crates-build-env/linux@sha256:97d61d7686bf65f8ecb15491ab51835e82dc9176a96a831f143a431b191fc501" "/opt/rustwide/cargo-home/bin/cargo" "+beta-2023-04-20" "doc" "--frozen" "--no-deps" "--document-private-items" "--message-format=json", kill_on_drop: false }`
[INFO] [stdout] 9ab0d5c0b2b8c746de4a6d72413191bb8749ba573357d76cf720a447e9eb98a1
[INFO] running `Command { std: "docker" "start" "-a" "9ab0d5c0b2b8c746de4a6d72413191bb8749ba573357d76cf720a447e9eb98a1", kill_on_drop: false }`
[INFO] [stderr]    Compiling libc v0.2.68
[INFO] [stderr]    Compiling autocfg v1.0.0
[INFO] [stderr]     Checking cfg-if v0.1.10
[INFO] [stderr]    Compiling libm v0.2.1
[INFO] [stderr]    Compiling cc v1.0.50
[INFO] [stderr]    Compiling proc-macro2 v0.4.30
[INFO] [stderr]    Compiling unicode-xid v0.1.0
[INFO] [stderr]    Compiling bitflags v1.2.1
[INFO] [stderr]    Compiling log v0.4.8
[INFO] [stderr]    Compiling xml-rs v0.8.1
[INFO] [stderr]     Checking lazy_static v1.4.0
[INFO] [stderr]    Compiling maybe-uninit v2.0.0
[INFO] [stderr]    Compiling byteorder v1.3.4
[INFO] [stderr]    Compiling serde v1.0.106
[INFO] [stderr]    Compiling pkg-config v0.3.17
[INFO] [stderr]    Compiling khronos_api v3.1.0
[INFO] [stderr]    Compiling semver-parser v0.7.0
[INFO] [stderr]     Checking scopeguard v1.1.0
[INFO] [stderr]    Compiling syn v0.15.44
[INFO] [stderr]    Compiling autocfg v0.1.7
[INFO] [stderr]    Compiling num-traits v0.2.11
[INFO] [stderr]    Compiling memoffset v0.5.4
[INFO] [stderr]    Compiling crossbeam-utils v0.7.2
[INFO] [stderr]    Compiling crossbeam-epoch v0.8.2
[INFO] [stderr]     Checking rand_core v0.4.2
[INFO] [stderr]     Checking void v1.0.2
[INFO] [stderr]     Checking arrayvec v0.5.1
[INFO] [stderr]     Checking linked-hash-map v0.5.2
[INFO] [stderr]     Checking rustc-hash v1.1.0
[INFO] [stderr]    Compiling nix v0.14.1
[INFO] [stderr]     Checking stb_truetype v0.3.1
[INFO] [stderr]    Compiling proc-macro2 v1.0.10
[INFO] [stderr]    Compiling gl_generator v0.13.1
[INFO] [stderr]    Compiling getrandom v0.1.14
[INFO] [stderr]    Compiling quote v0.6.13
[INFO] [stderr]    Compiling unicode-xid v0.2.0
[INFO] [stderr]     Checking rand_core v0.3.1
[INFO] [stderr]     Checking smallvec v0.6.13
[INFO] [stderr]    Compiling num-integer v0.1.42
[INFO] [stderr]    Compiling wayland-scanner v0.21.13
[INFO] [stderr]    Compiling libloading v0.5.2
[INFO] [stderr]    Compiling backtrace-sys v0.1.35
[INFO] [stderr]    Compiling ryu v1.0.3
[INFO] [stderr]    Compiling arrayvec v0.4.12
[INFO] [stderr]    Compiling version_check v0.9.1
[INFO] [stderr]    Compiling syn v1.0.17
[INFO] [stderr]     Checking num_cpus v1.12.0
[INFO] [stderr]     Checking approx v0.3.2
[INFO] [stderr]     Checking ordered-float v1.0.2
[INFO] [stderr]    Compiling error-chain v0.12.2
[INFO] [stderr]     Checking dlib v0.4.1
[INFO] [stderr]    Compiling x11-dl v2.18.5
[INFO] [stderr]     Checking same-file v1.0.6
[INFO] [stderr]     Checking downcast-rs v1.1.1
[INFO] [stderr]     Checking wayland-sys v0.21.13
[INFO] [stderr]    Compiling quote v1.0.3
[INFO] [stderr]    Compiling rustc-demangle v0.1.16
[INFO] [stderr]     Checking crossbeam-deque v0.7.3
[INFO] [stderr]     Checking nodrop v0.1.14
[INFO] [stderr]     Checking walkdir v2.3.1
[INFO] [stderr]     Checking rand_core v0.5.1
[INFO] [stderr]     Checking line_drawing v0.7.0
[INFO] [stderr]     Checking rusttype v0.8.2
[INFO] [stderr]    Compiling gl_generator v0.14.0
[INFO] [stderr]    Compiling rand_chacha v0.1.1
[INFO] [stderr]    Compiling rand_pcg v0.1.2
[INFO] [stderr]    Compiling num-rational v0.2.4
[INFO] [stderr]    Compiling num-complex v0.2.4
[INFO] [stderr]    Compiling typenum v1.11.2
[INFO] [stderr]    Compiling backtrace v0.3.46
[INFO] [stderr]    Compiling crc32fast v1.2.0
[INFO] [stderr]    Compiling itoa v0.4.5
[INFO] [stderr]    Compiling pulldown-cmark v0.2.0
[INFO] [stderr]     Checking ppv-lite86 v0.2.6
[INFO] [stderr]     Checking rusttype v0.7.9
[INFO] [stderr]     Checking xdg v2.2.0
[INFO] [stderr]     Checking andrew v0.2.1
[INFO] [stderr]    Compiling glutin_egl_sys v0.1.4
[INFO] [stderr]    Compiling glutin_glx_sys v0.1.6
[INFO] [stderr]    Compiling rand v0.4.6
[INFO] [stderr]     Checking num-traits v0.1.43
[INFO] [stderr]     Checking memmap v0.7.0
[INFO] [stderr]    Compiling minimp3-sys v0.3.2
[INFO] [stderr]     Checking rand_chacha v0.2.2
[INFO] [stderr]    Compiling bzip2-sys v0.1.8+1.0.8
[INFO] [stderr]    Compiling alsa-sys v0.1.2
[INFO] [stderr]    Compiling libudev-sys v0.1.4
[INFO] [stderr]    Compiling wayland-client v0.21.13
[INFO] [stderr]    Compiling wayland-protocols v0.21.13
[INFO] [stderr]    Compiling rand v0.6.5
[INFO] [stderr]    Compiling gfx_gl v0.6.1
[INFO] [stderr]     Checking draw_state v0.8.0
[INFO] [stderr]     Checking lock_api v0.3.3
[INFO] [stderr]     Checking adler32 v1.0.4
[INFO] [stderr]    Compiling num-derive v0.2.5
[INFO] [stderr]    Compiling remove_dir_all v0.5.2
[INFO] [stderr]    Compiling nix v0.15.0
[INFO] [stderr]     Checking gfx_core v0.9.2
[INFO] [stderr]    Compiling tempdir v0.3.7
[INFO] [stderr]     Checking rand v0.7.3
[INFO] [stderr]     Checking wayland-commons v0.21.13
[INFO] [stderr]    Compiling semver v0.9.0
[INFO] [stderr]    Compiling serde_json v1.0.50
[INFO] [stderr]     Checking sid v0.5.2
[INFO] [stderr]    Compiling rustc_version v0.2.3
[INFO] [stderr]     Checking shared_library v0.1.9
[INFO] [stderr]     Checking rand_os v0.1.3
[INFO] [stderr]     Checking raw-window-handle v0.3.3
[INFO] [stderr]     Checking rand_xorshift v0.1.1
[INFO] [stderr]     Checking rand_isaac v0.1.1
[INFO] [stderr]     Checking rand_hc v0.1.0
[INFO] [stderr]     Checking rand_jitter v0.1.4
[INFO] [stderr]    Compiling num-iter v0.1.40
[INFO] [stderr]    Compiling parking_lot_core v0.6.2
[INFO] [stderr]    Compiling parking_lot v0.9.0
[INFO] [stderr]     Checking rawpointer v0.2.1
[INFO] [stderr]    Compiling glob v0.2.11
[INFO] [stderr]     Checking percent-encoding v2.1.0
[INFO] [stderr]    Compiling bytecount v0.4.0
[INFO] [stderr]     Checking lzw v0.10.0
[INFO] [stderr]     Checking xi-unicode v0.2.0
[INFO] [stderr]     Checking matrixmultiply v0.2.3
[INFO] [stderr]     Checking generic-array v0.12.3
[INFO] [stderr]     Checking alga v0.9.3
[INFO] [stderr]     Checking twox-hash v1.5.0
[INFO] [stderr]     Checking glyph_brush_layout v0.1.9
[INFO] [stderr] thread 'rustc' panicked at 'assertion failed: pos.get() <= self.position()', compiler/rustc_metadata/src/rmeta/encoder.rs:433:9
[INFO] [stdout] error: linking with `cc` failed: exit status: 1
[INFO] [stdout]   |
[INFO] [stdout]   = note: LC_ALL="C" PATH="/opt/rustwide/rustup-home/toolchains/beta-2023-04-20-x86_64-unknown-linux-gnu/lib/rustlib/x86_64-unknown-linux-gnu/bin:/opt/rustwide/cargo-home/bin:/usr/local/sbin:/usr/local/bin:/usr/sbin:/usr/bin:/sbin:/bin" VSLANG="1033" "cc" "-m64" "/tmp/rustc82l6LN/symbols.o" "/opt/rustwide/target/debug/build/parking_lot-a135eed7d85e339a/build_script_build-a135eed7d85e339a.build_script_build.4515754e-cgu.0.rcgu.o" "/opt/rustwide/target/debug/build/parking_lot-a135eed7d85e339a/build_script_build-a135eed7d85e339a.build_script_build.4515754e-cgu.1.rcgu.o" "/opt/rustwide/target/debug/build/parking_lot-a135eed7d85e339a/build_script_build-a135eed7d85e339a.build_script_build.4515754e-cgu.2.rcgu.o" "/opt/rustwide/target/debug/build/parking_lot-a135eed7d85e339a/build_script_build-a135eed7d85e339a.build_script_build.4515754e-cgu.3.rcgu.o" "/opt/rustwide/target/debug/build/parking_lot-a135eed7d85e339a/build_script_build-a135eed7d85e339a.build_script_build.4515754e-cgu.4.rcgu.o" "/opt/rustwide/target/debug/build/parking_lot-a135eed7d85e339a/build_script_build-a135eed7d85e339a.build_script_build.4515754e-cgu.5.rcgu.o" "/opt/rustwide/target/debug/build/parking_lot-a135eed7d85e339a/build_script_build-a135eed7d85e339a.build_script_build.4515754e-cgu.6.rcgu.o" "/opt/rustwide/target/debug/build/parking_lot-a135eed7d85e339a/build_script_build-a135eed7d85e339a.build_script_build.4515754e-cgu.7.rcgu.o" "/opt/rustwide/target/debug/build/parking_lot-a135eed7d85e339a/build_script_build-a135eed7d85e339a.560iru3168ahid8q.rcgu.o" "-Wl,--as-needed" "-L" "/opt/rustwide/target/debug/deps" "-L" "/opt/rustwide/rustup-home/toolchains/beta-2023-04-20-x86_64-unknown-linux-gnu/lib/rustlib/x86_64-unknown-linux-gnu/lib" "-Wl,-Bstatic" "/opt/rustwide/target/debug/deps/librustc_version-2b2e3986ad34a6b5.rlib" "/opt/rustwide/target/debug/deps/libsemver-34b939c6dd443388.rlib" "/opt/rustwide/target/debug/deps/libserde-b91d8bbc8976558c.rlib" "/opt/rustwide/target/debug/deps/libsemver_parser-2b20ec088e1c68fb.rlib" "/opt/rustwide/rustup-home/toolchains/beta-2023-04-20-x86_64-unknown-linux-gnu/lib/rustlib/x86_64-unknown-linux-gnu/lib/libstd-0e29cc23c5e02021.rlib" "/opt/rustwide/rustup-home/toolchains/beta-2023-04-20-x86_64-unknown-linux-gnu/lib/rustlib/x86_64-unknown-linux-gnu/lib/libpanic_unwind-d903621768a861d9.rlib" "/opt/rustwide/rustup-home/toolchains/beta-2023-04-20-x86_64-unknown-linux-gnu/lib/rustlib/x86_64-unknown-linux-gnu/lib/libobject-6d0225e655f31c13.rlib" "/opt/rustwide/rustup-home/toolchains/beta-2023-04-20-x86_64-unknown-linux-gnu/lib/rustlib/x86_64-unknown-linux-gnu/lib/libmemchr-9dbaf4eac7eaa079.rlib" "/opt/rustwide/rustup-home/toolchains/beta-2023-04-20-x86_64-unknown-linux-gnu/lib/rustlib/x86_64-unknown-linux-gnu/lib/libaddr2line-27f05b3d42a66dd0.rlib" "/opt/rustwide/rustup-home/toolchains/beta-2023-04-20-x86_64-unknown-linux-gnu/lib/rustlib/x86_64-unknown-linux-gnu/lib/libgimli-4d73f1030321c9a2.rlib" "/opt/rustwide/rustup-home/toolchains/beta-2023-04-20-x86_64-unknown-linux-gnu/lib/rustlib/x86_64-unknown-linux-gnu/lib/librustc_demangle-2846c9e58abd0acb.rlib" "/opt/rustwide/rustup-home/toolchains/beta-2023-04-20-x86_64-unknown-linux-gnu/lib/rustlib/x86_64-unknown-linux-gnu/lib/libstd_detect-a53d0f50415947be.rlib" "/opt/rustwide/rustup-home/toolchains/beta-2023-04-20-x86_64-unknown-linux-gnu/lib/rustlib/x86_64-unknown-linux-gnu/lib/libhashbrown-d48e4b6abc25b9dc.rlib" "/opt/rustwide/rustup-home/toolchains/beta-2023-04-20-x86_64-unknown-linux-gnu/lib/rustlib/x86_64-unknown-linux-gnu/lib/libminiz_oxide-2991859439ef1207.rlib" "/opt/rustwide/rustup-home/toolchains/beta-2023-04-20-x86_64-unknown-linux-gnu/lib/rustlib/x86_64-unknown-linux-gnu/lib/libadler-8a687517e4221bae.rlib" "/opt/rustwide/rustup-home/toolchains/beta-2023-04-20-x86_64-unknown-linux-gnu/lib/rustlib/x86_64-unknown-linux-gnu/lib/librustc_std_workspace_alloc-e07b554f6a67f5b3.rlib" "/opt/rustwide/rustup-home/toolchains/beta-2023-04-20-x86_64-unknown-linux-gnu/lib/rustlib/x86_64-unknown-linux-gnu/lib/libunwind-b68238b7c3c619dd.rlib" "/opt/rustwide/rustup-home/toolchains/beta-2023-04-20-x86_64-unknown-linux-gnu/lib/rustlib/x86_64-unknown-linux-gnu/lib/libcfg_if-d5e213e896c017e4.rlib" "/opt/rustwide/rustup-home/toolchains/beta-2023-04-20-x86_64-unknown-linux-gnu/lib/rustlib/x86_64-unknown-linux-gnu/lib/liblibc-0211a3b2e61d8689.rlib" "/opt/rustwide/rustup-home/toolchains/beta-2023-04-20-x86_64-unknown-linux-gnu/lib/rustlib/x86_64-unknown-linux-gnu/lib/liballoc-b371f055239ba51f.rlib" "/opt/rustwide/rustup-home/toolchains/beta-2023-04-20-x86_64-unknown-linux-gnu/lib/rustlib/x86_64-unknown-linux-gnu/lib/librustc_std_workspace_core-e60518d2760eb01e.rlib" "/opt/rustwide/rustup-home/toolchains/beta-2023-04-20-x86_64-unknown-linux-gnu/lib/rustlib/x86_64-unknown-linux-gnu/lib/libcore-1ad943f92a4b1081.rlib" "/opt/rustwide/rustup-home/toolchains/beta-2023-04-20-x86_64-unknown-linux-gnu/lib/rustlib/x86_64-unknown-linux-gnu/lib/libcompiler_builtins-f0d6e4d0fc1e80b4.rlib" "-Wl,-Bdynamic" "-lgcc_s" "-lutil" "-lrt" "-lpthread" "-lm" "-ldl" "-lc" "-Wl,--eh-frame-hdr" "-Wl,-z,noexecstack" "-L" "/opt/rustwide/rustup-home/toolchains/beta-2023-04-20-x86_64-unknown-linux-gnu/lib/rustlib/x86_64-unknown-linux-gnu/lib" "-o" "/opt/rustwide/target/debug/build/parking_lot-a135eed7d85e339a/build_script_build-a135eed7d85e339a" "-Wl,--gc-sections" "-pie" "-Wl,-z,relro,-z,now" "-nodefaultlibs"
[INFO] [stdout]   = note: /usr/bin/ld: final link failed: No space left on device
[INFO] [stdout]           collect2: error: ld returned 1 exit status
[INFO] [stdout]           
[INFO] [stdout] 
[INFO] [stdout] 
[INFO] [stdout] error: linking with `cc` failed: exit status: 1
[INFO] [stdout]   |
[INFO] [stdout]   = note: LC_ALL="C" PATH="/opt/rustwide/rustup-home/toolchains/beta-2023-04-20-x86_64-unknown-linux-gnu/lib/rustlib/x86_64-unknown-linux-gnu/bin:/opt/rustwide/cargo-home/bin:/usr/local/sbin:/usr/local/bin:/usr/sbin:/usr/bin:/sbin:/bin" VSLANG="1033" "cc" "-m64" "/tmp/rustcRyNccG/symbols.o" "/opt/rustwide/target/debug/build/parking_lot_core-f9604575463b87f4/build_script_build-f9604575463b87f4.build_script_build.0d018349-cgu.0.rcgu.o" "/opt/rustwide/target/debug/build/parking_lot_core-f9604575463b87f4/build_script_build-f9604575463b87f4.build_script_build.0d018349-cgu.1.rcgu.o" "/opt/rustwide/target/debug/build/parking_lot_core-f9604575463b87f4/build_script_build-f9604575463b87f4.build_script_build.0d018349-cgu.2.rcgu.o" "/opt/rustwide/target/debug/build/parking_lot_core-f9604575463b87f4/build_script_build-f9604575463b87f4.build_script_build.0d018349-cgu.3.rcgu.o" "/opt/rustwide/target/debug/build/parking_lot_core-f9604575463b87f4/build_script_build-f9604575463b87f4.build_script_build.0d018349-cgu.4.rcgu.o" "/opt/rustwide/target/debug/build/parking_lot_core-f9604575463b87f4/build_script_build-f9604575463b87f4.build_script_build.0d018349-cgu.5.rcgu.o" "/opt/rustwide/target/debug/build/parking_lot_core-f9604575463b87f4/build_script_build-f9604575463b87f4.build_script_build.0d018349-cgu.6.rcgu.o" "/opt/rustwide/target/debug/build/parking_lot_core-f9604575463b87f4/build_script_build-f9604575463b87f4.build_script_build.0d018349-cgu.7.rcgu.o" "/opt/rustwide/target/debug/build/parking_lot_core-f9604575463b87f4/build_script_build-f9604575463b87f4.4o5zwa1xqby8u0x5.rcgu.o" "-Wl,--as-needed" "-L" "/opt/rustwide/target/debug/deps" "-L" "/opt/rustwide/rustup-home/toolchains/beta-2023-04-20-x86_64-unknown-linux-gnu/lib/rustlib/x86_64-unknown-linux-gnu/lib" "-Wl,-Bstatic" "/opt/rustwide/target/debug/deps/librustc_version-2b2e3986ad34a6b5.rlib" "/opt/rustwide/target/debug/deps/libsemver-34b939c6dd443388.rlib" "/opt/rustwide/target/debug/deps/libserde-b91d8bbc8976558c.rlib" "/opt/rustwide/target/debug/deps/libsemver_parser-2b20ec088e1c68fb.rlib" "/opt/rustwide/rustup-home/toolchains/beta-2023-04-20-x86_64-unknown-linux-gnu/lib/rustlib/x86_64-unknown-linux-gnu/lib/libstd-0e29cc23c5e02021.rlib" "/opt/rustwide/rustup-home/toolchains/beta-2023-04-20-x86_64-unknown-linux-gnu/lib/rustlib/x86_64-unknown-linux-gnu/lib/libpanic_unwind-d903621768a861d9.rlib" "/opt/rustwide/rustup-home/toolchains/beta-2023-04-20-x86_64-unknown-linux-gnu/lib/rustlib/x86_64-unknown-linux-gnu/lib/libobject-6d0225e655f31c13.rlib" "/opt/rustwide/rustup-home/toolchains/beta-2023-04-20-x86_64-unknown-linux-gnu/lib/rustlib/x86_64-unknown-linux-gnu/lib/libmemchr-9dbaf4eac7eaa079.rlib" "/opt/rustwide/rustup-home/toolchains/beta-2023-04-20-x86_64-unknown-linux-gnu/lib/rustlib/x86_64-unknown-linux-gnu/lib/libaddr2line-27f05b3d42a66dd0.rlib" "/opt/rustwide/rustup-home/toolchains/beta-2023-04-20-x86_64-unknown-linux-gnu/lib/rustlib/x86_64-unknown-linux-gnu/lib/libgimli-4d73f1030321c9a2.rlib" "/opt/rustwide/rustup-home/toolchains/beta-2023-04-20-x86_64-unknown-linux-gnu/lib/rustlib/x86_64-unknown-linux-gnu/lib/librustc_demangle-2846c9e58abd0acb.rlib" "/opt/rustwide/rustup-home/toolchains/beta-2023-04-20-x86_64-unknown-linux-gnu/lib/rustlib/x86_64-unknown-linux-gnu/lib/libstd_detect-a53d0f50415947be.rlib" "/opt/rustwide/rustup-home/toolchains/beta-2023-04-20-x86_64-unknown-linux-gnu/lib/rustlib/x86_64-unknown-linux-gnu/lib/libhashbrown-d48e4b6abc25b9dc.rlib" "/opt/rustwide/rustup-home/toolchains/beta-2023-04-20-x86_64-unknown-linux-gnu/lib/rustlib/x86_64-unknown-linux-gnu/lib/libminiz_oxide-2991859439ef1207.rlib" "/opt/rustwide/rustup-home/toolchains/beta-2023-04-20-x86_64-unknown-linux-gnu/lib/rustlib/x86_64-unknown-linux-gnu/lib/libadler-8a687517e4221bae.rlib" "/opt/rustwide/rustup-home/toolchains/beta-2023-04-20-x86_64-unknown-linux-gnu/lib/rustlib/x86_64-unknown-linux-gnu/lib/librustc_std_workspace_alloc-e07b554f6a67f5b3.rlib" "/opt/rustwide/rustup-home/toolchains/beta-2023-04-20-x86_64-unknown-linux-gnu/lib/rustlib/x86_64-unknown-linux-gnu/lib/libunwind-b68238b7c3c619dd.rlib" "/opt/rustwide/rustup-home/toolchains/beta-2023-04-20-x86_64-unknown-linux-gnu/lib/rustlib/x86_64-unknown-linux-gnu/lib/libcfg_if-d5e213e896c017e4.rlib" "/opt/rustwide/rustup-home/toolchains/beta-2023-04-20-x86_64-unknown-linux-gnu/lib/rustlib/x86_64-unknown-linux-gnu/lib/liblibc-0211a3b2e61d8689.rlib" "/opt/rustwide/rustup-home/toolchains/beta-2023-04-20-x86_64-unknown-linux-gnu/lib/rustlib/x86_64-unknown-linux-gnu/lib/liballoc-b371f055239ba51f.rlib" "/opt/rustwide/rustup-home/toolchains/beta-2023-04-20-x86_64-unknown-linux-gnu/lib/rustlib/x86_64-unknown-linux-gnu/lib/librustc_std_workspace_core-e60518d2760eb01e.rlib" "/opt/rustwide/rustup-home/toolchains/beta-2023-04-20-x86_64-unknown-linux-gnu/lib/rustlib/x86_64-unknown-linux-gnu/lib/libcore-1ad943f92a4b1081.rlib" "/opt/rustwide/rustup-home/toolchains/beta-2023-04-20-x86_64-unknown-linux-gnu/lib/rustlib/x86_64-unknown-linux-gnu/lib/libcompiler_builtins-f0d6e4d0fc1e80b4.rlib" "-Wl,-Bdynamic" "-lgcc_s" "-lutil" "-lrt" "-lpthread" "-lm" "-ldl" "-lc" "-Wl,--eh-frame-hdr" "-Wl,-z,noexecstack" "-L" "/opt/rustwide/rustup-home/toolchains/beta-2023-04-20-x86_64-unknown-linux-gnu/lib/rustlib/x86_64-unknown-linux-gnu/lib" "-o" "/opt/rustwide/target/debug/build/parking_lot_core-f9604575463b87f4/build_script_build-f9604575463b87f4" "-Wl,--gc-sections" "-pie" "-Wl,-z,relro,-z,now" "-nodefaultlibs"
[INFO] [stdout]   = note: /usr/bin/ld: final link failed: No space left on device
[INFO] [stdout]           collect2: error: ld returned 1 exit status
[INFO] [stdout]           
[INFO] [stdout] 
[INFO] [stdout] 
[INFO] [stdout] error: aborting due to previous error
[INFO] [stdout] 
[INFO] [stdout] 
[INFO] [stdout] error: aborting due to previous error
[INFO] [stdout] 
[INFO] [stdout] 
[INFO] [stderr] error: could not compile `parking_lot_core` (build script) due to 2 previous errors
[INFO] [stderr] warning: build failed, waiting for other jobs to finish...
[INFO] [stderr] error: could not compile `parking_lot` (build script) due to 2 previous errors
[INFO] [stderr] error: could not compile `serde_json` (lib)
[INFO] [stderr] LLVM ERROR: IO failure on output stream: No space left on device
[INFO] [stderr] error: could not compile `syn` (lib)
[INFO] [stderr] LLVM ERROR: IO failure on output stream: No space left on device
[INFO] [stderr] error: failed to run custom build command for `wayland-client v0.21.13`
[INFO] [stderr] note: To improve backtraces for build dependencies, set the CARGO_PROFILE_DEV_BUILD_OVERRIDE_DEBUG=true environment variable to enable debug information generation.
[INFO] [stderr] 
[INFO] [stderr] Caused by:
[INFO] [stderr]   process didn't exit successfully: `/opt/rustwide/target/debug/build/wayland-client-8c6f80e35c33140f/build-script-build` (exit status: 101)
[INFO] [stderr]   --- stderr
[INFO] [stderr]   error: 'rustfmt' is not installed for the toolchain 'beta-2023-04-20-x86_64-unknown-linux-gnu'
[INFO] [stderr]   To install, run `rustup component add rustfmt --toolchain beta-2023-04-20-x86_64-unknown-linux-gnu`
[INFO] [stderr]   thread 'main' panicked at 'called `Result::unwrap()` on an `Err` value: Os { code: 28, kind: StorageFull, message: "No space left on device" }', /opt/rustwide/cargo-home/registry/src/index.crates.io-6f17d22bba15001f/wayland-scanner-0.21.13/src/lib.rs:145:80
[INFO] [stderr]   stack backtrace:
[INFO] [stderr]      0:     0x5582c2cccf3a - std::backtrace_rs::backtrace::libunwind::trace::h2f05d0192276a8f6
[INFO] [stderr]                                  at /rustc/1b7dd2252b99671ce5d1cb9664c5f8636329436d/library/std/src/../../backtrace/src/backtrace/libunwind.rs:93:5
[INFO] [stderr]      1:     0x5582c2cccf3a - std::backtrace_rs::backtrace::trace_unsynchronized::hedc23dff7a1af150
[INFO] [stderr]                                  at /rustc/1b7dd2252b99671ce5d1cb9664c5f8636329436d/library/std/src/../../backtrace/src/backtrace/mod.rs:66:5
[INFO] [stderr]      2:     0x5582c2cccf3a - std::sys_common::backtrace::_print_fmt::h17541ef7592f3ce2
[INFO] [stderr]                                  at /rustc/1b7dd2252b99671ce5d1cb9664c5f8636329436d/library/std/src/sys_common/backtrace.rs:65:5
[INFO] [stderr]      3:     0x5582c2cccf3a - <std::sys_common::backtrace::_print::DisplayBacktrace as core::fmt::Display>::fmt::h20f75df5ab0c0792
[INFO] [stderr]                                  at /rustc/1b7dd2252b99671ce5d1cb9664c5f8636329436d/library/std/src/sys_common/backtrace.rs:44:22
[INFO] [stderr]      4:     0x5582c2ceb43f - core::fmt::write::h78109e6f466b3af6
[INFO] [stderr]                                  at /rustc/1b7dd2252b99671ce5d1cb9664c5f8636329436d/library/core/src/fmt/mod.rs:1254:17
[INFO] [stderr]      5:     0x5582c2ccaa75 - std::io::Write::write_fmt::hc59e1b02dd273c8a
[INFO] [stderr]                                  at /rustc/1b7dd2252b99671ce5d1cb9664c5f8636329436d/library/std/src/io/mod.rs:1698:15
[INFO] [stderr]      6:     0x5582c2cccd05 - std::sys_common::backtrace::_print::h8dac57a9f8fbf9a5
[INFO] [stderr]                                  at /rustc/1b7dd2252b99671ce5d1cb9664c5f8636329436d/library/std/src/sys_common/backtrace.rs:47:5
[INFO] [stderr]      7:     0x5582c2cccd05 - std::sys_common::backtrace::print::hf9ecbf41d1aa712f
[INFO] [stderr]                                  at /rustc/1b7dd2252b99671ce5d1cb9664c5f8636329436d/library/std/src/sys_common/backtrace.rs:34:9
[INFO] [stderr]      8:     0x5582c2cce5ee - std::panicking::default_hook::{{closure}}::h04c07acfc84ca028
[INFO] [stderr]                                  at /rustc/1b7dd2252b99671ce5d1cb9664c5f8636329436d/library/std/src/panicking.rs:269:22
[INFO] [stderr]      9:     0x5582c2cce395 - std::panicking::default_hook::h01f6bb23e1eceb2c
[INFO] [stderr]                                  at /rustc/1b7dd2252b99671ce5d1cb9664c5f8636329436d/library/std/src/panicking.rs:288:9
[INFO] [stderr]     10:     0x5582c2ccecd4 - <alloc::boxed::Box<F,A> as core::ops::function::Fn<Args>>::call::h3f2d6d8b14c4769f
[INFO] [stderr]                                  at /rustc/1b7dd2252b99671ce5d1cb9664c5f8636329436d/library/alloc/src/boxed.rs:1987:9
[INFO] [stderr]     11:     0x5582c2ccecd4 - std::panicking::rust_panic_with_hook::h2bb3722bbaf2f6df
[INFO] [stderr]                                  at /rustc/1b7dd2252b99671ce5d1cb9664c5f8636329436d/library/std/src/panicking.rs:695:13
[INFO] [stderr]     12:     0x5582c2ccea49 - std::panicking::begin_panic_handler::{{closure}}::h91bc7f36a4be011b
[INFO] [stderr]                                  at /rustc/1b7dd2252b99671ce5d1cb9664c5f8636329436d/library/std/src/panicking.rs:582:13
[INFO] [stderr]     13:     0x5582c2ccd3a6 - std::sys_common::backtrace::__rust_end_short_backtrace::h8b3d3717114f9e59
[INFO] [stderr]                                  at /rustc/1b7dd2252b99671ce5d1cb9664c5f8636329436d/library/std/src/sys_common/backtrace.rs:150:18
[INFO] [stderr]     14:     0x5582c2cce7a2 - rust_begin_unwind
[INFO] [stderr]                                  at /rustc/1b7dd2252b99671ce5d1cb9664c5f8636329436d/library/std/src/panicking.rs:578:5
[INFO] [stderr]     15:     0x5582c2becbb3 - core::panicking::panic_fmt::hfd368e3fbdabea26
[INFO] [stderr]                                  at /rustc/1b7dd2252b99671ce5d1cb9664c5f8636329436d/library/core/src/panicking.rs:67:14
[INFO] [stderr]     16:     0x5582c2bed093 - core::result::unwrap_failed::he54eb4b2f125b26f
[INFO] [stderr]                                  at /rustc/1b7dd2252b99671ce5d1cb9664c5f8636329436d/library/core/src/result.rs:1687:5
[INFO] [stderr]     17:     0x5582c2bf9fab - core::result::Result<T,E>::unwrap::hc81a744b4a7287fc
[INFO] [stderr]     18:     0x5582c2bfe1d8 - wayland_scanner::generate_c_interfaces::h23310e07b1046099
[INFO] [stderr]     19:     0x5582c2bfb95a - build_script_build::main::he7998236bdd24c4c
[INFO] [stderr]     20:     0x5582c2bfc903 - core::ops::function::FnOnce::call_once::h6714656174350259
[INFO] [stderr]     21:     0x5582c2bfe5b6 - std::sys_common::backtrace::__rust_begin_short_backtrace::h7ce40db056005c3b
[INFO] [stderr]     22:     0x5582c2bfb4d9 - std::rt::lang_start::{{closure}}::hbc7e88eea03ac66d
[INFO] [stderr]     23:     0x5582c2cc867e - core::ops::function::impls::<impl core::ops::function::FnOnce<A> for &F>::call_once::h2eb19b8ce4148df4
[INFO] [stderr]                                  at /rustc/1b7dd2252b99671ce5d1cb9664c5f8636329436d/library/core/src/ops/function.rs:287:13
[INFO] [stderr]     24:     0x5582c2cc867e - std::panicking::try::do_call::h2e900feff5d504c5
[INFO] [stderr]                                  at /rustc/1b7dd2252b99671ce5d1cb9664c5f8636329436d/library/std/src/panicking.rs:485:40
[INFO] [stderr]     25:     0x5582c2cc867e - std::panicking::try::h8854836cb85aa9f2
[INFO] [stderr]                                  at /rustc/1b7dd2252b99671ce5d1cb9664c5f8636329436d/library/std/src/panicking.rs:449:19
[INFO] [stderr]     26:     0x5582c2cc867e - std::panic::catch_unwind::h706025dd4c48f64b
[INFO] [stderr]                                  at /rustc/1b7dd2252b99671ce5d1cb9664c5f8636329436d/library/std/src/panic.rs:140:14
[INFO] [stderr]     27:     0x5582c2cc867e - std::rt::lang_start_internal::{{closure}}::h7be5b97f4a07a91a
[INFO] [stderr]                                  at /rustc/1b7dd2252b99671ce5d1cb9664c5f8636329436d/library/std/src/rt.rs:148:48
[INFO] [stderr]     28:     0x5582c2cc867e - std::panicking::try::do_call::h59847e9d0a176965
[INFO] [stderr]                                  at /rustc/1b7dd2252b99671ce5d1cb9664c5f8636329436d/library/std/src/panicking.rs:485:40
[INFO] [stderr]     29:     0x5582c2cc867e - std::panicking::try::h399a918ba8522823
[INFO] [stderr]                                  at /rustc/1b7dd2252b99671ce5d1cb9664c5f8636329436d/library/std/src/panicking.rs:449:19
[INFO] [stderr]     30:     0x5582c2cc867e - std::panic::catch_unwind::hca7ca6c55b2a2e26
[INFO] [stderr]                                  at /rustc/1b7dd2252b99671ce5d1cb9664c5f8636329436d/library/std/src/panic.rs:140:14
[INFO] [stderr]     31:     0x5582c2cc867e - std::rt::lang_start_internal::h2c807a81560459eb
[INFO] [stderr]                                  at /rustc/1b7dd2252b99671ce5d1cb9664c5f8636329436d/library/std/src/rt.rs:148:20
[INFO] [stderr]     32:     0x5582c2bfb4b7 - std::rt::lang_start::h0a53c08d542a18df
[INFO] [stderr]     33:     0x5582c2bfb9c5 - main
[INFO] [stderr]     34:     0x7fafc3ddcd90 - <unknown>
[INFO] [stderr]     35:     0x7fafc3ddce40 - __libc_start_main
[INFO] [stderr]     36:     0x5582c2bed275 - _start
[INFO] [stderr]     37:                0x0 - <unknown>
[INFO] [stderr] error: could not compile `syn` (lib)
[INFO] [stdout] error: couldn't create a temp dir: No space left on device (os error 28) at path "/opt/rustwide/target/debug/deps/rmetaanlKwA"
[INFO] [stdout] 
[INFO] [stdout] 
[INFO] [stderr] error: could not compile `alga` (lib) due to previous error
[INFO] [stdout] error: couldn't create a temp dir: No space left on device (os error 28) at path "/opt/rustwide/target/debug/deps/rmetanITYwC"
[INFO] [stdout] 
[INFO] [stdout] 
[INFO] [stderr] error: could not compile `rand` (lib) due to previous error
[INFO] [stderr] error: failed to run custom build command for `wayland-protocols v0.21.13`
[INFO] [stderr] note: To improve backtraces for build dependencies, set the CARGO_PROFILE_DEV_BUILD_OVERRIDE_DEBUG=true environment variable to enable debug information generation.
[INFO] [stderr] 
[INFO] [stderr] Caused by:
[INFO] [stderr]   process didn't exit successfully: `/opt/rustwide/target/debug/build/wayland-protocols-78a75a13b78acb01/build-script-build` (exit status: 101)
[INFO] [stderr]   --- stderr
[INFO] [stderr]   error: 'rustfmt' is not installed for the toolchain 'beta-2023-04-20-x86_64-unknown-linux-gnu'
[INFO] [stderr]   To install, run `rustup component add rustfmt --toolchain beta-2023-04-20-x86_64-unknown-linux-gnu`
[INFO] [stderr]   error: 'rustfmt' is not installed for the toolchain 'beta-2023-04-20-x86_64-unknown-linux-gnu'
[INFO] [stderr]   To install, run `rustup component add rustfmt --toolchain beta-2023-04-20-x86_64-unknown-linux-gnu`
[INFO] [stderr]   thread 'main' panicked at 'called `Result::unwrap()` on an `Err` value: Os { code: 28, kind: StorageFull, message: "No space left on device" }', /opt/rustwide/cargo-home/registry/src/index.crates.io-6f17d22bba15001f/wayland-scanner-0.21.13/src/lib.rs:145:80
[INFO] [stderr]   stack backtrace:
[INFO] [stderr]      0:     0x5592ed91495a - std::backtrace_rs::backtrace::libunwind::trace::h2f05d0192276a8f6
[INFO] [stderr]                                  at /rustc/1b7dd2252b99671ce5d1cb9664c5f8636329436d/library/std/src/../../backtrace/src/backtrace/libunwind.rs:93:5
[INFO] [stderr]      1:     0x5592ed91495a - std::backtrace_rs::backtrace::trace_unsynchronized::hedc23dff7a1af150
[INFO] [stderr]                                  at /rustc/1b7dd2252b99671ce5d1cb9664c5f8636329436d/library/std/src/../../backtrace/src/backtrace/mod.rs:66:5
[INFO] [stderr]      2:     0x5592ed91495a - std::sys_common::backtrace::_print_fmt::h17541ef7592f3ce2
[INFO] [stderr]                                  at /rustc/1b7dd2252b99671ce5d1cb9664c5f8636329436d/library/std/src/sys_common/backtrace.rs:65:5
[INFO] [stderr]      3:     0x5592ed91495a - <std::sys_common::backtrace::_print::DisplayBacktrace as core::fmt::Display>::fmt::h20f75df5ab0c0792
[INFO] [stderr]                                  at /rustc/1b7dd2252b99671ce5d1cb9664c5f8636329436d/library/std/src/sys_common/backtrace.rs:44:22
[INFO] [stderr]      4:     0x5592ed932e5f - core::fmt::write::h78109e6f466b3af6
[INFO] [stderr]                                  at /rustc/1b7dd2252b99671ce5d1cb9664c5f8636329436d/library/core/src/fmt/mod.rs:1254:17
[INFO] [stderr]      5:     0x5592ed912495 - std::io::Write::write_fmt::hc59e1b02dd273c8a
[INFO] [stderr]                                  at /rustc/1b7dd2252b99671ce5d1cb9664c5f8636329436d/library/std/src/io/mod.rs:1698:15
[INFO] [stderr]      6:     0x5592ed914725 - std::sys_common::backtrace::_print::h8dac57a9f8fbf9a5
[INFO] [stderr]                                  at /rustc/1b7dd2252b99671ce5d1cb9664c5f8636329436d/library/std/src/sys_common/backtrace.rs:47:5
[INFO] [stderr]      7:     0x5592ed914725 - std::sys_common::backtrace::print::hf9ecbf41d1aa712f
[INFO] [stderr]                                  at /rustc/1b7dd2252b99671ce5d1cb9664c5f8636329436d/library/std/src/sys_common/backtrace.rs:34:9
[INFO] [stderr]      8:     0x5592ed91600e - std::panicking::default_hook::{{closure}}::h04c07acfc84ca028
[INFO] [stderr]                                  at /rustc/1b7dd2252b99671ce5d1cb9664c5f8636329436d/library/std/src/panicking.rs:269:22
[INFO] [stderr]      9:     0x5592ed915db5 - std::panicking::default_hook::h01f6bb23e1eceb2c
[INFO] [stderr]                                  at /rustc/1b7dd2252b99671ce5d1cb9664c5f8636329436d/library/std/src/panicking.rs:288:9
[INFO] [stderr]     10:     0x5592ed9166f4 - <alloc::boxed::Box<F,A> as core::ops::function::Fn<Args>>::call::h3f2d6d8b14c4769f
[INFO] [stderr]                                  at /rustc/1b7dd2252b99671ce5d1cb9664c5f8636329436d/library/alloc/src/boxed.rs:1987:9
[INFO] [stderr]     11:     0x5592ed9166f4 - std::panicking::rust_panic_with_hook::h2bb3722bbaf2f6df
[INFO] [stderr]                                  at /rustc/1b7dd2252b99671ce5d1cb9664c5f8636329436d/library/std/src/panicking.rs:695:13
[INFO] [stderr]     12:     0x5592ed916469 - std::panicking::begin_panic_handler::{{closure}}::h91bc7f36a4be011b
[INFO] [stderr]                                  at /rustc/1b7dd2252b99671ce5d1cb9664c5f8636329436d/library/std/src/panicking.rs:582:13
[INFO] [stderr]     13:     0x5592ed914dc6 - std::sys_common::backtrace::__rust_end_short_backtrace::h8b3d3717114f9e59
[INFO] [stderr]                                  at /rustc/1b7dd2252b99671ce5d1cb9664c5f8636329436d/library/std/src/sys_common/backtrace.rs:150:18
[INFO] [stderr]     14:     0x5592ed9161c2 - rust_begin_unwind
[INFO] [stderr]                                  at /rustc/1b7dd2252b99671ce5d1cb9664c5f8636329436d/library/std/src/panicking.rs:578:5
[INFO] [stderr]     15:     0x5592ed832bb3 - core::panicking::panic_fmt::hfd368e3fbdabea26
[INFO] [stderr]                                  at /rustc/1b7dd2252b99671ce5d1cb9664c5f8636329436d/library/core/src/panicking.rs:67:14
[INFO] [stderr]     16:     0x5592ed833093 - core::result::unwrap_failed::he54eb4b2f125b26f
[INFO] [stderr]                                  at /rustc/1b7dd2252b99671ce5d1cb9664c5f8636329436d/library/core/src/result.rs:1687:5
[INFO] [stderr]     17:     0x5592ed843feb - core::result::Result<T,E>::unwrap::h9d885c7938546ba9
[INFO] [stderr]     18:     0x5592ed83d6b5 - wayland_scanner::generate_c_interfaces::hb91d9b1093b25fa2
[INFO] [stderr]     19:     0x5592ed83ebeb - build_script_build::generate_protocol::h269020814b989352
[INFO] [stderr]     20:     0x5592ed83f652 - build_script_build::main::hf3e27f8820fd97c1
[INFO] [stderr]     21:     0x5592ed845553 - core::ops::function::FnOnce::call_once::h5ce38ebdb369ba6b
[INFO] [stderr]     22:     0x5592ed83dea6 - std::sys_common::backtrace::__rust_begin_short_backtrace::h2639fe8eca66be1c
[INFO] [stderr]     23:     0x5592ed83bb19 - std::rt::lang_start::{{closure}}::h847b2a0a595824b2
[INFO] [stderr]     24:     0x5592ed91009e - core::ops::function::impls::<impl core::ops::function::FnOnce<A> for &F>::call_once::h2eb19b8ce4148df4
[INFO] [stderr]                                  at /rustc/1b7dd2252b99671ce5d1cb9664c5f8636329436d/library/core/src/ops/function.rs:287:13
[INFO] [stderr]     25:     0x5592ed91009e - std::panicking::try::do_call::h2e900feff5d504c5
[INFO] [stderr]                                  at /rustc/1b7dd2252b99671ce5d1cb9664c5f8636329436d/library/std/src/panicking.rs:485:40
[INFO] [stderr]     26:     0x5592ed91009e - std::panicking::try::h8854836cb85aa9f2
[INFO] [stderr]                                  at /rustc/1b7dd2252b99671ce5d1cb9664c5f8636329436d/library/std/src/panicking.rs:449:19
[INFO] [stderr]     27:     0x5592ed91009e - std::panic::catch_unwind::h706025dd4c48f64b
[INFO] [stderr]                                  at /rustc/1b7dd2252b99671ce5d1cb9664c5f8636329436d/library/std/src/panic.rs:140:14
[INFO] [stderr]     28:     0x5592ed91009e - std::rt::lang_start_internal::{{closure}}::h7be5b97f4a07a91a
[INFO] [stderr]                                  at /rustc/1b7dd2252b99671ce5d1cb9664c5f8636329436d/library/std/src/rt.rs:148:48
[INFO] [stderr]     29:     0x5592ed91009e - std::panicking::try::do_call::h59847e9d0a176965
[INFO] [stderr]                                  at /rustc/1b7dd2252b99671ce5d1cb9664c5f8636329436d/library/std/src/panicking.rs:485:40
[INFO] [stderr]     30:     0x5592ed91009e - std::panicking::try::h399a918ba8522823
[INFO] [stderr]                                  at /rustc/1b7dd2252b99671ce5d1cb9664c5f8636329436d/library/std/src/panicking.rs:449:19
[INFO] [stderr]     31:     0x5592ed91009e - std::panic::catch_unwind::hca7ca6c55b2a2e26
[INFO] [stderr]                                  at /rustc/1b7dd2252b99671ce5d1cb9664c5f8636329436d/library/std/src/panic.rs:140:14
[INFO] [stderr]     32:     0x5592ed91009e - std::rt::lang_start_internal::h2c807a81560459eb
[INFO] [stderr]                                  at /rustc/1b7dd2252b99671ce5d1cb9664c5f8636329436d/library/std/src/rt.rs:148:20
[INFO] [stderr]     33:     0x5592ed83baf7 - std::rt::lang_start::hede60efabf9302fc
[INFO] [stderr]     34:     0x5592ed8403f5 - main
[INFO] [stderr]     35:     0x7ff61e859d90 - <unknown>
[INFO] [stderr]     36:     0x7ff61e859e40 - __libc_start_main
[INFO] [stderr]     37:     0x5592ed833275 - _start
[INFO] [stderr]     38:                0x0 - <unknown>
[INFO] [stderr] error: failed to run custom build command for `gfx_gl v0.6.1`
[INFO] [stderr] note: To improve backtraces for build dependencies, set the CARGO_PROFILE_DEV_BUILD_OVERRIDE_DEBUG=true environment variable to enable debug information generation.
[INFO] [stderr] 
[INFO] [stderr] Caused by:
[INFO] [stderr]   process didn't exit successfully: `/opt/rustwide/target/debug/build/gfx_gl-be7ec0c975f1c297/build-script-build` (exit status: 101)
[INFO] [stderr]   --- stderr
[INFO] [stderr]   thread 'main' panicked at 'called `Result::unwrap()` on an `Err` value: Os { code: 28, kind: StorageFull, message: "No space left on device" }', /opt/rustwide/cargo-home/registry/src/index.crates.io-6f17d22bba15001f/gfx_gl-0.6.1/build.rs:27:6
[INFO] [stderr]   stack backtrace:
[INFO] [stderr]      0:     0x556b6988a3ea - std::backtrace_rs::backtrace::libunwind::trace::h2f05d0192276a8f6
[INFO] [stderr]                                  at /rustc/1b7dd2252b99671ce5d1cb9664c5f8636329436d/library/std/src/../../backtrace/src/backtrace/libunwind.rs:93:5
[INFO] [stderr]      1:     0x556b6988a3ea - std::backtrace_rs::backtrace::trace_unsynchronized::hedc23dff7a1af150
[INFO] [stderr]                                  at /rustc/1b7dd2252b99671ce5d1cb9664c5f8636329436d/library/std/src/../../backtrace/src/backtrace/mod.rs:66:5
[INFO] [stderr]      2:     0x556b6988a3ea - std::sys_common::backtrace::_print_fmt::h17541ef7592f3ce2
[INFO] [stderr]                                  at /rustc/1b7dd2252b99671ce5d1cb9664c5f8636329436d/library/std/src/sys_common/backtrace.rs:65:5
[INFO] [stderr]      3:     0x556b6988a3ea - <std::sys_common::backtrace::_print::DisplayBacktrace as core::fmt::Display>::fmt::h20f75df5ab0c0792
[INFO] [stderr]                                  at /rustc/1b7dd2252b99671ce5d1cb9664c5f8636329436d/library/std/src/sys_common/backtrace.rs:44:22
[INFO] [stderr]      4:     0x556b698a502f - core::fmt::write::h78109e6f466b3af6
[INFO] [stderr]                                  at /rustc/1b7dd2252b99671ce5d1cb9664c5f8636329436d/library/core/src/fmt/mod.rs:1254:17
[INFO] [stderr]      5:     0x556b69888095 - std::io::Write::write_fmt::hc59e1b02dd273c8a
[INFO] [stderr]                                  at /rustc/1b7dd2252b99671ce5d1cb9664c5f8636329436d/library/std/src/io/mod.rs:1698:15
[INFO] [stderr]      6:     0x556b6988a1b5 - std::sys_common::backtrace::_print::h8dac57a9f8fbf9a5
[INFO] [stderr]                                  at /rustc/1b7dd2252b99671ce5d1cb9664c5f8636329436d/library/std/src/sys_common/backtrace.rs:47:5
[INFO] [stderr]      7:     0x556b6988a1b5 - std::sys_common::backtrace::print::hf9ecbf41d1aa712f
[INFO] [stderr]                                  at /rustc/1b7dd2252b99671ce5d1cb9664c5f8636329436d/library/std/src/sys_common/backtrace.rs:34:9
[INFO] [stderr]      8:     0x556b6988b73e - std::panicking::default_hook::{{closure}}::h04c07acfc84ca028
[INFO] [stderr]                                  at /rustc/1b7dd2252b99671ce5d1cb9664c5f8636329436d/library/std/src/panicking.rs:269:22
[INFO] [stderr]      9:     0x556b6988b4e5 - std::panicking::default_hook::h01f6bb23e1eceb2c
[INFO] [stderr]                                  at /rustc/1b7dd2252b99671ce5d1cb9664c5f8636329436d/library/std/src/panicking.rs:288:9
[INFO] [stderr]     10:     0x556b6988bc9e - std::panicking::rust_panic_with_hook::h2bb3722bbaf2f6df
[INFO] [stderr]                                  at /rustc/1b7dd2252b99671ce5d1cb9664c5f8636329436d/library/std/src/panicking.rs:691:13
[INFO] [stderr]     11:     0x556b6988bb99 - std::panicking::begin_panic_handler::{{closure}}::h91bc7f36a4be011b
[INFO] [stderr]                                  at /rustc/1b7dd2252b99671ce5d1cb9664c5f8636329436d/library/std/src/panicking.rs:582:13
[INFO] [stderr]     12:     0x556b6988a856 - std::sys_common::backtrace::__rust_end_short_backtrace::h8b3d3717114f9e59
[INFO] [stderr]                                  at /rustc/1b7dd2252b99671ce5d1cb9664c5f8636329436d/library/std/src/sys_common/backtrace.rs:150:18
[INFO] [stderr]     13:     0x556b6988b8f2 - rust_begin_unwind
[INFO] [stderr]                                  at /rustc/1b7dd2252b99671ce5d1cb9664c5f8636329436d/library/std/src/panicking.rs:578:5
[INFO] [stderr]     14:     0x556b697d6ff3 - core::panicking::panic_fmt::hfd368e3fbdabea26
[INFO] [stderr]                                  at /rustc/1b7dd2252b99671ce5d1cb9664c5f8636329436d/library/core/src/panicking.rs:67:14
[INFO] [stderr]     15:     0x556b697d74d3 - core::result::unwrap_failed::he54eb4b2f125b26f
[INFO] [stderr]                                  at /rustc/1b7dd2252b99671ce5d1cb9664c5f8636329436d/library/core/src/result.rs:1687:5
[INFO] [stderr]     16:     0x556b697fbd8b - core::result::Result<T,E>::unwrap::h01be0cc01baaca58
[INFO] [stderr]     17:     0x556b6980a9b5 - build_script_build::main::h68023b0d66c85b53
[INFO] [stderr]     18:     0x556b6980b973 - core::ops::function::FnOnce::call_once::h8d8cc629f7ba50ed
[INFO] [stderr]     19:     0x556b697f7e86 - std::sys_common::backtrace::__rust_begin_short_backtrace::he22948830198ca99
[INFO] [stderr]     20:     0x556b6981bde9 - std::rt::lang_start::{{closure}}::h7bee371dc59daa38
[INFO] [stderr]     21:     0x556b6988608e - core::ops::function::impls::<impl core::ops::function::FnOnce<A> for &F>::call_once::h2eb19b8ce4148df4
[INFO] [stderr]                                  at /rustc/1b7dd2252b99671ce5d1cb9664c5f8636329436d/library/core/src/ops/function.rs:287:13
[INFO] [stderr]     22:     0x556b6988608e - std::panicking::try::do_call::h2e900feff5d504c5
[INFO] [stderr]                                  at /rustc/1b7dd2252b99671ce5d1cb9664c5f8636329436d/library/std/src/panicking.rs:485:40
[INFO] [stderr]     23:     0x556b6988608e - std::panicking::try::h8854836cb85aa9f2
[INFO] [stderr]                                  at /rustc/1b7dd2252b99671ce5d1cb9664c5f8636329436d/library/std/src/panicking.rs:449:19
[INFO] [stderr]     24:     0x556b6988608e - std::panic::catch_unwind::h706025dd4c48f64b
[INFO] [stderr]                                  at /rustc/1b7dd2252b99671ce5d1cb9664c5f8636329436d/library/std/src/panic.rs:140:14
[INFO] [stderr]     25:     0x556b6988608e - std::rt::lang_start_internal::{{closure}}::h7be5b97f4a07a91a
[INFO] [stderr]                                  at /rustc/1b7dd2252b99671ce5d1cb9664c5f8636329436d/library/std/src/rt.rs:148:48
[INFO] [stderr]     26:     0x556b6988608e - std::panicking::try::do_call::h59847e9d0a176965
[INFO] [stderr]                                  at /rustc/1b7dd2252b99671ce5d1cb9664c5f8636329436d/library/std/src/panicking.rs:485:40
[INFO] [stderr]     27:     0x556b6988608e - std::panicking::try::h399a918ba8522823
[INFO] [stderr]                                  at /rustc/1b7dd2252b99671ce5d1cb9664c5f8636329436d/library/std/src/panicking.rs:449:19
[INFO] [stderr]     28:     0x556b6988608e - std::panic::catch_unwind::hca7ca6c55b2a2e26
[INFO] [stderr]                                  at /rustc/1b7dd2252b99671ce5d1cb9664c5f8636329436d/library/std/src/panic.rs:140:14
[INFO] [stderr]     29:     0x556b6988608e - std::rt::lang_start_internal::h2c807a81560459eb
[INFO] [stderr]                                  at /rustc/1b7dd2252b99671ce5d1cb9664c5f8636329436d/library/std/src/rt.rs:148:20
[INFO] [stderr]     30:     0x556b6981bdc7 - std::rt::lang_start::he4839d07d4efc1e0
[INFO] [stderr]     31:     0x556b6980aa15 - main
[INFO] [stderr]     32:     0x7f3b1f060d90 - <unknown>
[INFO] [stderr]     33:     0x7f3b1f060e40 - __libc_start_main
[INFO] [stderr]     34:     0x556b697d76b5 - _start
[INFO] [stderr]     35:                0x0 - <unknown>
[INFO] running `Command { std: "docker" "inspect" "9ab0d5c0b2b8c746de4a6d72413191bb8749ba573357d76cf720a447e9eb98a1", kill_on_drop: false }`
[INFO] running `Command { std: "docker" "rm" "-f" "9ab0d5c0b2b8c746de4a6d72413191bb8749ba573357d76cf720a447e9eb98a1", kill_on_drop: false }`
[INFO] [stdout] 9ab0d5c0b2b8c746de4a6d72413191bb8749ba573357d76cf720a447e9eb98a1
