[INFO] cloning repository https://github.com/zihuyishi/burstweb
[INFO] running `Command { std: "git" "-c" "credential.helper=" "-c" "credential.helper=/workspace/cargo-home/bin/git-credential-null" "clone" "--bare" "https://github.com/zihuyishi/burstweb" "/workspace/cache/git-repos/https%3A%2F%2Fgithub.com%2Fzihuyishi%2Fburstweb", kill_on_drop: false }`
[INFO] [stderr] Cloning into bare repository '/workspace/cache/git-repos/https%3A%2F%2Fgithub.com%2Fzihuyishi%2Fburstweb'...
[INFO] running `Command { std: "git" "rev-parse" "HEAD", kill_on_drop: false }`
[INFO] [stdout] 06a9e8796357de319d1dafe20428e1b9606e67c9
[INFO] documenting zihuyishi/burstweb against 1.69.0 for beta-1.70-rustdoc-1
[INFO] running `Command { std: "git" "clone" "/workspace/cache/git-repos/https%3A%2F%2Fgithub.com%2Fzihuyishi%2Fburstweb" "/workspace/builds/worker-6-tc1/source", kill_on_drop: false }`
[INFO] [stderr] Cloning into '/workspace/builds/worker-6-tc1/source'...
[INFO] [stderr] done.
[INFO] validating manifest of git repo https://github.com/zihuyishi/burstweb on toolchain 1.69.0
[INFO] running `Command { std: CARGO_HOME="/workspace/cargo-home" RUSTUP_HOME="/workspace/rustup-home" "/workspace/cargo-home/bin/cargo" "+1.69.0" "metadata" "--manifest-path" "Cargo.toml" "--no-deps", kill_on_drop: false }`
[INFO] started tweaking git repo https://github.com/zihuyishi/burstweb
[INFO] finished tweaking git repo https://github.com/zihuyishi/burstweb
[INFO] tweaked toml for git repo https://github.com/zihuyishi/burstweb written to /workspace/builds/worker-6-tc1/source/Cargo.toml
[INFO] crate git repo https://github.com/zihuyishi/burstweb already has a lockfile, it will not be regenerated
[INFO] running `Command { std: CARGO_HOME="/workspace/cargo-home" RUSTUP_HOME="/workspace/rustup-home" "/workspace/cargo-home/bin/cargo" "+1.69.0" "fetch" "--manifest-path" "Cargo.toml", kill_on_drop: false }`
[INFO] [stderr]  Downloading crates ...
[INFO] [stderr]   Downloaded cookie v0.2.4
[INFO] [stderr]   Downloaded url v1.1.0
[INFO] [stderr]   Downloaded openssl-sys-extras v0.7.11
[INFO] [stderr]   Downloaded openssl v0.7.11
[INFO] [stderr]   Downloaded openssl-sys v0.7.11
[INFO] [stderr]   Downloaded hyper v0.9.4
[INFO] running `Command { std: "docker" "create" "-v" "/var/lib/crater-agent-workspace/builds/worker-6-tc1/target:/opt/rustwide/target:rw,Z" "-v" "/var/lib/crater-agent-workspace/builds/worker-6-tc1/source:/opt/rustwide/workdir:ro,Z" "-v" "/var/lib/crater-agent-workspace/cargo-home:/opt/rustwide/cargo-home:ro,Z" "-v" "/var/lib/crater-agent-workspace/rustup-home:/opt/rustwide/rustup-home:ro,Z" "-e" "SOURCE_DIR=/opt/rustwide/workdir" "-e" "CARGO_TARGET_DIR=/opt/rustwide/target" "-e" "CARGO_HOME=/opt/rustwide/cargo-home" "-e" "RUSTUP_HOME=/opt/rustwide/rustup-home" "-w" "/opt/rustwide/workdir" "-m" "1610612736" "--user" "0:0" "--network" "none" "ghcr.io/rust-lang/crates-build-env/linux@sha256:5ff2268d62e97bff2cde7d5815dd6ed5b47097566f13b8d0ca110b04b60e07ed" "/opt/rustwide/cargo-home/bin/cargo" "+1.69.0" "metadata" "--no-deps" "--format-version=1", kill_on_drop: false }`
[INFO] [stdout] 1bbb4d22b24470d0a7e051e6d3c463e78d4c985a9412855c602a7a4aee23dff2
[INFO] running `Command { std: "docker" "start" "-a" "1bbb4d22b24470d0a7e051e6d3c463e78d4c985a9412855c602a7a4aee23dff2", kill_on_drop: false }`
[INFO] running `Command { std: "docker" "inspect" "1bbb4d22b24470d0a7e051e6d3c463e78d4c985a9412855c602a7a4aee23dff2", kill_on_drop: false }`
[INFO] running `Command { std: "docker" "rm" "-f" "1bbb4d22b24470d0a7e051e6d3c463e78d4c985a9412855c602a7a4aee23dff2", kill_on_drop: false }`
[INFO] [stdout] 1bbb4d22b24470d0a7e051e6d3c463e78d4c985a9412855c602a7a4aee23dff2
[INFO] running `Command { std: "docker" "create" "-v" "/var/lib/crater-agent-workspace/builds/worker-6-tc1/target:/opt/rustwide/target:rw,Z" "-v" "/var/lib/crater-agent-workspace/builds/worker-6-tc1/source:/opt/rustwide/workdir:ro,Z" "-v" "/var/lib/crater-agent-workspace/cargo-home:/opt/rustwide/cargo-home:ro,Z" "-v" "/var/lib/crater-agent-workspace/rustup-home:/opt/rustwide/rustup-home:ro,Z" "-e" "SOURCE_DIR=/opt/rustwide/workdir" "-e" "CARGO_TARGET_DIR=/opt/rustwide/target" "-e" "CARGO_INCREMENTAL=0" "-e" "RUST_BACKTRACE=full" "-e" "RUSTFLAGS=--cap-lints=warn" "-e" "RUSTDOCFLAGS=--cap-lints=warn" "-e" "CARGO_HOME=/opt/rustwide/cargo-home" "-e" "RUSTUP_HOME=/opt/rustwide/rustup-home" "-w" "/opt/rustwide/workdir" "-m" "1610612736" "--user" "0:0" "--network" "none" "ghcr.io/rust-lang/crates-build-env/linux@sha256:5ff2268d62e97bff2cde7d5815dd6ed5b47097566f13b8d0ca110b04b60e07ed" "/opt/rustwide/cargo-home/bin/cargo" "+1.69.0" "doc" "--frozen" "--no-deps" "--document-private-items" "--message-format=json", kill_on_drop: false }`
[INFO] [stdout] f54bc80270b99ffa02862aa491f0a6e3711a2738b06b13ce619cdf24007ffc82
[INFO] running `Command { std: "docker" "start" "-a" "f54bc80270b99ffa02862aa491f0a6e3711a2738b06b13ce619cdf24007ffc82", kill_on_drop: false }`
[INFO] [stderr]    Compiling pkg-config v0.3.8
[INFO] [stderr]    Compiling gcc v0.3.28
[INFO] [stderr]     Checking libc v0.2.11
[INFO] [stderr]    Compiling winapi-build v0.1.1
[INFO] [stderr]     Checking matches v0.1.2
[INFO] [stderr]    Compiling semver v0.1.20
[INFO] [stderr]     Checking bitflags v0.6.0
[INFO] [stderr]     Checking log v0.3.6
[INFO] [stderr]     Checking unicode-normalization v0.1.2
[INFO] [stderr]     Checking winapi v0.2.7
[INFO] [stderr]     Checking lazy_static v0.2.1
[INFO] [stderr]     Checking rustc-serialize v0.3.19
[INFO] [stderr]     Checking httparse v1.1.2
[INFO] [stderr]     Checking language-tags v0.2.2
[INFO] [stderr]     Checking typeable v0.1.2
[INFO] [stderr]     Checking traitobject v0.0.1
[INFO] [stderr]     Checking getopts v0.2.14
[INFO] [stderr]     Checking unicode-bidi v0.2.3
[INFO] [stderr]    Compiling kernel32-sys v0.2.2
[INFO] [stdout] error[E0642]: patterns aren't allowed in functions without bodies
[INFO] [stdout]    --> /opt/rustwide/cargo-home/registry/src/github.com-1ecc6299db9ec823/rustc-serialize-0.3.19/src/serialize.rs:147:45
[INFO] [stdout]     |
[INFO] [stdout] 147 | ...                   &f_name: &str,
[INFO] [stdout]     |                       ^^^^^^^ pattern not allowed in function without body
[INFO] [stdout] 
[INFO] [stdout] 
[INFO] [stderr]     Checking hpack v0.2.0
[INFO] [stderr]     Checking mime v0.2.0
[INFO] [stderr]    Compiling rustc_version v0.1.7
[INFO] [stderr]     Checking num_cpus v0.2.12
[INFO] [stdout] error[E0503]: cannot use `state` because it was mutably borrowed
[INFO] [stdout]     --> /opt/rustwide/cargo-home/registry/src/github.com-1ecc6299db9ec823/getopts-0.2.14/src/lib.rs:1008:25
[INFO] [stdout]      |
[INFO] [stdout] 955  |     let mut machine = |cont: &mut bool, (i, c): (usize, char)| {
[INFO] [stdout]      |                       ---------------------------------------- `state` is borrowed here
[INFO] [stdout] ...
[INFO] [stdout] 959  |         state = match (state, whitespace, limit) {
[INFO] [stdout]      |         ----- borrow occurs due to use of `state` in closure
[INFO] [stdout] ...
[INFO] [stdout] 1008 |     while cont && match state { B | C => true, A => false } {
[INFO] [stdout]      |                         ^^^^^ use of borrowed `state`
[INFO] [stdout] 1009 |         machine(&mut cont, (fake_i, ' '));
[INFO] [stdout]      |         ------- borrow later used here
[INFO] [stdout] 
[INFO] [stdout] 
[INFO] [stdout] error: aborting due to previous error
[INFO] [stdout] 
[INFO] [stdout] 
[INFO] [stdout] For more information about this error, try `rustc --explain E0503`.
[INFO] [stdout] 
[INFO] [stderr] error: could not compile `getopts` due to 2 previous errors
[INFO] [stderr] warning: build failed, waiting for other jobs to finish...
[INFO] [stdout] error: linking with `cc` failed: exit status: 1
[INFO] [stdout]   |
[INFO] [stdout]   = note: LC_ALL="C" PATH="/opt/rustwide/rustup-home/toolchains/1.69.0-x86_64-unknown-linux-gnu/lib/rustlib/x86_64-unknown-linux-gnu/bin:/opt/rustwide/cargo-home/bin:/usr/local/sbin:/usr/local/bin:/usr/sbin:/usr/bin:/sbin:/bin" VSLANG="1033" "cc" "-m64" "/tmp/rustcADu0kX/symbols.o" "/opt/rustwide/target/debug/build/kernel32-sys-ebbbd556e1e559ef/build_script_build-ebbbd556e1e559ef.build_script_build.1776096b-cgu.0.rcgu.o" "/opt/rustwide/target/debug/build/kernel32-sys-ebbbd556e1e559ef/build_script_build-ebbbd556e1e559ef.build_script_build.1776096b-cgu.1.rcgu.o" "/opt/rustwide/target/debug/build/kernel32-sys-ebbbd556e1e559ef/build_script_build-ebbbd556e1e559ef.build_script_build.1776096b-cgu.2.rcgu.o" "/opt/rustwide/target/debug/build/kernel32-sys-ebbbd556e1e559ef/build_script_build-ebbbd556e1e559ef.build_script_build.1776096b-cgu.3.rcgu.o" "/opt/rustwide/target/debug/build/kernel32-sys-ebbbd556e1e559ef/build_script_build-ebbbd556e1e559ef.build_script_build.1776096b-cgu.4.rcgu.o" "/opt/rustwide/target/debug/build/kernel32-sys-ebbbd556e1e559ef/build_script_build-ebbbd556e1e559ef.9k6vk73g8fylb50.rcgu.o" "-Wl,--as-needed" "-L" "/opt/rustwide/target/debug/deps" "-L" "/opt/rustwide/rustup-home/toolchains/1.69.0-x86_64-unknown-linux-gnu/lib/rustlib/x86_64-unknown-linux-gnu/lib" "-Wl,-Bstatic" "/opt/rustwide/target/debug/deps/libbuild-ebc9fd08fcf09e83.rlib" "/opt/rustwide/rustup-home/toolchains/1.69.0-x86_64-unknown-linux-gnu/lib/rustlib/x86_64-unknown-linux-gnu/lib/libstd-89bc084783fdc439.rlib" "/opt/rustwide/rustup-home/toolchains/1.69.0-x86_64-unknown-linux-gnu/lib/rustlib/x86_64-unknown-linux-gnu/lib/libpanic_unwind-8bee4b287d4367c1.rlib" "/opt/rustwide/rustup-home/toolchains/1.69.0-x86_64-unknown-linux-gnu/lib/rustlib/x86_64-unknown-linux-gnu/lib/libobject-d61707aed80694c0.rlib" "/opt/rustwide/rustup-home/toolchains/1.69.0-x86_64-unknown-linux-gnu/lib/rustlib/x86_64-unknown-linux-gnu/lib/libmemchr-d85366256f22345b.rlib" "/opt/rustwide/rustup-home/toolchains/1.69.0-x86_64-unknown-linux-gnu/lib/rustlib/x86_64-unknown-linux-gnu/lib/libaddr2line-96069b86b8a8cae9.rlib" "/opt/rustwide/rustup-home/toolchains/1.69.0-x86_64-unknown-linux-gnu/lib/rustlib/x86_64-unknown-linux-gnu/lib/libgimli-d19d53abf68dfa6c.rlib" "/opt/rustwide/rustup-home/toolchains/1.69.0-x86_64-unknown-linux-gnu/lib/rustlib/x86_64-unknown-linux-gnu/lib/librustc_demangle-787cbccd19d64ac6.rlib" "/opt/rustwide/rustup-home/toolchains/1.69.0-x86_64-unknown-linux-gnu/lib/rustlib/x86_64-unknown-linux-gnu/lib/libstd_detect-b3837a36b830e0d0.rlib" "/opt/rustwide/rustup-home/toolchains/1.69.0-x86_64-unknown-linux-gnu/lib/rustlib/x86_64-unknown-linux-gnu/lib/libhashbrown-e3deb0e7e3f04966.rlib" "/opt/rustwide/rustup-home/toolchains/1.69.0-x86_64-unknown-linux-gnu/lib/rustlib/x86_64-unknown-linux-gnu/lib/libminiz_oxide-dabbb79c9815def4.rlib" "/opt/rustwide/rustup-home/toolchains/1.69.0-x86_64-unknown-linux-gnu/lib/rustlib/x86_64-unknown-linux-gnu/lib/libadler-305b01f34c9409f2.rlib" "/opt/rustwide/rustup-home/toolchains/1.69.0-x86_64-unknown-linux-gnu/lib/rustlib/x86_64-unknown-linux-gnu/lib/librustc_std_workspace_alloc-f833521df6074e73.rlib" "/opt/rustwide/rustup-home/toolchains/1.69.0-x86_64-unknown-linux-gnu/lib/rustlib/x86_64-unknown-linux-gnu/lib/libunwind-9ac333113350d171.rlib" "/opt/rustwide/rustup-home/toolchains/1.69.0-x86_64-unknown-linux-gnu/lib/rustlib/x86_64-unknown-linux-gnu/lib/libcfg_if-1c126114322d0eee.rlib" "/opt/rustwide/rustup-home/toolchains/1.69.0-x86_64-unknown-linux-gnu/lib/rustlib/x86_64-unknown-linux-gnu/lib/liblibc-bad9164fdeeecf92.rlib" "/opt/rustwide/rustup-home/toolchains/1.69.0-x86_64-unknown-linux-gnu/lib/rustlib/x86_64-unknown-linux-gnu/lib/liballoc-f9374b1e480fa681.rlib" "/opt/rustwide/rustup-home/toolchains/1.69.0-x86_64-unknown-linux-gnu/lib/rustlib/x86_64-unknown-linux-gnu/lib/librustc_std_workspace_core-207f06e41d9603af.rlib" "/opt/rustwide/rustup-home/toolchains/1.69.0-x86_64-unknown-linux-gnu/lib/rustlib/x86_64-unknown-linux-gnu/lib/libcore-7e2768e66e984e85.rlib" "/opt/rustwide/rustup-home/toolchains/1.69.0-x86_64-unknown-linux-gnu/lib/rustlib/x86_64-unknown-linux-gnu/lib/libcompiler_builtins-957b4aff41f8cd46.rlib" "-Wl,-Bdynamic" "-lgcc_s" "-lutil" "-lrt" "-lpthread" "-lm" "-ldl" "-lc" "-Wl,--eh-frame-hdr" "-Wl,-z,noexecstack" "-L" "/opt/rustwide/rustup-home/toolchains/1.69.0-x86_64-unknown-linux-gnu/lib/rustlib/x86_64-unknown-linux-gnu/lib" "-o" "/opt/rustwide/target/debug/build/kernel32-sys-ebbbd556e1e559ef/build_script_build-ebbbd556e1e559ef" "-Wl,--gc-sections" "-pie" "-Wl,-z,relro,-z,now" "-nodefaultlibs"
[INFO] [stdout]   = note: /usr/bin/ld: final link failed: No space left on device
[INFO] [stdout]           collect2: error: ld returned 1 exit status
[INFO] [stdout]           
[INFO] [stdout] 
[INFO] [stdout] 
[INFO] [stdout] error: aborting due to previous error
[INFO] [stdout] 
[INFO] [stdout] 
[INFO] [stderr] error: could not compile `kernel32-sys` due to 2 previous errors
[INFO] [stdout] error: aborting due to previous error
[INFO] [stdout] 
[INFO] [stdout] 
[INFO] [stdout] For more information about this error, try `rustc --explain E0642`.
[INFO] [stdout] 
[INFO] [stderr] error: could not compile `rustc-serialize` due to 2 previous errors; 1 warning emitted
[INFO] running `Command { std: "docker" "inspect" "f54bc80270b99ffa02862aa491f0a6e3711a2738b06b13ce619cdf24007ffc82", kill_on_drop: false }`
[INFO] running `Command { std: "docker" "rm" "-f" "f54bc80270b99ffa02862aa491f0a6e3711a2738b06b13ce619cdf24007ffc82", kill_on_drop: false }`
[INFO] [stdout] f54bc80270b99ffa02862aa491f0a6e3711a2738b06b13ce619cdf24007ffc82
