[INFO] cloning repository https://github.com/zaknesler/rust-scraping
[INFO] running `Command { std: "git" "-c" "credential.helper=" "-c" "credential.helper=/workspace/cargo-home/bin/git-credential-null" "clone" "--bare" "https://github.com/zaknesler/rust-scraping" "/workspace/cache/git-repos/https%3A%2F%2Fgithub.com%2Fzaknesler%2Frust-scraping", kill_on_drop: false }`
[INFO] [stderr] Cloning into bare repository '/workspace/cache/git-repos/https%3A%2F%2Fgithub.com%2Fzaknesler%2Frust-scraping'...
[INFO] running `Command { std: "git" "rev-parse" "HEAD", kill_on_drop: false }`
[INFO] [stdout] bb241ae956c24aa90a87f721d36d4cd8df940092
[INFO] documenting zaknesler/rust-scraping against 1.69.0 for beta-1.70-rustdoc-1
[INFO] running `Command { std: "git" "clone" "/workspace/cache/git-repos/https%3A%2F%2Fgithub.com%2Fzaknesler%2Frust-scraping" "/workspace/builds/worker-1-tc1/source", kill_on_drop: false }`
[INFO] [stderr] Cloning into '/workspace/builds/worker-1-tc1/source'...
[INFO] [stderr] done.
[INFO] validating manifest of git repo https://github.com/zaknesler/rust-scraping on toolchain 1.69.0
[INFO] running `Command { std: CARGO_HOME="/workspace/cargo-home" RUSTUP_HOME="/workspace/rustup-home" "/workspace/cargo-home/bin/cargo" "+1.69.0" "metadata" "--manifest-path" "Cargo.toml" "--no-deps", kill_on_drop: false }`
[INFO] started tweaking git repo https://github.com/zaknesler/rust-scraping
[INFO] finished tweaking git repo https://github.com/zaknesler/rust-scraping
[INFO] tweaked toml for git repo https://github.com/zaknesler/rust-scraping written to /workspace/builds/worker-1-tc1/source/Cargo.toml
[INFO] crate git repo https://github.com/zaknesler/rust-scraping already has a lockfile, it will not be regenerated
[INFO] running `Command { std: CARGO_HOME="/workspace/cargo-home" RUSTUP_HOME="/workspace/rustup-home" "/workspace/cargo-home/bin/cargo" "+1.69.0" "fetch" "--manifest-path" "Cargo.toml", kill_on_drop: false }`
[INFO] [stderr]  Downloading crates ...
[INFO] [stderr]   Downloaded comfy-table v6.0.0-rc.1
[INFO] running `Command { std: "docker" "create" "-v" "/var/lib/crater-agent-workspace/builds/worker-1-tc1/target:/opt/rustwide/target:rw,Z" "-v" "/var/lib/crater-agent-workspace/builds/worker-1-tc1/source:/opt/rustwide/workdir:ro,Z" "-v" "/var/lib/crater-agent-workspace/cargo-home:/opt/rustwide/cargo-home:ro,Z" "-v" "/var/lib/crater-agent-workspace/rustup-home:/opt/rustwide/rustup-home:ro,Z" "-e" "SOURCE_DIR=/opt/rustwide/workdir" "-e" "CARGO_TARGET_DIR=/opt/rustwide/target" "-e" "CARGO_HOME=/opt/rustwide/cargo-home" "-e" "RUSTUP_HOME=/opt/rustwide/rustup-home" "-w" "/opt/rustwide/workdir" "-m" "1610612736" "--user" "0:0" "--network" "none" "ghcr.io/rust-lang/crates-build-env/linux@sha256:5ff2268d62e97bff2cde7d5815dd6ed5b47097566f13b8d0ca110b04b60e07ed" "/opt/rustwide/cargo-home/bin/cargo" "+1.69.0" "metadata" "--no-deps" "--format-version=1", kill_on_drop: false }`
[INFO] [stdout] f75724e695c32a3e7d456fcfe65207577f0125bf5fe306439ece3f6fee8a2246
[INFO] running `Command { std: "docker" "start" "-a" "f75724e695c32a3e7d456fcfe65207577f0125bf5fe306439ece3f6fee8a2246", kill_on_drop: false }`
[INFO] running `Command { std: "docker" "inspect" "f75724e695c32a3e7d456fcfe65207577f0125bf5fe306439ece3f6fee8a2246", kill_on_drop: false }`
[INFO] running `Command { std: "docker" "rm" "-f" "f75724e695c32a3e7d456fcfe65207577f0125bf5fe306439ece3f6fee8a2246", kill_on_drop: false }`
[INFO] [stdout] f75724e695c32a3e7d456fcfe65207577f0125bf5fe306439ece3f6fee8a2246
[INFO] running `Command { std: "docker" "create" "-v" "/var/lib/crater-agent-workspace/builds/worker-1-tc1/target:/opt/rustwide/target:rw,Z" "-v" "/var/lib/crater-agent-workspace/builds/worker-1-tc1/source:/opt/rustwide/workdir:ro,Z" "-v" "/var/lib/crater-agent-workspace/cargo-home:/opt/rustwide/cargo-home:ro,Z" "-v" "/var/lib/crater-agent-workspace/rustup-home:/opt/rustwide/rustup-home:ro,Z" "-e" "SOURCE_DIR=/opt/rustwide/workdir" "-e" "CARGO_TARGET_DIR=/opt/rustwide/target" "-e" "CARGO_INCREMENTAL=0" "-e" "RUST_BACKTRACE=full" "-e" "RUSTFLAGS=--cap-lints=warn" "-e" "RUSTDOCFLAGS=--cap-lints=warn" "-e" "CARGO_HOME=/opt/rustwide/cargo-home" "-e" "RUSTUP_HOME=/opt/rustwide/rustup-home" "-w" "/opt/rustwide/workdir" "-m" "1610612736" "--user" "0:0" "--network" "none" "ghcr.io/rust-lang/crates-build-env/linux@sha256:5ff2268d62e97bff2cde7d5815dd6ed5b47097566f13b8d0ca110b04b60e07ed" "/opt/rustwide/cargo-home/bin/cargo" "+1.69.0" "doc" "--frozen" "--no-deps" "--document-private-items" "--message-format=json", kill_on_drop: false }`
[INFO] [stdout] bde11a39b51dd54e945565824996dcc121a9a0af405144c9d1bc4fe776b95461
[INFO] running `Command { std: "docker" "start" "-a" "bde11a39b51dd54e945565824996dcc121a9a0af405144c9d1bc4fe776b95461", kill_on_drop: false }`
[INFO] [stderr]    Compiling proc-macro2 v1.0.38
[INFO] [stderr]    Compiling unicode-xid v0.2.3
[INFO] [stderr]    Compiling syn v1.0.94
[INFO] [stderr]    Compiling libc v0.2.125
[INFO] [stderr]    Compiling autocfg v1.1.0
[INFO] [stderr]    Compiling cfg-if v1.0.0
[INFO] [stderr]    Compiling ppv-lite86 v0.2.16
[INFO] [stderr]    Compiling log v0.4.17
[INFO] [stderr]    Compiling siphasher v0.3.10
[INFO] [stderr]     Checking smallvec v1.8.0
[INFO] [stderr]    Compiling parking_lot_core v0.9.3
[INFO] [stderr]     Checking scopeguard v1.1.0
[INFO] [stderr]    Compiling getrandom v0.1.16
[INFO] [stderr]     Checking once_cell v1.10.0
[INFO] [stderr]     Checking pin-project-lite v0.2.9
[INFO] [stderr]    Compiling cc v1.0.73
[INFO] [stderr]    Compiling pkg-config v0.3.25
[INFO] [stderr]     Checking bytes v1.1.0
[INFO] [stderr]    Compiling phf_shared v0.8.0
[INFO] [stderr]     Checking bitflags v1.3.2
[INFO] [stderr] error: failed to write `/opt/rustwide/target/debug/.fingerprint/bitflags-1a1c34f79f6e612c/invoked.timestamp`
[INFO] [stderr] 
[INFO] [stderr] Caused by:
[INFO] [stderr]   No space left on device (os error 28)
[INFO] [stderr] warning: build failed, waiting for other jobs to finish...
[INFO] [stderr] LLVM ERROR: IO failure on output stream: No space left on device
[INFO] [stderr] error: could not compile `siphasher`
[INFO] [stdout] error: linking with `cc` failed: exit status: 1
[INFO] [stdout]   |
[INFO] [stdout]   = note: LC_ALL="C" PATH="/opt/rustwide/rustup-home/toolchains/1.69.0-x86_64-unknown-linux-gnu/lib/rustlib/x86_64-unknown-linux-gnu/bin:/opt/rustwide/cargo-home/bin:/usr/local/sbin:/usr/local/bin:/usr/sbin:/usr/bin:/sbin:/bin" VSLANG="1033" "cc" "-m64" "/tmp/rustc6RA6pN/symbols.o" "/opt/rustwide/target/debug/build/log-1ac9761d866c7e2a/build_script_build-1ac9761d866c7e2a.build_script_build.459e7d5b-cgu.0.rcgu.o" "/opt/rustwide/target/debug/build/log-1ac9761d866c7e2a/build_script_build-1ac9761d866c7e2a.build_script_build.459e7d5b-cgu.1.rcgu.o" "/opt/rustwide/target/debug/build/log-1ac9761d866c7e2a/build_script_build-1ac9761d866c7e2a.build_script_build.459e7d5b-cgu.10.rcgu.o" "/opt/rustwide/target/debug/build/log-1ac9761d866c7e2a/build_script_build-1ac9761d866c7e2a.build_script_build.459e7d5b-cgu.11.rcgu.o" "/opt/rustwide/target/debug/build/log-1ac9761d866c7e2a/build_script_build-1ac9761d866c7e2a.build_script_build.459e7d5b-cgu.12.rcgu.o" "/opt/rustwide/target/debug/build/log-1ac9761d866c7e2a/build_script_build-1ac9761d866c7e2a.build_script_build.459e7d5b-cgu.13.rcgu.o" "/opt/rustwide/target/debug/build/log-1ac9761d866c7e2a/build_script_build-1ac9761d866c7e2a.build_script_build.459e7d5b-cgu.14.rcgu.o" "/opt/rustwide/target/debug/build/log-1ac9761d866c7e2a/build_script_build-1ac9761d866c7e2a.build_script_build.459e7d5b-cgu.15.rcgu.o" "/opt/rustwide/target/debug/build/log-1ac9761d866c7e2a/build_script_build-1ac9761d866c7e2a.build_script_build.459e7d5b-cgu.2.rcgu.o" "/opt/rustwide/target/debug/build/log-1ac9761d866c7e2a/build_script_build-1ac9761d866c7e2a.build_script_build.459e7d5b-cgu.3.rcgu.o" "/opt/rustwide/target/debug/build/log-1ac9761d866c7e2a/build_script_build-1ac9761d866c7e2a.build_script_build.459e7d5b-cgu.4.rcgu.o" "/opt/rustwide/target/debug/build/log-1ac9761d866c7e2a/build_script_build-1ac9761d866c7e2a.build_script_build.459e7d5b-cgu.5.rcgu.o" "/opt/rustwide/target/debug/build/log-1ac9761d866c7e2a/build_script_build-1ac9761d866c7e2a.build_script_build.459e7d5b-cgu.6.rcgu.o" "/opt/rustwide/target/debug/build/log-1ac9761d866c7e2a/build_script_build-1ac9761d866c7e2a.build_script_build.459e7d5b-cgu.7.rcgu.o" "/opt/rustwide/target/debug/build/log-1ac9761d866c7e2a/build_script_build-1ac9761d866c7e2a.build_script_build.459e7d5b-cgu.8.rcgu.o" "/opt/rustwide/target/debug/build/log-1ac9761d866c7e2a/build_script_build-1ac9761d866c7e2a.build_script_build.459e7d5b-cgu.9.rcgu.o" "/opt/rustwide/target/debug/build/log-1ac9761d866c7e2a/build_script_build-1ac9761d866c7e2a.sdswzqgon8pvmy9.rcgu.o" "-Wl,--as-needed" "-L" "/opt/rustwide/target/debug/deps" "-L" "/opt/rustwide/rustup-home/toolchains/1.69.0-x86_64-unknown-linux-gnu/lib/rustlib/x86_64-unknown-linux-gnu/lib" "-Wl,-Bstatic" "/opt/rustwide/rustup-home/toolchains/1.69.0-x86_64-unknown-linux-gnu/lib/rustlib/x86_64-unknown-linux-gnu/lib/libstd-89bc084783fdc439.rlib" "/opt/rustwide/rustup-home/toolchains/1.69.0-x86_64-unknown-linux-gnu/lib/rustlib/x86_64-unknown-linux-gnu/lib/libpanic_unwind-8bee4b287d4367c1.rlib" "/opt/rustwide/rustup-home/toolchains/1.69.0-x86_64-unknown-linux-gnu/lib/rustlib/x86_64-unknown-linux-gnu/lib/libobject-d61707aed80694c0.rlib" "/opt/rustwide/rustup-home/toolchains/1.69.0-x86_64-unknown-linux-gnu/lib/rustlib/x86_64-unknown-linux-gnu/lib/libmemchr-d85366256f22345b.rlib" "/opt/rustwide/rustup-home/toolchains/1.69.0-x86_64-unknown-linux-gnu/lib/rustlib/x86_64-unknown-linux-gnu/lib/libaddr2line-96069b86b8a8cae9.rlib" "/opt/rustwide/rustup-home/toolchains/1.69.0-x86_64-unknown-linux-gnu/lib/rustlib/x86_64-unknown-linux-gnu/lib/libgimli-d19d53abf68dfa6c.rlib" "/opt/rustwide/rustup-home/toolchains/1.69.0-x86_64-unknown-linux-gnu/lib/rustlib/x86_64-unknown-linux-gnu/lib/librustc_demangle-787cbccd19d64ac6.rlib" "/opt/rustwide/rustup-home/toolchains/1.69.0-x86_64-unknown-linux-gnu/lib/rustlib/x86_64-unknown-linux-gnu/lib/libstd_detect-b3837a36b830e0d0.rlib" "/opt/rustwide/rustup-home/toolchains/1.69.0-x86_64-unknown-linux-gnu/lib/rustlib/x86_64-unknown-linux-gnu/lib/libhashbrown-e3deb0e7e3f04966.rlib" "/opt/rustwide/rustup-home/toolchains/1.69.0-x86_64-unknown-linux-gnu/lib/rustlib/x86_64-unknown-linux-gnu/lib/libminiz_oxide-dabbb79c9815def4.rlib" "/opt/rustwide/rustup-home/toolchains/1.69.0-x86_64-unknown-linux-gnu/lib/rustlib/x86_64-unknown-linux-gnu/lib/libadler-305b01f34c9409f2.rlib" "/opt/rustwide/rustup-home/toolchains/1.69.0-x86_64-unknown-linux-gnu/lib/rustlib/x86_64-unknown-linux-gnu/lib/librustc_std_workspace_alloc-f833521df6074e73.rlib" "/opt/rustwide/rustup-home/toolchains/1.69.0-x86_64-unknown-linux-gnu/lib/rustlib/x86_64-unknown-linux-gnu/lib/libunwind-9ac333113350d171.rlib" "/opt/rustwide/rustup-home/toolchains/1.69.0-x86_64-unknown-linux-gnu/lib/rustlib/x86_64-unknown-linux-gnu/lib/libcfg_if-1c126114322d0eee.rlib" "/opt/rustwide/rustup-home/toolchains/1.69.0-x86_64-unknown-linux-gnu/lib/rustlib/x86_64-unknown-linux-gnu/lib/liblibc-bad9164fdeeecf92.rlib" "/opt/rustwide/rustup-home/toolchains/1.69.0-x86_64-unknown-linux-gnu/lib/rustlib/x86_64-unknown-linux-gnu/lib/liballoc-f9374b1e480fa681.rlib" "/opt/rustwide/rustup-home/toolchains/1.69.0-x86_64-unknown-linux-gnu/lib/rustlib/x86_64-unknown-linux-gnu/lib/librustc_std_workspace_core-207f06e41d9603af.rlib" "/opt/rustwide/rustup-home/toolchains/1.69.0-x86_64-unknown-linux-gnu/lib/rustlib/x86_64-unknown-linux-gnu/lib/libcore-7e2768e66e984e85.rlib" "/opt/rustwide/rustup-home/toolchains/1.69.0-x86_64-unknown-linux-gnu/lib/rustlib/x86_64-unknown-linux-gnu/lib/libcompiler_builtins-957b4aff41f8cd46.rlib" "-Wl,-Bdynamic" "-lgcc_s" "-lutil" "-lrt" "-lpthread" "-lm" "-ldl" "-lc" "-Wl,--eh-frame-hdr" "-Wl,-z,noexecstack" "-L" "/opt/rustwide/rustup-home/toolchains/1.69.0-x86_64-unknown-linux-gnu/lib/rustlib/x86_64-unknown-linux-gnu/lib" "-o" "/opt/rustwide/target/debug/build/log-1ac9761d866c7e2a/build_script_build-1ac9761d866c7e2a" "-Wl,--gc-sections" "-pie" "-Wl,-z,relro,-z,now" "-nodefaultlibs"
[INFO] [stdout]   = note: /usr/bin/ld: final link failed: No space left on device
[INFO] [stdout]           collect2: error: ld returned 1 exit status
[INFO] [stdout]           
[INFO] [stdout] 
[INFO] [stdout] 
[INFO] [stdout] error: aborting due to previous error
[INFO] [stdout] 
[INFO] [stdout] 
[INFO] [stderr] error: could not compile `log` due to 2 previous errors
[INFO] [stderr] LLVM ERROR: IO failure on output stream: No space left on device
[INFO] [stdout] error: linking with `cc` failed: exit status: 1
[INFO] [stdout]   |
[INFO] [stdout]   = note: LC_ALL="C" PATH="/opt/rustwide/rustup-home/toolchains/1.69.0-x86_64-unknown-linux-gnu/lib/rustlib/x86_64-unknown-linux-gnu/bin:/opt/rustwide/cargo-home/bin:/usr/local/sbin:/usr/local/bin:/usr/sbin:/usr/bin:/sbin:/bin" VSLANG="1033" "cc" "-m64" "/tmp/rustc3tbe8n/symbols.o" "/opt/rustwide/target/debug/build/getrandom-f60c0acb04bc9a5b/build_script_build-f60c0acb04bc9a5b.build_script_build.8f738774-cgu.0.rcgu.o" "/opt/rustwide/target/debug/build/getrandom-f60c0acb04bc9a5b/build_script_build-f60c0acb04bc9a5b.build_script_build.8f738774-cgu.1.rcgu.o" "/opt/rustwide/target/debug/build/getrandom-f60c0acb04bc9a5b/build_script_build-f60c0acb04bc9a5b.build_script_build.8f738774-cgu.10.rcgu.o" "/opt/rustwide/target/debug/build/getrandom-f60c0acb04bc9a5b/build_script_build-f60c0acb04bc9a5b.build_script_build.8f738774-cgu.11.rcgu.o" "/opt/rustwide/target/debug/build/getrandom-f60c0acb04bc9a5b/build_script_build-f60c0acb04bc9a5b.build_script_build.8f738774-cgu.12.rcgu.o" "/opt/rustwide/target/debug/build/getrandom-f60c0acb04bc9a5b/build_script_build-f60c0acb04bc9a5b.build_script_build.8f738774-cgu.13.rcgu.o" "/opt/rustwide/target/debug/build/getrandom-f60c0acb04bc9a5b/build_script_build-f60c0acb04bc9a5b.build_script_build.8f738774-cgu.14.rcgu.o" "/opt/rustwide/target/debug/build/getrandom-f60c0acb04bc9a5b/build_script_build-f60c0acb04bc9a5b.build_script_build.8f738774-cgu.15.rcgu.o" "/opt/rustwide/target/debug/build/getrandom-f60c0acb04bc9a5b/build_script_build-f60c0acb04bc9a5b.build_script_build.8f738774-cgu.2.rcgu.o" "/opt/rustwide/target/debug/build/getrandom-f60c0acb04bc9a5b/build_script_build-f60c0acb04bc9a5b.build_script_build.8f738774-cgu.3.rcgu.o" "/opt/rustwide/target/debug/build/getrandom-f60c0acb04bc9a5b/build_script_build-f60c0acb04bc9a5b.build_script_build.8f738774-cgu.4.rcgu.o" "/opt/rustwide/target/debug/build/getrandom-f60c0acb04bc9a5b/build_script_build-f60c0acb04bc9a5b.build_script_build.8f738774-cgu.5.rcgu.o" "/opt/rustwide/target/debug/build/getrandom-f60c0acb04bc9a5b/build_script_build-f60c0acb04bc9a5b.build_script_build.8f738774-cgu.6.rcgu.o" "/opt/rustwide/target/debug/build/getrandom-f60c0acb04bc9a5b/build_script_build-f60c0acb04bc9a5b.build_script_build.8f738774-cgu.7.rcgu.o" "/opt/rustwide/target/debug/build/getrandom-f60c0acb04bc9a5b/build_script_build-f60c0acb04bc9a5b.build_script_build.8f738774-cgu.8.rcgu.o" "/opt/rustwide/target/debug/build/getrandom-f60c0acb04bc9a5b/build_script_build-f60c0acb04bc9a5b.build_script_build.8f738774-cgu.9.rcgu.o" "/opt/rustwide/target/debug/build/getrandom-f60c0acb04bc9a5b/build_script_build-f60c0acb04bc9a5b.4l57hwnhw6yv26d.rcgu.o" "-Wl,--as-needed" "-L" "/opt/rustwide/target/debug/deps" "-L" "/opt/rustwide/rustup-home/toolchains/1.69.0-x86_64-unknown-linux-gnu/lib/rustlib/x86_64-unknown-linux-gnu/lib" "-Wl,-Bstatic" "/opt/rustwide/rustup-home/toolchains/1.69.0-x86_64-unknown-linux-gnu/lib/rustlib/x86_64-unknown-linux-gnu/lib/libstd-89bc084783fdc439.rlib" "/opt/rustwide/rustup-home/toolchains/1.69.0-x86_64-unknown-linux-gnu/lib/rustlib/x86_64-unknown-linux-gnu/lib/libpanic_unwind-8bee4b287d4367c1.rlib" "/opt/rustwide/rustup-home/toolchains/1.69.0-x86_64-unknown-linux-gnu/lib/rustlib/x86_64-unknown-linux-gnu/lib/libobject-d61707aed80694c0.rlib" "/opt/rustwide/rustup-home/toolchains/1.69.0-x86_64-unknown-linux-gnu/lib/rustlib/x86_64-unknown-linux-gnu/lib/libmemchr-d85366256f22345b.rlib" "/opt/rustwide/rustup-home/toolchains/1.69.0-x86_64-unknown-linux-gnu/lib/rustlib/x86_64-unknown-linux-gnu/lib/libaddr2line-96069b86b8a8cae9.rlib" "/opt/rustwide/rustup-home/toolchains/1.69.0-x86_64-unknown-linux-gnu/lib/rustlib/x86_64-unknown-linux-gnu/lib/libgimli-d19d53abf68dfa6c.rlib" "/opt/rustwide/rustup-home/toolchains/1.69.0-x86_64-unknown-linux-gnu/lib/rustlib/x86_64-unknown-linux-gnu/lib/librustc_demangle-787cbccd19d64ac6.rlib" "/opt/rustwide/rustup-home/toolchains/1.69.0-x86_64-unknown-linux-gnu/lib/rustlib/x86_64-unknown-linux-gnu/lib/libstd_detect-b3837a36b830e0d0.rlib" "/opt/rustwide/rustup-home/toolchains/1.69.0-x86_64-unknown-linux-gnu/lib/rustlib/x86_64-unknown-linux-gnu/lib/libhashbrown-e3deb0e7e3f04966.rlib" "/opt/rustwide/rustup-home/toolchains/1.69.0-x86_64-unknown-linux-gnu/lib/rustlib/x86_64-unknown-linux-gnu/lib/libminiz_oxide-dabbb79c9815def4.rlib" "/opt/rustwide/rustup-home/toolchains/1.69.0-x86_64-unknown-linux-gnu/lib/rustlib/x86_64-unknown-linux-gnu/lib/libadler-305b01f34c9409f2.rlib" "/opt/rustwide/rustup-home/toolchains/1.69.0-x86_64-unknown-linux-gnu/lib/rustlib/x86_64-unknown-linux-gnu/lib/librustc_std_workspace_alloc-f833521df6074e73.rlib" "/opt/rustwide/rustup-home/toolchains/1.69.0-x86_64-unknown-linux-gnu/lib/rustlib/x86_64-unknown-linux-gnu/lib/libunwind-9ac333113350d171.rlib" "/opt/rustwide/rustup-home/toolchains/1.69.0-x86_64-unknown-linux-gnu/lib/rustlib/x86_64-unknown-linux-gnu/lib/libcfg_if-1c126114322d0eee.rlib" "/opt/rustwide/rustup-home/toolchains/1.69.0-x86_64-unknown-linux-gnu/lib/rustlib/x86_64-unknown-linux-gnu/lib/liblibc-bad9164fdeeecf92.rlib" "/opt/rustwide/rustup-home/toolchains/1.69.0-x86_64-unknown-linux-gnu/lib/rustlib/x86_64-unknown-linux-gnu/lib/liballoc-f9374b1e480fa681.rlib" "/opt/rustwide/rustup-home/toolchains/1.69.0-x86_64-unknown-linux-gnu/lib/rustlib/x86_64-unknown-linux-gnu/lib/librustc_std_workspace_core-207f06e41d9603af.rlib" "/opt/rustwide/rustup-home/toolchains/1.69.0-x86_64-unknown-linux-gnu/lib/rustlib/x86_64-unknown-linux-gnu/lib/libcore-7e2768e66e984e85.rlib" "/opt/rustwide/rustup-home/toolchains/1.69.0-x86_64-unknown-linux-gnu/lib/rustlib/x86_64-unknown-linux-gnu/lib/libcompiler_builtins-957b4aff41f8cd46.rlib" "-Wl,-Bdynamic" "-lgcc_s" "-lutil" "-lrt" "-lpthread" "-lm" "-ldl" "-lc" "-Wl,--eh-frame-hdr" "-Wl,-z,noexecstack" "-L" "/opt/rustwide/rustup-home/toolchains/1.69.0-x86_64-unknown-linux-gnu/lib/rustlib/x86_64-unknown-linux-gnu/lib" "-o" "/opt/rustwide/target/debug/build/getrandom-f60c0acb04bc9a5b/build_script_build-f60c0acb04bc9a5b" "-Wl,--gc-sections" "-pie" "-Wl,-z,relro,-z,now" "-nodefaultlibs"
[INFO] [stdout]   = note: /usr/bin/ld: final link failed: No space left on device
[INFO] [stdout]           collect2: error: ld returned 1 exit status
[INFO] [stdout]           
[INFO] [stdout] 
[INFO] [stdout] 
[INFO] [stdout] error: aborting due to previous error
[INFO] [stdout] 
[INFO] [stdout] 
[INFO] [stderr] error: could not compile `autocfg`
[INFO] [stdout] error: linking with `cc` failed: exit status: 1
[INFO] [stdout]   |
[INFO] [stdout]   = note: LC_ALL="C" PATH="/opt/rustwide/rustup-home/toolchains/1.69.0-x86_64-unknown-linux-gnu/lib/rustlib/x86_64-unknown-linux-gnu/bin:/opt/rustwide/cargo-home/bin:/usr/local/sbin:/usr/local/bin:/usr/sbin:/usr/bin:/sbin:/bin" VSLANG="1033" "cc" "-m64" "/tmp/rustcP7yrY9/symbols.o" "/opt/rustwide/target/debug/build/parking_lot_core-2a79f18a44d9d10a/build_script_build-2a79f18a44d9d10a.build_script_build.fe7ec452-cgu.0.rcgu.o" "/opt/rustwide/target/debug/build/parking_lot_core-2a79f18a44d9d10a/build_script_build-2a79f18a44d9d10a.build_script_build.fe7ec452-cgu.1.rcgu.o" "/opt/rustwide/target/debug/build/parking_lot_core-2a79f18a44d9d10a/build_script_build-2a79f18a44d9d10a.build_script_build.fe7ec452-cgu.10.rcgu.o" "/opt/rustwide/target/debug/build/parking_lot_core-2a79f18a44d9d10a/build_script_build-2a79f18a44d9d10a.build_script_build.fe7ec452-cgu.11.rcgu.o" "/opt/rustwide/target/debug/build/parking_lot_core-2a79f18a44d9d10a/build_script_build-2a79f18a44d9d10a.build_script_build.fe7ec452-cgu.12.rcgu.o" "/opt/rustwide/target/debug/build/parking_lot_core-2a79f18a44d9d10a/build_script_build-2a79f18a44d9d10a.build_script_build.fe7ec452-cgu.13.rcgu.o" "/opt/rustwide/target/debug/build/parking_lot_core-2a79f18a44d9d10a/build_script_build-2a79f18a44d9d10a.build_script_build.fe7ec452-cgu.14.rcgu.o" "/opt/rustwide/target/debug/build/parking_lot_core-2a79f18a44d9d10a/build_script_build-2a79f18a44d9d10a.build_script_build.fe7ec452-cgu.15.rcgu.o" "/opt/rustwide/target/debug/build/parking_lot_core-2a79f18a44d9d10a/build_script_build-2a79f18a44d9d10a.build_script_build.fe7ec452-cgu.2.rcgu.o" "/opt/rustwide/target/debug/build/parking_lot_core-2a79f18a44d9d10a/build_script_build-2a79f18a44d9d10a.build_script_build.fe7ec452-cgu.3.rcgu.o" "/opt/rustwide/target/debug/build/parking_lot_core-2a79f18a44d9d10a/build_script_build-2a79f18a44d9d10a.build_script_build.fe7ec452-cgu.4.rcgu.o" "/opt/rustwide/target/debug/build/parking_lot_core-2a79f18a44d9d10a/build_script_build-2a79f18a44d9d10a.build_script_build.fe7ec452-cgu.5.rcgu.o" "/opt/rustwide/target/debug/build/parking_lot_core-2a79f18a44d9d10a/build_script_build-2a79f18a44d9d10a.build_script_build.fe7ec452-cgu.6.rcgu.o" "/opt/rustwide/target/debug/build/parking_lot_core-2a79f18a44d9d10a/build_script_build-2a79f18a44d9d10a.build_script_build.fe7ec452-cgu.7.rcgu.o" "/opt/rustwide/target/debug/build/parking_lot_core-2a79f18a44d9d10a/build_script_build-2a79f18a44d9d10a.build_script_build.fe7ec452-cgu.8.rcgu.o" "/opt/rustwide/target/debug/build/parking_lot_core-2a79f18a44d9d10a/build_script_build-2a79f18a44d9d10a.build_script_build.fe7ec452-cgu.9.rcgu.o" "/opt/rustwide/target/debug/build/parking_lot_core-2a79f18a44d9d10a/build_script_build-2a79f18a44d9d10a.2km8t1k7j44qetpw.rcgu.o" "-Wl,--as-needed" "-L" "/opt/rustwide/target/debug/deps" "-L" "/opt/rustwide/rustup-home/toolchains/1.69.0-x86_64-unknown-linux-gnu/lib/rustlib/x86_64-unknown-linux-gnu/lib" "-Wl,-Bstatic" "/opt/rustwide/rustup-home/toolchains/1.69.0-x86_64-unknown-linux-gnu/lib/rustlib/x86_64-unknown-linux-gnu/lib/libstd-89bc084783fdc439.rlib" "/opt/rustwide/rustup-home/toolchains/1.69.0-x86_64-unknown-linux-gnu/lib/rustlib/x86_64-unknown-linux-gnu/lib/libpanic_unwind-8bee4b287d4367c1.rlib" "/opt/rustwide/rustup-home/toolchains/1.69.0-x86_64-unknown-linux-gnu/lib/rustlib/x86_64-unknown-linux-gnu/lib/libobject-d61707aed80694c0.rlib" "/opt/rustwide/rustup-home/toolchains/1.69.0-x86_64-unknown-linux-gnu/lib/rustlib/x86_64-unknown-linux-gnu/lib/libmemchr-d85366256f22345b.rlib" "/opt/rustwide/rustup-home/toolchains/1.69.0-x86_64-unknown-linux-gnu/lib/rustlib/x86_64-unknown-linux-gnu/lib/libaddr2line-96069b86b8a8cae9.rlib" "/opt/rustwide/rustup-home/toolchains/1.69.0-x86_64-unknown-linux-gnu/lib/rustlib/x86_64-unknown-linux-gnu/lib/libgimli-d19d53abf68dfa6c.rlib" "/opt/rustwide/rustup-home/toolchains/1.69.0-x86_64-unknown-linux-gnu/lib/rustlib/x86_64-unknown-linux-gnu/lib/librustc_demangle-787cbccd19d64ac6.rlib" "/opt/rustwide/rustup-home/toolchains/1.69.0-x86_64-unknown-linux-gnu/lib/rustlib/x86_64-unknown-linux-gnu/lib/libstd_detect-b3837a36b830e0d0.rlib" "/opt/rustwide/rustup-home/toolchains/1.69.0-x86_64-unknown-linux-gnu/lib/rustlib/x86_64-unknown-linux-gnu/lib/libhashbrown-e3deb0e7e3f04966.rlib" "/opt/rustwide/rustup-home/toolchains/1.69.0-x86_64-unknown-linux-gnu/lib/rustlib/x86_64-unknown-linux-gnu/lib/libminiz_oxide-dabbb79c9815def4.rlib" "/opt/rustwide/rustup-home/toolchains/1.69.0-x86_64-unknown-linux-gnu/lib/rustlib/x86_64-unknown-linux-gnu/lib/libadler-305b01f34c9409f2.rlib" "/opt/rustwide/rustup-home/toolchains/1.69.0-x86_64-unknown-linux-gnu/lib/rustlib/x86_64-unknown-linux-gnu/lib/librustc_std_workspace_alloc-f833521df6074e73.rlib" "/opt/rustwide/rustup-home/toolchains/1.69.0-x86_64-unknown-linux-gnu/lib/rustlib/x86_64-unknown-linux-gnu/lib/libunwind-9ac333113350d171.rlib" "/opt/rustwide/rustup-home/toolchains/1.69.0-x86_64-unknown-linux-gnu/lib/rustlib/x86_64-unknown-linux-gnu/lib/libcfg_if-1c126114322d0eee.rlib" "/opt/rustwide/rustup-home/toolchains/1.69.0-x86_64-unknown-linux-gnu/lib/rustlib/x86_64-unknown-linux-gnu/lib/liblibc-bad9164fdeeecf92.rlib" "/opt/rustwide/rustup-home/toolchains/1.69.0-x86_64-unknown-linux-gnu/lib/rustlib/x86_64-unknown-linux-gnu/lib/liballoc-f9374b1e480fa681.rlib" "/opt/rustwide/rustup-home/toolchains/1.69.0-x86_64-unknown-linux-gnu/lib/rustlib/x86_64-unknown-linux-gnu/lib/librustc_std_workspace_core-207f06e41d9603af.rlib" "/opt/rustwide/rustup-home/toolchains/1.69.0-x86_64-unknown-linux-gnu/lib/rustlib/x86_64-unknown-linux-gnu/lib/libcore-7e2768e66e984e85.rlib" "/opt/rustwide/rustup-home/toolchains/1.69.0-x86_64-unknown-linux-gnu/lib/rustlib/x86_64-unknown-linux-gnu/lib/libcompiler_builtins-957b4aff41f8cd46.rlib" "-Wl,-Bdynamic" "-lgcc_s" "-lutil" "-lrt" "-lpthread" "-lm" "-ldl" "-lc" "-Wl,--eh-frame-hdr" "-Wl,-z,noexecstack" "-L" "/opt/rustwide/rustup-home/toolchains/1.69.0-x86_64-unknown-linux-gnu/lib/rustlib/x86_64-unknown-linux-gnu/lib" "-o" "/opt/rustwide/target/debug/build/parking_lot_core-2a79f18a44d9d10a/build_script_build-2a79f18a44d9d10a" "-Wl,--gc-sections" "-pie" "-Wl,-z,relro,-z,now" "-nodefaultlibs"
[INFO] [stdout]   = note: /usr/bin/ld: final link failed: No space left on device
[INFO] [stdout]           collect2: error: ld returned 1 exit status
[INFO] [stdout]           
[INFO] [stdout] 
[INFO] [stdout] 
[INFO] [stdout] error: aborting due to previous error
[INFO] [stdout] 
[INFO] [stdout] 
[INFO] [stderr] error: could not compile `getrandom` due to 2 previous errors
[INFO] [stdout] error: linking with `cc` failed: exit status: 1
[INFO] [stdout]   |
[INFO] [stdout]   = note: LC_ALL="C" PATH="/opt/rustwide/rustup-home/toolchains/1.69.0-x86_64-unknown-linux-gnu/lib/rustlib/x86_64-unknown-linux-gnu/bin:/opt/rustwide/cargo-home/bin:/usr/local/sbin:/usr/local/bin:/usr/sbin:/usr/bin:/sbin:/bin" VSLANG="1033" "cc" "-m64" "/tmp/rustc3b9tIC/symbols.o" "/opt/rustwide/target/debug/build/libc-82e55d45ef174139/build_script_build-82e55d45ef174139.build_script_build.65ea4a7b-cgu.0.rcgu.o" "/opt/rustwide/target/debug/build/libc-82e55d45ef174139/build_script_build-82e55d45ef174139.build_script_build.65ea4a7b-cgu.1.rcgu.o" "/opt/rustwide/target/debug/build/libc-82e55d45ef174139/build_script_build-82e55d45ef174139.build_script_build.65ea4a7b-cgu.10.rcgu.o" "/opt/rustwide/target/debug/build/libc-82e55d45ef174139/build_script_build-82e55d45ef174139.build_script_build.65ea4a7b-cgu.11.rcgu.o" "/opt/rustwide/target/debug/build/libc-82e55d45ef174139/build_script_build-82e55d45ef174139.build_script_build.65ea4a7b-cgu.12.rcgu.o" "/opt/rustwide/target/debug/build/libc-82e55d45ef174139/build_script_build-82e55d45ef174139.build_script_build.65ea4a7b-cgu.13.rcgu.o" "/opt/rustwide/target/debug/build/libc-82e55d45ef174139/build_script_build-82e55d45ef174139.build_script_build.65ea4a7b-cgu.14.rcgu.o" "/opt/rustwide/target/debug/build/libc-82e55d45ef174139/build_script_build-82e55d45ef174139.build_script_build.65ea4a7b-cgu.15.rcgu.o" "/opt/rustwide/target/debug/build/libc-82e55d45ef174139/build_script_build-82e55d45ef174139.build_script_build.65ea4a7b-cgu.2.rcgu.o" "/opt/rustwide/target/debug/build/libc-82e55d45ef174139/build_script_build-82e55d45ef174139.build_script_build.65ea4a7b-cgu.3.rcgu.o" "/opt/rustwide/target/debug/build/libc-82e55d45ef174139/build_script_build-82e55d45ef174139.build_script_build.65ea4a7b-cgu.4.rcgu.o" "/opt/rustwide/target/debug/build/libc-82e55d45ef174139/build_script_build-82e55d45ef174139.build_script_build.65ea4a7b-cgu.5.rcgu.o" "/opt/rustwide/target/debug/build/libc-82e55d45ef174139/build_script_build-82e55d45ef174139.build_script_build.65ea4a7b-cgu.6.rcgu.o" "/opt/rustwide/target/debug/build/libc-82e55d45ef174139/build_script_build-82e55d45ef174139.build_script_build.65ea4a7b-cgu.7.rcgu.o" "/opt/rustwide/target/debug/build/libc-82e55d45ef174139/build_script_build-82e55d45ef174139.build_script_build.65ea4a7b-cgu.8.rcgu.o" "/opt/rustwide/target/debug/build/libc-82e55d45ef174139/build_script_build-82e55d45ef174139.build_script_build.65ea4a7b-cgu.9.rcgu.o" "/opt/rustwide/target/debug/build/libc-82e55d45ef174139/build_script_build-82e55d45ef174139.4zl9mu11kbgxpsyl.rcgu.o" "-Wl,--as-needed" "-L" "/opt/rustwide/target/debug/deps" "-L" "/opt/rustwide/rustup-home/toolchains/1.69.0-x86_64-unknown-linux-gnu/lib/rustlib/x86_64-unknown-linux-gnu/lib" "-Wl,-Bstatic" "/opt/rustwide/rustup-home/toolchains/1.69.0-x86_64-unknown-linux-gnu/lib/rustlib/x86_64-unknown-linux-gnu/lib/libstd-89bc084783fdc439.rlib" "/opt/rustwide/rustup-home/toolchains/1.69.0-x86_64-unknown-linux-gnu/lib/rustlib/x86_64-unknown-linux-gnu/lib/libpanic_unwind-8bee4b287d4367c1.rlib" "/opt/rustwide/rustup-home/toolchains/1.69.0-x86_64-unknown-linux-gnu/lib/rustlib/x86_64-unknown-linux-gnu/lib/libobject-d61707aed80694c0.rlib" "/opt/rustwide/rustup-home/toolchains/1.69.0-x86_64-unknown-linux-gnu/lib/rustlib/x86_64-unknown-linux-gnu/lib/libmemchr-d85366256f22345b.rlib" "/opt/rustwide/rustup-home/toolchains/1.69.0-x86_64-unknown-linux-gnu/lib/rustlib/x86_64-unknown-linux-gnu/lib/libaddr2line-96069b86b8a8cae9.rlib" "/opt/rustwide/rustup-home/toolchains/1.69.0-x86_64-unknown-linux-gnu/lib/rustlib/x86_64-unknown-linux-gnu/lib/libgimli-d19d53abf68dfa6c.rlib" "/opt/rustwide/rustup-home/toolchains/1.69.0-x86_64-unknown-linux-gnu/lib/rustlib/x86_64-unknown-linux-gnu/lib/librustc_demangle-787cbccd19d64ac6.rlib" "/opt/rustwide/rustup-home/toolchains/1.69.0-x86_64-unknown-linux-gnu/lib/rustlib/x86_64-unknown-linux-gnu/lib/libstd_detect-b3837a36b830e0d0.rlib" "/opt/rustwide/rustup-home/toolchains/1.69.0-x86_64-unknown-linux-gnu/lib/rustlib/x86_64-unknown-linux-gnu/lib/libhashbrown-e3deb0e7e3f04966.rlib" "/opt/rustwide/rustup-home/toolchains/1.69.0-x86_64-unknown-linux-gnu/lib/rustlib/x86_64-unknown-linux-gnu/lib/libminiz_oxide-dabbb79c9815def4.rlib" "/opt/rustwide/rustup-home/toolchains/1.69.0-x86_64-unknown-linux-gnu/lib/rustlib/x86_64-unknown-linux-gnu/lib/libadler-305b01f34c9409f2.rlib" "/opt/rustwide/rustup-home/toolchains/1.69.0-x86_64-unknown-linux-gnu/lib/rustlib/x86_64-unknown-linux-gnu/lib/librustc_std_workspace_alloc-f833521df6074e73.rlib" "/opt/rustwide/rustup-home/toolchains/1.69.0-x86_64-unknown-linux-gnu/lib/rustlib/x86_64-unknown-linux-gnu/lib/libunwind-9ac333113350d171.rlib" "/opt/rustwide/rustup-home/toolchains/1.69.0-x86_64-unknown-linux-gnu/lib/rustlib/x86_64-unknown-linux-gnu/lib/libcfg_if-1c126114322d0eee.rlib" "/opt/rustwide/rustup-home/toolchains/1.69.0-x86_64-unknown-linux-gnu/lib/rustlib/x86_64-unknown-linux-gnu/lib/liblibc-bad9164fdeeecf92.rlib" "/opt/rustwide/rustup-home/toolchains/1.69.0-x86_64-unknown-linux-gnu/lib/rustlib/x86_64-unknown-linux-gnu/lib/liballoc-f9374b1e480fa681.rlib" "/opt/rustwide/rustup-home/toolchains/1.69.0-x86_64-unknown-linux-gnu/lib/rustlib/x86_64-unknown-linux-gnu/lib/librustc_std_workspace_core-207f06e41d9603af.rlib" "/opt/rustwide/rustup-home/toolchains/1.69.0-x86_64-unknown-linux-gnu/lib/rustlib/x86_64-unknown-linux-gnu/lib/libcore-7e2768e66e984e85.rlib" "/opt/rustwide/rustup-home/toolchains/1.69.0-x86_64-unknown-linux-gnu/lib/rustlib/x86_64-unknown-linux-gnu/lib/libcompiler_builtins-957b4aff41f8cd46.rlib" "-Wl,-Bdynamic" "-lgcc_s" "-lutil" "-lrt" "-lpthread" "-lm" "-ldl" "-lc" "-Wl,--eh-frame-hdr" "-Wl,-z,noexecstack" "-L" "/opt/rustwide/rustup-home/toolchains/1.69.0-x86_64-unknown-linux-gnu/lib/rustlib/x86_64-unknown-linux-gnu/lib" "-o" "/opt/rustwide/target/debug/build/libc-82e55d45ef174139/build_script_build-82e55d45ef174139" "-Wl,--gc-sections" "-pie" "-Wl,-z,relro,-z,now" "-nodefaultlibs"
[INFO] [stdout]   = note: /usr/bin/ld: final link failed: No space left on device
[INFO] [stdout]           collect2: error: ld returned 1 exit status
[INFO] [stdout]           
[INFO] [stdout] 
[INFO] [stdout] 
[INFO] [stdout] error: aborting due to previous error
[INFO] [stdout] 
[INFO] [stdout] 
[INFO] [stderr] error: could not compile `parking_lot_core` due to 2 previous errors
[INFO] [stderr] error: could not compile `libc` due to 2 previous errors
[INFO] [stdout] error: linking with `cc` failed: exit status: 1
[INFO] [stdout]   |
[INFO] [stdout]   = note: LC_ALL="C" PATH="/opt/rustwide/rustup-home/toolchains/1.69.0-x86_64-unknown-linux-gnu/lib/rustlib/x86_64-unknown-linux-gnu/bin:/opt/rustwide/cargo-home/bin:/usr/local/sbin:/usr/local/bin:/usr/sbin:/usr/bin:/sbin:/bin" VSLANG="1033" "cc" "-m64" "/tmp/rustciGZHbc/symbols.o" "/opt/rustwide/target/debug/build/proc-macro2-1835416099808985/build_script_build-1835416099808985.build_script_build.951e1940-cgu.0.rcgu.o" "/opt/rustwide/target/debug/build/proc-macro2-1835416099808985/build_script_build-1835416099808985.build_script_build.951e1940-cgu.1.rcgu.o" "/opt/rustwide/target/debug/build/proc-macro2-1835416099808985/build_script_build-1835416099808985.build_script_build.951e1940-cgu.10.rcgu.o" "/opt/rustwide/target/debug/build/proc-macro2-1835416099808985/build_script_build-1835416099808985.build_script_build.951e1940-cgu.11.rcgu.o" "/opt/rustwide/target/debug/build/proc-macro2-1835416099808985/build_script_build-1835416099808985.build_script_build.951e1940-cgu.12.rcgu.o" "/opt/rustwide/target/debug/build/proc-macro2-1835416099808985/build_script_build-1835416099808985.build_script_build.951e1940-cgu.13.rcgu.o" "/opt/rustwide/target/debug/build/proc-macro2-1835416099808985/build_script_build-1835416099808985.build_script_build.951e1940-cgu.14.rcgu.o" "/opt/rustwide/target/debug/build/proc-macro2-1835416099808985/build_script_build-1835416099808985.build_script_build.951e1940-cgu.15.rcgu.o" "/opt/rustwide/target/debug/build/proc-macro2-1835416099808985/build_script_build-1835416099808985.build_script_build.951e1940-cgu.2.rcgu.o" "/opt/rustwide/target/debug/build/proc-macro2-1835416099808985/build_script_build-1835416099808985.build_script_build.951e1940-cgu.3.rcgu.o" "/opt/rustwide/target/debug/build/proc-macro2-1835416099808985/build_script_build-1835416099808985.build_script_build.951e1940-cgu.4.rcgu.o" "/opt/rustwide/target/debug/build/proc-macro2-1835416099808985/build_script_build-1835416099808985.build_script_build.951e1940-cgu.5.rcgu.o" "/opt/rustwide/target/debug/build/proc-macro2-1835416099808985/build_script_build-1835416099808985.build_script_build.951e1940-cgu.6.rcgu.o" "/opt/rustwide/target/debug/build/proc-macro2-1835416099808985/build_script_build-1835416099808985.build_script_build.951e1940-cgu.7.rcgu.o" "/opt/rustwide/target/debug/build/proc-macro2-1835416099808985/build_script_build-1835416099808985.build_script_build.951e1940-cgu.8.rcgu.o" "/opt/rustwide/target/debug/build/proc-macro2-1835416099808985/build_script_build-1835416099808985.build_script_build.951e1940-cgu.9.rcgu.o" "/opt/rustwide/target/debug/build/proc-macro2-1835416099808985/build_script_build-1835416099808985.19jyj6h9vt22d8yg.rcgu.o" "-Wl,--as-needed" "-L" "/opt/rustwide/target/debug/deps" "-L" "/opt/rustwide/rustup-home/toolchains/1.69.0-x86_64-unknown-linux-gnu/lib/rustlib/x86_64-unknown-linux-gnu/lib" "-Wl,-Bstatic" "/opt/rustwide/rustup-home/toolchains/1.69.0-x86_64-unknown-linux-gnu/lib/rustlib/x86_64-unknown-linux-gnu/lib/libstd-89bc084783fdc439.rlib" "/opt/rustwide/rustup-home/toolchains/1.69.0-x86_64-unknown-linux-gnu/lib/rustlib/x86_64-unknown-linux-gnu/lib/libpanic_unwind-8bee4b287d4367c1.rlib" "/opt/rustwide/rustup-home/toolchains/1.69.0-x86_64-unknown-linux-gnu/lib/rustlib/x86_64-unknown-linux-gnu/lib/libobject-d61707aed80694c0.rlib" "/opt/rustwide/rustup-home/toolchains/1.69.0-x86_64-unknown-linux-gnu/lib/rustlib/x86_64-unknown-linux-gnu/lib/libmemchr-d85366256f22345b.rlib" "/opt/rustwide/rustup-home/toolchains/1.69.0-x86_64-unknown-linux-gnu/lib/rustlib/x86_64-unknown-linux-gnu/lib/libaddr2line-96069b86b8a8cae9.rlib" "/opt/rustwide/rustup-home/toolchains/1.69.0-x86_64-unknown-linux-gnu/lib/rustlib/x86_64-unknown-linux-gnu/lib/libgimli-d19d53abf68dfa6c.rlib" "/opt/rustwide/rustup-home/toolchains/1.69.0-x86_64-unknown-linux-gnu/lib/rustlib/x86_64-unknown-linux-gnu/lib/librustc_demangle-787cbccd19d64ac6.rlib" "/opt/rustwide/rustup-home/toolchains/1.69.0-x86_64-unknown-linux-gnu/lib/rustlib/x86_64-unknown-linux-gnu/lib/libstd_detect-b3837a36b830e0d0.rlib" "/opt/rustwide/rustup-home/toolchains/1.69.0-x86_64-unknown-linux-gnu/lib/rustlib/x86_64-unknown-linux-gnu/lib/libhashbrown-e3deb0e7e3f04966.rlib" "/opt/rustwide/rustup-home/toolchains/1.69.0-x86_64-unknown-linux-gnu/lib/rustlib/x86_64-unknown-linux-gnu/lib/libminiz_oxide-dabbb79c9815def4.rlib" "/opt/rustwide/rustup-home/toolchains/1.69.0-x86_64-unknown-linux-gnu/lib/rustlib/x86_64-unknown-linux-gnu/lib/libadler-305b01f34c9409f2.rlib" "/opt/rustwide/rustup-home/toolchains/1.69.0-x86_64-unknown-linux-gnu/lib/rustlib/x86_64-unknown-linux-gnu/lib/librustc_std_workspace_alloc-f833521df6074e73.rlib" "/opt/rustwide/rustup-home/toolchains/1.69.0-x86_64-unknown-linux-gnu/lib/rustlib/x86_64-unknown-linux-gnu/lib/libunwind-9ac333113350d171.rlib" "/opt/rustwide/rustup-home/toolchains/1.69.0-x86_64-unknown-linux-gnu/lib/rustlib/x86_64-unknown-linux-gnu/lib/libcfg_if-1c126114322d0eee.rlib" "/opt/rustwide/rustup-home/toolchains/1.69.0-x86_64-unknown-linux-gnu/lib/rustlib/x86_64-unknown-linux-gnu/lib/liblibc-bad9164fdeeecf92.rlib" "/opt/rustwide/rustup-home/toolchains/1.69.0-x86_64-unknown-linux-gnu/lib/rustlib/x86_64-unknown-linux-gnu/lib/liballoc-f9374b1e480fa681.rlib" "/opt/rustwide/rustup-home/toolchains/1.69.0-x86_64-unknown-linux-gnu/lib/rustlib/x86_64-unknown-linux-gnu/lib/librustc_std_workspace_core-207f06e41d9603af.rlib" "/opt/rustwide/rustup-home/toolchains/1.69.0-x86_64-unknown-linux-gnu/lib/rustlib/x86_64-unknown-linux-gnu/lib/libcore-7e2768e66e984e85.rlib" "/opt/rustwide/rustup-home/toolchains/1.69.0-x86_64-unknown-linux-gnu/lib/rustlib/x86_64-unknown-linux-gnu/lib/libcompiler_builtins-957b4aff41f8cd46.rlib" "-Wl,-Bdynamic" "-lgcc_s" "-lutil" "-lrt" "-lpthread" "-lm" "-ldl" "-lc" "-Wl,--eh-frame-hdr" "-Wl,-z,noexecstack" "-L" "/opt/rustwide/rustup-home/toolchains/1.69.0-x86_64-unknown-linux-gnu/lib/rustlib/x86_64-unknown-linux-gnu/lib" "-o" "/opt/rustwide/target/debug/build/proc-macro2-1835416099808985/build_script_build-1835416099808985" "-Wl,--gc-sections" "-pie" "-Wl,-z,relro,-z,now" "-nodefaultlibs"
[INFO] [stdout]   = note: /usr/bin/ld: final link failed: No space left on device
[INFO] [stdout]           collect2: error: ld returned 1 exit status
[INFO] [stdout]           
[INFO] [stdout] 
[INFO] [stdout] 
[INFO] [stdout] error: aborting due to previous error
[INFO] [stdout] 
[INFO] [stdout] 
[INFO] [stdout] error: linking with `cc` failed: exit status: 1
[INFO] [stdout]   |
[INFO] [stdout]   = note: LC_ALL="C" PATH="/opt/rustwide/rustup-home/toolchains/1.69.0-x86_64-unknown-linux-gnu/lib/rustlib/x86_64-unknown-linux-gnu/bin:/opt/rustwide/cargo-home/bin:/usr/local/sbin:/usr/local/bin:/usr/sbin:/usr/bin:/sbin:/bin" VSLANG="1033" "cc" "-m64" "/tmp/rustc11QYFF/symbols.o" "/opt/rustwide/target/debug/build/libc-4b2a6a63cd89a90c/build_script_build-4b2a6a63cd89a90c.build_script_build.bd7e0df2-cgu.0.rcgu.o" "/opt/rustwide/target/debug/build/libc-4b2a6a63cd89a90c/build_script_build-4b2a6a63cd89a90c.build_script_build.bd7e0df2-cgu.1.rcgu.o" "/opt/rustwide/target/debug/build/libc-4b2a6a63cd89a90c/build_script_build-4b2a6a63cd89a90c.build_script_build.bd7e0df2-cgu.10.rcgu.o" "/opt/rustwide/target/debug/build/libc-4b2a6a63cd89a90c/build_script_build-4b2a6a63cd89a90c.build_script_build.bd7e0df2-cgu.11.rcgu.o" "/opt/rustwide/target/debug/build/libc-4b2a6a63cd89a90c/build_script_build-4b2a6a63cd89a90c.build_script_build.bd7e0df2-cgu.12.rcgu.o" "/opt/rustwide/target/debug/build/libc-4b2a6a63cd89a90c/build_script_build-4b2a6a63cd89a90c.build_script_build.bd7e0df2-cgu.13.rcgu.o" "/opt/rustwide/target/debug/build/libc-4b2a6a63cd89a90c/build_script_build-4b2a6a63cd89a90c.build_script_build.bd7e0df2-cgu.14.rcgu.o" "/opt/rustwide/target/debug/build/libc-4b2a6a63cd89a90c/build_script_build-4b2a6a63cd89a90c.build_script_build.bd7e0df2-cgu.15.rcgu.o" "/opt/rustwide/target/debug/build/libc-4b2a6a63cd89a90c/build_script_build-4b2a6a63cd89a90c.build_script_build.bd7e0df2-cgu.2.rcgu.o" "/opt/rustwide/target/debug/build/libc-4b2a6a63cd89a90c/build_script_build-4b2a6a63cd89a90c.build_script_build.bd7e0df2-cgu.3.rcgu.o" "/opt/rustwide/target/debug/build/libc-4b2a6a63cd89a90c/build_script_build-4b2a6a63cd89a90c.build_script_build.bd7e0df2-cgu.4.rcgu.o" "/opt/rustwide/target/debug/build/libc-4b2a6a63cd89a90c/build_script_build-4b2a6a63cd89a90c.build_script_build.bd7e0df2-cgu.5.rcgu.o" "/opt/rustwide/target/debug/build/libc-4b2a6a63cd89a90c/build_script_build-4b2a6a63cd89a90c.build_script_build.bd7e0df2-cgu.6.rcgu.o" "/opt/rustwide/target/debug/build/libc-4b2a6a63cd89a90c/build_script_build-4b2a6a63cd89a90c.build_script_build.bd7e0df2-cgu.7.rcgu.o" "/opt/rustwide/target/debug/build/libc-4b2a6a63cd89a90c/build_script_build-4b2a6a63cd89a90c.build_script_build.bd7e0df2-cgu.8.rcgu.o" "/opt/rustwide/target/debug/build/libc-4b2a6a63cd89a90c/build_script_build-4b2a6a63cd89a90c.build_script_build.bd7e0df2-cgu.9.rcgu.o" "/opt/rustwide/target/debug/build/libc-4b2a6a63cd89a90c/build_script_build-4b2a6a63cd89a90c.27fth4vfm3bmzmc4.rcgu.o" "-Wl,--as-needed" "-L" "/opt/rustwide/target/debug/deps" "-L" "/opt/rustwide/rustup-home/toolchains/1.69.0-x86_64-unknown-linux-gnu/lib/rustlib/x86_64-unknown-linux-gnu/lib" "-Wl,-Bstatic" "/opt/rustwide/rustup-home/toolchains/1.69.0-x86_64-unknown-linux-gnu/lib/rustlib/x86_64-unknown-linux-gnu/lib/libstd-89bc084783fdc439.rlib" "/opt/rustwide/rustup-home/toolchains/1.69.0-x86_64-unknown-linux-gnu/lib/rustlib/x86_64-unknown-linux-gnu/lib/libpanic_unwind-8bee4b287d4367c1.rlib" "/opt/rustwide/rustup-home/toolchains/1.69.0-x86_64-unknown-linux-gnu/lib/rustlib/x86_64-unknown-linux-gnu/lib/libobject-d61707aed80694c0.rlib" "/opt/rustwide/rustup-home/toolchains/1.69.0-x86_64-unknown-linux-gnu/lib/rustlib/x86_64-unknown-linux-gnu/lib/libmemchr-d85366256f22345b.rlib" "/opt/rustwide/rustup-home/toolchains/1.69.0-x86_64-unknown-linux-gnu/lib/rustlib/x86_64-unknown-linux-gnu/lib/libaddr2line-96069b86b8a8cae9.rlib" "/opt/rustwide/rustup-home/toolchains/1.69.0-x86_64-unknown-linux-gnu/lib/rustlib/x86_64-unknown-linux-gnu/lib/libgimli-d19d53abf68dfa6c.rlib" "/opt/rustwide/rustup-home/toolchains/1.69.0-x86_64-unknown-linux-gnu/lib/rustlib/x86_64-unknown-linux-gnu/lib/librustc_demangle-787cbccd19d64ac6.rlib" "/opt/rustwide/rustup-home/toolchains/1.69.0-x86_64-unknown-linux-gnu/lib/rustlib/x86_64-unknown-linux-gnu/lib/libstd_detect-b3837a36b830e0d0.rlib" "/opt/rustwide/rustup-home/toolchains/1.69.0-x86_64-unknown-linux-gnu/lib/rustlib/x86_64-unknown-linux-gnu/lib/libhashbrown-e3deb0e7e3f04966.rlib" "/opt/rustwide/rustup-home/toolchains/1.69.0-x86_64-unknown-linux-gnu/lib/rustlib/x86_64-unknown-linux-gnu/lib/libminiz_oxide-dabbb79c9815def4.rlib" "/opt/rustwide/rustup-home/toolchains/1.69.0-x86_64-unknown-linux-gnu/lib/rustlib/x86_64-unknown-linux-gnu/lib/libadler-305b01f34c9409f2.rlib" "/opt/rustwide/rustup-home/toolchains/1.69.0-x86_64-unknown-linux-gnu/lib/rustlib/x86_64-unknown-linux-gnu/lib/librustc_std_workspace_alloc-f833521df6074e73.rlib" "/opt/rustwide/rustup-home/toolchains/1.69.0-x86_64-unknown-linux-gnu/lib/rustlib/x86_64-unknown-linux-gnu/lib/libunwind-9ac333113350d171.rlib" "/opt/rustwide/rustup-home/toolchains/1.69.0-x86_64-unknown-linux-gnu/lib/rustlib/x86_64-unknown-linux-gnu/lib/libcfg_if-1c126114322d0eee.rlib" "/opt/rustwide/rustup-home/toolchains/1.69.0-x86_64-unknown-linux-gnu/lib/rustlib/x86_64-unknown-linux-gnu/lib/liblibc-bad9164fdeeecf92.rlib" "/opt/rustwide/rustup-home/toolchains/1.69.0-x86_64-unknown-linux-gnu/lib/rustlib/x86_64-unknown-linux-gnu/lib/liballoc-f9374b1e480fa681.rlib" "/opt/rustwide/rustup-home/toolchains/1.69.0-x86_64-unknown-linux-gnu/lib/rustlib/x86_64-unknown-linux-gnu/lib/librustc_std_workspace_core-207f06e41d9603af.rlib" "/opt/rustwide/rustup-home/toolchains/1.69.0-x86_64-unknown-linux-gnu/lib/rustlib/x86_64-unknown-linux-gnu/lib/libcore-7e2768e66e984e85.rlib" "/opt/rustwide/rustup-home/toolchains/1.69.0-x86_64-unknown-linux-gnu/lib/rustlib/x86_64-unknown-linux-gnu/lib/libcompiler_builtins-957b4aff41f8cd46.rlib" "-Wl,-Bdynamic" "-lgcc_s" "-lutil" "-lrt" "-lpthread" "-lm" "-ldl" "-lc" "-Wl,--eh-frame-hdr" "-Wl,-z,noexecstack" "-L" "/opt/rustwide/rustup-home/toolchains/1.69.0-x86_64-unknown-linux-gnu/lib/rustlib/x86_64-unknown-linux-gnu/lib" "-o" "/opt/rustwide/target/debug/build/libc-4b2a6a63cd89a90c/build_script_build-4b2a6a63cd89a90c" "-Wl,--gc-sections" "-pie" "-Wl,-z,relro,-z,now" "-nodefaultlibs"
[INFO] [stdout]   = note: /usr/bin/ld: final link failed: No space left on device
[INFO] [stdout]           collect2: error: ld returned 1 exit status
[INFO] [stdout]           
[INFO] [stdout] 
[INFO] [stdout] 
[INFO] [stdout] error: aborting due to previous error
[INFO] [stdout] 
[INFO] [stdout] 
[INFO] [stdout] error: linking with `cc` failed: exit status: 1
[INFO] [stdout]   |
[INFO] [stdout]   = note: LC_ALL="C" PATH="/opt/rustwide/rustup-home/toolchains/1.69.0-x86_64-unknown-linux-gnu/lib/rustlib/x86_64-unknown-linux-gnu/bin:/opt/rustwide/cargo-home/bin:/usr/local/sbin:/usr/local/bin:/usr/sbin:/usr/bin:/sbin:/bin" VSLANG="1033" "cc" "-m64" "/tmp/rustc6UOXvA/symbols.o" "/opt/rustwide/target/debug/build/syn-f2e3d1f4c8e046e3/build_script_build-f2e3d1f4c8e046e3.build_script_build.48c577ea-cgu.0.rcgu.o" "/opt/rustwide/target/debug/build/syn-f2e3d1f4c8e046e3/build_script_build-f2e3d1f4c8e046e3.build_script_build.48c577ea-cgu.1.rcgu.o" "/opt/rustwide/target/debug/build/syn-f2e3d1f4c8e046e3/build_script_build-f2e3d1f4c8e046e3.build_script_build.48c577ea-cgu.10.rcgu.o" "/opt/rustwide/target/debug/build/syn-f2e3d1f4c8e046e3/build_script_build-f2e3d1f4c8e046e3.build_script_build.48c577ea-cgu.11.rcgu.o" "/opt/rustwide/target/debug/build/syn-f2e3d1f4c8e046e3/build_script_build-f2e3d1f4c8e046e3.build_script_build.48c577ea-cgu.12.rcgu.o" "/opt/rustwide/target/debug/build/syn-f2e3d1f4c8e046e3/build_script_build-f2e3d1f4c8e046e3.build_script_build.48c577ea-cgu.13.rcgu.o" "/opt/rustwide/target/debug/build/syn-f2e3d1f4c8e046e3/build_script_build-f2e3d1f4c8e046e3.build_script_build.48c577ea-cgu.14.rcgu.o" "/opt/rustwide/target/debug/build/syn-f2e3d1f4c8e046e3/build_script_build-f2e3d1f4c8e046e3.build_script_build.48c577ea-cgu.15.rcgu.o" "/opt/rustwide/target/debug/build/syn-f2e3d1f4c8e046e3/build_script_build-f2e3d1f4c8e046e3.build_script_build.48c577ea-cgu.2.rcgu.o" "/opt/rustwide/target/debug/build/syn-f2e3d1f4c8e046e3/build_script_build-f2e3d1f4c8e046e3.build_script_build.48c577ea-cgu.3.rcgu.o" "/opt/rustwide/target/debug/build/syn-f2e3d1f4c8e046e3/build_script_build-f2e3d1f4c8e046e3.build_script_build.48c577ea-cgu.4.rcgu.o" "/opt/rustwide/target/debug/build/syn-f2e3d1f4c8e046e3/build_script_build-f2e3d1f4c8e046e3.build_script_build.48c577ea-cgu.5.rcgu.o" "/opt/rustwide/target/debug/build/syn-f2e3d1f4c8e046e3/build_script_build-f2e3d1f4c8e046e3.build_script_build.48c577ea-cgu.6.rcgu.o" "/opt/rustwide/target/debug/build/syn-f2e3d1f4c8e046e3/build_script_build-f2e3d1f4c8e046e3.build_script_build.48c577ea-cgu.7.rcgu.o" "/opt/rustwide/target/debug/build/syn-f2e3d1f4c8e046e3/build_script_build-f2e3d1f4c8e046e3.build_script_build.48c577ea-cgu.8.rcgu.o" "/opt/rustwide/target/debug/build/syn-f2e3d1f4c8e046e3/build_script_build-f2e3d1f4c8e046e3.build_script_build.48c577ea-cgu.9.rcgu.o" "/opt/rustwide/target/debug/build/syn-f2e3d1f4c8e046e3/build_script_build-f2e3d1f4c8e046e3.1zh0ht03p82cusv0.rcgu.o" "-Wl,--as-needed" "-L" "/opt/rustwide/target/debug/deps" "-L" "/opt/rustwide/rustup-home/toolchains/1.69.0-x86_64-unknown-linux-gnu/lib/rustlib/x86_64-unknown-linux-gnu/lib" "-Wl,-Bstatic" "/opt/rustwide/rustup-home/toolchains/1.69.0-x86_64-unknown-linux-gnu/lib/rustlib/x86_64-unknown-linux-gnu/lib/libstd-89bc084783fdc439.rlib" "/opt/rustwide/rustup-home/toolchains/1.69.0-x86_64-unknown-linux-gnu/lib/rustlib/x86_64-unknown-linux-gnu/lib/libpanic_unwind-8bee4b287d4367c1.rlib" "/opt/rustwide/rustup-home/toolchains/1.69.0-x86_64-unknown-linux-gnu/lib/rustlib/x86_64-unknown-linux-gnu/lib/libobject-d61707aed80694c0.rlib" "/opt/rustwide/rustup-home/toolchains/1.69.0-x86_64-unknown-linux-gnu/lib/rustlib/x86_64-unknown-linux-gnu/lib/libmemchr-d85366256f22345b.rlib" "/opt/rustwide/rustup-home/toolchains/1.69.0-x86_64-unknown-linux-gnu/lib/rustlib/x86_64-unknown-linux-gnu/lib/libaddr2line-96069b86b8a8cae9.rlib" "/opt/rustwide/rustup-home/toolchains/1.69.0-x86_64-unknown-linux-gnu/lib/rustlib/x86_64-unknown-linux-gnu/lib/libgimli-d19d53abf68dfa6c.rlib" "/opt/rustwide/rustup-home/toolchains/1.69.0-x86_64-unknown-linux-gnu/lib/rustlib/x86_64-unknown-linux-gnu/lib/librustc_demangle-787cbccd19d64ac6.rlib" "/opt/rustwide/rustup-home/toolchains/1.69.0-x86_64-unknown-linux-gnu/lib/rustlib/x86_64-unknown-linux-gnu/lib/libstd_detect-b3837a36b830e0d0.rlib" "/opt/rustwide/rustup-home/toolchains/1.69.0-x86_64-unknown-linux-gnu/lib/rustlib/x86_64-unknown-linux-gnu/lib/libhashbrown-e3deb0e7e3f04966.rlib" "/opt/rustwide/rustup-home/toolchains/1.69.0-x86_64-unknown-linux-gnu/lib/rustlib/x86_64-unknown-linux-gnu/lib/libminiz_oxide-dabbb79c9815def4.rlib" "/opt/rustwide/rustup-home/toolchains/1.69.0-x86_64-unknown-linux-gnu/lib/rustlib/x86_64-unknown-linux-gnu/lib/libadler-305b01f34c9409f2.rlib" "/opt/rustwide/rustup-home/toolchains/1.69.0-x86_64-unknown-linux-gnu/lib/rustlib/x86_64-unknown-linux-gnu/lib/librustc_std_workspace_alloc-f833521df6074e73.rlib" "/opt/rustwide/rustup-home/toolchains/1.69.0-x86_64-unknown-linux-gnu/lib/rustlib/x86_64-unknown-linux-gnu/lib/libunwind-9ac333113350d171.rlib" "/opt/rustwide/rustup-home/toolchains/1.69.0-x86_64-unknown-linux-gnu/lib/rustlib/x86_64-unknown-linux-gnu/lib/libcfg_if-1c126114322d0eee.rlib" "/opt/rustwide/rustup-home/toolchains/1.69.0-x86_64-unknown-linux-gnu/lib/rustlib/x86_64-unknown-linux-gnu/lib/liblibc-bad9164fdeeecf92.rlib" "/opt/rustwide/rustup-home/toolchains/1.69.0-x86_64-unknown-linux-gnu/lib/rustlib/x86_64-unknown-linux-gnu/lib/liballoc-f9374b1e480fa681.rlib" "/opt/rustwide/rustup-home/toolchains/1.69.0-x86_64-unknown-linux-gnu/lib/rustlib/x86_64-unknown-linux-gnu/lib/librustc_std_workspace_core-207f06e41d9603af.rlib" "/opt/rustwide/rustup-home/toolchains/1.69.0-x86_64-unknown-linux-gnu/lib/rustlib/x86_64-unknown-linux-gnu/lib/libcore-7e2768e66e984e85.rlib" "/opt/rustwide/rustup-home/toolchains/1.69.0-x86_64-unknown-linux-gnu/lib/rustlib/x86_64-unknown-linux-gnu/lib/libcompiler_builtins-957b4aff41f8cd46.rlib" "-Wl,-Bdynamic" "-lgcc_s" "-lutil" "-lrt" "-lpthread" "-lm" "-ldl" "-lc" "-Wl,--eh-frame-hdr" "-Wl,-z,noexecstack" "-L" "/opt/rustwide/rustup-home/toolchains/1.69.0-x86_64-unknown-linux-gnu/lib/rustlib/x86_64-unknown-linux-gnu/lib" "-o" "/opt/rustwide/target/debug/build/syn-f2e3d1f4c8e046e3/build_script_build-f2e3d1f4c8e046e3" "-Wl,--gc-sections" "-pie" "-Wl,-z,relro,-z,now" "-nodefaultlibs"
[INFO] [stdout]   = note: /usr/bin/ld: final link failed: No space left on device
[INFO] [stdout]           collect2: error: ld returned 1 exit status
[INFO] [stdout]           
[INFO] [stdout] 
[INFO] [stdout] 
[INFO] [stdout] error: aborting due to previous error
[INFO] [stdout] 
[INFO] [stdout] 
[INFO] [stderr] error: could not compile `proc-macro2` due to 2 previous errors
[INFO] [stderr] error: could not compile `libc` due to 2 previous errors
[INFO] [stderr] error: could not compile `syn` due to 2 previous errors
[INFO] [stderr] LLVM ERROR: IO failure on output stream: No space left on device
[INFO] [stderr] thread 'rustc' panicked at 'assertion failed: pos.get() <= self.position()', compiler/rustc_metadata/src/rmeta/encoder.rs:435:9
[INFO] [stderr] error: could not compile `pkg-config`
[INFO] [stderr] error: could not compile `ppv-lite86`
[INFO] [stderr] thread 'rustc' panicked at 'assertion failed: pos.get() <= self.position()', compiler/rustc_metadata/src/rmeta/encoder.rs:435:9
[INFO] [stderr] error: could not compile `bytes`
[INFO] [stderr] LLVM ERROR: IO failure on output stream: No space left on device
[INFO] [stderr] error: could not compile `cc`
[INFO] running `Command { std: "docker" "inspect" "bde11a39b51dd54e945565824996dcc121a9a0af405144c9d1bc4fe776b95461", kill_on_drop: false }`
[INFO] running `Command { std: "docker" "rm" "-f" "bde11a39b51dd54e945565824996dcc121a9a0af405144c9d1bc4fe776b95461", kill_on_drop: false }`
[INFO] [stdout] bde11a39b51dd54e945565824996dcc121a9a0af405144c9d1bc4fe776b95461
