[INFO] cloning repository https://github.com/z330789559/ccm-start
[INFO] running `Command { std: "git" "-c" "credential.helper=" "-c" "credential.helper=/workspace/cargo-home/bin/git-credential-null" "clone" "--bare" "https://github.com/z330789559/ccm-start" "/workspace/cache/git-repos/https%3A%2F%2Fgithub.com%2Fz330789559%2Fccm-start", kill_on_drop: false }`
[INFO] [stderr] Cloning into bare repository '/workspace/cache/git-repos/https%3A%2F%2Fgithub.com%2Fz330789559%2Fccm-start'...
[INFO] running `Command { std: "git" "rev-parse" "HEAD", kill_on_drop: false }`
[INFO] [stdout] 67fca81caa441bd5f46645c07704c04e6c2d4100
[INFO] documenting z330789559/ccm-start against 1.69.0 for beta-1.70-rustdoc-1
[INFO] running `Command { std: "git" "clone" "/workspace/cache/git-repos/https%3A%2F%2Fgithub.com%2Fz330789559%2Fccm-start" "/workspace/builds/worker-4-tc1/source", kill_on_drop: false }`
[INFO] [stderr] Cloning into '/workspace/builds/worker-4-tc1/source'...
[INFO] [stderr] done.
[INFO] validating manifest of git repo https://github.com/z330789559/ccm-start on toolchain 1.69.0
[INFO] running `Command { std: CARGO_HOME="/workspace/cargo-home" RUSTUP_HOME="/workspace/rustup-home" "/workspace/cargo-home/bin/cargo" "+1.69.0" "metadata" "--manifest-path" "Cargo.toml" "--no-deps", kill_on_drop: false }`
[INFO] started tweaking git repo https://github.com/z330789559/ccm-start
[INFO] finished tweaking git repo https://github.com/z330789559/ccm-start
[INFO] tweaked toml for git repo https://github.com/z330789559/ccm-start written to /workspace/builds/worker-4-tc1/source/Cargo.toml
[INFO] crate git repo https://github.com/z330789559/ccm-start already has a lockfile, it will not be regenerated
[INFO] running `Command { std: CARGO_HOME="/workspace/cargo-home" RUSTUP_HOME="/workspace/rustup-home" "/workspace/cargo-home/bin/cargo" "+1.69.0" "fetch" "--manifest-path" "Cargo.toml", kill_on_drop: false }`
[INFO] running `Command { std: "docker" "create" "-v" "/var/lib/crater-agent-workspace/builds/worker-4-tc1/target:/opt/rustwide/target:rw,Z" "-v" "/var/lib/crater-agent-workspace/builds/worker-4-tc1/source:/opt/rustwide/workdir:ro,Z" "-v" "/var/lib/crater-agent-workspace/cargo-home:/opt/rustwide/cargo-home:ro,Z" "-v" "/var/lib/crater-agent-workspace/rustup-home:/opt/rustwide/rustup-home:ro,Z" "-e" "SOURCE_DIR=/opt/rustwide/workdir" "-e" "CARGO_TARGET_DIR=/opt/rustwide/target" "-e" "CARGO_HOME=/opt/rustwide/cargo-home" "-e" "RUSTUP_HOME=/opt/rustwide/rustup-home" "-w" "/opt/rustwide/workdir" "-m" "1610612736" "--user" "0:0" "--network" "none" "ghcr.io/rust-lang/crates-build-env/linux@sha256:5ff2268d62e97bff2cde7d5815dd6ed5b47097566f13b8d0ca110b04b60e07ed" "/opt/rustwide/cargo-home/bin/cargo" "+1.69.0" "metadata" "--no-deps" "--format-version=1", kill_on_drop: false }`
[INFO] [stdout] d69031e302d0906ed0d0eeaf3060791e8a76b72f39c962f52228dce610c47a28
[INFO] running `Command { std: "docker" "start" "-a" "d69031e302d0906ed0d0eeaf3060791e8a76b72f39c962f52228dce610c47a28", kill_on_drop: false }`
[INFO] running `Command { std: "docker" "inspect" "d69031e302d0906ed0d0eeaf3060791e8a76b72f39c962f52228dce610c47a28", kill_on_drop: false }`
[INFO] running `Command { std: "docker" "rm" "-f" "d69031e302d0906ed0d0eeaf3060791e8a76b72f39c962f52228dce610c47a28", kill_on_drop: false }`
[INFO] [stdout] d69031e302d0906ed0d0eeaf3060791e8a76b72f39c962f52228dce610c47a28
[INFO] running `Command { std: "docker" "create" "-v" "/var/lib/crater-agent-workspace/builds/worker-4-tc1/target:/opt/rustwide/target:rw,Z" "-v" "/var/lib/crater-agent-workspace/builds/worker-4-tc1/source:/opt/rustwide/workdir:ro,Z" "-v" "/var/lib/crater-agent-workspace/cargo-home:/opt/rustwide/cargo-home:ro,Z" "-v" "/var/lib/crater-agent-workspace/rustup-home:/opt/rustwide/rustup-home:ro,Z" "-e" "SOURCE_DIR=/opt/rustwide/workdir" "-e" "CARGO_TARGET_DIR=/opt/rustwide/target" "-e" "CARGO_INCREMENTAL=0" "-e" "RUST_BACKTRACE=full" "-e" "RUSTFLAGS=--cap-lints=warn" "-e" "RUSTDOCFLAGS=--cap-lints=warn" "-e" "CARGO_HOME=/opt/rustwide/cargo-home" "-e" "RUSTUP_HOME=/opt/rustwide/rustup-home" "-w" "/opt/rustwide/workdir" "-m" "1610612736" "--user" "0:0" "--network" "none" "ghcr.io/rust-lang/crates-build-env/linux@sha256:5ff2268d62e97bff2cde7d5815dd6ed5b47097566f13b8d0ca110b04b60e07ed" "/opt/rustwide/cargo-home/bin/cargo" "+1.69.0" "doc" "--frozen" "--no-deps" "--document-private-items" "--message-format=json", kill_on_drop: false }`
[INFO] [stdout] 94b7e74af14fd9fef5c8ef4df36458b26f08de67e9ed9523243d6d32477fe3c3
[INFO] running `Command { std: "docker" "start" "-a" "94b7e74af14fd9fef5c8ef4df36458b26f08de67e9ed9523243d6d32477fe3c3", kill_on_drop: false }`
[INFO] [stderr]    Compiling proc-macro2 v1.0.29
[INFO] [stderr]    Compiling unicode-xid v0.2.2
[INFO] [stderr]    Compiling syn v1.0.76
[INFO] [stderr]    Compiling libc v0.2.101
[INFO] [stderr]    Compiling version_check v0.9.3
[INFO] [stderr]     Checking cfg-if v1.0.0
[INFO] [stderr]    Compiling autocfg v1.0.1
[INFO] [stderr]    Compiling serde_derive v1.0.130
[INFO] [stderr]    Compiling serde v1.0.130
[INFO] [stderr]    Compiling log v0.4.14
[INFO] [stderr]    Compiling parking_lot_core v0.8.5
[INFO] [stderr]    Compiling memchr v2.4.1
[INFO] [stderr]    Compiling typenum v1.14.0
[INFO] [stderr]     Checking scopeguard v1.1.0
[INFO] [stderr]     Checking smallvec v1.6.1
[INFO] [stderr]     Checking pin-project-lite v0.2.7
[INFO] [stderr]     Checking instant v0.1.10
[INFO] [stderr]     Checking ppv-lite86 v0.2.10
[INFO] [stderr]     Checking lock_api v0.4.5
[INFO] [stderr]    Compiling futures-core v0.3.17
[INFO] [stderr]     Checking slab v0.4.4
[INFO] [stderr]     Checking futures-io v0.3.17
[INFO] [stderr]     Checking bytes v1.1.0
[INFO] [stderr]     Checking lazy_static v1.4.0
[INFO] [stderr]    Compiling proc-macro-hack v0.5.19
[INFO] [stderr]     Checking futures-sink v0.3.17
[INFO] [stderr]    Compiling futures-channel v0.3.17
[INFO] [stderr]    Compiling value-bag v1.0.0-alpha.7
[INFO] [stderr]    Compiling generic-array v0.14.4
[INFO] [stderr]    Compiling ahash v0.7.4
[INFO] [stderr]    Compiling anyhow v1.0.43
[INFO] [stderr]     Checking byteorder v1.4.3
[INFO] [stderr]    Compiling futures-macro v0.3.17
[INFO] [stderr]    Compiling futures-task v0.3.17
[INFO] [stderr]    Compiling proc-macro-nested v0.1.7
[INFO] [stderr]    Compiling futures-util v0.3.17
[INFO] [stderr]     Checking pin-utils v0.1.0
[INFO] [stderr]     Checking futures v0.1.31
[INFO] [stderr]    Compiling crunchy v0.2.2
[INFO] [stderr]    Compiling getrandom v0.1.16
[INFO] [stderr]     Checking subtle v2.4.1
[INFO] [stderr]     Checking opaque-debug v0.3.0
[INFO] [stderr]     Checking static_assertions v1.1.0
[INFO] [stderr]     Checking block-padding v0.2.1
[INFO] [stderr]     Checking cpufeatures v0.2.1
[INFO] [stderr]     Checking tinyvec_macros v0.1.0
[INFO] [stderr]    Compiling quote v1.0.9
[INFO] [stderr]     Checking arrayref v0.3.6
[INFO] [stderr]    Compiling radium v0.6.2
[INFO] [stderr]     Checking tinyvec v1.3.1
[INFO] [stderr]     Checking num_cpus v1.13.0
[INFO] [stderr]     Checking getrandom v0.2.3
[INFO] [stderr]    Compiling jobserver v0.1.24
[INFO] [stderr]    Compiling libm v0.2.1
[INFO] [stderr]    Compiling num-traits v0.2.14
[INFO] [stderr]     Checking rand_core v0.6.3
[INFO] [stderr]     Checking parking_lot v0.11.2
[INFO] [stderr]     Checking tap v1.0.1
[INFO] [stderr]    Compiling cc v1.0.70
[INFO] [stderr]     Checking rand_core v0.5.1
[INFO] [stderr]     Checking wyz v0.2.0
[INFO] [stderr]     Checking funty v1.1.0
[INFO] [stderr]     Checking rand_chacha v0.3.1
[INFO] [stderr]     Checking once_cell v1.8.0
[INFO] [stderr]    Compiling ryu v1.0.5
[INFO] [stderr]     Checking rand_pcg v0.2.1
[INFO] [stderr]     Checking rand_chacha v0.2.2
[INFO] [stderr]     Checking arrayvec v0.7.1
[INFO] [stderr]     Checking rand v0.8.4
[INFO] [stderr]     Checking byte-slice-cast v1.0.0
[INFO] [stderr]     Checking regex-syntax v0.6.25
[INFO] [stderr]     Checking rand v0.7.3
[INFO] [stderr]     Checking base64 v0.12.3
[INFO] [stderr]     Checking signature v1.3.1
[INFO] [stderr]     Checking aho-corasick v0.7.18
[INFO] [stderr]     Checking itoa v0.4.8
[INFO] [stderr]     Checking hashbrown v0.11.2
[INFO] [stderr]     Checking unicode-normalization v0.1.19
[INFO] [stderr]     Checking digest v0.9.0
[INFO] [stderr]     Checking block-buffer v0.9.0
[INFO] [stderr]     Checking crypto-mac v0.8.0
[INFO] [stderr]     Checking bitvec v0.20.4
[INFO] [stderr]     Checking ed25519 v1.2.0
[INFO] [stderr]    Compiling serde_json v1.0.67
[INFO] [stderr]     Checking sha2 v0.9.8
[INFO] [stderr]     Checking libsecp256k1-core v0.2.2
[INFO] [stderr]     Checking hmac v0.8.1
[INFO] [stderr]     Checking rustc-hex v2.1.0
[INFO] [stderr]     Checking hmac-drbg v0.3.0
[INFO] [stderr]     Checking hex v0.4.3
[INFO] [stderr]    Compiling num-integer v0.1.44
[INFO] [stderr]     Checking rlp v0.5.1
[INFO] [stderr]     Checking generic-array v0.12.4
[INFO] [stderr]     Checking either v1.6.1
[INFO] [stderr]     Checking uint v0.9.1
[INFO] [stderr]     Checking fixed-hash v0.7.0
[INFO] [stderr]     Checking cfg-if v0.1.10
[INFO] [stderr]     Checking keccak v0.1.0
[INFO] [stderr]     Checking impl-rlp v0.3.0
[INFO] [stderr]     Checking rustc-hash v1.1.0
[INFO] [stderr]     Checking byte-tools v0.3.1
[INFO] [stderr]     Checking tracing-core v0.1.19
[INFO] [stderr]     Checking opaque-debug v0.2.3
[INFO] [stderr]     Checking arrayvec v0.5.2
[INFO] [stderr]     Checking digest v0.8.1
[INFO] [stderr]     Checking block-padding v0.1.5
[INFO] [stderr]     Checking fake-simd v0.1.2
[INFO] [stderr]    Compiling zstd-sys v1.4.20+zstd.1.4.9
[INFO] [stderr]     Checking constant_time_eq v0.1.5
[INFO] [stderr]    Compiling parity-util-mem v0.10.0
[INFO] [stderr]     Checking block-buffer v0.7.3
[INFO] [stderr]    Compiling tiny-keccak v2.0.2
[INFO] [stderr]    Compiling arrayvec v0.4.12
[INFO] [stderr]    Compiling num-bigint v0.2.6
[INFO] [stderr]    Compiling miniz_oxide v0.4.4
[INFO] [stderr]     Checking hash-db v0.15.2
[INFO] [stderr]     Checking sp-std v4.0.0-dev (https://github.com/paritytech/substrate#67f28cdb)
[INFO] [stderr]     Checking time v0.1.44
[INFO] [stderr]    Compiling num-rational v0.2.4
[INFO] [stderr]     Checking parity-wasm v0.42.2
[INFO] [stderr]    Compiling ref-cast v1.0.6
[INFO] [stderr]     Checking environmental v1.1.3
[INFO] [stderr]    Compiling erased-serde v0.3.16
[INFO] [stderr]    Compiling libsecp256k1-gen-ecmult v0.2.1
[INFO] [stderr]    Compiling libsecp256k1-gen-genmult v0.2.1
[INFO] [stderr]     Checking adler v1.0.2
[INFO] [stderr]     Checking chrono v0.4.19
[INFO] [stderr]    Compiling zstd-safe v3.0.1+zstd.1.4.9
[INFO] [stderr]    Compiling slog v2.7.0
[INFO] [stderr]     Checking sha2 v0.8.2
[INFO] [stderr]     Checking parking_lot_core v0.7.2
[INFO] [stderr]     Checking regex v1.5.4
[INFO] [stderr]     Checking regex-automata v0.1.10
[INFO] [stderr]     Checking crypto-mac v0.11.1
[INFO] [stderr]     Checking thread_local v1.1.3
[INFO] [stderr]     Checking sharded-slab v0.1.3
[INFO] [stderr]     Checking lock_api v0.3.4
[INFO] [stderr]     Checking nodrop v0.1.14
[INFO] [stderr]     Checking downcast-rs v1.2.0
[INFO] [stderr]     Checking ansi_term v0.12.1
[INFO] [stderr]     Checking memory_units v0.3.0
[INFO] [stderr]    Compiling libsecp256k1 v0.6.0
[INFO] [stderr]     Checking hash256-std-hasher v0.15.2
[INFO] [stderr]     Checking parking_lot v0.10.2
[INFO] [stderr]    Compiling convert_case v0.4.0
[INFO] [stderr]     Checking pbkdf2 v0.8.0
[INFO] [stderr]     Checking hmac v0.11.0
[INFO] [stderr]     Checking pbkdf2 v0.4.0
[INFO] [stderr]     Checking blake2-rfc v0.2.18
[INFO] [stderr]     Checking dyn-clone v1.0.4
[INFO] [stderr]     Checking twox-hash v1.6.1
[INFO] [stderr]     Checking wasmi-validation v0.4.0
[INFO] [stderr]     Checking base58 v0.1.0
[INFO] [stderr]    Compiling async-trait v0.1.51
[INFO] [stderr]    Compiling indexmap v1.7.0
[INFO] [stderr]    Compiling backtrace v0.3.61
[INFO] [stderr]     Checking gimli v0.25.0
[INFO] [stderr]     Checking matchers v0.0.1
[INFO] [stderr]     Checking object v0.26.2
[INFO] [stderr]     Checking rustc-demangle v0.1.21
[INFO] [stderr]     Checking trie-root v0.16.0
[INFO] [stderr]    Compiling paste v1.0.5
[INFO] [stderr]     Checking integer-sqrt v0.1.5
[INFO] [stderr]    Compiling unicode-segmentation v1.8.0
[INFO] [stderr]     Checking wasmi v0.9.0
[INFO] [stderr]     Checking futures-timer v3.0.2
[INFO] [stderr]    Compiling remove_dir_all v0.5.3
[INFO] [stderr]    Compiling heck v0.3.3
[INFO] [stderr]    Compiling which v4.2.2
[INFO] [stderr]     Checking fnv v1.0.7
[INFO] [stderr]    Compiling itertools v0.10.1
[INFO] [stderr]    Compiling fixedbitset v0.2.0
[INFO] [stderr]    Compiling multimap v0.8.3
[INFO] [stderr]    Compiling prost-build v0.8.0
[INFO] [stderr]     Checking matches v0.1.9
[INFO] [stderr]     Checking unicode-bidi v0.3.6
[INFO] [stderr]     Checking bitflags v1.3.2
[INFO] [stderr]    Compiling ring v0.16.20
[INFO] [stderr]     Checking spin v0.5.2
[INFO] [stderr]     Checking untrusted v0.7.1
[INFO] [stderr]    Compiling proc-macro-error-attr v1.0.4
[INFO] [stderr]     Checking percent-encoding v2.1.0
[INFO] [stderr]     Checking idna v0.2.3
[INFO] [stderr]    Compiling proc-macro-error v1.0.4
[INFO] [stderr]    Compiling Inflector v0.11.4
[INFO] [stderr]    Compiling synstructure v0.12.5
[INFO] [stderr]     Checking form_urlencoded v1.0.1
[INFO] [stderr]    Compiling tempfile v3.2.0
[INFO] [stderr]     Checking data-encoding v2.3.2
[INFO] [stderr]     Checking url v2.2.2
[INFO] [stderr] thread 'rustc' panicked at 'assertion failed: pos.get() <= self.position()', compiler/rustc_metadata/src/rmeta/encoder.rs:454:9
[INFO] [stderr] LLVM ERROR: IO failure on output stream: No space left on device
[INFO] [stderr] LLVM ERROR: IO failure on output stream: No space left on device
[INFO] [stderr] error: could not compile `rand`
[INFO] [stderr] warning: build failed, waiting for other jobs to finish...
[INFO] [stderr] error: could not parse/generate dep info at: /opt/rustwide/target/debug/deps/gimli-9036b9818e1cbeaf.d
[INFO] [stderr] 
[INFO] [stderr] Caused by:
[INFO] [stderr]   failed to write `/opt/rustwide/target/debug/.fingerprint/gimli-9036b9818e1cbeaf/dep-lib-gimli`
[INFO] [stderr] 
[INFO] [stderr] Caused by:
[INFO] [stderr]   No space left on device (os error 28)
[INFO] [stderr] thread 'rustc' panicked at 'assertion failed: pos.get() <= self.position()', compiler/rustc_metadata/src/rmeta/encoder.rs:454:9
[INFO] [stderr] error: could not compile `proc-macro-error-attr`
[INFO] [stdout] error: failed to write /tmp/rustcrjF3I2/lib.rmeta: No space left on device (os error 28)
[INFO] [stdout] 
[INFO] [stdout] 
[INFO] [stdout] error: aborting due to previous error
[INFO] [stdout] 
[INFO] [stdout] 
[INFO] [stderr] error: could not compile `Inflector` due to 2 previous errors
[INFO] [stdout] error: linking with `cc` failed: exit status: 1
[INFO] [stdout]   |
[INFO] [stdout]   = note: LC_ALL="C" PATH="/opt/rustwide/rustup-home/toolchains/1.69.0-x86_64-unknown-linux-gnu/lib/rustlib/x86_64-unknown-linux-gnu/bin:/opt/rustwide/cargo-home/bin:/usr/local/sbin:/usr/local/bin:/usr/sbin:/usr/bin:/sbin:/bin" VSLANG="1033" "cc" "-m64" "/tmp/rustciy21Ur/symbols.o" "/opt/rustwide/target/debug/build/ring-1375a195b174849a/build_script_build-1375a195b174849a.build_script_build.236052ab-cgu.0.rcgu.o" "/opt/rustwide/target/debug/build/ring-1375a195b174849a/build_script_build-1375a195b174849a.build_script_build.236052ab-cgu.1.rcgu.o" "/opt/rustwide/target/debug/build/ring-1375a195b174849a/build_script_build-1375a195b174849a.build_script_build.236052ab-cgu.10.rcgu.o" "/opt/rustwide/target/debug/build/ring-1375a195b174849a/build_script_build-1375a195b174849a.build_script_build.236052ab-cgu.11.rcgu.o" "/opt/rustwide/target/debug/build/ring-1375a195b174849a/build_script_build-1375a195b174849a.build_script_build.236052ab-cgu.12.rcgu.o" "/opt/rustwide/target/debug/build/ring-1375a195b174849a/build_script_build-1375a195b174849a.build_script_build.236052ab-cgu.13.rcgu.o" "/opt/rustwide/target/debug/build/ring-1375a195b174849a/build_script_build-1375a195b174849a.build_script_build.236052ab-cgu.14.rcgu.o" "/opt/rustwide/target/debug/build/ring-1375a195b174849a/build_script_build-1375a195b174849a.build_script_build.236052ab-cgu.15.rcgu.o" "/opt/rustwide/target/debug/build/ring-1375a195b174849a/build_script_build-1375a195b174849a.build_script_build.236052ab-cgu.2.rcgu.o" "/opt/rustwide/target/debug/build/ring-1375a195b174849a/build_script_build-1375a195b174849a.build_script_build.236052ab-cgu.3.rcgu.o" "/opt/rustwide/target/debug/build/ring-1375a195b174849a/build_script_build-1375a195b174849a.build_script_build.236052ab-cgu.4.rcgu.o" "/opt/rustwide/target/debug/build/ring-1375a195b174849a/build_script_build-1375a195b174849a.build_script_build.236052ab-cgu.5.rcgu.o" "/opt/rustwide/target/debug/build/ring-1375a195b174849a/build_script_build-1375a195b174849a.build_script_build.236052ab-cgu.6.rcgu.o" "/opt/rustwide/target/debug/build/ring-1375a195b174849a/build_script_build-1375a195b174849a.build_script_build.236052ab-cgu.7.rcgu.o" "/opt/rustwide/target/debug/build/ring-1375a195b174849a/build_script_build-1375a195b174849a.build_script_build.236052ab-cgu.8.rcgu.o" "/opt/rustwide/target/debug/build/ring-1375a195b174849a/build_script_build-1375a195b174849a.build_script_build.236052ab-cgu.9.rcgu.o" "/opt/rustwide/target/debug/build/ring-1375a195b174849a/build_script_build-1375a195b174849a.ydlaaf509wq5pcw.rcgu.o" "-Wl,--as-needed" "-L" "/opt/rustwide/target/debug/deps" "-L" "/opt/rustwide/rustup-home/toolchains/1.69.0-x86_64-unknown-linux-gnu/lib/rustlib/x86_64-unknown-linux-gnu/lib" "-Wl,-Bstatic" "/opt/rustwide/target/debug/deps/libcc-d8d78975e4da8e5b.rlib" "/opt/rustwide/target/debug/deps/libjobserver-8689ee7048f77d8e.rlib" "/opt/rustwide/target/debug/deps/liblibc-24173dbf0bf5c445.rlib" "/opt/rustwide/rustup-home/toolchains/1.69.0-x86_64-unknown-linux-gnu/lib/rustlib/x86_64-unknown-linux-gnu/lib/libstd-89bc084783fdc439.rlib" "/opt/rustwide/rustup-home/toolchains/1.69.0-x86_64-unknown-linux-gnu/lib/rustlib/x86_64-unknown-linux-gnu/lib/libpanic_unwind-8bee4b287d4367c1.rlib" "/opt/rustwide/rustup-home/toolchains/1.69.0-x86_64-unknown-linux-gnu/lib/rustlib/x86_64-unknown-linux-gnu/lib/libobject-d61707aed80694c0.rlib" "/opt/rustwide/rustup-home/toolchains/1.69.0-x86_64-unknown-linux-gnu/lib/rustlib/x86_64-unknown-linux-gnu/lib/libmemchr-d85366256f22345b.rlib" "/opt/rustwide/rustup-home/toolchains/1.69.0-x86_64-unknown-linux-gnu/lib/rustlib/x86_64-unknown-linux-gnu/lib/libaddr2line-96069b86b8a8cae9.rlib" "/opt/rustwide/rustup-home/toolchains/1.69.0-x86_64-unknown-linux-gnu/lib/rustlib/x86_64-unknown-linux-gnu/lib/libgimli-d19d53abf68dfa6c.rlib" "/opt/rustwide/rustup-home/toolchains/1.69.0-x86_64-unknown-linux-gnu/lib/rustlib/x86_64-unknown-linux-gnu/lib/librustc_demangle-787cbccd19d64ac6.rlib" "/opt/rustwide/rustup-home/toolchains/1.69.0-x86_64-unknown-linux-gnu/lib/rustlib/x86_64-unknown-linux-gnu/lib/libstd_detect-b3837a36b830e0d0.rlib" "/opt/rustwide/rustup-home/toolchains/1.69.0-x86_64-unknown-linux-gnu/lib/rustlib/x86_64-unknown-linux-gnu/lib/libhashbrown-e3deb0e7e3f04966.rlib" "/opt/rustwide/rustup-home/toolchains/1.69.0-x86_64-unknown-linux-gnu/lib/rustlib/x86_64-unknown-linux-gnu/lib/libminiz_oxide-dabbb79c9815def4.rlib" "/opt/rustwide/rustup-home/toolchains/1.69.0-x86_64-unknown-linux-gnu/lib/rustlib/x86_64-unknown-linux-gnu/lib/libadler-305b01f34c9409f2.rlib" "/opt/rustwide/rustup-home/toolchains/1.69.0-x86_64-unknown-linux-gnu/lib/rustlib/x86_64-unknown-linux-gnu/lib/librustc_std_workspace_alloc-f833521df6074e73.rlib" "/opt/rustwide/rustup-home/toolchains/1.69.0-x86_64-unknown-linux-gnu/lib/rustlib/x86_64-unknown-linux-gnu/lib/libunwind-9ac333113350d171.rlib" "/opt/rustwide/rustup-home/toolchains/1.69.0-x86_64-unknown-linux-gnu/lib/rustlib/x86_64-unknown-linux-gnu/lib/libcfg_if-1c126114322d0eee.rlib" "/opt/rustwide/rustup-home/toolchains/1.69.0-x86_64-unknown-linux-gnu/lib/rustlib/x86_64-unknown-linux-gnu/lib/liblibc-bad9164fdeeecf92.rlib" "/opt/rustwide/rustup-home/toolchains/1.69.0-x86_64-unknown-linux-gnu/lib/rustlib/x86_64-unknown-linux-gnu/lib/liballoc-f9374b1e480fa681.rlib" "/opt/rustwide/rustup-home/toolchains/1.69.0-x86_64-unknown-linux-gnu/lib/rustlib/x86_64-unknown-linux-gnu/lib/librustc_std_workspace_core-207f06e41d9603af.rlib" "/opt/rustwide/rustup-home/toolchains/1.69.0-x86_64-unknown-linux-gnu/lib/rustlib/x86_64-unknown-linux-gnu/lib/libcore-7e2768e66e984e85.rlib" "/opt/rustwide/rustup-home/toolchains/1.69.0-x86_64-unknown-linux-gnu/lib/rustlib/x86_64-unknown-linux-gnu/lib/libcompiler_builtins-957b4aff41f8cd46.rlib" "-Wl,-Bdynamic" "-lgcc_s" "-lutil" "-lrt" "-lpthread" "-lm" "-ldl" "-lc" "-Wl,--eh-frame-hdr" "-Wl,-z,noexecstack" "-L" "/opt/rustwide/rustup-home/toolchains/1.69.0-x86_64-unknown-linux-gnu/lib/rustlib/x86_64-unknown-linux-gnu/lib" "-o" "/opt/rustwide/target/debug/build/ring-1375a195b174849a/build_script_build-1375a195b174849a" "-Wl,--gc-sections" "-pie" "-Wl,-z,relro,-z,now" "-nodefaultlibs"
[INFO] [stdout]   = note: /usr/bin/ld: final link failed: No space left on device
[INFO] [stdout]           collect2: error: ld returned 1 exit status
[INFO] [stdout]           
[INFO] [stdout] 
[INFO] [stdout] 
[INFO] [stdout] error: aborting due to previous error
[INFO] [stdout] 
[INFO] [stdout] 
[INFO] [stderr] error: could not compile `ring` due to 2 previous errors
[INFO] [stderr] LLVM ERROR: IO failure on output stream: No space left on device
[INFO] [stderr] thread 'rustc' panicked at 'assertion failed: pos.get() <= self.position()', compiler/rustc_metadata/src/rmeta/encoder.rs:435:9
[INFO] [stderr] error: could not compile `blake2-rfc`
[INFO] [stderr] error: could not compile `synstructure`
[INFO] [stderr] error: could not compile `tempfile`
[INFO] [stderr] LLVM ERROR: IO failure on output stream: No space left on device
[INFO] [stderr] LLVM ERROR: IO failure on output stream: No space left on device
[INFO] [stderr] error: could not compile `hashbrown`
[INFO] [stderr] error: could not compile `syn`
[INFO] [stderr] error: could not compile `regex`
[INFO] [stdout] error: couldn't create a temp dir: No space left on device (os error 28) at path "/opt/rustwide/target/debug/deps/rmeta9fgL1M"
[INFO] [stdout] 
[INFO] [stdout] 
[INFO] [stderr] error: could not compile `itertools` due to previous error
[INFO] [stdout] error: couldn't create a temp dir: No space left on device (os error 28) at path "/opt/rustwide/target/debug/deps/rmetaawvmH4"
[INFO] [stdout] 
[INFO] [stdout] 
[INFO] [stderr] error: could not compile `data-encoding` due to previous error
[INFO] [stdout] error: couldn't create a temp dir: No space left on device (os error 28) at path "/opt/rustwide/target/debug/deps/rmetajmbda4"
[INFO] [stdout] 
[INFO] [stdout] 
[INFO] [stderr] error: could not compile `url` due to previous error
[INFO] [stdout] error: couldn't create a temp dir: No space left on device (os error 28) at path "/opt/rustwide/target/debug/deps/rmetagOW5jZ"
[INFO] [stdout] 
[INFO] [stdout] 
[INFO] [stderr] error: could not compile `object` due to previous error
[INFO] [stderr] The following warnings were emitted during compilation:
[INFO] [stderr] 
[INFO] [stderr] warning: zstd/lib/common/zstd_common.c:83:1: fatal error: error writing to /tmp/ccFKgXEE.s: No space left on device
[INFO] [stderr] warning:    83 | }
[INFO] [stderr] warning:       | ^
[INFO] [stderr] warning: compilation terminated.
[INFO] [stderr] warning: zstd/lib/common/debug.c:24:1: fatal error: error closing /tmp/ccl3Bb1t.s: No space left on device
[INFO] [stderr] warning:    24 | int g_debuglevel = DEBUGLEVEL;
[INFO] [stderr] warning:       | ^~~
[INFO] [stderr] warning: compilation terminated.
[INFO] [stderr] warning: zstd/lib/common/entropy_common.c:362:1: fatal error: error writing to /tmp/cc2UCI2h.s: No space left on device
[INFO] [stderr] warning:   362 | }
[INFO] [stderr] warning:       | ^
[INFO] [stderr] warning: compilation terminated.
[INFO] [stderr] warning: zstd/lib/common/xxhash.c:826:1: fatal error: error writing to /tmp/ccg5b2Xd.s: No space left on device
[INFO] [stderr] warning:   826 | }
[INFO] [stderr] warning:       | ^
[INFO] [stderr] warning: compilation terminated.
[INFO] [stderr] warning: zstd/lib/common/fse_decompress.c:389:1: fatal error: error writing to /tmp/ccCK6SjO.s: No space left on device
[INFO] [stderr] warning:   389 | }
[INFO] [stderr] warning:       | ^
[INFO] [stderr] warning: compilation terminated.
[INFO] [stderr] 
[INFO] [stderr] error: failed to run custom build command for `zstd-sys v1.4.20+zstd.1.4.9`
[INFO] [stderr] note: To improve backtraces for build dependencies, set the CARGO_PROFILE_DEV_BUILD_OVERRIDE_DEBUG=true environment variable to enable debug information generation.
[INFO] [stderr] 
[INFO] [stderr] Caused by:
[INFO] [stderr]   process didn't exit successfully: `/opt/rustwide/target/debug/build/zstd-sys-e20a5dd8f8d3ef10/build-script-build` (exit status: 1)
[INFO] [stderr]   --- stdout
[INFO] [stderr]   TARGET = Some("x86_64-unknown-linux-gnu")
[INFO] [stderr]   HOST = Some("x86_64-unknown-linux-gnu")
[INFO] [stderr]   CC_x86_64-unknown-linux-gnu = None
[INFO] [stderr]   CC_x86_64_unknown_linux_gnu = None
[INFO] [stderr]   HOST_CC = None
[INFO] [stderr]   CC = None
[INFO] [stderr]   CFLAGS_x86_64-unknown-linux-gnu = None
[INFO] [stderr]   CFLAGS_x86_64_unknown_linux_gnu = None
[INFO] [stderr]   HOST_CFLAGS = None
[INFO] [stderr]   CFLAGS = None
[INFO] [stderr]   CRATE_CC_NO_DEFAULTS = None
[INFO] [stderr]   DEBUG = Some("true")
[INFO] [stderr]   CARGO_CFG_TARGET_FEATURE = Some("fxsr,sse,sse2")
[INFO] [stderr]   running: "cc" "-O3" "-ffunction-sections" "-fdata-sections" "-fPIC" "-g" "-fno-omit-frame-pointer" "-m64" "-I" "zstd/lib/" "-I" "zstd/lib/common" "-I" "zstd/lib/legacy" "-fvisibility=hidden" "-DZSTD_LIB_DEPRECATED=0" "-DZSTDLIB_VISIBILITY=" "-DZDICTLIB_VISIBILITY=" "-DZSTDERRORLIB_VISIBILITY=" "-o" "/opt/rustwide/target/debug/build/zstd-sys-eae55721450be8de/out/zstd/lib/common/threading.o" "-c" "zstd/lib/common/threading.c"
[INFO] [stderr]   exit status: 0
[INFO] [stderr]   running: "cc" "-O3" "-ffunction-sections" "-fdata-sections" "-fPIC" "-g" "-fno-omit-frame-pointer" "-m64" "-I" "zstd/lib/" "-I" "zstd/lib/common" "-I" "zstd/lib/legacy" "-fvisibility=hidden" "-DZSTD_LIB_DEPRECATED=0" "-DZSTDLIB_VISIBILITY=" "-DZDICTLIB_VISIBILITY=" "-DZSTDERRORLIB_VISIBILITY=" "-o" "/opt/rustwide/target/debug/build/zstd-sys-eae55721450be8de/out/zstd/lib/common/zstd_common.o" "-c" "zstd/lib/common/zstd_common.c"
[INFO] [stderr]   running: "cc" "-O3" "-ffunction-sections" "-fdata-sections" "-fPIC" "-g" "-fno-omit-frame-pointer" "-m64" "-I" "zstd/lib/" "-I" "zstd/lib/common" "-I" "zstd/lib/legacy" "-fvisibility=hidden" "-DZSTD_LIB_DEPRECATED=0" "-DZSTDLIB_VISIBILITY=" "-DZDICTLIB_VISIBILITY=" "-DZSTDERRORLIB_VISIBILITY=" "-o" "/opt/rustwide/target/debug/build/zstd-sys-eae55721450be8de/out/zstd/lib/common/fse_decompress.o" "-c" "zstd/lib/common/fse_decompress.c"
[INFO] [stderr]   running: "cc" "-O3" "-ffunction-sections" "-fdata-sections" "-fPIC" "-g" "-fno-omit-frame-pointer" "-m64" "-I" "zstd/lib/" "-I" "zstd/lib/common" "-I" "zstd/lib/legacy" "-fvisibility=hidden" "-DZSTD_LIB_DEPRECATED=0" "-DZSTDLIB_VISIBILITY=" "-DZDICTLIB_VISIBILITY=" "-DZSTDERRORLIB_VISIBILITY=" "-o" "/opt/rustwide/target/debug/build/zstd-sys-eae55721450be8de/out/zstd/lib/common/entropy_common.o" "-c" "zstd/lib/common/entropy_common.c"
[INFO] [stderr]   running: "cc" "-O3" "-ffunction-sections" "-fdata-sections" "-fPIC" "-g" "-fno-omit-frame-pointer" "-m64" "-I" "zstd/lib/" "-I" "zstd/lib/common" "-I" "zstd/lib/legacy" "-fvisibility=hidden" "-DZSTD_LIB_DEPRECATED=0" "-DZSTDLIB_VISIBILITY=" "-DZDICTLIB_VISIBILITY=" "-DZSTDERRORLIB_VISIBILITY=" "-o" "/opt/rustwide/target/debug/build/zstd-sys-eae55721450be8de/out/zstd/lib/common/xxhash.o" "-c" "zstd/lib/common/xxhash.c"
[INFO] [stderr]   cargo:warning=zstd/lib/common/zstd_common.c:83:1: fatal error: error writing to /tmp/ccFKgXEE.s: No space left on device
[INFO] [stderr]   cargo:warning=   83 | }
[INFO] [stderr]   cargo:warning=      | ^
[INFO] [stderr]   cargo:warning=compilation terminated.
[INFO] [stderr]   exit status: 1
[INFO] [stderr]   running: "cc" "-O3" "-ffunction-sections" "-fdata-sections" "-fPIC" "-g" "-fno-omit-frame-pointer" "-m64" "-I" "zstd/lib/" "-I" "zstd/lib/common" "-I" "zstd/lib/legacy" "-fvisibility=hidden" "-DZSTD_LIB_DEPRECATED=0" "-DZSTDLIB_VISIBILITY=" "-DZDICTLIB_VISIBILITY=" "-DZSTDERRORLIB_VISIBILITY=" "-o" "/opt/rustwide/target/debug/build/zstd-sys-eae55721450be8de/out/zstd/lib/common/debug.o" "-c" "zstd/lib/common/debug.c"
[INFO] [stderr]   cargo:warning=zstd/lib/common/debug.c:24:1: fatal error: error closing /tmp/ccl3Bb1t.s: No space left on device
[INFO] [stderr]   cargo:warning=   24 | int g_debuglevel = DEBUGLEVEL;
[INFO] [stderr]   cargo:warning=      | ^~~
[INFO] [stderr]   cargo:warning=compilation terminated.
[INFO] [stderr]   exit status: 1
[INFO] [stderr]   cargo:warning=zstd/lib/common/entropy_common.c:362:1: fatal error: error writing to /tmp/cc2UCI2h.s: No space left on device
[INFO] [stderr]   cargo:warning=  362 | }
[INFO] [stderr]   cargo:warning=      | ^
[INFO] [stderr]   cargo:warning=compilation terminated.
[INFO] [stderr]   exit status: 1
[INFO] [stderr]   cargo:warning=zstd/lib/common/xxhash.c:826:1: fatal error: error writing to /tmp/ccg5b2Xd.s: No space left on device
[INFO] [stderr]   cargo:warning=  826 | }
[INFO] [stderr]   cargo:warning=      | ^
[INFO] [stderr]   cargo:warning=compilation terminated.
[INFO] [stderr]   exit status: 1
[INFO] [stderr]   cargo:warning=zstd/lib/common/fse_decompress.c:389:1: fatal error: error writing to /tmp/ccCK6SjO.s: No space left on device
[INFO] [stderr]   cargo:warning=  389 | }
[INFO] [stderr]   cargo:warning=      | ^
[INFO] [stderr]   cargo:warning=compilation terminated.
[INFO] [stderr]   exit status: 1
[INFO] [stderr] 
[INFO] [stderr]   --- stderr
[INFO] [stderr] 
[INFO] [stderr] 
[INFO] [stderr]   error occurred: Command "cc" "-O3" "-ffunction-sections" "-fdata-sections" "-fPIC" "-g" "-fno-omit-frame-pointer" "-m64" "-I" "zstd/lib/" "-I" "zstd/lib/common" "-I" "zstd/lib/legacy" "-fvisibility=hidden" "-DZSTD_LIB_DEPRECATED=0" "-DZSTDLIB_VISIBILITY=" "-DZDICTLIB_VISIBILITY=" "-DZSTDERRORLIB_VISIBILITY=" "-o" "/opt/rustwide/target/debug/build/zstd-sys-eae55721450be8de/out/zstd/lib/common/zstd_common.o" "-c" "zstd/lib/common/zstd_common.c" with args "cc" did not execute successfully (status code exit status: 1).
[INFO] [stderr] 
[INFO] [stderr] 
[INFO] [stdout] error: couldn't create a temp dir: No space left on device (os error 28) at path "/opt/rustwide/target/debug/deps/rmetalW601E"
[INFO] [stdout] 
[INFO] [stdout] 
[INFO] [stderr] error: could not compile `bitvec` due to previous error
[INFO] running `Command { std: "docker" "inspect" "94b7e74af14fd9fef5c8ef4df36458b26f08de67e9ed9523243d6d32477fe3c3", kill_on_drop: false }`
[INFO] running `Command { std: "docker" "rm" "-f" "94b7e74af14fd9fef5c8ef4df36458b26f08de67e9ed9523243d6d32477fe3c3", kill_on_drop: false }`
[INFO] [stdout] 94b7e74af14fd9fef5c8ef4df36458b26f08de67e9ed9523243d6d32477fe3c3
