[INFO] cloning repository https://github.com/xuyanwen2012/elm-rust
[INFO] running `Command { std: "git" "-c" "credential.helper=" "-c" "credential.helper=/workspace/cargo-home/bin/git-credential-null" "clone" "--bare" "https://github.com/xuyanwen2012/elm-rust" "/workspace/cache/git-repos/https%3A%2F%2Fgithub.com%2Fxuyanwen2012%2Felm-rust", kill_on_drop: false }`
[INFO] [stderr] Cloning into bare repository '/workspace/cache/git-repos/https%3A%2F%2Fgithub.com%2Fxuyanwen2012%2Felm-rust'...
[INFO] running `Command { std: "git" "rev-parse" "HEAD", kill_on_drop: false }`
[INFO] [stdout] 226c368b19d02c0da9c96e16c99a0e7262da8bcd
[INFO] documenting xuyanwen2012/elm-rust against 1.69.0 for beta-1.70-rustdoc-1
[INFO] running `Command { std: "git" "clone" "/workspace/cache/git-repos/https%3A%2F%2Fgithub.com%2Fxuyanwen2012%2Felm-rust" "/workspace/builds/worker-0-tc1/source", kill_on_drop: false }`
[INFO] [stderr] Cloning into '/workspace/builds/worker-0-tc1/source'...
[INFO] [stderr] done.
[INFO] validating manifest of git repo https://github.com/xuyanwen2012/elm-rust on toolchain 1.69.0
[INFO] running `Command { std: CARGO_HOME="/workspace/cargo-home" RUSTUP_HOME="/workspace/rustup-home" "/workspace/cargo-home/bin/cargo" "+1.69.0" "metadata" "--manifest-path" "Cargo.toml" "--no-deps", kill_on_drop: false }`
[INFO] started tweaking git repo https://github.com/xuyanwen2012/elm-rust
[INFO] finished tweaking git repo https://github.com/xuyanwen2012/elm-rust
[INFO] tweaked toml for git repo https://github.com/xuyanwen2012/elm-rust written to /workspace/builds/worker-0-tc1/source/Cargo.toml
[INFO] crate git repo https://github.com/xuyanwen2012/elm-rust already has a lockfile, it will not be regenerated
[INFO] running `Command { std: CARGO_HOME="/workspace/cargo-home" RUSTUP_HOME="/workspace/rustup-home" "/workspace/cargo-home/bin/cargo" "+1.69.0" "fetch" "--manifest-path" "Cargo.toml", kill_on_drop: false }`
[INFO] [stderr]  Downloading crates ...
[INFO] [stderr]   Downloaded sized-chunks v0.5.1
[INFO] [stderr]   Downloaded bitmaps v2.0.0
[INFO] running `Command { std: "docker" "create" "-v" "/var/lib/crater-agent-workspace/builds/worker-0-tc1/target:/opt/rustwide/target:rw,Z" "-v" "/var/lib/crater-agent-workspace/builds/worker-0-tc1/source:/opt/rustwide/workdir:ro,Z" "-v" "/var/lib/crater-agent-workspace/cargo-home:/opt/rustwide/cargo-home:ro,Z" "-v" "/var/lib/crater-agent-workspace/rustup-home:/opt/rustwide/rustup-home:ro,Z" "-e" "SOURCE_DIR=/opt/rustwide/workdir" "-e" "CARGO_TARGET_DIR=/opt/rustwide/target" "-e" "CARGO_HOME=/opt/rustwide/cargo-home" "-e" "RUSTUP_HOME=/opt/rustwide/rustup-home" "-w" "/opt/rustwide/workdir" "-m" "1610612736" "--user" "0:0" "--network" "none" "ghcr.io/rust-lang/crates-build-env/linux@sha256:5ff2268d62e97bff2cde7d5815dd6ed5b47097566f13b8d0ca110b04b60e07ed" "/opt/rustwide/cargo-home/bin/cargo" "+1.69.0" "metadata" "--no-deps" "--format-version=1", kill_on_drop: false }`
[INFO] [stdout] 92bfbd97800d73fc03e2730fbc289bf6b7f5becbdcdf34cdbb6177203e905cfb
[INFO] running `Command { std: "docker" "start" "-a" "92bfbd97800d73fc03e2730fbc289bf6b7f5becbdcdf34cdbb6177203e905cfb", kill_on_drop: false }`
[INFO] running `Command { std: "docker" "inspect" "92bfbd97800d73fc03e2730fbc289bf6b7f5becbdcdf34cdbb6177203e905cfb", kill_on_drop: false }`
[INFO] running `Command { std: "docker" "rm" "-f" "92bfbd97800d73fc03e2730fbc289bf6b7f5becbdcdf34cdbb6177203e905cfb", kill_on_drop: false }`
[INFO] [stdout] 92bfbd97800d73fc03e2730fbc289bf6b7f5becbdcdf34cdbb6177203e905cfb
[INFO] running `Command { std: "docker" "create" "-v" "/var/lib/crater-agent-workspace/builds/worker-0-tc1/target:/opt/rustwide/target:rw,Z" "-v" "/var/lib/crater-agent-workspace/builds/worker-0-tc1/source:/opt/rustwide/workdir:ro,Z" "-v" "/var/lib/crater-agent-workspace/cargo-home:/opt/rustwide/cargo-home:ro,Z" "-v" "/var/lib/crater-agent-workspace/rustup-home:/opt/rustwide/rustup-home:ro,Z" "-e" "SOURCE_DIR=/opt/rustwide/workdir" "-e" "CARGO_TARGET_DIR=/opt/rustwide/target" "-e" "CARGO_INCREMENTAL=0" "-e" "RUST_BACKTRACE=full" "-e" "RUSTFLAGS=--cap-lints=warn" "-e" "RUSTDOCFLAGS=--cap-lints=warn" "-e" "CARGO_HOME=/opt/rustwide/cargo-home" "-e" "RUSTUP_HOME=/opt/rustwide/rustup-home" "-w" "/opt/rustwide/workdir" "-m" "1610612736" "--user" "0:0" "--network" "none" "ghcr.io/rust-lang/crates-build-env/linux@sha256:5ff2268d62e97bff2cde7d5815dd6ed5b47097566f13b8d0ca110b04b60e07ed" "/opt/rustwide/cargo-home/bin/cargo" "+1.69.0" "doc" "--frozen" "--no-deps" "--document-private-items" "--message-format=json", kill_on_drop: false }`
[INFO] [stdout] aae99089e0a87f81e93fc7850feab0c75700e0eedb2fbe47874d3f69c5793494
[INFO] running `Command { std: "docker" "start" "-a" "aae99089e0a87f81e93fc7850feab0c75700e0eedb2fbe47874d3f69c5793494", kill_on_drop: false }`
[INFO] [stderr]    Compiling libc v0.2.66
[INFO] [stderr]    Compiling autocfg v0.1.7
[INFO] [stderr]    Compiling rand_core v0.4.2
[INFO] [stderr]    Compiling proc-macro2 v1.0.8
[INFO] [stderr]    Compiling unicode-xid v0.2.0
[INFO] [stderr]    Compiling typenum v1.11.2
[INFO] [stderr]    Compiling memchr v2.3.2
[INFO] [stderr]    Compiling syn v1.0.14
[INFO] [stderr]    Compiling autocfg v1.0.0
[INFO] [stderr]    Compiling byteorder v1.3.4
[INFO] [stderr]    Compiling siphasher v0.2.3
[INFO] [stderr]    Compiling string_cache_shared v0.3.0
[INFO] [stderr]    Compiling lazy_static v1.4.0
[INFO] [stderr]    Compiling serde v1.0.104
[INFO] [stderr]    Compiling log v0.4.8
[INFO] [stderr]    Compiling byte-tools v0.3.1
[INFO] [stderr]    Compiling thread_local v1.0.1
[INFO] [stderr]    Compiling block-padding v0.1.5
[INFO] [stderr]    Compiling cfg-if v0.1.10
[INFO] [stderr]    Compiling regex-syntax v0.6.14
[INFO] [stderr]    Compiling rand_core v0.3.1
[INFO] [stderr]    Compiling rand_jitter v0.1.4
[INFO] [stderr]    Compiling phf_shared v0.7.24
[INFO] [stderr]    Compiling precomputed-hash v0.1.1
[INFO] [stderr]    Compiling rand_hc v0.1.0
[INFO] [stderr]    Compiling rand_xorshift v0.1.1
[INFO] [stderr]    Compiling rand_isaac v0.1.1
[INFO] [stderr]    Compiling rand_chacha v0.1.1
[INFO] [stderr]    Compiling rand_pcg v0.1.2
[INFO] [stderr]    Compiling rand v0.6.5
[INFO] [stderr]    Compiling num-traits v0.2.11
[INFO] [stderr]    Compiling fake-simd v0.1.2
[INFO] [stderr]    Compiling opaque-debug v0.2.3
[INFO] [stderr]    Compiling strsim v0.9.3
[INFO] [stderr]    Compiling ordermap v0.3.5
[INFO] [stderr]    Compiling bit-vec v0.5.1
[INFO] [stderr]    Compiling either v1.5.3
[INFO] [stderr]    Compiling fixedbitset v0.1.9
[INFO] [stderr]    Compiling new_debug_unreachable v1.0.4
[INFO] [stderr]    Compiling aho-corasick v0.7.8
[INFO] [stderr]    Compiling itertools v0.8.2
[INFO] [stderr]    Compiling ena v0.13.1
[INFO] [stderr]    Compiling bit-set v0.5.1
[INFO] [stderr]    Compiling num-integer v0.1.42
[INFO] [stderr]    Compiling lalrpop-util v0.17.2
[INFO] [stderr]    Compiling unicode-xid v0.1.0
[INFO] [stderr]    Compiling diff v0.1.12
[INFO] [stderr]    Compiling num-bigint v0.2.6
[INFO] [stderr]    Compiling quote v1.0.2
[INFO] [stderr]    Compiling petgraph v0.4.13
[INFO] [stderr]    Compiling rand_os v0.1.3
[INFO] [stderr]    Compiling dirs v1.0.5
[INFO] [stderr]    Compiling atty v0.2.14
[INFO] [stderr]    Compiling generic-array v0.12.3
[INFO] [stderr]    Compiling term v0.5.2
[INFO] [stderr]    Compiling version_check v0.9.1
[INFO] [stderr]     Checking rand_core v0.5.1
[INFO] [stderr] thread 'rustc' panicked at 'assertion failed: pos.get() <= self.position()', compiler/rustc_metadata/src/rmeta/encoder.rs:435:9
[INFO] [stderr] LLVM ERROR: IO failure on output stream: No space left on device
[INFO] [stderr] error: could not parse/generate dep info at: /opt/rustwide/target/debug/deps/rand_core-b59951763785a9ac.d
[INFO] [stderr] 
[INFO] [stderr] Caused by:
[INFO] [stderr]   failed to write `/opt/rustwide/target/debug/.fingerprint/rand_core-b59951763785a9ac/dep-lib-rand_core`
[INFO] [stderr] 
[INFO] [stderr] Caused by:
[INFO] [stderr]   No space left on device (os error 28)
[INFO] [stderr] warning: build failed, waiting for other jobs to finish...
[INFO] [stderr] error: could not compile `version_check`
[INFO] [stdout] error: couldn't create a temp dir: No space left on device (os error 28) at path "/opt/rustwide/target/debug/deps/rmetaShDmMi"
[INFO] [stdout] 
[INFO] [stdout] 
[INFO] [stderr] thread 'rustc' panicked at 'assertion failed: pos.get() <= self.position()', compiler/rustc_metadata/src/rmeta/encoder.rs:454:9
[INFO] [stdout] error: couldn't create a temp dir: No space left on device (os error 28) at path "/opt/rustwide/target/debug/deps/rmetaWAhClL"
[INFO] [stdout] 
[INFO] [stdout] 
[INFO] [stderr] error: could not compile `generic-array` due to previous error
[INFO] [stdout] error: couldn't create a temp dir: No space left on device (os error 28) at path "/opt/rustwide/target/debug/deps/rmetajtAjTn"
[INFO] [stdout] 
[INFO] [stdout] 
[INFO] [stderr] error: could not compile `term` due to previous error
[INFO] [stderr] error: failed to write `/opt/rustwide/target/debug/build/num-bigint-733044640a1ba032/output`
[INFO] [stderr] 
[INFO] [stderr] Caused by:
[INFO] [stderr]   No space left on device (os error 28)
[INFO] [stderr] error: could not compile `typenum` due to previous error
[INFO] [stdout] error: couldn't create a temp dir: No space left on device (os error 28) at path "/opt/rustwide/target/debug/deps/rmetar8TbA0"
[INFO] [stdout] 
[INFO] [stdout] 
[INFO] [stdout] error: error writing dependencies to `/opt/rustwide/target/debug/deps/syn-7b7fdd4123884963.d`: No space left on device (os error 28)
[INFO] [stdout] 
[INFO] [stdout] 
[INFO] [stderr] error: could not compile `thread_local` due to previous error
[INFO] [stderr] error: could not compile `syn` due to previous error
[INFO] [stderr] error: could not compile `aho-corasick`
[INFO] [stderr] error: could not compile `itertools`
[INFO] [stderr] thread 'rustc' panicked at 'assertion failed: pos.get() <= self.position()', compiler/rustc_metadata/src/rmeta/encoder.rs:435:9
[INFO] [stderr] error: could not compile `regex-syntax`
[INFO] [stderr] thread 'rustc' panicked at 'assertion failed: pos.get() <= self.position()', compiler/rustc_metadata/src/rmeta/encoder.rs:435:9
[INFO] [stderr] thread 'rustc' panicked at 'assertion failed: pos.get() <= self.position()', compiler/rustc_metadata/src/rmeta/encoder.rs:435:9
[INFO] [stdout] error: couldn't create a temp dir: No space left on device (os error 28) at path "/opt/rustwide/target/debug/deps/rmetaYFieAl"
[INFO] [stdout] 
[INFO] [stdout] 
[INFO] [stderr] error: could not compile `petgraph` due to previous error
[INFO] [stderr] error: could not compile `aho-corasick`
[INFO] [stderr] error: could not compile `rand`
[INFO] [stderr] thread 'rustc' panicked at 'assertion failed: pos.get() <= self.position()', compiler/rustc_metadata/src/rmeta/encoder.rs:435:9
[INFO] [stderr] error: could not compile `regex-syntax`
[INFO] running `Command { std: "docker" "inspect" "aae99089e0a87f81e93fc7850feab0c75700e0eedb2fbe47874d3f69c5793494", kill_on_drop: false }`
[INFO] running `Command { std: "docker" "rm" "-f" "aae99089e0a87f81e93fc7850feab0c75700e0eedb2fbe47874d3f69c5793494", kill_on_drop: false }`
[INFO] [stdout] aae99089e0a87f81e93fc7850feab0c75700e0eedb2fbe47874d3f69c5793494
