[INFO] cloning repository https://github.com/wuyedebianhua/tonic-example
[INFO] running `Command { std: "git" "-c" "credential.helper=" "-c" "credential.helper=/workspace/cargo-home/bin/git-credential-null" "clone" "--bare" "https://github.com/wuyedebianhua/tonic-example" "/workspace/cache/git-repos/https%3A%2F%2Fgithub.com%2Fwuyedebianhua%2Ftonic-example", kill_on_drop: false }`
[INFO] [stderr] Cloning into bare repository '/workspace/cache/git-repos/https%3A%2F%2Fgithub.com%2Fwuyedebianhua%2Ftonic-example'...
[INFO] running `Command { std: "git" "rev-parse" "HEAD", kill_on_drop: false }`
[INFO] [stdout] 8a0789feab99c711e98bd7473552fac59bb95e3a
[INFO] documenting wuyedebianhua/tonic-example against 1.69.0 for beta-1.70-rustdoc-1
[INFO] running `Command { std: "git" "clone" "/workspace/cache/git-repos/https%3A%2F%2Fgithub.com%2Fwuyedebianhua%2Ftonic-example" "/workspace/builds/worker-5-tc1/source", kill_on_drop: false }`
[INFO] [stderr] Cloning into '/workspace/builds/worker-5-tc1/source'...
[INFO] [stderr] done.
[INFO] validating manifest of git repo https://github.com/wuyedebianhua/tonic-example on toolchain 1.69.0
[INFO] running `Command { std: CARGO_HOME="/workspace/cargo-home" RUSTUP_HOME="/workspace/rustup-home" "/workspace/cargo-home/bin/cargo" "+1.69.0" "metadata" "--manifest-path" "Cargo.toml" "--no-deps", kill_on_drop: false }`
[INFO] started tweaking git repo https://github.com/wuyedebianhua/tonic-example
[INFO] finished tweaking git repo https://github.com/wuyedebianhua/tonic-example
[INFO] tweaked toml for git repo https://github.com/wuyedebianhua/tonic-example written to /workspace/builds/worker-5-tc1/source/Cargo.toml
[INFO] crate git repo https://github.com/wuyedebianhua/tonic-example already has a lockfile, it will not be regenerated
[INFO] running `Command { std: CARGO_HOME="/workspace/cargo-home" RUSTUP_HOME="/workspace/rustup-home" "/workspace/cargo-home/bin/cargo" "+1.69.0" "fetch" "--manifest-path" "Cargo.toml", kill_on_drop: false }`
[INFO] running `Command { std: "docker" "create" "-v" "/var/lib/crater-agent-workspace/builds/worker-5-tc1/target:/opt/rustwide/target:rw,Z" "-v" "/var/lib/crater-agent-workspace/builds/worker-5-tc1/source:/opt/rustwide/workdir:ro,Z" "-v" "/var/lib/crater-agent-workspace/cargo-home:/opt/rustwide/cargo-home:ro,Z" "-v" "/var/lib/crater-agent-workspace/rustup-home:/opt/rustwide/rustup-home:ro,Z" "-e" "SOURCE_DIR=/opt/rustwide/workdir" "-e" "CARGO_TARGET_DIR=/opt/rustwide/target" "-e" "CARGO_HOME=/opt/rustwide/cargo-home" "-e" "RUSTUP_HOME=/opt/rustwide/rustup-home" "-w" "/opt/rustwide/workdir" "-m" "1610612736" "--user" "0:0" "--network" "none" "ghcr.io/rust-lang/crates-build-env/linux@sha256:5ff2268d62e97bff2cde7d5815dd6ed5b47097566f13b8d0ca110b04b60e07ed" "/opt/rustwide/cargo-home/bin/cargo" "+1.69.0" "metadata" "--no-deps" "--format-version=1", kill_on_drop: false }`
[INFO] [stdout] b093514217becf19ac91e3f8a753e0c9cb3cae10d34145d52875f59b27210f4f
[INFO] running `Command { std: "docker" "start" "-a" "b093514217becf19ac91e3f8a753e0c9cb3cae10d34145d52875f59b27210f4f", kill_on_drop: false }`
[INFO] running `Command { std: "docker" "inspect" "b093514217becf19ac91e3f8a753e0c9cb3cae10d34145d52875f59b27210f4f", kill_on_drop: false }`
[INFO] running `Command { std: "docker" "rm" "-f" "b093514217becf19ac91e3f8a753e0c9cb3cae10d34145d52875f59b27210f4f", kill_on_drop: false }`
[INFO] [stdout] b093514217becf19ac91e3f8a753e0c9cb3cae10d34145d52875f59b27210f4f
[INFO] running `Command { std: "docker" "create" "-v" "/var/lib/crater-agent-workspace/builds/worker-5-tc1/target:/opt/rustwide/target:rw,Z" "-v" "/var/lib/crater-agent-workspace/builds/worker-5-tc1/source:/opt/rustwide/workdir:ro,Z" "-v" "/var/lib/crater-agent-workspace/cargo-home:/opt/rustwide/cargo-home:ro,Z" "-v" "/var/lib/crater-agent-workspace/rustup-home:/opt/rustwide/rustup-home:ro,Z" "-e" "SOURCE_DIR=/opt/rustwide/workdir" "-e" "CARGO_TARGET_DIR=/opt/rustwide/target" "-e" "CARGO_INCREMENTAL=0" "-e" "RUST_BACKTRACE=full" "-e" "RUSTFLAGS=--cap-lints=warn" "-e" "RUSTDOCFLAGS=--cap-lints=warn" "-e" "CARGO_HOME=/opt/rustwide/cargo-home" "-e" "RUSTUP_HOME=/opt/rustwide/rustup-home" "-w" "/opt/rustwide/workdir" "-m" "1610612736" "--user" "0:0" "--network" "none" "ghcr.io/rust-lang/crates-build-env/linux@sha256:5ff2268d62e97bff2cde7d5815dd6ed5b47097566f13b8d0ca110b04b60e07ed" "/opt/rustwide/cargo-home/bin/cargo" "+1.69.0" "doc" "--frozen" "--no-deps" "--document-private-items" "--message-format=json", kill_on_drop: false }`
[INFO] [stdout] b39e97b105f9a3d8c3ddb4d5d3614cff9996a0548bd550a63bba68271fd8d77b
[INFO] running `Command { std: "docker" "start" "-a" "b39e97b105f9a3d8c3ddb4d5d3614cff9996a0548bd550a63bba68271fd8d77b", kill_on_drop: false }`
[INFO] [stderr]    Compiling proc-macro2 v1.0.36
[INFO] [stderr]    Compiling unicode-xid v0.2.2
[INFO] [stderr]    Compiling syn v1.0.86
[INFO] [stderr]    Compiling libc v0.2.119
[INFO] [stderr]    Compiling log v0.4.14
[INFO] [stderr]     Checking cfg-if v1.0.0
[INFO] [stderr]    Compiling memchr v2.4.1
[INFO] [stderr]    Compiling autocfg v1.1.0
[INFO] [stderr]     Checking pin-project-lite v0.2.8
[INFO] [stderr]    Compiling either v1.6.1
[INFO] [stderr]    Compiling futures-core v0.3.21
[INFO] [stderr]     Checking bytes v1.1.0
[INFO] [stderr]    Compiling anyhow v1.0.55
[INFO] [stderr]    Compiling futures-task v0.3.21
[INFO] [stderr]     Checking lazy_static v1.4.0
[INFO] [stderr]     Checking futures-sink v0.3.21
[INFO] [stderr]    Compiling futures-util v0.3.21
[INFO] [stderr]     Checking fnv v1.0.7
[INFO] [stderr]     Checking tracing-core v0.1.22
[INFO] [stderr]    Compiling itertools v0.10.3
[INFO] [stderr]     Checking pin-utils v0.1.0
[INFO] [stderr]    Compiling hashbrown v0.11.2
[INFO] [stderr]     Checking itoa v1.0.1
[INFO] [stderr]    Compiling regex-syntax v0.6.25
[INFO] [stderr]    Compiling indexmap v1.8.0
[INFO] [stderr]    Compiling remove_dir_all v0.5.3
[INFO] [stderr]     Checking http v0.2.6
[INFO] [stderr]    Compiling unicode-segmentation v1.9.0
[INFO] [stderr]    Compiling fastrand v1.7.0
[INFO] [stderr]     Checking slab v0.4.5
[INFO] [stderr]    Compiling futures-channel v0.3.21
[INFO] [stderr]    Compiling fixedbitset v0.4.1
[INFO] [stderr]    Compiling aho-corasick v0.7.18
[INFO] [stderr]    Compiling quote v1.0.15
[INFO] [stderr]    Compiling httparse v1.6.0
[INFO] [stderr]    Compiling heck v0.3.3
[INFO] [stderr]     Checking mio v0.8.0
[INFO] [stderr]     Checking socket2 v0.4.4
[INFO] [stderr]     Checking num_cpus v1.13.1
[INFO] [stderr]    Compiling which v4.2.4
[INFO] [stderr] LLVM ERROR: IO failure on output stream: No space left on device
[INFO] [stderr] thread 'rustc' panicked at 'assertion failed: pos.get() <= self.position()', compiler/rustc_metadata/src/rmeta/encoder.rs:435:9
[INFO] [stderr] LLVM ERROR: IO failure on output stream: No space left on device
[INFO] [stderr] LLVM ERROR: IO failure on output stream: No space left on device
[INFO] [stderr] error: could not compile `libc`
[INFO] [stderr] warning: build failed, waiting for other jobs to finish...
[INFO] [stderr] error: could not compile `httparse`
[INFO] [stderr] error: could not compile `heck`
[INFO] [stderr] LLVM ERROR: IO failure on output stream: No space left on device
[INFO] [stdout] error: error writing dependencies to `/opt/rustwide/target/debug/deps/mio-07761621987cf52b.d`: No space left on device (os error 28)
[INFO] [stdout] 
[INFO] [stdout] 
[INFO] [stderr] error: could not compile `proc-macro2`
[INFO] [stderr] error: could not compile `mio` due to previous error
[INFO] [stderr] error: could not compile `quote`
[INFO] [stderr] LLVM ERROR: IO failure on output stream: No space left on device
[INFO] [stderr] thread 'rustc' panicked at 'assertion failed: pos.get() <= self.position()', compiler/rustc_metadata/src/rmeta/encoder.rs:435:9
[INFO] [stdout] error: couldn't create a temp dir: No space left on device (os error 28) at path "/opt/rustwide/target/debug/deps/rmetazg8sSu"
[INFO] [stdout] 
[INFO] [stdout] 
[INFO] [stderr] error: could not compile `socket2` due to previous error
[INFO] [stderr] error: could not compile `indexmap`
[INFO] [stderr] error: could not compile `which`
[INFO] [stderr] 
[INFO] [stderr] Caused by:
[INFO] [stderr]   No space left on device (os error 28)
[INFO] [stderr] 
[INFO] [stderr] Caused by:
[INFO] [stderr]   failed to parse process output: `rustc --crate-name which --edition=2018 /opt/rustwide/cargo-home/registry/src/github.com-1ecc6299db9ec823/which-4.2.4/src/lib.rs --error-format=json --json=diagnostic-rendered-ansi,artifacts,future-incompat --crate-type lib --emit=dep-info,metadata,link -C embed-bitcode=no -C metadata=af4def0d2cd0711d -C extra-filename=-af4def0d2cd0711d --out-dir /opt/rustwide/target/debug/deps -L dependency=/opt/rustwide/target/debug/deps --extern either=/opt/rustwide/target/debug/deps/libeither-b41781ec3c2e7d69.rmeta --extern libc=/opt/rustwide/target/debug/deps/liblibc-a6b9dc5e1e70f38f.rmeta --cap-lints allow --cap-lints=warn` (signal: 11, SIGSEGV: invalid memory reference)
[INFO] [stdout] error: couldn't create a temp dir: No space left on device (os error 28) at path "/opt/rustwide/target/debug/deps/rmetapBPkGu"
[INFO] [stdout] 
[INFO] [stdout] 
[INFO] [stderr] error: could not compile `itertools` due to previous error
[INFO] [stdout] error: couldn't create a temp dir: No space left on device (os error 28) at path "/opt/rustwide/target/debug/deps/rmetaV7CMC5"
[INFO] [stdout] 
[INFO] [stdout] 
[INFO] [stderr] error: could not compile `indexmap` due to previous error
[INFO] [stdout] error: couldn't create a temp dir: No space left on device (os error 28) at path "/opt/rustwide/target/debug/deps/rmetaBo4Z32"
[INFO] [stdout] 
[INFO] [stdout] 
[INFO] [stderr] error: could not compile `aho-corasick` due to previous error
[INFO] [stdout] error: couldn't create a temp dir: No space left on device (os error 28) at path "/opt/rustwide/target/debug/deps/rmetac1BhY4"
[INFO] [stdout] 
[INFO] [stdout] 
[INFO] [stdout] error: couldn't create a temp dir: No space left on device (os error 28) at path "/opt/rustwide/target/debug/deps/rmetayr9QrX"
[INFO] [stdout] 
[INFO] [stdout] 
[INFO] [stderr] error: could not compile `http` due to previous error
[INFO] [stderr] error: could not compile `futures-util` due to previous error
[INFO] [stdout] error: couldn't create a temp dir: No space left on device (os error 28) at path "/opt/rustwide/target/debug/deps/rmeta1n7q9w"
[INFO] [stdout] 
[INFO] [stdout] 
[INFO] [stderr] error: could not compile `regex-syntax` due to previous error
[INFO] running `Command { std: "docker" "inspect" "b39e97b105f9a3d8c3ddb4d5d3614cff9996a0548bd550a63bba68271fd8d77b", kill_on_drop: false }`
[INFO] running `Command { std: "docker" "rm" "-f" "b39e97b105f9a3d8c3ddb4d5d3614cff9996a0548bd550a63bba68271fd8d77b", kill_on_drop: false }`
[INFO] [stdout] b39e97b105f9a3d8c3ddb4d5d3614cff9996a0548bd550a63bba68271fd8d77b
