[INFO] cloning repository https://github.com/wnima/qq_bot
[INFO] running `Command { std: "git" "-c" "credential.helper=" "-c" "credential.helper=/workspace/cargo-home/bin/git-credential-null" "clone" "--bare" "https://github.com/wnima/qq_bot" "/workspace/cache/git-repos/https%3A%2F%2Fgithub.com%2Fwnima%2Fqq_bot", kill_on_drop: false }`
[INFO] [stderr] Cloning into bare repository '/workspace/cache/git-repos/https%3A%2F%2Fgithub.com%2Fwnima%2Fqq_bot'...
[INFO] running `Command { std: "git" "rev-parse" "HEAD", kill_on_drop: false }`
[INFO] [stdout] 36630cd4a2978996034d7b625eadf27beb3be904
[INFO] documenting wnima/qq_bot against 1.69.0 for beta-1.70-rustdoc-1
[INFO] running `Command { std: "git" "clone" "/workspace/cache/git-repos/https%3A%2F%2Fgithub.com%2Fwnima%2Fqq_bot" "/workspace/builds/worker-0-tc1/source", kill_on_drop: false }`
[INFO] [stderr] Cloning into '/workspace/builds/worker-0-tc1/source'...
[INFO] [stderr] done.
[INFO] validating manifest of git repo https://github.com/wnima/qq_bot on toolchain 1.69.0
[INFO] running `Command { std: CARGO_HOME="/workspace/cargo-home" RUSTUP_HOME="/workspace/rustup-home" "/workspace/cargo-home/bin/cargo" "+1.69.0" "metadata" "--manifest-path" "Cargo.toml" "--no-deps", kill_on_drop: false }`
[INFO] started tweaking git repo https://github.com/wnima/qq_bot
[INFO] finished tweaking git repo https://github.com/wnima/qq_bot
[INFO] tweaked toml for git repo https://github.com/wnima/qq_bot written to /workspace/builds/worker-0-tc1/source/Cargo.toml
[INFO] crate git repo https://github.com/wnima/qq_bot already has a lockfile, it will not be regenerated
[INFO] running `Command { std: CARGO_HOME="/workspace/cargo-home" RUSTUP_HOME="/workspace/rustup-home" "/workspace/cargo-home/bin/cargo" "+1.69.0" "fetch" "--manifest-path" "Cargo.toml", kill_on_drop: false }`
[INFO] running `Command { std: "docker" "create" "-v" "/var/lib/crater-agent-workspace/builds/worker-0-tc1/target:/opt/rustwide/target:rw,Z" "-v" "/var/lib/crater-agent-workspace/builds/worker-0-tc1/source:/opt/rustwide/workdir:ro,Z" "-v" "/var/lib/crater-agent-workspace/cargo-home:/opt/rustwide/cargo-home:ro,Z" "-v" "/var/lib/crater-agent-workspace/rustup-home:/opt/rustwide/rustup-home:ro,Z" "-e" "SOURCE_DIR=/opt/rustwide/workdir" "-e" "CARGO_TARGET_DIR=/opt/rustwide/target" "-e" "CARGO_HOME=/opt/rustwide/cargo-home" "-e" "RUSTUP_HOME=/opt/rustwide/rustup-home" "-w" "/opt/rustwide/workdir" "-m" "1610612736" "--user" "0:0" "--network" "none" "ghcr.io/rust-lang/crates-build-env/linux@sha256:5ff2268d62e97bff2cde7d5815dd6ed5b47097566f13b8d0ca110b04b60e07ed" "/opt/rustwide/cargo-home/bin/cargo" "+1.69.0" "metadata" "--no-deps" "--format-version=1", kill_on_drop: false }`
[INFO] [stdout] 6e895d5cef1ca8a1f1c768ced696c995afab47680bff19d771b01df05eabdae9
[INFO] running `Command { std: "docker" "start" "-a" "6e895d5cef1ca8a1f1c768ced696c995afab47680bff19d771b01df05eabdae9", kill_on_drop: false }`
[INFO] running `Command { std: "docker" "inspect" "6e895d5cef1ca8a1f1c768ced696c995afab47680bff19d771b01df05eabdae9", kill_on_drop: false }`
[INFO] running `Command { std: "docker" "rm" "-f" "6e895d5cef1ca8a1f1c768ced696c995afab47680bff19d771b01df05eabdae9", kill_on_drop: false }`
[INFO] [stdout] 6e895d5cef1ca8a1f1c768ced696c995afab47680bff19d771b01df05eabdae9
[INFO] running `Command { std: "docker" "create" "-v" "/var/lib/crater-agent-workspace/builds/worker-0-tc1/target:/opt/rustwide/target:rw,Z" "-v" "/var/lib/crater-agent-workspace/builds/worker-0-tc1/source:/opt/rustwide/workdir:ro,Z" "-v" "/var/lib/crater-agent-workspace/cargo-home:/opt/rustwide/cargo-home:ro,Z" "-v" "/var/lib/crater-agent-workspace/rustup-home:/opt/rustwide/rustup-home:ro,Z" "-e" "SOURCE_DIR=/opt/rustwide/workdir" "-e" "CARGO_TARGET_DIR=/opt/rustwide/target" "-e" "CARGO_INCREMENTAL=0" "-e" "RUST_BACKTRACE=full" "-e" "RUSTFLAGS=--cap-lints=warn" "-e" "RUSTDOCFLAGS=--cap-lints=warn" "-e" "CARGO_HOME=/opt/rustwide/cargo-home" "-e" "RUSTUP_HOME=/opt/rustwide/rustup-home" "-w" "/opt/rustwide/workdir" "-m" "1610612736" "--user" "0:0" "--network" "none" "ghcr.io/rust-lang/crates-build-env/linux@sha256:5ff2268d62e97bff2cde7d5815dd6ed5b47097566f13b8d0ca110b04b60e07ed" "/opt/rustwide/cargo-home/bin/cargo" "+1.69.0" "doc" "--frozen" "--no-deps" "--document-private-items" "--message-format=json", kill_on_drop: false }`
[INFO] [stdout] db77bcac1e14a521e87856984dcb1cd4c008aa90a7ecf74bf6d2e589f851b406
[INFO] running `Command { std: "docker" "start" "-a" "db77bcac1e14a521e87856984dcb1cd4c008aa90a7ecf74bf6d2e589f851b406", kill_on_drop: false }`
[INFO] [stderr]    Compiling proc-macro2 v1.0.36
[INFO] [stderr]    Compiling unicode-xid v0.2.2
[INFO] [stderr]    Compiling syn v1.0.86
[INFO] [stderr]    Compiling libc v0.2.117
[INFO] [stderr]     Checking cfg-if v1.0.0
[INFO] [stderr]    Compiling memchr v2.4.1
[INFO] [stderr]    Compiling log v0.4.14
[INFO] [stderr]    Compiling futures-core v0.3.21
[INFO] [stderr]     Checking slab v0.4.5
[INFO] [stderr]    Compiling version_check v0.9.4
[INFO] [stderr]     Checking futures-sink v0.3.21
[INFO] [stderr]    Compiling futures-channel v0.3.21
[INFO] [stderr]     Checking lazy_static v1.4.0
[INFO] [stderr]    Compiling futures-task v0.3.21
[INFO] [stderr]     Checking cfg-if v0.1.10
[INFO] [stderr]     Checking pin-project-lite v0.2.8
[INFO] [stderr]    Compiling futures-util v0.3.21
[INFO] [stderr]     Checking futures-io v0.3.21
[INFO] [stderr]     Checking pin-utils v0.1.0
[INFO] [stderr]     Checking pin-project-lite v0.1.12
[INFO] [stderr]     Checking bytes v0.5.6
[INFO] [stderr]     Checking smallvec v1.8.0
[INFO] [stderr]    Compiling parking_lot_core v0.8.5
[INFO] [stderr]    Compiling pin-project-internal v0.4.29
[INFO] [stderr]     Checking instant v0.1.12
[INFO] [stderr]     Checking scopeguard v1.1.0
[INFO] [stderr]    Compiling autocfg v1.1.0
[INFO] [stderr]    Compiling getrandom v0.1.16
[INFO] [stderr]     Checking lock_api v0.4.6
[INFO] [stderr]    Compiling convert_case v0.4.0
[INFO] [stderr]     Checking percent-encoding v2.1.0
[INFO] [stderr]    Compiling standback v0.2.17
[INFO] [stderr]     Checking tinyvec_macros v0.1.0
[INFO] [stderr]     Checking matches v0.1.9
[INFO] [stderr]     Checking bitflags v1.3.2
[INFO] [stderr]    Compiling serde_derive v1.0.136
[INFO] [stderr]    Compiling typenum v1.15.0
[INFO] [stderr]     Checking tinyvec v1.5.1
[INFO] [stderr]     Checking copyless v0.1.5
[INFO] [stderr]    Compiling proc-macro-hack v0.5.19
[INFO] [stderr]     Checking itoa v1.0.1
[INFO] [stderr]     Checking form_urlencoded v1.0.1
[INFO] [stderr]    Compiling generic-array v0.14.5
[INFO] [stderr]    Compiling unicode-segmentation v1.9.0
[INFO] [stderr]     Checking unicode-bidi v0.3.7
[INFO] [stderr]    Compiling async-trait v0.1.52
[INFO] [stderr]     Checking ppv-lite86 v0.2.16
[INFO] [stderr]     Checking bytes v1.1.0
[INFO] [stderr]     Checking either v1.6.1
[INFO] [stderr]    Compiling serde v1.0.136
[INFO] [stderr]     Checking fnv v1.0.7
[INFO] [stderr]     Checking match_cfg v0.1.0
[INFO] [stderr]    Compiling const_fn v0.4.9
[INFO] [stderr]     Checking aho-corasick v0.7.18
[INFO] [stderr]    Compiling miniz_oxide v0.4.4
[INFO] [stderr]    Compiling quote v1.0.15
[INFO] [stderr]    Compiling indexmap v1.8.0
[INFO] [stderr]    Compiling time v0.2.27
[INFO] [stderr]    Compiling heck v0.3.3
[INFO] [stderr]     Checking tracing-core v0.1.22
[INFO] [stderr]     Checking http v0.2.6
[INFO] [stderr]     Checking iovec v0.1.4
[INFO] [stderr]     Checking net2 v0.2.37
[INFO] [stderr]     Checking signal-hook-registry v1.4.0
[INFO] [stderr]     Checking num_cpus v1.13.1
[INFO] [stderr]     Checking hostname v0.3.1
[INFO] [stderr]     Checking quick-error v1.2.3
[INFO] [stderr]     Checking alloc-no-stdlib v2.0.3
[INFO] [stderr]     Checking threadpool v1.8.1
[INFO] [stderr]    Compiling crc32fast v1.3.2
[INFO] [stderr]     Checking mio v0.6.23
[INFO] [stderr]     Checking linked-hash-map v0.5.4
[INFO] [stderr]     Checking unicode-normalization v0.1.19
[INFO] [stderr]     Checking regex-syntax v0.6.25
[INFO] [stderr]     Checking tracing v0.1.30
[INFO] [stderr]     Checking resolv-conf v0.7.0
[INFO] [stderr]     Checking rand_core v0.5.1
[INFO] [stderr]     Checking alloc-stdlib v0.2.1
[INFO] [stderr]     Checking parking_lot v0.11.2
[INFO] [stderr]     Checking lru-cache v0.1.2
[INFO] [stderr]     Checking rand_chacha v0.2.2
[INFO] [stderr]    Compiling cookie v0.14.4
[INFO] [stderr]     Checking ryu v1.0.9
[INFO] [stderr]     Checking adler v1.0.2
[INFO] [stderr] LLVM ERROR: IO failure on output stream: No space left on device
[INFO] [stderr] error: could not parse/generate dep info at: /opt/rustwide/target/debug/deps/standback-9dbeb3dfb69f8be7.d
[INFO] [stderr] 
[INFO] [stderr] Caused by:
[INFO] [stderr]   failed to write `/opt/rustwide/target/debug/.fingerprint/standback-9dbeb3dfb69f8be7/dep-lib-standback`
[INFO] [stderr] 
[INFO] [stderr] Caused by:
[INFO] [stderr]   No space left on device (os error 28)
[INFO] [stderr] warning: build failed, waiting for other jobs to finish...
[INFO] [stderr] LLVM ERROR: IO failure on output stream: No space left on device
[INFO] [stderr] error: could not compile `proc-macro-hack`
[INFO] [stderr] error: could not compile `const_fn`
[INFO] [stdout] error: linking with `cc` failed: exit status: 1
[INFO] [stdout]   |
[INFO] [stdout]   = note: LC_ALL="C" PATH="/opt/rustwide/rustup-home/toolchains/1.69.0-x86_64-unknown-linux-gnu/lib/rustlib/x86_64-unknown-linux-gnu/bin:/opt/rustwide/cargo-home/bin:/usr/local/sbin:/usr/local/bin:/usr/sbin:/usr/bin:/sbin:/bin" VSLANG="1033" "cc" "-m64" "/tmp/rustcGWjSdL/symbols.o" "/opt/rustwide/target/debug/build/crc32fast-4b11c8b3392e4499/build_script_build-4b11c8b3392e4499.build_script_build.303edef6-cgu.0.rcgu.o" "/opt/rustwide/target/debug/build/crc32fast-4b11c8b3392e4499/build_script_build-4b11c8b3392e4499.build_script_build.303edef6-cgu.1.rcgu.o" "/opt/rustwide/target/debug/build/crc32fast-4b11c8b3392e4499/build_script_build-4b11c8b3392e4499.build_script_build.303edef6-cgu.10.rcgu.o" "/opt/rustwide/target/debug/build/crc32fast-4b11c8b3392e4499/build_script_build-4b11c8b3392e4499.build_script_build.303edef6-cgu.11.rcgu.o" "/opt/rustwide/target/debug/build/crc32fast-4b11c8b3392e4499/build_script_build-4b11c8b3392e4499.build_script_build.303edef6-cgu.12.rcgu.o" "/opt/rustwide/target/debug/build/crc32fast-4b11c8b3392e4499/build_script_build-4b11c8b3392e4499.build_script_build.303edef6-cgu.13.rcgu.o" "/opt/rustwide/target/debug/build/crc32fast-4b11c8b3392e4499/build_script_build-4b11c8b3392e4499.build_script_build.303edef6-cgu.14.rcgu.o" "/opt/rustwide/target/debug/build/crc32fast-4b11c8b3392e4499/build_script_build-4b11c8b3392e4499.build_script_build.303edef6-cgu.15.rcgu.o" "/opt/rustwide/target/debug/build/crc32fast-4b11c8b3392e4499/build_script_build-4b11c8b3392e4499.build_script_build.303edef6-cgu.2.rcgu.o" "/opt/rustwide/target/debug/build/crc32fast-4b11c8b3392e4499/build_script_build-4b11c8b3392e4499.build_script_build.303edef6-cgu.3.rcgu.o" "/opt/rustwide/target/debug/build/crc32fast-4b11c8b3392e4499/build_script_build-4b11c8b3392e4499.build_script_build.303edef6-cgu.4.rcgu.o" "/opt/rustwide/target/debug/build/crc32fast-4b11c8b3392e4499/build_script_build-4b11c8b3392e4499.build_script_build.303edef6-cgu.5.rcgu.o" "/opt/rustwide/target/debug/build/crc32fast-4b11c8b3392e4499/build_script_build-4b11c8b3392e4499.build_script_build.303edef6-cgu.6.rcgu.o" "/opt/rustwide/target/debug/build/crc32fast-4b11c8b3392e4499/build_script_build-4b11c8b3392e4499.build_script_build.303edef6-cgu.7.rcgu.o" "/opt/rustwide/target/debug/build/crc32fast-4b11c8b3392e4499/build_script_build-4b11c8b3392e4499.build_script_build.303edef6-cgu.8.rcgu.o" "/opt/rustwide/target/debug/build/crc32fast-4b11c8b3392e4499/build_script_build-4b11c8b3392e4499.build_script_build.303edef6-cgu.9.rcgu.o" "/opt/rustwide/target/debug/build/crc32fast-4b11c8b3392e4499/build_script_build-4b11c8b3392e4499.4tgwx3qe04dd59m2.rcgu.o" "-Wl,--as-needed" "-L" "/opt/rustwide/target/debug/deps" "-L" "/opt/rustwide/rustup-home/toolchains/1.69.0-x86_64-unknown-linux-gnu/lib/rustlib/x86_64-unknown-linux-gnu/lib" "-Wl,-Bstatic" "/opt/rustwide/rustup-home/toolchains/1.69.0-x86_64-unknown-linux-gnu/lib/rustlib/x86_64-unknown-linux-gnu/lib/libstd-89bc084783fdc439.rlib" "/opt/rustwide/rustup-home/toolchains/1.69.0-x86_64-unknown-linux-gnu/lib/rustlib/x86_64-unknown-linux-gnu/lib/libpanic_unwind-8bee4b287d4367c1.rlib" "/opt/rustwide/rustup-home/toolchains/1.69.0-x86_64-unknown-linux-gnu/lib/rustlib/x86_64-unknown-linux-gnu/lib/libobject-d61707aed80694c0.rlib" "/opt/rustwide/rustup-home/toolchains/1.69.0-x86_64-unknown-linux-gnu/lib/rustlib/x86_64-unknown-linux-gnu/lib/libmemchr-d85366256f22345b.rlib" "/opt/rustwide/rustup-home/toolchains/1.69.0-x86_64-unknown-linux-gnu/lib/rustlib/x86_64-unknown-linux-gnu/lib/libaddr2line-96069b86b8a8cae9.rlib" "/opt/rustwide/rustup-home/toolchains/1.69.0-x86_64-unknown-linux-gnu/lib/rustlib/x86_64-unknown-linux-gnu/lib/libgimli-d19d53abf68dfa6c.rlib" "/opt/rustwide/rustup-home/toolchains/1.69.0-x86_64-unknown-linux-gnu/lib/rustlib/x86_64-unknown-linux-gnu/lib/librustc_demangle-787cbccd19d64ac6.rlib" "/opt/rustwide/rustup-home/toolchains/1.69.0-x86_64-unknown-linux-gnu/lib/rustlib/x86_64-unknown-linux-gnu/lib/libstd_detect-b3837a36b830e0d0.rlib" "/opt/rustwide/rustup-home/toolchains/1.69.0-x86_64-unknown-linux-gnu/lib/rustlib/x86_64-unknown-linux-gnu/lib/libhashbrown-e3deb0e7e3f04966.rlib" "/opt/rustwide/rustup-home/toolchains/1.69.0-x86_64-unknown-linux-gnu/lib/rustlib/x86_64-unknown-linux-gnu/lib/libminiz_oxide-dabbb79c9815def4.rlib" "/opt/rustwide/rustup-home/toolchains/1.69.0-x86_64-unknown-linux-gnu/lib/rustlib/x86_64-unknown-linux-gnu/lib/libadler-305b01f34c9409f2.rlib" "/opt/rustwide/rustup-home/toolchains/1.69.0-x86_64-unknown-linux-gnu/lib/rustlib/x86_64-unknown-linux-gnu/lib/librustc_std_workspace_alloc-f833521df6074e73.rlib" "/opt/rustwide/rustup-home/toolchains/1.69.0-x86_64-unknown-linux-gnu/lib/rustlib/x86_64-unknown-linux-gnu/lib/libunwind-9ac333113350d171.rlib" "/opt/rustwide/rustup-home/toolchains/1.69.0-x86_64-unknown-linux-gnu/lib/rustlib/x86_64-unknown-linux-gnu/lib/libcfg_if-1c126114322d0eee.rlib" "/opt/rustwide/rustup-home/toolchains/1.69.0-x86_64-unknown-linux-gnu/lib/rustlib/x86_64-unknown-linux-gnu/lib/liblibc-bad9164fdeeecf92.rlib" "/opt/rustwide/rustup-home/toolchains/1.69.0-x86_64-unknown-linux-gnu/lib/rustlib/x86_64-unknown-linux-gnu/lib/liballoc-f9374b1e480fa681.rlib" "/opt/rustwide/rustup-home/toolchains/1.69.0-x86_64-unknown-linux-gnu/lib/rustlib/x86_64-unknown-linux-gnu/lib/librustc_std_workspace_core-207f06e41d9603af.rlib" "/opt/rustwide/rustup-home/toolchains/1.69.0-x86_64-unknown-linux-gnu/lib/rustlib/x86_64-unknown-linux-gnu/lib/libcore-7e2768e66e984e85.rlib" "/opt/rustwide/rustup-home/toolchains/1.69.0-x86_64-unknown-linux-gnu/lib/rustlib/x86_64-unknown-linux-gnu/lib/libcompiler_builtins-957b4aff41f8cd46.rlib" "-Wl,-Bdynamic" "-lgcc_s" "-lutil" "-lrt" "-lpthread" "-lm" "-ldl" "-lc" "-Wl,--eh-frame-hdr" "-Wl,-z,noexecstack" "-L" "/opt/rustwide/rustup-home/toolchains/1.69.0-x86_64-unknown-linux-gnu/lib/rustlib/x86_64-unknown-linux-gnu/lib" "-o" "/opt/rustwide/target/debug/build/crc32fast-4b11c8b3392e4499/build_script_build-4b11c8b3392e4499" "-Wl,--gc-sections" "-pie" "-Wl,-z,relro,-z,now" "-nodefaultlibs"
[INFO] [stdout]   = note: /usr/bin/ld: final link failed: No space left on device
[INFO] [stdout]           collect2: error: ld returned 1 exit status
[INFO] [stdout]           
[INFO] [stdout] 
[INFO] [stdout] 
[INFO] [stdout] error: aborting due to previous error
[INFO] [stdout] 
[INFO] [stdout] 
[INFO] [stderr] error: could not compile `crc32fast` due to 2 previous errors
[INFO] [stdout] error: linking with `cc` failed: exit status: 1
[INFO] [stdout]   |
[INFO] [stdout]   = note: LC_ALL="C" PATH="/opt/rustwide/rustup-home/toolchains/1.69.0-x86_64-unknown-linux-gnu/lib/rustlib/x86_64-unknown-linux-gnu/bin:/opt/rustwide/cargo-home/bin:/usr/local/sbin:/usr/local/bin:/usr/sbin:/usr/bin:/sbin:/bin" VSLANG="1033" "cc" "-m64" "/tmp/rustcIqBLgn/symbols.o" "/opt/rustwide/target/debug/build/cookie-2f201bf8d7dfaf9e/build_script_build-2f201bf8d7dfaf9e.build_script_build.c9e9880d-cgu.0.rcgu.o" "/opt/rustwide/target/debug/build/cookie-2f201bf8d7dfaf9e/build_script_build-2f201bf8d7dfaf9e.build_script_build.c9e9880d-cgu.1.rcgu.o" "/opt/rustwide/target/debug/build/cookie-2f201bf8d7dfaf9e/build_script_build-2f201bf8d7dfaf9e.build_script_build.c9e9880d-cgu.2.rcgu.o" "/opt/rustwide/target/debug/build/cookie-2f201bf8d7dfaf9e/build_script_build-2f201bf8d7dfaf9e.build_script_build.c9e9880d-cgu.3.rcgu.o" "/opt/rustwide/target/debug/build/cookie-2f201bf8d7dfaf9e/build_script_build-2f201bf8d7dfaf9e.build_script_build.c9e9880d-cgu.4.rcgu.o" "/opt/rustwide/target/debug/build/cookie-2f201bf8d7dfaf9e/build_script_build-2f201bf8d7dfaf9e.build_script_build.c9e9880d-cgu.5.rcgu.o" "/opt/rustwide/target/debug/build/cookie-2f201bf8d7dfaf9e/build_script_build-2f201bf8d7dfaf9e.3foxmm1t5ucpq52j.rcgu.o" "-Wl,--as-needed" "-L" "/opt/rustwide/target/debug/deps" "-L" "/opt/rustwide/rustup-home/toolchains/1.69.0-x86_64-unknown-linux-gnu/lib/rustlib/x86_64-unknown-linux-gnu/lib" "-Wl,-Bstatic" "/opt/rustwide/target/debug/deps/libversion_check-a6e36a616ba3406c.rlib" "/opt/rustwide/rustup-home/toolchains/1.69.0-x86_64-unknown-linux-gnu/lib/rustlib/x86_64-unknown-linux-gnu/lib/libstd-89bc084783fdc439.rlib" "/opt/rustwide/rustup-home/toolchains/1.69.0-x86_64-unknown-linux-gnu/lib/rustlib/x86_64-unknown-linux-gnu/lib/libpanic_unwind-8bee4b287d4367c1.rlib" "/opt/rustwide/rustup-home/toolchains/1.69.0-x86_64-unknown-linux-gnu/lib/rustlib/x86_64-unknown-linux-gnu/lib/libobject-d61707aed80694c0.rlib" "/opt/rustwide/rustup-home/toolchains/1.69.0-x86_64-unknown-linux-gnu/lib/rustlib/x86_64-unknown-linux-gnu/lib/libmemchr-d85366256f22345b.rlib" "/opt/rustwide/rustup-home/toolchains/1.69.0-x86_64-unknown-linux-gnu/lib/rustlib/x86_64-unknown-linux-gnu/lib/libaddr2line-96069b86b8a8cae9.rlib" "/opt/rustwide/rustup-home/toolchains/1.69.0-x86_64-unknown-linux-gnu/lib/rustlib/x86_64-unknown-linux-gnu/lib/libgimli-d19d53abf68dfa6c.rlib" "/opt/rustwide/rustup-home/toolchains/1.69.0-x86_64-unknown-linux-gnu/lib/rustlib/x86_64-unknown-linux-gnu/lib/librustc_demangle-787cbccd19d64ac6.rlib" "/opt/rustwide/rustup-home/toolchains/1.69.0-x86_64-unknown-linux-gnu/lib/rustlib/x86_64-unknown-linux-gnu/lib/libstd_detect-b3837a36b830e0d0.rlib" "/opt/rustwide/rustup-home/toolchains/1.69.0-x86_64-unknown-linux-gnu/lib/rustlib/x86_64-unknown-linux-gnu/lib/libhashbrown-e3deb0e7e3f04966.rlib" "/opt/rustwide/rustup-home/toolchains/1.69.0-x86_64-unknown-linux-gnu/lib/rustlib/x86_64-unknown-linux-gnu/lib/libminiz_oxide-dabbb79c9815def4.rlib" "/opt/rustwide/rustup-home/toolchains/1.69.0-x86_64-unknown-linux-gnu/lib/rustlib/x86_64-unknown-linux-gnu/lib/libadler-305b01f34c9409f2.rlib" "/opt/rustwide/rustup-home/toolchains/1.69.0-x86_64-unknown-linux-gnu/lib/rustlib/x86_64-unknown-linux-gnu/lib/librustc_std_workspace_alloc-f833521df6074e73.rlib" "/opt/rustwide/rustup-home/toolchains/1.69.0-x86_64-unknown-linux-gnu/lib/rustlib/x86_64-unknown-linux-gnu/lib/libunwind-9ac333113350d171.rlib" "/opt/rustwide/rustup-home/toolchains/1.69.0-x86_64-unknown-linux-gnu/lib/rustlib/x86_64-unknown-linux-gnu/lib/libcfg_if-1c126114322d0eee.rlib" "/opt/rustwide/rustup-home/toolchains/1.69.0-x86_64-unknown-linux-gnu/lib/rustlib/x86_64-unknown-linux-gnu/lib/liblibc-bad9164fdeeecf92.rlib" "/opt/rustwide/rustup-home/toolchains/1.69.0-x86_64-unknown-linux-gnu/lib/rustlib/x86_64-unknown-linux-gnu/lib/liballoc-f9374b1e480fa681.rlib" "/opt/rustwide/rustup-home/toolchains/1.69.0-x86_64-unknown-linux-gnu/lib/rustlib/x86_64-unknown-linux-gnu/lib/librustc_std_workspace_core-207f06e41d9603af.rlib" "/opt/rustwide/rustup-home/toolchains/1.69.0-x86_64-unknown-linux-gnu/lib/rustlib/x86_64-unknown-linux-gnu/lib/libcore-7e2768e66e984e85.rlib" "/opt/rustwide/rustup-home/toolchains/1.69.0-x86_64-unknown-linux-gnu/lib/rustlib/x86_64-unknown-linux-gnu/lib/libcompiler_builtins-957b4aff41f8cd46.rlib" "-Wl,-Bdynamic" "-lgcc_s" "-lutil" "-lrt" "-lpthread" "-lm" "-ldl" "-lc" "-Wl,--eh-frame-hdr" "-Wl,-z,noexecstack" "-L" "/opt/rustwide/rustup-home/toolchains/1.69.0-x86_64-unknown-linux-gnu/lib/rustlib/x86_64-unknown-linux-gnu/lib" "-o" "/opt/rustwide/target/debug/build/cookie-2f201bf8d7dfaf9e/build_script_build-2f201bf8d7dfaf9e" "-Wl,--gc-sections" "-pie" "-Wl,-z,relro,-z,now" "-nodefaultlibs"
[INFO] [stdout]   = note: /usr/bin/ld: final link failed: No space left on device
[INFO] [stdout]           collect2: error: ld returned 1 exit status
[INFO] [stdout]           
[INFO] [stdout] 
[INFO] [stdout] 
[INFO] [stdout] error: aborting due to previous error
[INFO] [stdout] 
[INFO] [stdout] 
[INFO] [stderr] error: could not compile `cookie` due to 2 previous errors
[INFO] [stderr] thread 'rustc' panicked at 'assertion failed: pos.get() <= self.position()', compiler/rustc_metadata/src/rmeta/encoder.rs:435:9
[INFO] [stdout] error: couldn't create a temp dir: No space left on device (os error 28) at path "/opt/rustwide/target/debug/deps/rmetafvYwwV"
[INFO] [stdout] 
[INFO] [stdout] 
[INFO] [stderr] error: could not compile `unicode-normalization` due to previous error
[INFO] [stderr] error: could not compile `typenum`
[INFO] [stderr] thread 'rustc' panicked at 'assertion failed: pos.get() <= self.position()', compiler/rustc_metadata/src/rmeta/encoder.rs:435:9
[INFO] [stderr] error: could not compile `regex-syntax`
[INFO] [stderr] thread 'rustc' panicked at 'assertion failed: pos.get() <= self.position()', compiler/rustc_metadata/src/rmeta/encoder.rs:435:9
[INFO] [stderr] error: could not compile `syn`
[INFO] running `Command { std: "docker" "inspect" "db77bcac1e14a521e87856984dcb1cd4c008aa90a7ecf74bf6d2e589f851b406", kill_on_drop: false }`
[INFO] running `Command { std: "docker" "rm" "-f" "db77bcac1e14a521e87856984dcb1cd4c008aa90a7ecf74bf6d2e589f851b406", kill_on_drop: false }`
[INFO] [stdout] db77bcac1e14a521e87856984dcb1cd4c008aa90a7ecf74bf6d2e589f851b406
