[INFO] cloning repository https://github.com/vitiral/artifact
[INFO] running `Command { std: "git" "-c" "credential.helper=" "-c" "credential.helper=/workspace/cargo-home/bin/git-credential-null" "clone" "--bare" "https://github.com/vitiral/artifact" "/workspace/cache/git-repos/https%3A%2F%2Fgithub.com%2Fvitiral%2Fartifact", kill_on_drop: false }`
[INFO] [stderr] Cloning into bare repository '/workspace/cache/git-repos/https%3A%2F%2Fgithub.com%2Fvitiral%2Fartifact'...
[INFO] running `Command { std: "git" "rev-parse" "HEAD", kill_on_drop: false }`
[INFO] [stdout] 2b46103a2f8a4012b4f0555fbcf3cc151c93a6af
[INFO] documenting vitiral/artifact against 1.69.0 for beta-1.70-rustdoc-1
[INFO] running `Command { std: "git" "clone" "/workspace/cache/git-repos/https%3A%2F%2Fgithub.com%2Fvitiral%2Fartifact" "/workspace/builds/worker-3-tc1/source", kill_on_drop: false }`
[INFO] [stderr] Cloning into '/workspace/builds/worker-3-tc1/source'...
[INFO] [stderr] done.
[INFO] validating manifest of git repo https://github.com/vitiral/artifact on toolchain 1.69.0
[INFO] running `Command { std: CARGO_HOME="/workspace/cargo-home" RUSTUP_HOME="/workspace/rustup-home" "/workspace/cargo-home/bin/cargo" "+1.69.0" "metadata" "--manifest-path" "Cargo.toml" "--no-deps", kill_on_drop: false }`
[INFO] started tweaking git repo https://github.com/vitiral/artifact
[INFO] finished tweaking git repo https://github.com/vitiral/artifact
[INFO] tweaked toml for git repo https://github.com/vitiral/artifact written to /workspace/builds/worker-3-tc1/source/Cargo.toml
[INFO] crate git repo https://github.com/vitiral/artifact already has a lockfile, it will not be regenerated
[INFO] running `Command { std: CARGO_HOME="/workspace/cargo-home" RUSTUP_HOME="/workspace/rustup-home" "/workspace/cargo-home/bin/cargo" "+1.69.0" "fetch" "--manifest-path" "Cargo.toml", kill_on_drop: false }`
[INFO] [stderr]     Updating git repository `https://github.com/rust-crates/ergo`
[INFO] [stderr]     Updating git repository `https://github.com/vitiral/path_abs`
[INFO] [stderr]  Downloading crates ...
[INFO] [stderr]   Downloaded configure_derive v0.1.1
[INFO] [stderr]   Downloaded wait-timeout v0.1.5
[INFO] [stderr]   Downloaded rusty-fork v0.2.1
[INFO] [stderr]   Downloaded ctrlc v3.1.1
[INFO] [stderr]   Downloaded proptest v0.7.2
[INFO] [stderr]   Downloaded assert_cli v0.6.3
[INFO] [stderr]   Downloaded reqwest v0.9.11
[INFO] [stderr]   Downloaded openssl v0.10.19
[INFO] [stderr]   Downloaded configure v0.1.1
[INFO] [stderr]   Downloaded tabwriter v1.1.0
[INFO] [stderr]   Downloaded colored v1.7.0
[INFO] [stderr]   Downloaded jrpc v0.4.0
[INFO] [stderr]   Downloaded regex_generate v0.2.0
[INFO] [stderr]   Downloaded expect_macro v0.2.1
[INFO] [stderr]   Downloaded taken v0.1.1
[INFO] [stderr]   Downloaded yew_simple v0.3.0
[INFO] [stderr]   Downloaded stfu8 v0.2.4
[INFO] [stderr]   Downloaded openssl-sys v0.9.42
[INFO] [stderr]   Downloaded tar v0.4.20
[INFO] [stderr]   Downloaded termstyle v0.1.2
[INFO] running `Command { std: "docker" "create" "-v" "/var/lib/crater-agent-workspace/builds/worker-3-tc1/target:/opt/rustwide/target:rw,Z" "-v" "/var/lib/crater-agent-workspace/builds/worker-3-tc1/source:/opt/rustwide/workdir:ro,Z" "-v" "/var/lib/crater-agent-workspace/cargo-home:/opt/rustwide/cargo-home:ro,Z" "-v" "/var/lib/crater-agent-workspace/rustup-home:/opt/rustwide/rustup-home:ro,Z" "-e" "SOURCE_DIR=/opt/rustwide/workdir" "-e" "CARGO_TARGET_DIR=/opt/rustwide/target" "-e" "CARGO_HOME=/opt/rustwide/cargo-home" "-e" "RUSTUP_HOME=/opt/rustwide/rustup-home" "-w" "/opt/rustwide/workdir" "-m" "1610612736" "--user" "0:0" "--network" "none" "ghcr.io/rust-lang/crates-build-env/linux@sha256:5ff2268d62e97bff2cde7d5815dd6ed5b47097566f13b8d0ca110b04b60e07ed" "/opt/rustwide/cargo-home/bin/cargo" "+1.69.0" "metadata" "--no-deps" "--format-version=1", kill_on_drop: false }`
[INFO] [stdout] fd7c1aa971def16e82b07ad34257fd68d57543e94d533854d1483adc249066ac
[INFO] running `Command { std: "docker" "start" "-a" "fd7c1aa971def16e82b07ad34257fd68d57543e94d533854d1483adc249066ac", kill_on_drop: false }`
[INFO] running `Command { std: "docker" "inspect" "fd7c1aa971def16e82b07ad34257fd68d57543e94d533854d1483adc249066ac", kill_on_drop: false }`
[INFO] running `Command { std: "docker" "rm" "-f" "fd7c1aa971def16e82b07ad34257fd68d57543e94d533854d1483adc249066ac", kill_on_drop: false }`
[INFO] [stdout] fd7c1aa971def16e82b07ad34257fd68d57543e94d533854d1483adc249066ac
[INFO] running `Command { std: "docker" "create" "-v" "/var/lib/crater-agent-workspace/builds/worker-3-tc1/target:/opt/rustwide/target:rw,Z" "-v" "/var/lib/crater-agent-workspace/builds/worker-3-tc1/source:/opt/rustwide/workdir:ro,Z" "-v" "/var/lib/crater-agent-workspace/cargo-home:/opt/rustwide/cargo-home:ro,Z" "-v" "/var/lib/crater-agent-workspace/rustup-home:/opt/rustwide/rustup-home:ro,Z" "-e" "SOURCE_DIR=/opt/rustwide/workdir" "-e" "CARGO_TARGET_DIR=/opt/rustwide/target" "-e" "CARGO_INCREMENTAL=0" "-e" "RUST_BACKTRACE=full" "-e" "RUSTFLAGS=--cap-lints=warn" "-e" "RUSTDOCFLAGS=--cap-lints=warn" "-e" "CARGO_HOME=/opt/rustwide/cargo-home" "-e" "RUSTUP_HOME=/opt/rustwide/rustup-home" "-w" "/opt/rustwide/workdir" "-m" "1610612736" "--user" "0:0" "--network" "none" "ghcr.io/rust-lang/crates-build-env/linux@sha256:5ff2268d62e97bff2cde7d5815dd6ed5b47097566f13b8d0ca110b04b60e07ed" "/opt/rustwide/cargo-home/bin/cargo" "+1.69.0" "doc" "--frozen" "--no-deps" "--document-private-items" "--message-format=json", kill_on_drop: false }`
[INFO] [stdout] 39e0a1c13f0158e9c08b9ef00b21f0d9de1f645454337d923616bf0969f99e74
[INFO] running `Command { std: "docker" "start" "-a" "39e0a1c13f0158e9c08b9ef00b21f0d9de1f645454337d923616bf0969f99e74", kill_on_drop: false }`
[INFO] [stderr]    Compiling libc v0.2.48
[INFO] [stderr]    Compiling proc-macro2 v0.4.27
[INFO] [stderr]    Compiling unicode-xid v0.1.0
[INFO] [stderr]    Compiling serde v1.0.88
[INFO] [stderr]     Checking cfg-if v0.1.6
[INFO] [stderr]    Compiling memchr v2.2.0
[INFO] [stderr]     Checking lazy_static v1.2.0
[INFO] [stderr]    Compiling ryu v0.2.7
[INFO] [stderr]    Compiling autocfg v0.1.2
[INFO] [stderr]    Compiling regex v0.2.11
[INFO] [stderr]     Checking ucd-util v0.1.3
[INFO] [stderr]    Compiling unicode-segmentation v1.2.1
[INFO] [stderr]    Compiling arrayvec v0.4.10
[INFO] [stderr]     Checking utf8-ranges v1.0.2
[INFO] [stderr]    Compiling unicode-xid v0.0.4
[INFO] [stderr]    Compiling quote v0.3.15
[INFO] [stderr]     Checking thread_local v0.3.6
[INFO] [stderr]    Compiling byteorder v1.3.1
[INFO] [stderr]     Checking itoa v0.4.3
[INFO] [stderr]    Compiling cc v1.0.29
[INFO] [stderr]    Compiling synom v0.11.3
[INFO] [stderr]     Checking log v0.4.6
[INFO] [stderr]     Checking smallvec v0.6.9
[INFO] [stderr]     Checking std_prelude v0.2.12
[INFO] [stderr]    Compiling heck v0.3.1
[INFO] [stderr]    Compiling syn v0.11.11
[INFO] [stderr]     Checking regex-syntax v0.5.6
[INFO] [stderr]     Checking rustc-demangle v0.1.13
[INFO] [stderr]    Compiling backtrace v0.3.14
[INFO] [stderr]    Compiling nix v0.11.0
[INFO] [stderr]     Checking nodrop v0.1.13
[INFO] [stderr]    Compiling failure_derive v0.1.5
[INFO] [stderr]    Compiling semver-parser v0.7.0
[INFO] [stderr]     Checking either v1.5.0
[INFO] [stderr]     Checking scopeguard v0.3.3
[INFO] [stderr]     Checking memoffset v0.2.1
[INFO] [stderr]    Compiling semver v0.9.0
[INFO] [stderr]     Checking bitflags v1.0.4
[INFO] [stderr]     Checking linked-hash-map v0.5.1
[INFO] [stderr]     Checking aho-corasick v0.6.10
[INFO] [stderr]     Checking dtoa v0.4.3
[INFO] [stderr]     Checking safemem v0.3.0
[INFO] [stderr]     Checking rand v0.4.6
[INFO] [stderr]    Compiling rustc_version v0.2.3
[INFO] [stderr]    Compiling quote v0.6.11
[INFO] [stderr]     Checking num_cpus v1.10.0
[INFO] [stderr]     Checking itertools v0.7.11
[INFO] [stderr]     Checking yaml-rust v0.4.2
[INFO] [stderr]     Checking base64 v0.9.3
[INFO] [stderr] LLVM ERROR: IO failure on output stream: No space left on device
[INFO] [stderr] thread 'rustc' panicked at 'assertion failed: pos.get() <= self.position()', compiler/rustc_metadata/src/rmeta/encoder.rs:435:9
[INFO] [stdout] error: failed to write /tmp/rustca8kqUE/lib.rmeta: No space left on device (os error 28)
[INFO] [stdout] 
[INFO] [stdout] 
[INFO] [stdout] error: couldn't create a temp dir: No space left on device (os error 28) at path "/opt/rustwide/target/debug/deps/rmetad0N9lv"
[INFO] [stdout] 
[INFO] [stdout] 
[INFO] [stdout] error: couldn't create a temp dir: No space left on device (os error 28) at path "/opt/rustwide/target/debug/deps/rmetaB0YbEJ"
[INFO] [stdout] 
[INFO] [stdout] 
[INFO] [stderr] error: could not compile `semver`
[INFO] [stderr] warning: build failed, waiting for other jobs to finish...
[INFO] [stderr] error: could not compile `num_cpus` due to previous error
[INFO] [stderr] error: could not compile `libc` due to previous error
[INFO] [stderr] LLVM ERROR: IO failure on output stream: No space left on device
[INFO] [stderr] thread 'rustc' panicked at 'assertion failed: pos.get() <= self.position()', compiler/rustc_metadata/src/rmeta/encoder.rs:454:9
[INFO] [stderr] error: could not compile `proc-macro2`
[INFO] [stderr] error: could not compile `quote` due to previous error
[INFO] [stderr] LLVM ERROR: IO failure on output stream: No space left on device
[INFO] [stderr] error: could not compile `cc`
[INFO] [stderr] error: could not compile `rustc_version`
[INFO] [stdout] error: couldn't create a temp dir: No space left on device (os error 28) at path "/opt/rustwide/target/debug/deps/rmetaIEVuI5"
[INFO] [stdout] 
[INFO] [stdout] 
[INFO] [stderr] error: could not compile `heck` due to previous error
[INFO] [stderr] error: could not compile `syn`
[INFO] [stdout] error: couldn't create a temp dir: No space left on device (os error 28) at path "/opt/rustwide/target/debug/deps/rmetay9DVXy"
[INFO] [stdout] 
[INFO] [stdout] 
[INFO] [stderr] error: could not compile `ryu` due to previous error
[INFO] [stdout] error: couldn't create a temp dir: No space left on device (os error 28) at path "/opt/rustwide/target/debug/deps/rmetagzYR97"
[INFO] [stdout] 
[INFO] [stdout] 
[INFO] [stderr] error: could not compile `yaml-rust` due to previous error
[INFO] [stderr] thread 'rustc' panicked at 'assertion failed: pos.get() <= self.position()', compiler/rustc_metadata/src/rmeta/encoder.rs:435:9
[INFO] [stderr] error: could not compile `rand`
[INFO] [stdout] error: couldn't create a temp dir: No space left on device (os error 28) at path "/opt/rustwide/target/debug/deps/rmeta3s3pru"
[INFO] [stdout] 
[INFO] [stdout] 
[INFO] [stdout] error: couldn't create a temp dir: No space left on device (os error 28) at path "/opt/rustwide/target/debug/deps/rmetaP1hLBy"
[INFO] [stdout] 
[INFO] [stdout] 
[INFO] [stderr] error: could not compile `itertools` due to previous error
[INFO] [stderr] error: could not compile `rand` due to previous error
[INFO] [stdout] error: couldn't create a temp dir: No space left on device (os error 28) at path "/opt/rustwide/target/debug/deps/rmetaVggqBt"
[INFO] [stdout] 
[INFO] [stdout] 
[INFO] [stderr] error: could not compile `regex-syntax` due to previous error
[INFO] running `Command { std: "docker" "inspect" "39e0a1c13f0158e9c08b9ef00b21f0d9de1f645454337d923616bf0969f99e74", kill_on_drop: false }`
[INFO] running `Command { std: "docker" "rm" "-f" "39e0a1c13f0158e9c08b9ef00b21f0d9de1f645454337d923616bf0969f99e74", kill_on_drop: false }`
[INFO] [stdout] 39e0a1c13f0158e9c08b9ef00b21f0d9de1f645454337d923616bf0969f99e74
