[INFO] cloning repository https://github.com/twins2020/AlienAnalyticsTokoin21
[INFO] running `Command { std: "git" "-c" "credential.helper=" "-c" "credential.helper=/workspace/cargo-home/bin/git-credential-null" "clone" "--bare" "https://github.com/twins2020/AlienAnalyticsTokoin21" "/workspace/cache/git-repos/https%3A%2F%2Fgithub.com%2Ftwins2020%2FAlienAnalyticsTokoin21", kill_on_drop: false }`
[INFO] [stderr] Cloning into bare repository '/workspace/cache/git-repos/https%3A%2F%2Fgithub.com%2Ftwins2020%2FAlienAnalyticsTokoin21'...
[INFO] [stderr] fatal: write error: No space left on device
[INFO] [stderr] fatal: index-pack failed
[WARN] Retrying crate fetch in 3 seconds (attempt 1)
[INFO] cloning repository https://github.com/twins2020/AlienAnalyticsTokoin21
[INFO] running `Command { std: "git" "-c" "credential.helper=" "-c" "credential.helper=/workspace/cargo-home/bin/git-credential-null" "clone" "--bare" "https://github.com/twins2020/AlienAnalyticsTokoin21" "/workspace/cache/git-repos/https%3A%2F%2Fgithub.com%2Ftwins2020%2FAlienAnalyticsTokoin21", kill_on_drop: false }`
[INFO] [stderr] Cloning into bare repository '/workspace/cache/git-repos/https%3A%2F%2Fgithub.com%2Ftwins2020%2FAlienAnalyticsTokoin21'...
[INFO] [stderr] fatal: write error: No space left on device
[INFO] [stderr] fatal: index-pack failed
[WARN] Retrying crate fetch in 3 seconds (attempt 2)
[INFO] cloning repository https://github.com/twins2020/AlienAnalyticsTokoin21
[INFO] running `Command { std: "git" "-c" "credential.helper=" "-c" "credential.helper=/workspace/cargo-home/bin/git-credential-null" "clone" "--bare" "https://github.com/twins2020/AlienAnalyticsTokoin21" "/workspace/cache/git-repos/https%3A%2F%2Fgithub.com%2Ftwins2020%2FAlienAnalyticsTokoin21", kill_on_drop: false }`
[INFO] [stderr] Cloning into bare repository '/workspace/cache/git-repos/https%3A%2F%2Fgithub.com%2Ftwins2020%2FAlienAnalyticsTokoin21'...
[INFO] running `Command { std: "git" "rev-parse" "HEAD", kill_on_drop: false }`
[INFO] [stdout] 73d0973ded14a4d9c2d9afd6620d303e9da79b8a
[INFO] documenting twins2020/AlienAnalyticsTokoin21 against 1.69.0 for beta-1.70-rustdoc-1
[INFO] running `Command { std: "git" "clone" "/workspace/cache/git-repos/https%3A%2F%2Fgithub.com%2Ftwins2020%2FAlienAnalyticsTokoin21" "/workspace/builds/worker-7-tc1/source", kill_on_drop: false }`
[INFO] [stderr] Cloning into '/workspace/builds/worker-7-tc1/source'...
[INFO] [stderr] done.
[INFO] validating manifest of git repo https://github.com/twins2020/AlienAnalyticsTokoin21 on toolchain 1.69.0
[INFO] running `Command { std: CARGO_HOME="/workspace/cargo-home" RUSTUP_HOME="/workspace/rustup-home" "/workspace/cargo-home/bin/cargo" "+1.69.0" "metadata" "--manifest-path" "Cargo.toml" "--no-deps", kill_on_drop: false }`
[INFO] started tweaking git repo https://github.com/twins2020/AlienAnalyticsTokoin21
[INFO] finished tweaking git repo https://github.com/twins2020/AlienAnalyticsTokoin21
[INFO] tweaked toml for git repo https://github.com/twins2020/AlienAnalyticsTokoin21 written to /workspace/builds/worker-7-tc1/source/Cargo.toml
[INFO] crate git repo https://github.com/twins2020/AlienAnalyticsTokoin21 already has a lockfile, it will not be regenerated
[INFO] running `Command { std: CARGO_HOME="/workspace/cargo-home" RUSTUP_HOME="/workspace/rustup-home" "/workspace/cargo-home/bin/cargo" "+1.69.0" "fetch" "--manifest-path" "Cargo.toml", kill_on_drop: false }`
[INFO] [stderr]  Downloading crates ...
[INFO] [stderr]   Downloaded libp2p v0.34.0
[INFO] [stderr]   Downloaded libp2p-yamux v0.30.1
[INFO] [stderr]   Downloaded libp2p-wasm-ext v0.27.0
[INFO] [stderr]   Downloaded arrayvec v0.7.0
[INFO] [stderr]   Downloaded signal-hook v0.3.8
[INFO] [stderr]   Downloaded libp2p-core v0.27.1
[INFO] [stderr]   Downloaded pallet-authorship v3.0.0
[INFO] [stderr]   Downloaded libp2p-floodsub v0.27.0
[INFO] [stderr]   Downloaded fork-tree v3.0.0
[INFO] [stderr]   Downloaded sc-tracing-proc-macro v3.0.0
[INFO] [stderr]   Downloaded wasmtime-cranelift v0.22.0
[INFO] [stderr]   Downloaded wasmtime-obj v0.22.0
[INFO] [stderr]   Downloaded sp-chain-spec v3.0.0
[INFO] [stderr]   Downloaded sc-executor-common v0.9.0
[INFO] [stderr]   Downloaded wasmtime-environ v0.22.0
[INFO] [stderr]   Downloaded raw-cpuid v8.1.2
[INFO] [stderr]   Downloaded sp-utils v3.0.0
[INFO] [stderr]   Downloaded cranelift-entity v0.69.0
[INFO] [stderr]   Downloaded sp-database v3.0.0
[INFO] [stderr]   Downloaded wasmparser v0.71.0
[INFO] [stderr]   Downloaded sp-block-builder v3.0.0
[INFO] [stderr]   Downloaded sp-session v3.0.0
[INFO] [stderr]   Downloaded pallet-contracts-primitives v3.0.0
[INFO] [stderr]   Downloaded wasmtime-jit v0.22.0
[INFO] [stderr]   Downloaded sp-consensus v0.9.0
[INFO] [stderr]   Downloaded libp2p-request-response v0.9.1
[INFO] [stderr]   Downloaded sc-service v0.9.0
[INFO] [stderr]   Downloaded cranelift-wasm v0.69.0
[INFO] [stderr]   Downloaded minicbor v0.7.2
[INFO] [stderr]   Downloaded pallet-mandate v2.0.8
[INFO] [stderr]   Downloaded finality-grandpa v0.13.0
[INFO] [stderr]   Downloaded pallet-randomness-collective-flip v3.0.0
[INFO] [stderr]   Downloaded cranelift-bforest v0.69.0
[INFO] [stderr]   Downloaded sp-authority-discovery v3.0.0
[INFO] [stderr]   Downloaded pallet-im-online v3.0.0
[INFO] [stderr]   Downloaded sp-authorship v3.0.0
[INFO] [stderr]   Downloaded wasmtime-cache v0.22.0
[INFO] [stderr]   Downloaded linregress v0.4.1
[INFO] [stderr]   Downloaded sc-light v3.0.0
[INFO] [stderr]   Downloaded sp-consensus-babe v0.9.0
[INFO] [stderr]   Downloaded sc-telemetry v3.0.0
[INFO] [stderr]   Downloaded wasmtime v0.22.0
[INFO] [stderr]   Downloaded sc-network v0.9.0
[INFO] [stderr]   Downloaded pallet-transaction-payment-rpc v3.0.0
[INFO] [stderr]   Downloaded sc-finality-grandpa-rpc v0.9.0
[INFO] [stderr]   Downloaded frame-system-benchmarking v3.0.0
[INFO] [stderr]   Downloaded sc-consensus-slots v0.9.0
[INFO] [stderr]   Downloaded pallet-babe v3.0.0
[INFO] [stderr]   Downloaded pallet-offences v3.0.0
[INFO] [stderr]   Downloaded sc-executor-wasmtime v0.9.0
[INFO] [stderr]   Downloaded sc-consensus-epochs v0.9.0
[INFO] [stderr]   Downloaded sc-authority-discovery v0.9.0
[INFO] [stderr]   Downloaded sc-peerset v3.0.0
[INFO] [stderr]   Downloaded sc-transaction-graph v3.0.0
[INFO] [stderr]   Downloaded libp2p-identify v0.27.0
[INFO] [stderr]   Downloaded pallet-collective v3.0.0
[INFO] [stderr]   Downloaded sc-finality-grandpa-warp-sync v0.9.0
[INFO] [stderr]   Downloaded sp-offchain v3.0.0
[INFO] [stderr]   Downloaded pallet-transaction-payment v3.0.0
[INFO] [stderr]   Downloaded sc-consensus-uncles v0.9.0
[INFO] [stderr]   Downloaded sc-cli v0.9.0
[INFO] [stderr]   Downloaded libp2p-swarm v0.27.2
[INFO] [stderr]   Downloaded pallet-contracts-proc-macro v3.0.0
[INFO] [stderr]   Downloaded sc-consensus-babe v0.9.0
[INFO] [stderr]   Downloaded sc-block-builder v0.9.0
[INFO] [stderr]   Downloaded sc-client-db v0.9.0
[INFO] [stderr]   Downloaded sc-consensus-babe-rpc v0.9.0
[INFO] [stderr]   Downloaded sc-basic-authorship v0.9.0
[INFO] [stderr]   Downloaded pallet-staking v3.0.0
[INFO] [stderr]   Downloaded sc-rpc v3.0.0
[INFO] [stderr]   Downloaded sp-npos-elections-compact v3.0.0
[INFO] [stderr]   Downloaded pallet-contracts-rpc-runtime-api v3.0.0
[INFO] [stderr]   Downloaded sp-npos-elections v3.0.0
[INFO] [stderr]   Downloaded sp-keyring v3.0.0
[INFO] [stderr]   Downloaded libp2p-dns v0.27.0
[INFO] [stderr]   Downloaded substrate-frame-rpc-system v3.0.0
[INFO] [stderr]   Downloaded wasmtime-runtime v0.22.0
[INFO] [stderr]   Downloaded libp2p-kad v0.28.1
[INFO] [stderr]   Downloaded pwasm-utils v0.16.0
[INFO] [stderr]   Downloaded pallet-authority-discovery v3.0.0
[INFO] [stderr]   Downloaded pallet-utility v3.0.0
[INFO] [stderr]   Downloaded pallet-contracts v3.0.0
[INFO] [stderr]   Downloaded pallet-session v3.0.0
[INFO] [stderr]   Downloaded wasmtime-profiling v0.22.0
[INFO] [stderr]   Downloaded sc-proposer-metrics v0.9.0
[INFO] [stderr]   Downloaded sp-rpc v3.0.0
[INFO] [stderr]   Downloaded sc-chain-spec v3.0.0
[INFO] [stderr]   Downloaded sc-rpc-api v0.9.0
[INFO] [stderr]   Downloaded cranelift-native v0.69.0
[INFO] [stderr]   Downloaded libp2p-mdns v0.28.1
[INFO] [stderr]   Downloaded libp2p-tcp v0.27.1
[INFO] [stderr]   Downloaded sp-allocator v3.0.0
[INFO] [stderr]   Downloaded sp-consensus-slots v0.9.0
[INFO] [stderr]   Downloaded libp2p-deflate v0.27.1
[INFO] [stderr]   Downloaded sp-sandbox v0.9.0
[INFO] [stderr]   Downloaded sc-keystore v3.0.0
[INFO] [stderr]   Downloaded cranelift-codegen-meta v0.69.0
[INFO] [stderr]   Downloaded frame-system-rpc-runtime-api v3.0.0
[INFO] [stderr]   Downloaded libp2p-noise v0.29.0
[INFO] [stderr]   Downloaded substrate-prometheus-endpoint v0.9.0
[INFO] [stderr]   Downloaded wasmtime-debug v0.22.0
[INFO] [stderr]   Downloaded wat v1.0.37
[INFO] [stderr]   Downloaded libp2p-plaintext v0.27.1
[INFO] [stderr]   Downloaded if-watch v0.1.8
[INFO] [stderr]   Downloaded sp-transaction-pool v3.0.0
[INFO] [stderr]   Downloaded libp2p-uds v0.27.0
[INFO] [stderr]   Downloaded libp2p-mplex v0.27.1
[INFO] [stderr]   Downloaded yamux v0.8.1
[INFO] [stderr]   Downloaded sp-blockchain v3.0.0
[INFO] [stderr]   Downloaded sc-consensus v0.9.0
[INFO] [stderr]   Downloaded substrate-test-utils-derive v0.9.0
[INFO] [stderr]   Downloaded pallet-scheduler v3.0.0
[INFO] [stderr]   Downloaded pallet-membership v3.0.0
[INFO] [stderr]   Downloaded pallet-contracts-rpc v3.0.0
[INFO] [stderr]   Downloaded pallet-multisig v3.0.0
[INFO] [stderr]   Downloaded substrate-test-utils v3.0.0
[INFO] running `Command { std: "docker" "create" "-v" "/var/lib/crater-agent-workspace/builds/worker-7-tc1/target:/opt/rustwide/target:rw,Z" "-v" "/var/lib/crater-agent-workspace/builds/worker-7-tc1/source:/opt/rustwide/workdir:ro,Z" "-v" "/var/lib/crater-agent-workspace/cargo-home:/opt/rustwide/cargo-home:ro,Z" "-v" "/var/lib/crater-agent-workspace/rustup-home:/opt/rustwide/rustup-home:ro,Z" "-e" "SOURCE_DIR=/opt/rustwide/workdir" "-e" "CARGO_TARGET_DIR=/opt/rustwide/target" "-e" "CARGO_HOME=/opt/rustwide/cargo-home" "-e" "RUSTUP_HOME=/opt/rustwide/rustup-home" "-w" "/opt/rustwide/workdir" "-m" "1610612736" "--user" "0:0" "--network" "none" "ghcr.io/rust-lang/crates-build-env/linux@sha256:5ff2268d62e97bff2cde7d5815dd6ed5b47097566f13b8d0ca110b04b60e07ed" "/opt/rustwide/cargo-home/bin/cargo" "+1.69.0" "metadata" "--no-deps" "--format-version=1", kill_on_drop: false }`
[INFO] [stdout] 062bfeda0d62393ff0d01b1fd799e48ff71afa88738aa68b631f07f65a156e53
[INFO] running `Command { std: "docker" "start" "-a" "062bfeda0d62393ff0d01b1fd799e48ff71afa88738aa68b631f07f65a156e53", kill_on_drop: false }`
[INFO] running `Command { std: "docker" "inspect" "062bfeda0d62393ff0d01b1fd799e48ff71afa88738aa68b631f07f65a156e53", kill_on_drop: false }`
[INFO] running `Command { std: "docker" "rm" "-f" "062bfeda0d62393ff0d01b1fd799e48ff71afa88738aa68b631f07f65a156e53", kill_on_drop: false }`
[INFO] [stdout] 062bfeda0d62393ff0d01b1fd799e48ff71afa88738aa68b631f07f65a156e53
[INFO] running `Command { std: "docker" "create" "-v" "/var/lib/crater-agent-workspace/builds/worker-7-tc1/target:/opt/rustwide/target:rw,Z" "-v" "/var/lib/crater-agent-workspace/builds/worker-7-tc1/source:/opt/rustwide/workdir:ro,Z" "-v" "/var/lib/crater-agent-workspace/cargo-home:/opt/rustwide/cargo-home:ro,Z" "-v" "/var/lib/crater-agent-workspace/rustup-home:/opt/rustwide/rustup-home:ro,Z" "-e" "SOURCE_DIR=/opt/rustwide/workdir" "-e" "CARGO_TARGET_DIR=/opt/rustwide/target" "-e" "CARGO_INCREMENTAL=0" "-e" "RUST_BACKTRACE=full" "-e" "RUSTFLAGS=--cap-lints=warn" "-e" "RUSTDOCFLAGS=--cap-lints=warn" "-e" "CARGO_HOME=/opt/rustwide/cargo-home" "-e" "RUSTUP_HOME=/opt/rustwide/rustup-home" "-w" "/opt/rustwide/workdir" "-m" "1610612736" "--user" "0:0" "--network" "none" "ghcr.io/rust-lang/crates-build-env/linux@sha256:5ff2268d62e97bff2cde7d5815dd6ed5b47097566f13b8d0ca110b04b60e07ed" "/opt/rustwide/cargo-home/bin/cargo" "+1.69.0" "doc" "--frozen" "--no-deps" "--document-private-items" "--message-format=json", kill_on_drop: false }`
[INFO] [stdout] 9e933575d07ec01068c7fd5b24c813f7bc7ee46759d0011211fc58a7fd67dd53
[INFO] running `Command { std: "docker" "start" "-a" "9e933575d07ec01068c7fd5b24c813f7bc7ee46759d0011211fc58a7fd67dd53", kill_on_drop: false }`
[INFO] [stderr]    Compiling proc-macro2 v1.0.27
[INFO] [stderr]    Compiling unicode-xid v0.2.2
[INFO] [stderr]    Compiling syn v1.0.72
[INFO] [stderr]    Compiling libc v0.2.95
[INFO] [stderr]    Compiling version_check v0.9.3
[INFO] [stderr]    Compiling autocfg v1.0.1
[INFO] [stderr]    Compiling log v0.4.14
[INFO] [stderr]    Compiling serde_derive v1.0.126
[INFO] [stderr]    Compiling serde v1.0.126
[INFO] [stderr]    Compiling memchr v2.4.0
[INFO] [stderr]    Compiling typenum v1.13.0
[INFO] [stderr]    Compiling cfg-if v1.0.0
[INFO] [stderr]    Compiling futures-core v0.3.15
[INFO] [stderr]    Compiling getrandom v0.1.16
[INFO] [stderr]    Compiling lazy_static v1.4.0
[INFO] [stderr]    Compiling futures-channel v0.3.15
[INFO] [stderr]    Compiling proc-macro-nested v0.1.7
[INFO] [stderr]    Compiling futures-task v0.3.15
[INFO] [stderr]    Compiling proc-macro-hack v0.5.19
[INFO] [stderr]    Compiling anyhow v1.0.40
[INFO] [stderr]    Compiling value-bag v1.0.0-alpha.7
[INFO] [stderr]    Compiling generic-array v0.14.4
[INFO] [stderr]    Compiling crunchy v0.2.2
[INFO] [stderr]    Compiling libm v0.2.1
[INFO] [stderr]    Compiling ryu v1.0.5
[INFO] [stderr]    Compiling futures-macro v0.3.15
[INFO] [stderr]    Compiling futures-util v0.3.15
[INFO] [stderr]    Compiling num-traits v0.2.14
[INFO] [stderr]    Compiling serde_json v1.0.64
[INFO] [stderr]    Compiling radium v0.6.2
[INFO] [stderr]    Compiling regex-syntax v0.6.25
[INFO] [stderr]    Compiling num-integer v0.1.44
[INFO] [stderr]     Checking scopeguard v1.1.0
[INFO] [stderr]     Checking byteorder v1.4.3
[INFO] [stderr]     Checking smallvec v1.6.1
[INFO] [stderr]    Compiling either v1.6.1
[INFO] [stderr]    Compiling ppv-lite86 v0.2.10
[INFO] [stderr]    Compiling aho-corasick v0.7.18
[INFO] [stderr]    Compiling miniz_oxide v0.4.4
[INFO] [stderr]    Compiling num-bigint v0.2.6
[INFO] [stderr]    Compiling quote v1.0.9
[INFO] [stderr]    Compiling ahash v0.4.7
[INFO] [stderr]    Compiling num-rational v0.2.4
[INFO] [stderr]     Checking futures v0.1.31
[INFO] [stderr]    Compiling jobserver v0.1.22
[INFO] [stderr]     Checking slab v0.4.3
[INFO] [stderr]    Compiling hashbrown v0.9.1
[INFO] [stderr]    Compiling parity-util-mem v0.9.0
[INFO] [stderr]    Compiling cc v1.0.68
[INFO] [stderr]    Compiling ref-cast v1.0.6
[INFO] [stderr]     Checking cfg-if v0.1.10
[INFO] [stderr]    Compiling arrayvec v0.4.12
[INFO] [stderr]    Compiling indexmap v1.6.2
[INFO] [stderr]     Checking num_cpus v1.13.0
[INFO] [stderr]    Compiling tiny-keccak v2.0.2
[INFO] [stderr]     Checking instant v0.1.9
[INFO] [stderr]    Compiling getrandom v0.2.3
[INFO] [stderr]     Checking lock_api v0.4.4
[INFO] [stderr]     Checking parking_lot_core v0.8.3
[INFO] [stderr]    Compiling rand_core v0.6.2
[INFO] [stderr]     Checking pin-project-lite v0.2.6
[INFO] [stderr]     Checking futures-io v0.3.15
[INFO] [stderr]    Compiling async-trait v0.1.50
[INFO] [stderr]     Checking parking_lot v0.11.1
[INFO] [stderr]    Compiling constant_time_eq v0.1.5
[INFO] [stderr]    Compiling convert_case v0.4.0
[INFO] [stderr]     Checking futures-sink v0.3.15
[INFO] [stderr]     Checking pin-utils v0.1.0
[INFO] [stderr]    Compiling rand_chacha v0.3.0
[INFO] [stderr]     Checking rand_core v0.5.1
[INFO] [stderr]     Checking subtle v2.4.0
[INFO] [stderr]    Compiling itertools v0.9.0
[INFO] [stderr]     Checking opaque-debug v0.3.0
[INFO] [stderr]     Checking once_cell v1.7.2
[INFO] [stderr]     Checking digest v0.9.0
[INFO] [stderr]     Checking rand_pcg v0.2.1
[INFO] [stderr]     Checking rand_chacha v0.2.2
[INFO] [stderr]    Compiling rand v0.8.3
[INFO] [stderr]     Checking generic-array v0.12.4
[INFO] [stderr]     Checking static_assertions v1.1.0
[INFO] [stderr]     Checking block-padding v0.2.1
[INFO] [stderr]    Compiling paste v1.0.5
[INFO] [stderr]     Checking tinyvec_macros v0.1.0
[INFO] [stderr]     Checking cpufeatures v0.1.4
[INFO] [stderr]     Checking crypto-mac v0.8.0
[INFO] [stderr]     Checking byte-tools v0.3.1
[INFO] [stderr]     Checking rand v0.7.3
[INFO] [stderr]     Checking block-buffer v0.9.0
[INFO] [stderr]     Checking tinyvec v1.2.0
[INFO] [stderr]     Checking arrayref v0.3.6
[INFO] [stderr]     Checking block-padding v0.1.5
[INFO] [stderr]     Checking arrayvec v0.5.2
[INFO] [stderr]    Compiling backtrace v0.3.59
[INFO] [stderr]     Checking sha2 v0.9.5
[INFO] [stderr]     Checking keccak v0.1.0
[INFO] [stderr]     Checking digest v0.8.1
[INFO] [stderr]     Checking itoa v0.4.7
[INFO] [stderr]     Checking block-buffer v0.7.3
[INFO] [stderr]     Checking fake-simd v0.1.2
[INFO] [stderr]     Checking opaque-debug v0.2.3
[INFO] [stderr]     Checking subtle v1.0.0
[INFO] [stderr]    Compiling bytes v1.0.1
[INFO] [stderr]    Compiling regex v1.5.4
[INFO] [stderr]     Checking sha2 v0.8.2
[INFO] [stderr]     Checking crypto-mac v0.7.0
[INFO] [stderr]     Checking signature v1.3.0
[INFO] [stderr]     Checking hmac v0.7.1
[INFO] [stderr]     Checking ed25519 v1.1.1
[INFO] [stderr]    Compiling nodrop v0.1.14
[INFO] [stderr]    Compiling unicode-segmentation v1.7.1
[INFO] [stderr]     Checking hmac-drbg v0.2.0
[INFO] [stderr]    Compiling ring v0.16.20
[INFO] [stderr]    Compiling semver-parser v0.7.0
[INFO] [stderr]     Checking libsecp256k1 v0.3.5
[INFO] [stderr]     Checking unicode-normalization v0.1.18
[INFO] [stderr]     Checking funty v1.1.0
[INFO] [stderr]     Checking wyz v0.2.0
[INFO] [stderr]     Checking tap v1.0.1
[INFO] [stderr]    Compiling blake2-rfc v0.2.18
[INFO] [stderr]    Compiling heck v0.3.2
[INFO] [stderr]     Checking byte-slice-cast v1.0.0
[INFO] [stderr]     Checking arrayvec v0.7.0
[INFO] [stderr]    Compiling remove_dir_all v0.5.3
[INFO] [stderr]    Compiling bitflags v1.2.1
[INFO] [stderr]    Compiling tempfile v3.2.0
[INFO] [stderr]    Compiling semver v0.9.0
[INFO] [stderr]    Compiling which v4.1.0
[INFO] [stderr]     Checking hex v0.4.3
[INFO] [stderr]     Checking bitvec v0.20.4
[INFO] [stderr]    Compiling Inflector v0.11.4
[INFO] [stderr]     Checking rustc-hash v1.1.0
[INFO] [stderr]    Compiling prost-build v0.7.0
[INFO] [stderr]    Compiling rustc_version v0.2.3
[INFO] [stderr]     Checking tracing-core v0.1.18
[INFO] [stderr]    Compiling fixedbitset v0.2.0
[INFO] [stderr]     Checking uint v0.9.0
[INFO] [stderr]    Compiling multimap v0.8.3
[INFO] [stderr]     Checking rustc-hex v2.1.0
[INFO] [stderr]     Checking time v0.1.44
[INFO] [stderr]     Checking adler v1.0.2
[INFO] [stderr]    Compiling proc-macro-error-attr v1.0.4
[INFO] [stderr]     Checking sp-std v3.0.0
[INFO] [stderr]    Compiling proc-macro-error v1.0.4
[INFO] [stderr]     Checking parity-wasm v0.41.0
[INFO] [stderr]     Checking thread_local v1.1.3
[INFO] [stderr]     Checking sharded-slab v0.1.1
[INFO] [stderr]     Checking regex-automata v0.1.9
[INFO] [stderr]     Checking chrono v0.4.19
[INFO] [stderr]     Checking errno v0.2.7
[INFO] [stderr]     Checking ansi_term v0.12.1
[INFO] [stderr]    Compiling blake3 v0.3.8
[INFO] [stderr]     Checking memory_units v0.3.0
[INFO] [stderr]     Checking hash-db v0.15.2
[INFO] [stderr]     Checking environmental v1.1.3
[INFO] [stderr]     Checking fixed-hash v0.7.0
[INFO] [stderr]    Compiling pin-project-internal v0.4.28
[INFO] [stderr]     Checking pbkdf2 v0.3.0
[INFO] [stderr]     Checking matchers v0.0.1
[INFO] [stderr]     Checking hmac v0.8.1
[INFO] [stderr]     Checking pbkdf2 v0.4.0
[INFO] [stderr]     Checking dyn-clone v1.0.4
[INFO] [stderr]     Checking twox-hash v1.6.0
[INFO] [stderr]     Checking hash256-std-hasher v0.15.2
[INFO] [stderr]     Checking base58 v0.1.0
[INFO] [stderr]     Checking wasmi-validation v0.3.0
[INFO] [stderr]     Checking gimli v0.24.0
[INFO] [stderr]     Checking object v0.24.0
[INFO] [stderr]     Checking rustc-demangle v0.1.19
[INFO] [stderr]     Checking trie-root v0.16.0
[INFO] [stderr]     Checking wasmi v0.6.2
[INFO] [stderr]    Compiling crossbeam-utils v0.8.5
[INFO] [stderr]    Compiling synstructure v0.12.4
[INFO] [stderr]     Checking integer-sqrt v0.1.5
[INFO] [stderr]    Compiling crc32fast v1.2.1
[INFO] [stderr]    Compiling httparse v1.4.1
[INFO] [stderr]     Checking fnv v1.0.7
[INFO] [stderr]    Compiling signal-hook v0.3.8
[INFO] [stderr]    Compiling wasm-bindgen-shared v0.2.74
[INFO] [stderr]    Compiling pkg-config v0.3.19
[INFO] [stderr]    Compiling bumpalo v3.7.0
[INFO] [stderr]    Compiling wasm-bindgen v0.2.74
[INFO] [stderr]    Compiling prometheus v0.11.0
[INFO] [stderr]    Compiling glob v0.3.0
[INFO] [stderr]    Compiling snow v0.7.2
[INFO] [stderr]    Compiling cranelift-codegen-shared v0.69.0
[INFO] [stderr]    Compiling target-lexicon v0.11.2
[INFO] [stderr]    Compiling atomic v0.5.0
[INFO] [stderr]    Compiling libz-sys v1.1.3
[INFO] [stderr]     Checking spin v0.5.2
[INFO] [stderr]     Checking addr2line v0.15.1
[INFO] [stderr]     Checking matches v0.1.8
[INFO] [stderr]     Checking untrusted v0.7.1
[INFO] [stderr]     Checking iovec v0.1.4
[INFO] [stderr]     Checking unicode-bidi v0.3.5
[INFO] [stderr]    Compiling memoffset v0.6.4
[INFO] [stderr]    Compiling data-encoding v2.3.2
[INFO] [stderr]     Checking percent-encoding v2.1.0
[INFO] [stderr]     Checking form_urlencoded v1.0.1
[INFO] [stderr]     Checking idna v0.2.3
[INFO] [stderr]     Checking sha3 v0.9.1
[INFO] [stderr]     Checking sp-panic-handler v3.0.0
[INFO] [stderr]     Checking futures-timer v3.0.2
[INFO] [stderr]    Compiling crossbeam-epoch v0.9.5
[INFO] [stderr]    Compiling zstd-sys v1.4.18+zstd.1.4.7
[INFO] [stderr]     Checking blake2s_simd v0.5.11
[INFO] [stderr]     Checking url v2.2.2
[INFO] [stderr]     Checking blake2b_simd v0.5.11
[INFO] [stderr]     Checking unsigned-varint v0.5.1
[INFO] [stderr]    Compiling psm v0.1.13
[INFO] [stderr]     Checking net2 v0.2.37
[INFO] [stderr]     Checking bs58 v0.4.0
[INFO] [stderr]    Compiling rayon-core v1.9.1
[INFO] [stderr]    Compiling raw-cpuid v8.1.2
[INFO] [stderr]    Compiling wasmtime-runtime v0.22.0
[INFO] [stderr]    Compiling ctor v0.1.20
[INFO] [stderr]    Compiling thiserror-impl v1.0.25
[INFO] [stderr]    Compiling zeroize_derive v1.1.0
[INFO] [stderr]    Compiling impl-trait-for-tuples v0.2.1
[INFO] [stderr]    Compiling tracing-attributes v0.1.15
[INFO] [stderr]    Compiling parity-util-mem-derive v0.1.0
[INFO] [stderr]    Compiling sp-debug-derive v3.0.0
[INFO] [stderr]    Compiling ref-cast-impl v1.0.6
[INFO] [stderr]    Compiling dyn-clonable-impl v0.9.0
[INFO] [stderr]    Compiling derive_more v0.99.14
[INFO] [stderr]     Checking zeroize v1.3.0
[INFO] [stderr]     Checking curve25519-dalek v3.1.0
[INFO] [stderr]    Compiling prost-derive v0.7.0
[INFO] [stderr]    Compiling pin-project-internal v1.0.7
[INFO] [stderr]     Checking tracing-log v0.1.2
[INFO] [stderr]    Compiling thiserror v1.0.25
[INFO] [stderr]     Checking merlin v2.0.1
[INFO] [stderr]     Checking curve25519-dalek v2.1.2
[INFO] [stderr]     Checking tiny-bip39 v0.8.0
[INFO] [stderr]     Checking dyn-clonable v0.9.0
[INFO] [stderr]     Checking secrecy v0.7.0
[INFO] [stderr]     Checking tracing v0.1.26
[INFO] [stderr]    Compiling asn1_der_derive v0.1.2
[INFO] [stderr]     Checking trie-db v0.22.5
[INFO] [stderr]    Compiling wasm-bindgen-backend v0.2.74
[INFO] [stderr]    Compiling tokio-macros v0.2.6
[INFO] [stderr]    Compiling minicbor-derive v0.6.3
[INFO] [stderr]    Compiling libp2p-core-derive v0.21.0
[INFO] [stderr]    Compiling wasm-bindgen-macro-support v0.2.74
[INFO] [stderr]     Checking mio v0.6.23
[INFO] [stderr]     Checking pin-project v1.0.7
[INFO] [stderr]     Checking asn1_der v0.6.3
[INFO] [stderr]    Compiling zstd-safe v2.0.6+zstd.1.4.7
[INFO] [stderr]    Compiling prost v0.7.0
[INFO] [stderr]     Checking void v1.0.2
[INFO] [stderr]    Compiling scroll_derive v0.10.5
[INFO] [stderr]     Checking pin-project v0.4.28
[INFO] [stderr]     Checking futures-executor v0.3.15
[INFO] [stderr]     Checking asynchronous-codec v0.6.0
[INFO] [stderr]    Compiling prost-types v0.7.0
[INFO] [stderr]     Checking futures v0.3.15
[INFO] [stderr]     Checking unsigned-varint v0.7.0
[INFO] [stderr]     Checking rw-stream-sink v0.2.1
[INFO] [stderr]     Checking wasm-timer v0.2.5
[INFO] [stderr]    Compiling rayon v1.5.1
[INFO] [stderr]    Compiling wasm-bindgen-macro v0.2.74
[INFO] [stderr]     Checking multistream-select v0.10.2
[INFO] [stderr]    Compiling cpp_demangle v0.3.2
[INFO] [stderr]     Checking cache-padded v1.1.1
[INFO] [stderr]    Compiling wasmtime-cache v0.22.0
[INFO] [stderr]     Checking mio-uds v0.6.8
[INFO] [stderr]     Checking concurrent-queue v1.2.2
[INFO] [stderr]     Checking parking v2.0.0
[INFO] [stderr]     Checking waker-fn v1.1.0
[INFO] [stderr]     Checking fastrand v1.4.1
[INFO] [stderr]     Checking signal-hook-registry v1.3.0
[INFO] [stderr]    Compiling frame-support-procedural-tools-derive v3.0.0
[INFO] [stderr]     Checking bytes v0.5.6
[INFO] [stderr]    Compiling maybe-uninit v2.0.0
[INFO] [stderr]     Checking futures-lite v1.11.3
[INFO] [stderr]     Checking polling v2.0.3
[INFO] [stderr]     Checking socket2 v0.4.0
[INFO] [stderr]     Checking pin-project-lite v0.1.12
[INFO] [stderr]     Checking event-listener v2.5.1
[INFO] [stderr]     Checking quick-error v1.2.3
[INFO] [stderr]     Checking sct v0.6.1
[INFO] [stderr]     Checking webpki v0.21.4
[INFO] [stderr]     Checking block-cipher v0.8.0
[INFO] [stderr]    Compiling crossbeam-utils v0.7.2
[INFO] [stderr]     Checking base64 v0.13.0
[INFO] [stderr]     Checking async-task v4.0.3
[INFO] [stderr]     Checking async-channel v1.6.1
[INFO] [stderr]     Checking async-io v1.4.1
[INFO] [stderr]     Checking universal-hash v0.4.0
[INFO] [stderr]     Checking socket2 v0.3.19
[INFO] [stderr]     Checking cpuid-bool v0.2.0
[INFO] [stderr]     Checking atomic-waker v1.0.0
[INFO] [stderr]     Checking async-executor v1.4.1
[INFO] [stderr]     Checking blocking v1.0.2
[INFO] [stderr]     Checking async-mutex v1.4.0
[INFO] [stderr]     Checking base64 v0.12.3
[INFO] [stderr]     Checking async-lock v2.4.0
[INFO] [stderr]     Checking async-global-executor v2.0.2
[INFO] [stderr]     Checking kv-log-macro v1.0.7
[INFO] [stderr]     Checking async-process v1.1.0
[INFO] [stderr]     Checking try-lock v0.2.3
[INFO] [stderr]     Checking polyval v0.4.5
[INFO] [stderr]     Checking stream-cipher v0.7.1
[INFO] [stderr]     Checking aes-soft v0.5.0
[INFO] [stderr]     Checking tokio v0.2.25
[INFO] [stderr]     Checking aead v0.3.2
[INFO] [stderr]     Checking poly1305 v0.6.2
[INFO] [stderr]     Checking async-std v1.9.0
[INFO] [stderr]     Checking http v0.2.4
[INFO] [stderr]     Checking flate2 v1.0.20
[INFO] [stderr]     Checking chacha20 v0.5.0
[INFO] [stderr]     Checking ghash v0.3.1
[INFO] [stderr]     Checking ipnet v2.3.0
[INFO] [stderr]     Checking aes v0.5.0
[INFO] [stderr]     Checking nohash-hasher v0.2.0
[INFO] [stderr]     Checking chacha20poly1305 v0.6.0
[INFO] [stderr]     Checking rustls v0.19.1
[INFO] [stderr]     Checking aes-gcm v0.7.0
[INFO] [stderr]     Checking asynchronous-codec v0.5.0
[INFO] [stderr]     Checking tracing-futures v0.2.5
[INFO] [stderr]     Checking if-watch v0.1.8
[INFO] [stderr]     Checking x25519-dalek v1.1.1
[INFO] [stderr]     Checking sha-1 v0.9.6
[INFO] [stderr]     Checking blake2 v0.9.1
[INFO] [stderr]     Checking cipher v0.2.5
[INFO] [stderr]     Checking unsigned-varint v0.6.0
[INFO] [stderr]     Checking yamux v0.8.1
[INFO] [stderr]     Checking js-sys v0.3.51
[INFO] [stderr]     Checking want v0.3.0
[INFO] [stderr]     Checking webpki-roots v0.21.1
[INFO] [stderr]     Checking dns-parser v0.8.0
[INFO] [stderr]     Checking soketto v0.4.2
[INFO] [stderr]     Checking quicksink v0.1.2
[INFO] [stderr]     Checking minicbor v0.7.2
[INFO] [stderr]     Checking salsa20 v0.7.2
[INFO] [stderr]     Checking cuckoofilter v0.5.0
[INFO] [stderr]     Checking lru v0.6.5
[INFO] [stderr]     Checking tower-service v0.3.1
[INFO] [stderr]     Checking ed25519-dalek v1.0.1
[INFO] [stderr]     Checking impl-serde v0.3.1
[INFO] [stderr]     Checking tracing-serde v0.1.2
[INFO] [stderr]     Checking schnorrkel v0.9.1
[INFO] [stderr]     Checking stable_deref_trait v1.2.0
[INFO] [stderr]     Checking httpdate v0.3.2
[INFO] [stderr]     Checking hex_fmt v0.3.0
[INFO] [stderr]     Checking parity-send-wrapper v0.1.0
[INFO] [stderr]     Checking libp2p-pnet v0.20.0
[INFO] [stderr]    Compiling toml v0.5.8
[INFO] [stderr]    Compiling cranelift-entity v0.69.0
[INFO] [stderr]     Checking substrate-bip39 v0.4.2
[INFO] [stderr]     Checking http-body v0.3.1
[INFO] [stderr]    Compiling num-complex v0.2.4
[INFO] [stderr]     Checking sp-utils v3.0.0
[INFO] [stderr]    Compiling cranelift-codegen-meta v0.69.0
[INFO] [stderr]     Checking futures-rustls v0.21.1
[INFO] [stderr]    Compiling petgraph v0.5.1
[INFO] [stderr]     Checking tracing-subscriber v0.2.18
[INFO] [stderr]     Checking fallible-iterator v0.2.0
[INFO] [stderr]    Compiling parking_lot_core v0.6.2
[INFO] [stderr]     Checking cranelift-bforest v0.69.0
[INFO] [stderr]     Checking gimli v0.23.0
[INFO] [stderr]     Checking regalloc v0.0.31
[INFO] [stderr]     Checking wasm-bindgen-futures v0.4.24
[INFO] [stderr]     Checking tokio-util v0.3.1
[INFO] [stderr]    Compiling proc-macro-crate v1.0.0
[INFO] [stderr]    Compiling proc-macro-crate v0.1.5
[INFO] [stderr]    Compiling frame-support-procedural-tools v3.0.0
[INFO] [stderr]     Checking h2 v0.2.7
[INFO] [stderr]    Compiling parking_lot v0.9.0
[INFO] [stderr]    Compiling num-rational v0.3.2
[INFO] [stderr]     Checking wasmparser v0.71.0
[INFO] [stderr]    Compiling parity-scale-codec-derive v2.2.0
[INFO] [stderr]    Compiling sp-runtime-interface-proc-macro v3.0.0
[INFO] [stderr]    Compiling multihash-derive v0.7.2
[INFO] [stderr]    Compiling sp-api-proc-macro v3.0.0
[INFO] [stderr]    Compiling frame-support-procedural v3.0.0
[INFO] [stderr]     Checking atty v0.2.14
[INFO] [stderr]    Compiling libp2p-core v0.27.1
[INFO] [stderr]    Compiling libp2p-kad v0.28.1
[INFO] [stderr]    Compiling libp2p-identify v0.27.0
[INFO] [stderr]    Compiling libp2p-noise v0.29.0
[INFO] [stderr]    Compiling libp2p-gossipsub v0.27.0
[INFO] [stderr]    Compiling libp2p-plaintext v0.27.1
[INFO] [stderr]    Compiling libp2p-floodsub v0.27.0
[INFO] [stderr]     Checking more-asserts v0.2.1
[INFO] [stderr]    Compiling memoffset v0.5.6
[INFO] [stderr]     Checking parity-scale-codec v2.2.0
[INFO] [stderr]     Checking rawpointer v0.2.1
[INFO] [stderr]     Checking object v0.22.0
[INFO] [stderr]    Compiling crossbeam-epoch v0.8.2
[INFO] [stderr]     Checking hyper v0.13.10
[INFO] [stderr]     Checking impl-codec v0.5.0
[INFO] [stderr]     Checking primitive-types v0.9.0
[INFO] [stderr]     Checking sp-storage v3.0.0
[INFO] [stderr]     Checking sp-tracing v3.0.0
[INFO] [stderr]     Checking sp-wasm-interface v3.0.0
[INFO] [stderr]     Checking sp-arithmetic v3.0.0
[INFO] [stderr]     Checking sp-externalities v0.9.0
[INFO] [stderr] thread 'rustc' panicked at 'assertion failed: pos.get() <= self.position()', compiler/rustc_metadata/src/rmeta/encoder.rs:435:9
[INFO] [stderr] LLVM ERROR: IO failure on output stream: No space left on device
[INFO] [stderr] error: could not compile `frame-support-procedural`
[INFO] [stderr] warning: build failed, waiting for other jobs to finish...
[INFO] [stderr] error: could not compile `regalloc`
[INFO] [stderr] thread 'rustc' panicked at 'assertion failed: pos.get() <= self.position()', compiler/rustc_metadata/src/rmeta/encoder.rs:435:9
[INFO] [stderr] The following warnings were emitted during compilation:
[INFO] [stderr] 
[INFO] [stderr] warning: /tmp/ccoKrmnX.s: Assembler messages:
[INFO] [stderr] warning: /tmp/ccoKrmnX.s: Fatal error: can't write 167 bytes to section .text of /opt/rustwide/target/debug/build/blake3-628c22f38a46328f/out/c/blake3_avx2_x86-64_unix.o: 'No space left on device'
[INFO] [stderr] warning: /tmp/ccoKrmnX.s: Fatal error: /opt/rustwide/target/debug/build/blake3-628c22f38a46328f/out/c/blake3_avx2_x86-64_unix.o: No space left on device
[INFO] [stderr] 
[INFO] [stderr] error: failed to run custom build command for `blake3 v0.3.8`
[INFO] [stderr] note: To improve backtraces for build dependencies, set the CARGO_PROFILE_DEV_BUILD_OVERRIDE_DEBUG=true environment variable to enable debug information generation.
[INFO] [stderr] 
[INFO] [stderr] Caused by:
[INFO] [stderr]   process didn't exit successfully: `/opt/rustwide/target/debug/build/blake3-165968b3aab02a85/build-script-build` (exit status: 1)
[INFO] [stderr]   --- stdout
[INFO] [stderr]   cargo:rerun-if-env-changed=CARGO_FEATURE_PURE
[INFO] [stderr]   TARGET = Some("x86_64-unknown-linux-gnu")
[INFO] [stderr]   HOST = Some("x86_64-unknown-linux-gnu")
[INFO] [stderr]   CC_x86_64-unknown-linux-gnu = None
[INFO] [stderr]   CC_x86_64_unknown_linux_gnu = None
[INFO] [stderr]   HOST_CC = None
[INFO] [stderr]   CC = None
[INFO] [stderr]   CFLAGS_x86_64-unknown-linux-gnu = None
[INFO] [stderr]   CFLAGS_x86_64_unknown_linux_gnu = None
[INFO] [stderr]   HOST_CFLAGS = None
[INFO] [stderr]   CFLAGS = None
[INFO] [stderr]   CRATE_CC_NO_DEFAULTS = None
[INFO] [stderr]   CARGO_CFG_TARGET_FEATURE = Some("fxsr,sse,sse2")
[INFO] [stderr]   CC_x86_64-unknown-linux-gnu = None
[INFO] [stderr]   CC_x86_64_unknown_linux_gnu = None
[INFO] [stderr]   HOST_CC = None
[INFO] [stderr]   CC = None
[INFO] [stderr]   CFLAGS_x86_64-unknown-linux-gnu = None
[INFO] [stderr]   CFLAGS_x86_64_unknown_linux_gnu = None
[INFO] [stderr]   HOST_CFLAGS = None
[INFO] [stderr]   CFLAGS = None
[INFO] [stderr]   CRATE_CC_NO_DEFAULTS = None
[INFO] [stderr]   CARGO_CFG_TARGET_FEATURE = Some("fxsr,sse,sse2")
[INFO] [stderr]   cargo:rerun-if-env-changed=CARGO_FEATURE_PREFER_INTRINSICS
[INFO] [stderr]   cargo:rerun-if-env-changed=CARGO_FEATURE_PURE
[INFO] [stderr]   cargo:rustc-cfg=blake3_sse2_ffi
[INFO] [stderr]   cargo:rustc-cfg=blake3_sse41_ffi
[INFO] [stderr]   cargo:rustc-cfg=blake3_avx2_ffi
[INFO] [stderr]   TARGET = Some("x86_64-unknown-linux-gnu")
[INFO] [stderr]   OPT_LEVEL = Some("0")
[INFO] [stderr]   HOST = Some("x86_64-unknown-linux-gnu")
[INFO] [stderr]   CC_x86_64-unknown-linux-gnu = None
[INFO] [stderr]   CC_x86_64_unknown_linux_gnu = None
[INFO] [stderr]   HOST_CC = None
[INFO] [stderr]   CC = None
[INFO] [stderr]   CFLAGS_x86_64-unknown-linux-gnu = None
[INFO] [stderr]   CFLAGS_x86_64_unknown_linux_gnu = None
[INFO] [stderr]   HOST_CFLAGS = None
[INFO] [stderr]   CFLAGS = None
[INFO] [stderr]   CRATE_CC_NO_DEFAULTS = None
[INFO] [stderr]   DEBUG = Some("true")
[INFO] [stderr]   CARGO_CFG_TARGET_FEATURE = Some("fxsr,sse,sse2")
[INFO] [stderr]   running: "cc" "-O0" "-ffunction-sections" "-fdata-sections" "-fPIC" "-g" "-fno-omit-frame-pointer" "-m64" "-Wall" "-Wextra" "-std=c11" "-o" "/opt/rustwide/target/debug/build/blake3-628c22f38a46328f/out/c/blake3_sse2_x86-64_unix.o" "-c" "c/blake3_sse2_x86-64_unix.S"
[INFO] [stderr]   exit status: 0
[INFO] [stderr]   running: "cc" "-O0" "-ffunction-sections" "-fdata-sections" "-fPIC" "-g" "-fno-omit-frame-pointer" "-m64" "-Wall" "-Wextra" "-std=c11" "-o" "/opt/rustwide/target/debug/build/blake3-628c22f38a46328f/out/c/blake3_sse41_x86-64_unix.o" "-c" "c/blake3_sse41_x86-64_unix.S"
[INFO] [stderr]   exit status: 0
[INFO] [stderr]   running: "cc" "-O0" "-ffunction-sections" "-fdata-sections" "-fPIC" "-g" "-fno-omit-frame-pointer" "-m64" "-Wall" "-Wextra" "-std=c11" "-o" "/opt/rustwide/target/debug/build/blake3-628c22f38a46328f/out/c/blake3_avx2_x86-64_unix.o" "-c" "c/blake3_avx2_x86-64_unix.S"
[INFO] [stderr]   cargo:warning=/tmp/ccoKrmnX.s: Assembler messages:
[INFO] [stderr]   cargo:warning=/tmp/ccoKrmnX.s: Fatal error: can't write 167 bytes to section .text of /opt/rustwide/target/debug/build/blake3-628c22f38a46328f/out/c/blake3_avx2_x86-64_unix.o: 'No space left on device'
[INFO] [stderr]   cargo:warning=/tmp/ccoKrmnX.s: Fatal error: /opt/rustwide/target/debug/build/blake3-628c22f38a46328f/out/c/blake3_avx2_x86-64_unix.o: No space left on device
[INFO] [stderr]   exit status: 1
[INFO] [stderr] 
[INFO] [stderr]   --- stderr
[INFO] [stderr] 
[INFO] [stderr] 
[INFO] [stderr]   error occurred: Command "cc" "-O0" "-ffunction-sections" "-fdata-sections" "-fPIC" "-g" "-fno-omit-frame-pointer" "-m64" "-Wall" "-Wextra" "-std=c11" "-o" "/opt/rustwide/target/debug/build/blake3-628c22f38a46328f/out/c/blake3_avx2_x86-64_unix.o" "-c" "c/blake3_avx2_x86-64_unix.S" with args "cc" did not execute successfully (status code exit status: 1).
[INFO] [stderr] 
[INFO] [stderr] 
[INFO] [stderr] The following warnings were emitted during compilation:
[INFO] [stderr] 
[INFO] [stderr] warning: ar: /opt/rustwide/target/debug/build/wasmtime-runtime-7496c4b6e2ac5454/out/libhelpers.a: No space left on device
[INFO] [stderr] 
[INFO] [stderr] error: failed to run custom build command for `wasmtime-runtime v0.22.0`
[INFO] [stderr] note: To improve backtraces for build dependencies, set the CARGO_PROFILE_DEV_BUILD_OVERRIDE_DEBUG=true environment variable to enable debug information generation.
[INFO] [stderr] 
[INFO] [stderr] Caused by:
[INFO] [stderr]   process didn't exit successfully: `/opt/rustwide/target/debug/build/wasmtime-runtime-7a78244a8369a711/build-script-build` (exit status: 1)
[INFO] [stderr]   --- stdout
[INFO] [stderr]   cargo:rerun-if-changed=src/helpers.c
[INFO] [stderr]   TARGET = Some("x86_64-unknown-linux-gnu")
[INFO] [stderr]   OPT_LEVEL = Some("0")
[INFO] [stderr]   HOST = Some("x86_64-unknown-linux-gnu")
[INFO] [stderr]   CC_x86_64-unknown-linux-gnu = None
[INFO] [stderr]   CC_x86_64_unknown_linux_gnu = None
[INFO] [stderr]   HOST_CC = None
[INFO] [stderr]   CC = None
[INFO] [stderr]   CFLAGS_x86_64-unknown-linux-gnu = None
[INFO] [stderr]   CFLAGS_x86_64_unknown_linux_gnu = None
[INFO] [stderr]   HOST_CFLAGS = None
[INFO] [stderr]   CFLAGS = None
[INFO] [stderr]   CRATE_CC_NO_DEFAULTS = None
[INFO] [stderr]   DEBUG = Some("true")
[INFO] [stderr]   CARGO_CFG_TARGET_FEATURE = Some("fxsr,sse,sse2")
[INFO] [stderr]   running: "cc" "-O0" "-ffunction-sections" "-fdata-sections" "-fPIC" "-g" "-fno-omit-frame-pointer" "-m64" "-Wall" "-Wextra" "-o" "/opt/rustwide/target/debug/build/wasmtime-runtime-7496c4b6e2ac5454/out/src/helpers.o" "-c" "src/helpers.c"
[INFO] [stderr]   exit status: 0
[INFO] [stderr]   AR_x86_64-unknown-linux-gnu = None
[INFO] [stderr]   AR_x86_64_unknown_linux_gnu = None
[INFO] [stderr]   HOST_AR = None
[INFO] [stderr]   AR = None
[INFO] [stderr]   running: ZERO_AR_DATE="1" "ar" "cq" "/opt/rustwide/target/debug/build/wasmtime-runtime-7496c4b6e2ac5454/out/libhelpers.a" "/opt/rustwide/target/debug/build/wasmtime-runtime-7496c4b6e2ac5454/out/src/helpers.o"
[INFO] [stderr]   cargo:warning=ar: /opt/rustwide/target/debug/build/wasmtime-runtime-7496c4b6e2ac5454/out/libhelpers.a: No space left on device
[INFO] [stderr]   exit status: 1
[INFO] [stderr] 
[INFO] [stderr]   --- stderr
[INFO] [stderr] 
[INFO] [stderr] 
[INFO] [stderr]   error occurred: Command ZERO_AR_DATE="1" "ar" "cq" "/opt/rustwide/target/debug/build/wasmtime-runtime-7496c4b6e2ac5454/out/libhelpers.a" "/opt/rustwide/target/debug/build/wasmtime-runtime-7496c4b6e2ac5454/out/src/helpers.o" with args "ar" did not execute successfully (status code exit status: 1).
[INFO] [stderr] 
[INFO] [stderr] 
[INFO] [stderr] thread 'rustc' panicked at 'assertion failed: pos.get() <= self.position()', compiler/rustc_metadata/src/rmeta/encoder.rs:435:9
[INFO] [stderr] LLVM ERROR: IO failure on output stream: No space left on device
[INFO] [stderr] LLVM ERROR: IO failure on output stream: No space left on device
[INFO] [stderr] error: could not compile `cranelift-codegen-meta`
[INFO] [stderr] error: could not compile `sp-api-proc-macro`
[INFO] [stderr] error: could not compile `primitive-types`
[INFO] [stderr] error: could not compile `sp-externalities`
[INFO] [stderr] thread 'rustc' panicked at 'assertion failed: pos.get() <= self.position()', compiler/rustc_metadata/src/rmeta/encoder.rs:435:9
[INFO] [stderr] thread 'rustc' panicked at 'assertion failed: pos.get() <= self.position()', compiler/rustc_metadata/src/rmeta/encoder.rs:435:9
[INFO] [stderr] error: could not compile `gimli`
[INFO] [stderr] error: could not compile `sp-wasm-interface`
[INFO] [stderr] thread 'rustc' panicked at 'assertion failed: pos.get() <= self.position()', compiler/rustc_metadata/src/rmeta/encoder.rs:435:9
[INFO] [stderr] error: could not compile `sp-tracing`
[INFO] [stdout] error: couldn't create a temp dir: No space left on device (os error 28) at path "/opt/rustwide/target/debug/deps/rmetab6R0eY"
[INFO] [stdout] 
[INFO] [stdout] 
[INFO] [stderr] error: could not compile `sp-arithmetic` due to previous error
[INFO] [stderr] thread 'rustc' panicked at 'assertion failed: pos.get() <= self.position()', compiler/rustc_metadata/src/rmeta/encoder.rs:435:9
[INFO] [stderr] error: could not compile `object`
[INFO] [stderr] thread 'rustc' panicked at 'assertion failed: pos.get() <= self.position()', compiler/rustc_metadata/src/rmeta/encoder.rs:435:9
[INFO] [stderr] error: could not compile `primitive-types`
[INFO] [stdout] error: linking with `cc` failed: exit status: 1
[INFO] [stdout]   |
[INFO] [stdout]   = note: LC_ALL="C" PATH="/opt/rustwide/rustup-home/toolchains/1.69.0-x86_64-unknown-linux-gnu/lib/rustlib/x86_64-unknown-linux-gnu/bin:/opt/rustwide/cargo-home/bin:/usr/local/sbin:/usr/local/bin:/usr/sbin:/usr/bin:/sbin:/bin" VSLANG="1033" "cc" "-Wl,--version-script=/tmp/rustc0VQGkv/list" "-m64" "/tmp/rustc0VQGkv/symbols.o" "/opt/rustwide/target/debug/deps/sp_runtime_interface_proc_macro-c13e0f5bf6c0335e.sp_runtime_interface_proc_macro.6aec34fd-cgu.0.rcgu.o" "/opt/rustwide/target/debug/deps/sp_runtime_interface_proc_macro-c13e0f5bf6c0335e.sp_runtime_interface_proc_macro.6aec34fd-cgu.1.rcgu.o" "/opt/rustwide/target/debug/deps/sp_runtime_interface_proc_macro-c13e0f5bf6c0335e.sp_runtime_interface_proc_macro.6aec34fd-cgu.10.rcgu.o" "/opt/rustwide/target/debug/deps/sp_runtime_interface_proc_macro-c13e0f5bf6c0335e.sp_runtime_interface_proc_macro.6aec34fd-cgu.11.rcgu.o" "/opt/rustwide/target/debug/deps/sp_runtime_interface_proc_macro-c13e0f5bf6c0335e.sp_runtime_interface_proc_macro.6aec34fd-cgu.12.rcgu.o" "/opt/rustwide/target/debug/deps/sp_runtime_interface_proc_macro-c13e0f5bf6c0335e.sp_runtime_interface_proc_macro.6aec34fd-cgu.13.rcgu.o" "/opt/rustwide/target/debug/deps/sp_runtime_interface_proc_macro-c13e0f5bf6c0335e.sp_runtime_interface_proc_macro.6aec34fd-cgu.14.rcgu.o" "/opt/rustwide/target/debug/deps/sp_runtime_interface_proc_macro-c13e0f5bf6c0335e.sp_runtime_interface_proc_macro.6aec34fd-cgu.15.rcgu.o" "/opt/rustwide/target/debug/deps/sp_runtime_interface_proc_macro-c13e0f5bf6c0335e.sp_runtime_interface_proc_macro.6aec34fd-cgu.2.rcgu.o" "/opt/rustwide/target/debug/deps/sp_runtime_interface_proc_macro-c13e0f5bf6c0335e.sp_runtime_interface_proc_macro.6aec34fd-cgu.3.rcgu.o" "/opt/rustwide/target/debug/deps/sp_runtime_interface_proc_macro-c13e0f5bf6c0335e.sp_runtime_interface_proc_macro.6aec34fd-cgu.4.rcgu.o" "/opt/rustwide/target/debug/deps/sp_runtime_interface_proc_macro-c13e0f5bf6c0335e.sp_runtime_interface_proc_macro.6aec34fd-cgu.5.rcgu.o" "/opt/rustwide/target/debug/deps/sp_runtime_interface_proc_macro-c13e0f5bf6c0335e.sp_runtime_interface_proc_macro.6aec34fd-cgu.6.rcgu.o" "/opt/rustwide/target/debug/deps/sp_runtime_interface_proc_macro-c13e0f5bf6c0335e.sp_runtime_interface_proc_macro.6aec34fd-cgu.7.rcgu.o" "/opt/rustwide/target/debug/deps/sp_runtime_interface_proc_macro-c13e0f5bf6c0335e.sp_runtime_interface_proc_macro.6aec34fd-cgu.8.rcgu.o" "/opt/rustwide/target/debug/deps/sp_runtime_interface_proc_macro-c13e0f5bf6c0335e.sp_runtime_interface_proc_macro.6aec34fd-cgu.9.rcgu.o" "/opt/rustwide/target/debug/deps/sp_runtime_interface_proc_macro-c13e0f5bf6c0335e.4aisji6sufeqicjy.rcgu.rmeta" "/opt/rustwide/target/debug/deps/sp_runtime_interface_proc_macro-c13e0f5bf6c0335e.2tuag7medjn07g2j.rcgu.o" "-Wl,--as-needed" "-L" "/opt/rustwide/target/debug/deps" "-L" "/opt/rustwide/rustup-home/toolchains/1.69.0-x86_64-unknown-linux-gnu/lib/rustlib/x86_64-unknown-linux-gnu/lib" "-Wl,-Bstatic" "/opt/rustwide/target/debug/deps/libproc_macro_crate-9de5b01c5a486749.rlib" "/opt/rustwide/target/debug/deps/libtoml-982ce617ffb335b3.rlib" "/opt/rustwide/target/debug/deps/libserde-c061d2671a9db6d5.rlib" "/opt/rustwide/target/debug/deps/libinflector-bb2af09ed670fb8b.rlib" "/opt/rustwide/target/debug/deps/liblazy_static-fffb742395d36153.rlib" "/opt/rustwide/target/debug/deps/libregex-5e66143853987aad.rlib" "/opt/rustwide/target/debug/deps/libaho_corasick-3b7a7a3794e64f81.rlib" "/opt/rustwide/target/debug/deps/libmemchr-24672432e0852d2d.rlib" "/opt/rustwide/target/debug/deps/libregex_syntax-0a4186997c8e0a70.rlib" "/opt/rustwide/target/debug/deps/libsyn-3ec8000323c20cde.rlib" "/opt/rustwide/target/debug/deps/libquote-d85eb81878e9458a.rlib" "/opt/rustwide/target/debug/deps/libproc_macro2-97cdc3e6aaa5fe86.rlib" "/opt/rustwide/target/debug/deps/libunicode_xid-81bfc7035fc781ba.rlib" "/opt/rustwide/rustup-home/toolchains/1.69.0-x86_64-unknown-linux-gnu/lib/rustlib/x86_64-unknown-linux-gnu/lib/libproc_macro-3627dfecd49b0535.rlib" "/opt/rustwide/rustup-home/toolchains/1.69.0-x86_64-unknown-linux-gnu/lib/rustlib/x86_64-unknown-linux-gnu/lib/libstd-89bc084783fdc439.rlib" "/opt/rustwide/rustup-home/toolchains/1.69.0-x86_64-unknown-linux-gnu/lib/rustlib/x86_64-unknown-linux-gnu/lib/libpanic_unwind-8bee4b287d4367c1.rlib" "/opt/rustwide/rustup-home/toolchains/1.69.0-x86_64-unknown-linux-gnu/lib/rustlib/x86_64-unknown-linux-gnu/lib/libobject-d61707aed80694c0.rlib" "/opt/rustwide/rustup-home/toolchains/1.69.0-x86_64-unknown-linux-gnu/lib/rustlib/x86_64-unknown-linux-gnu/lib/libmemchr-d85366256f22345b.rlib" "/opt/rustwide/rustup-home/toolchains/1.69.0-x86_64-unknown-linux-gnu/lib/rustlib/x86_64-unknown-linux-gnu/lib/libaddr2line-96069b86b8a8cae9.rlib" "/opt/rustwide/rustup-home/toolchains/1.69.0-x86_64-unknown-linux-gnu/lib/rustlib/x86_64-unknown-linux-gnu/lib/libgimli-d19d53abf68dfa6c.rlib" "/opt/rustwide/rustup-home/toolchains/1.69.0-x86_64-unknown-linux-gnu/lib/rustlib/x86_64-unknown-linux-gnu/lib/librustc_demangle-787cbccd19d64ac6.rlib" "/opt/rustwide/rustup-home/toolchains/1.69.0-x86_64-unknown-linux-gnu/lib/rustlib/x86_64-unknown-linux-gnu/lib/libstd_detect-b3837a36b830e0d0.rlib" "/opt/rustwide/rustup-home/toolchains/1.69.0-x86_64-unknown-linux-gnu/lib/rustlib/x86_64-unknown-linux-gnu/lib/libhashbrown-e3deb0e7e3f04966.rlib" "/opt/rustwide/rustup-home/toolchains/1.69.0-x86_64-unknown-linux-gnu/lib/rustlib/x86_64-unknown-linux-gnu/lib/libminiz_oxide-dabbb79c9815def4.rlib" "/opt/rustwide/rustup-home/toolchains/1.69.0-x86_64-unknown-linux-gnu/lib/rustlib/x86_64-unknown-linux-gnu/lib/libadler-305b01f34c9409f2.rlib" "/opt/rustwide/rustup-home/toolchains/1.69.0-x86_64-unknown-linux-gnu/lib/rustlib/x86_64-unknown-linux-gnu/lib/librustc_std_workspace_alloc-f833521df6074e73.rlib" "/opt/rustwide/rustup-home/toolchains/1.69.0-x86_64-unknown-linux-gnu/lib/rustlib/x86_64-unknown-linux-gnu/lib/libunwind-9ac333113350d171.rlib" "/opt/rustwide/rustup-home/toolchains/1.69.0-x86_64-unknown-linux-gnu/lib/rustlib/x86_64-unknown-linux-gnu/lib/libcfg_if-1c126114322d0eee.rlib" "/opt/rustwide/rustup-home/toolchains/1.69.0-x86_64-unknown-linux-gnu/lib/rustlib/x86_64-unknown-linux-gnu/lib/liblibc-bad9164fdeeecf92.rlib" "/opt/rustwide/rustup-home/toolchains/1.69.0-x86_64-unknown-linux-gnu/lib/rustlib/x86_64-unknown-linux-gnu/lib/liballoc-f9374b1e480fa681.rlib" "/opt/rustwide/rustup-home/toolchains/1.69.0-x86_64-unknown-linux-gnu/lib/rustlib/x86_64-unknown-linux-gnu/lib/librustc_std_workspace_core-207f06e41d9603af.rlib" "/opt/rustwide/rustup-home/toolchains/1.69.0-x86_64-unknown-linux-gnu/lib/rustlib/x86_64-unknown-linux-gnu/lib/libcore-7e2768e66e984e85.rlib" "/opt/rustwide/rustup-home/toolchains/1.69.0-x86_64-unknown-linux-gnu/lib/rustlib/x86_64-unknown-linux-gnu/lib/libcompiler_builtins-957b4aff41f8cd46.rlib" "-Wl,-Bdynamic" "-lgcc_s" "-lutil" "-lrt" "-lpthread" "-lm" "-ldl" "-lc" "-Wl,--eh-frame-hdr" "-Wl,-z,noexecstack" "-L" "/opt/rustwide/rustup-home/toolchains/1.69.0-x86_64-unknown-linux-gnu/lib/rustlib/x86_64-unknown-linux-gnu/lib" "-o" "/opt/rustwide/target/debug/deps/libsp_runtime_interface_proc_macro-c13e0f5bf6c0335e.so" "-Wl,--gc-sections" "-shared" "-Wl,-z,relro,-z,now" "-nodefaultlibs"
[INFO] [stdout]   = note: /usr/bin/ld: final link failed: No space left on device
[INFO] [stdout]           collect2: error: ld returned 1 exit status
[INFO] [stdout]           
[INFO] [stdout] 
[INFO] [stdout] 
[INFO] [stdout] error: aborting due to previous error
[INFO] [stdout] 
[INFO] [stdout] 
[INFO] [stderr] error: could not compile `sp-runtime-interface-proc-macro` due to 2 previous errors
[INFO] [stderr] thread 'rustc' panicked at 'assertion failed: pos.get() <= self.position()', compiler/rustc_metadata/src/rmeta/encoder.rs:435:9
[INFO] [stderr] error: could not compile `tokio`
[INFO] [stdout] error: couldn't create a temp dir: No space left on device (os error 28) at path "/opt/rustwide/target/debug/deps/rmetaXLn5ei"
[INFO] [stdout] 
[INFO] [stdout] 
[INFO] [stderr] error: could not compile `async-std` due to previous error
[INFO] [stdout] error: couldn't create a temp dir: No space left on device (os error 28) at path "/opt/rustwide/target/debug/deps/rmetaNLzHTL"
[INFO] [stdout] 
[INFO] [stdout] 
[INFO] [stderr] error: could not compile `hyper` due to previous error
[INFO] [stderr] The following warnings were emitted during compilation:
[INFO] [stderr] 
[INFO] [stderr] warning: zstd/lib/common/xxhash.c:826:1: fatal error: error writing to /tmp/ccqeuLBz.s: No space left on device
[INFO] [stderr] warning:   826 | }
[INFO] [stderr] warning:       | ^
[INFO] [stderr] warning: compilation terminated.
[INFO] [stderr] warning: zstd/lib/compress/hist.c:180:1: fatal error: error writing to /tmp/ccjX7rEm.s: No space left on device
[INFO] [stderr] warning:   180 | }
[INFO] [stderr] warning:       | ^
[INFO] [stderr] warning: compilation terminated.
[INFO] [stderr] warning: zstd/lib/compress/fse_compress.c:702:1: fatal error: error writing to /tmp/ccyhN10I.s: No space left on device
[INFO] [stderr] warning:   702 | }
[INFO] [stderr] warning:       | ^
[INFO] [stderr] warning: compilation terminated.
[INFO] [stderr] warning: zstd/lib/compress/huf_compress.c:912:1: fatal error: error writing to /tmp/ccRSSxUE.s: No space left on device
[INFO] [stderr] warning:   912 | }
[INFO] [stderr] warning:       | ^
[INFO] [stderr] warning: compilation terminated.
[INFO] [stderr] warning: zstd/lib/common/fse_decompress.c:389:1: fatal error: error writing to /tmp/ccNbYTj1.s: No space left on device
[INFO] [stderr] warning:   389 | }
[INFO] [stderr] warning:       | ^
[INFO] [stderr] warning: compilation terminated.
[INFO] [stderr] warning: zstd/lib/compress/zstd_compress.c:5208:1: fatal error: error writing to /tmp/ccrfkMgT.s: No space left on device
[INFO] [stderr] warning:  5208 | }
[INFO] [stderr] warning:       | ^
[INFO] [stderr] warning: compilation terminated.
[INFO] [stderr] 
[INFO] [stderr] error: failed to run custom build command for `zstd-sys v1.4.18+zstd.1.4.7`
[INFO] [stderr] note: To improve backtraces for build dependencies, set the CARGO_PROFILE_DEV_BUILD_OVERRIDE_DEBUG=true environment variable to enable debug information generation.
[INFO] [stderr] 
[INFO] [stderr] Caused by:
[INFO] [stderr]   process didn't exit successfully: `/opt/rustwide/target/debug/build/zstd-sys-4d5eee26f50bbc17/build-script-build` (exit status: 1)
[INFO] [stderr]   --- stdout
[INFO] [stderr]   TARGET = Some("x86_64-unknown-linux-gnu")
[INFO] [stderr]   HOST = Some("x86_64-unknown-linux-gnu")
[INFO] [stderr]   CC_x86_64-unknown-linux-gnu = None
[INFO] [stderr]   CC_x86_64_unknown_linux_gnu = None
[INFO] [stderr]   HOST_CC = None
[INFO] [stderr]   CC = None
[INFO] [stderr]   CFLAGS_x86_64-unknown-linux-gnu = None
[INFO] [stderr]   CFLAGS_x86_64_unknown_linux_gnu = None
[INFO] [stderr]   HOST_CFLAGS = None
[INFO] [stderr]   CFLAGS = None
[INFO] [stderr]   CRATE_CC_NO_DEFAULTS = None
[INFO] [stderr]   DEBUG = Some("true")
[INFO] [stderr]   CARGO_CFG_TARGET_FEATURE = Some("fxsr,sse,sse2")
[INFO] [stderr]   running: "cc" "-O3" "-ffunction-sections" "-fdata-sections" "-fPIC" "-g" "-fno-omit-frame-pointer" "-m64" "-I" "zstd/lib/" "-I" "zstd/lib/common" "-I" "zstd/lib/legacy" "-fvisibility=hidden" "-DZSTD_LIB_DEPRECATED=0" "-DZSTDLIB_VISIBILITY=" "-DZDICTLIB_VISIBILITY=" "-DZSTDERRORLIB_VISIBILITY=" "-DZSTD_LEGACY_SUPPORT=1" "-o" "/opt/rustwide/target/debug/build/zstd-sys-73fa74f5d98e435c/out/zstd/lib/common/debug.o" "-c" "zstd/lib/common/debug.c"
[INFO] [stderr]   exit status: 0
[INFO] [stderr]   running: "cc" "-O3" "-ffunction-sections" "-fdata-sections" "-fPIC" "-g" "-fno-omit-frame-pointer" "-m64" "-I" "zstd/lib/" "-I" "zstd/lib/common" "-I" "zstd/lib/legacy" "-fvisibility=hidden" "-DZSTD_LIB_DEPRECATED=0" "-DZSTDLIB_VISIBILITY=" "-DZDICTLIB_VISIBILITY=" "-DZSTDERRORLIB_VISIBILITY=" "-DZSTD_LEGACY_SUPPORT=1" "-o" "/opt/rustwide/target/debug/build/zstd-sys-73fa74f5d98e435c/out/zstd/lib/common/entropy_common.o" "-c" "zstd/lib/common/entropy_common.c"
[INFO] [stderr]   exit status: 0
[INFO] [stderr]   running: "cc" "-O3" "-ffunction-sections" "-fdata-sections" "-fPIC" "-g" "-fno-omit-frame-pointer" "-m64" "-I" "zstd/lib/" "-I" "zstd/lib/common" "-I" "zstd/lib/legacy" "-fvisibility=hidden" "-DZSTD_LIB_DEPRECATED=0" "-DZSTDLIB_VISIBILITY=" "-DZDICTLIB_VISIBILITY=" "-DZSTDERRORLIB_VISIBILITY=" "-DZSTD_LEGACY_SUPPORT=1" "-o" "/opt/rustwide/target/debug/build/zstd-sys-73fa74f5d98e435c/out/zstd/lib/common/error_private.o" "-c" "zstd/lib/common/error_private.c"
[INFO] [stderr]   exit status: 0
[INFO] [stderr]   running: "cc" "-O3" "-ffunction-sections" "-fdata-sections" "-fPIC" "-g" "-fno-omit-frame-pointer" "-m64" "-I" "zstd/lib/" "-I" "zstd/lib/common" "-I" "zstd/lib/legacy" "-fvisibility=hidden" "-DZSTD_LIB_DEPRECATED=0" "-DZSTDLIB_VISIBILITY=" "-DZDICTLIB_VISIBILITY=" "-DZSTDERRORLIB_VISIBILITY=" "-DZSTD_LEGACY_SUPPORT=1" "-o" "/opt/rustwide/target/debug/build/zstd-sys-73fa74f5d98e435c/out/zstd/lib/common/fse_decompress.o" "-c" "zstd/lib/common/fse_decompress.c"
[INFO] [stderr]   running: "cc" "-O3" "-ffunction-sections" "-fdata-sections" "-fPIC" "-g" "-fno-omit-frame-pointer" "-m64" "-I" "zstd/lib/" "-I" "zstd/lib/common" "-I" "zstd/lib/legacy" "-fvisibility=hidden" "-DZSTD_LIB_DEPRECATED=0" "-DZSTDLIB_VISIBILITY=" "-DZDICTLIB_VISIBILITY=" "-DZSTDERRORLIB_VISIBILITY=" "-DZSTD_LEGACY_SUPPORT=1" "-o" "/opt/rustwide/target/debug/build/zstd-sys-73fa74f5d98e435c/out/zstd/lib/common/pool.o" "-c" "zstd/lib/common/pool.c"
[INFO] [stderr]   running: "cc" "-O3" "-ffunction-sections" "-fdata-sections" "-fPIC" "-g" "-fno-omit-frame-pointer" "-m64" "-I" "zstd/lib/" "-I" "zstd/lib/common" "-I" "zstd/lib/legacy" "-fvisibility=hidden" "-DZSTD_LIB_DEPRECATED=0" "-DZSTDLIB_VISIBILITY=" "-DZDICTLIB_VISIBILITY=" "-DZSTDERRORLIB_VISIBILITY=" "-DZSTD_LEGACY_SUPPORT=1" "-o" "/opt/rustwide/target/debug/build/zstd-sys-73fa74f5d98e435c/out/zstd/lib/common/threading.o" "-c" "zstd/lib/common/threading.c"
[INFO] [stderr]   exit status: 0
[INFO] [stderr]   running: "cc" "-O3" "-ffunction-sections" "-fdata-sections" "-fPIC" "-g" "-fno-omit-frame-pointer" "-m64" "-I" "zstd/lib/" "-I" "zstd/lib/common" "-I" "zstd/lib/legacy" "-fvisibility=hidden" "-DZSTD_LIB_DEPRECATED=0" "-DZSTDLIB_VISIBILITY=" "-DZDICTLIB_VISIBILITY=" "-DZSTDERRORLIB_VISIBILITY=" "-DZSTD_LEGACY_SUPPORT=1" "-o" "/opt/rustwide/target/debug/build/zstd-sys-73fa74f5d98e435c/out/zstd/lib/common/xxhash.o" "-c" "zstd/lib/common/xxhash.c"
[INFO] [stderr]   running: "cc" "-O3" "-ffunction-sections" "-fdata-sections" "-fPIC" "-g" "-fno-omit-frame-pointer" "-m64" "-I" "zstd/lib/" "-I" "zstd/lib/common" "-I" "zstd/lib/legacy" "-fvisibility=hidden" "-DZSTD_LIB_DEPRECATED=0" "-DZSTDLIB_VISIBILITY=" "-DZDICTLIB_VISIBILITY=" "-DZSTDERRORLIB_VISIBILITY=" "-DZSTD_LEGACY_SUPPORT=1" "-o" "/opt/rustwide/target/debug/build/zstd-sys-73fa74f5d98e435c/out/zstd/lib/common/zstd_common.o" "-c" "zstd/lib/common/zstd_common.c"
[INFO] [stderr]   running: "cc" "-O3" "-ffunction-sections" "-fdata-sections" "-fPIC" "-g" "-fno-omit-frame-pointer" "-m64" "-I" "zstd/lib/" "-I" "zstd/lib/common" "-I" "zstd/lib/legacy" "-fvisibility=hidden" "-DZSTD_LIB_DEPRECATED=0" "-DZSTDLIB_VISIBILITY=" "-DZDICTLIB_VISIBILITY=" "-DZSTDERRORLIB_VISIBILITY=" "-DZSTD_LEGACY_SUPPORT=1" "-o" "/opt/rustwide/target/debug/build/zstd-sys-73fa74f5d98e435c/out/zstd/lib/compress/fse_compress.o" "-c" "zstd/lib/compress/fse_compress.c"
[INFO] [stderr]   exit status: 0
[INFO] [stderr]   running: "cc" "-O3" "-ffunction-sections" "-fdata-sections" "-fPIC" "-g" "-fno-omit-frame-pointer" "-m64" "-I" "zstd/lib/" "-I" "zstd/lib/common" "-I" "zstd/lib/legacy" "-fvisibility=hidden" "-DZSTD_LIB_DEPRECATED=0" "-DZSTDLIB_VISIBILITY=" "-DZDICTLIB_VISIBILITY=" "-DZSTDERRORLIB_VISIBILITY=" "-DZSTD_LEGACY_SUPPORT=1" "-o" "/opt/rustwide/target/debug/build/zstd-sys-73fa74f5d98e435c/out/zstd/lib/compress/hist.o" "-c" "zstd/lib/compress/hist.c"
[INFO] [stderr]   exit status: 0
[INFO] [stderr]   running: "cc" "-O3" "-ffunction-sections" "-fdata-sections" "-fPIC" "-g" "-fno-omit-frame-pointer" "-m64" "-I" "zstd/lib/" "-I" "zstd/lib/common" "-I" "zstd/lib/legacy" "-fvisibility=hidden" "-DZSTD_LIB_DEPRECATED=0" "-DZSTDLIB_VISIBILITY=" "-DZDICTLIB_VISIBILITY=" "-DZSTDERRORLIB_VISIBILITY=" "-DZSTD_LEGACY_SUPPORT=1" "-o" "/opt/rustwide/target/debug/build/zstd-sys-73fa74f5d98e435c/out/zstd/lib/compress/huf_compress.o" "-c" "zstd/lib/compress/huf_compress.c"
[INFO] [stderr]   cargo:warning=zstd/lib/common/xxhash.c:826:1: fatal error: error writing to /tmp/ccqeuLBz.s: No space left on device
[INFO] [stderr]   cargo:warning=  826 | }
[INFO] [stderr]   cargo:warning=      | ^
[INFO] [stderr]   cargo:warning=compilation terminated.
[INFO] [stderr]   exit status: 1
[INFO] [stderr]   running: "cc" "-O3" "-ffunction-sections" "-fdata-sections" "-fPIC" "-g" "-fno-omit-frame-pointer" "-m64" "-I" "zstd/lib/" "-I" "zstd/lib/common" "-I" "zstd/lib/legacy" "-fvisibility=hidden" "-DZSTD_LIB_DEPRECATED=0" "-DZSTDLIB_VISIBILITY=" "-DZDICTLIB_VISIBILITY=" "-DZSTDERRORLIB_VISIBILITY=" "-DZSTD_LEGACY_SUPPORT=1" "-o" "/opt/rustwide/target/debug/build/zstd-sys-73fa74f5d98e435c/out/zstd/lib/compress/zstd_compress.o" "-c" "zstd/lib/compress/zstd_compress.c"
[INFO] [stderr]   cargo:warning=zstd/lib/compress/hist.c:180:1: fatal error: error writing to /tmp/ccjX7rEm.s: No space left on device
[INFO] [stderr]   cargo:warning=  180 | }
[INFO] [stderr]   cargo:warning=      | ^
[INFO] [stderr]   cargo:warning=compilation terminated.
[INFO] [stderr]   exit status: 1
[INFO] [stderr]   cargo:warning=zstd/lib/compress/fse_compress.c:702:1: fatal error: error writing to /tmp/ccyhN10I.s: No space left on device
[INFO] [stderr]   cargo:warning=  702 | }
[INFO] [stderr]   cargo:warning=      | ^
[INFO] [stderr]   cargo:warning=compilation terminated.
[INFO] [stderr]   exit status: 1
[INFO] [stderr]   cargo:warning=zstd/lib/compress/huf_compress.c:912:1: fatal error: error writing to /tmp/ccRSSxUE.s: No space left on device
[INFO] [stderr]   cargo:warning=  912 | }
[INFO] [stderr]   cargo:warning=      | ^
[INFO] [stderr]   cargo:warning=compilation terminated.
[INFO] [stderr]   exit status: 1
[INFO] [stderr]   cargo:warning=zstd/lib/common/fse_decompress.c:389:1: fatal error: error writing to /tmp/ccNbYTj1.s: No space left on device
[INFO] [stderr]   cargo:warning=  389 | }
[INFO] [stderr]   cargo:warning=      | ^
[INFO] [stderr]   cargo:warning=compilation terminated.
[INFO] [stderr]   exit status: 1
[INFO] [stderr]   cargo:warning=zstd/lib/compress/zstd_compress.c:5208:1: fatal error: error writing to /tmp/ccrfkMgT.s: No space left on device
[INFO] [stderr]   cargo:warning= 5208 | }
[INFO] [stderr]   cargo:warning=      | ^
[INFO] [stderr]   cargo:warning=compilation terminated.
[INFO] [stderr]   exit status: 1
[INFO] [stderr] 
[INFO] [stderr]   --- stderr
[INFO] [stderr] 
[INFO] [stderr] 
[INFO] [stderr]   error occurred: Command "cc" "-O3" "-ffunction-sections" "-fdata-sections" "-fPIC" "-g" "-fno-omit-frame-pointer" "-m64" "-I" "zstd/lib/" "-I" "zstd/lib/common" "-I" "zstd/lib/legacy" "-fvisibility=hidden" "-DZSTD_LIB_DEPRECATED=0" "-DZSTDLIB_VISIBILITY=" "-DZDICTLIB_VISIBILITY=" "-DZSTDERRORLIB_VISIBILITY=" "-DZSTD_LEGACY_SUPPORT=1" "-o" "/opt/rustwide/target/debug/build/zstd-sys-73fa74f5d98e435c/out/zstd/lib/common/fse_decompress.o" "-c" "zstd/lib/common/fse_decompress.c" with args "cc" did not execute successfully (status code exit status: 1).
[INFO] [stderr] 
[INFO] [stderr] 
[INFO] running `Command { std: "docker" "inspect" "9e933575d07ec01068c7fd5b24c813f7bc7ee46759d0011211fc58a7fd67dd53", kill_on_drop: false }`
[INFO] running `Command { std: "docker" "rm" "-f" "9e933575d07ec01068c7fd5b24c813f7bc7ee46759d0011211fc58a7fd67dd53", kill_on_drop: false }`
[INFO] [stdout] 9e933575d07ec01068c7fd5b24c813f7bc7ee46759d0011211fc58a7fd67dd53
