[INFO] cloning repository https://github.com/tarkov-database/identity-server
[INFO] running `Command { std: "git" "-c" "credential.helper=" "-c" "credential.helper=/workspace/cargo-home/bin/git-credential-null" "clone" "--bare" "https://github.com/tarkov-database/identity-server" "/workspace/cache/git-repos/https%3A%2F%2Fgithub.com%2Ftarkov-database%2Fidentity-server", kill_on_drop: false }`
[INFO] [stderr] Cloning into bare repository '/workspace/cache/git-repos/https%3A%2F%2Fgithub.com%2Ftarkov-database%2Fidentity-server'...
[INFO] running `Command { std: "git" "rev-parse" "HEAD", kill_on_drop: false }`
[INFO] [stdout] 51723e6e48db9f0f5c6c24692eb9e92280de8b2b
[INFO] documenting tarkov-database/identity-server against 1.69.0 for beta-1.70-rustdoc-1
[INFO] running `Command { std: "git" "clone" "/workspace/cache/git-repos/https%3A%2F%2Fgithub.com%2Ftarkov-database%2Fidentity-server" "/workspace/builds/worker-7-tc1/source", kill_on_drop: false }`
[INFO] [stderr] Cloning into '/workspace/builds/worker-7-tc1/source'...
[INFO] [stderr] done.
[INFO] validating manifest of git repo https://github.com/tarkov-database/identity-server on toolchain 1.69.0
[INFO] running `Command { std: CARGO_HOME="/workspace/cargo-home" RUSTUP_HOME="/workspace/rustup-home" "/workspace/cargo-home/bin/cargo" "+1.69.0" "metadata" "--manifest-path" "Cargo.toml" "--no-deps", kill_on_drop: false }`
[INFO] started tweaking git repo https://github.com/tarkov-database/identity-server
[INFO] finished tweaking git repo https://github.com/tarkov-database/identity-server
[INFO] tweaked toml for git repo https://github.com/tarkov-database/identity-server written to /workspace/builds/worker-7-tc1/source/Cargo.toml
[INFO] crate git repo https://github.com/tarkov-database/identity-server already has a lockfile, it will not be regenerated
[INFO] running `Command { std: CARGO_HOME="/workspace/cargo-home" RUSTUP_HOME="/workspace/rustup-home" "/workspace/cargo-home/bin/cargo" "+1.69.0" "fetch" "--manifest-path" "Cargo.toml", kill_on_drop: false }`
[INFO] [stderr]  Downloading crates ...
[INFO] [stderr]   Downloaded random-number-macro-impl v0.1.6
[INFO] [stderr]   Downloaded random-pick v1.2.16
[INFO] [stderr]   Downloaded axum v0.6.12
[INFO] [stderr]   Downloaded jemallocator v0.5.0
[INFO] [stderr]   Downloaded aes-gcm-siv v0.11.1
[INFO] [stderr]   Downloaded jemalloc-sys v0.5.3+5.3.0-patched
[INFO] [stderr]   Downloaded mongodb v2.4.0
[INFO] [stderr]   Downloaded passwords v3.1.12
[INFO] [stderr]   Downloaded random-number v0.1.8
[INFO] running `Command { std: "docker" "create" "-v" "/var/lib/crater-agent-workspace/builds/worker-7-tc1/target:/opt/rustwide/target:rw,Z" "-v" "/var/lib/crater-agent-workspace/builds/worker-7-tc1/source:/opt/rustwide/workdir:ro,Z" "-v" "/var/lib/crater-agent-workspace/cargo-home:/opt/rustwide/cargo-home:ro,Z" "-v" "/var/lib/crater-agent-workspace/rustup-home:/opt/rustwide/rustup-home:ro,Z" "-e" "SOURCE_DIR=/opt/rustwide/workdir" "-e" "CARGO_TARGET_DIR=/opt/rustwide/target" "-e" "CARGO_HOME=/opt/rustwide/cargo-home" "-e" "RUSTUP_HOME=/opt/rustwide/rustup-home" "-w" "/opt/rustwide/workdir" "-m" "1610612736" "--user" "0:0" "--network" "none" "ghcr.io/rust-lang/crates-build-env/linux@sha256:5ff2268d62e97bff2cde7d5815dd6ed5b47097566f13b8d0ca110b04b60e07ed" "/opt/rustwide/cargo-home/bin/cargo" "+1.69.0" "metadata" "--no-deps" "--format-version=1", kill_on_drop: false }`
[INFO] [stdout] 09fce2c694bec77f3a46aacae5498cea9d8c6e85f02380427f7832ca46d78351
[INFO] running `Command { std: "docker" "start" "-a" "09fce2c694bec77f3a46aacae5498cea9d8c6e85f02380427f7832ca46d78351", kill_on_drop: false }`
[INFO] running `Command { std: "docker" "inspect" "09fce2c694bec77f3a46aacae5498cea9d8c6e85f02380427f7832ca46d78351", kill_on_drop: false }`
[INFO] running `Command { std: "docker" "rm" "-f" "09fce2c694bec77f3a46aacae5498cea9d8c6e85f02380427f7832ca46d78351", kill_on_drop: false }`
[INFO] [stdout] 09fce2c694bec77f3a46aacae5498cea9d8c6e85f02380427f7832ca46d78351
[INFO] running `Command { std: "docker" "create" "-v" "/var/lib/crater-agent-workspace/builds/worker-7-tc1/target:/opt/rustwide/target:rw,Z" "-v" "/var/lib/crater-agent-workspace/builds/worker-7-tc1/source:/opt/rustwide/workdir:ro,Z" "-v" "/var/lib/crater-agent-workspace/cargo-home:/opt/rustwide/cargo-home:ro,Z" "-v" "/var/lib/crater-agent-workspace/rustup-home:/opt/rustwide/rustup-home:ro,Z" "-e" "SOURCE_DIR=/opt/rustwide/workdir" "-e" "CARGO_TARGET_DIR=/opt/rustwide/target" "-e" "CARGO_INCREMENTAL=0" "-e" "RUST_BACKTRACE=full" "-e" "RUSTFLAGS=--cap-lints=warn" "-e" "RUSTDOCFLAGS=--cap-lints=warn" "-e" "CARGO_HOME=/opt/rustwide/cargo-home" "-e" "RUSTUP_HOME=/opt/rustwide/rustup-home" "-w" "/opt/rustwide/workdir" "-m" "1610612736" "--user" "0:0" "--network" "none" "ghcr.io/rust-lang/crates-build-env/linux@sha256:5ff2268d62e97bff2cde7d5815dd6ed5b47097566f13b8d0ca110b04b60e07ed" "/opt/rustwide/cargo-home/bin/cargo" "+1.69.0" "doc" "--frozen" "--no-deps" "--document-private-items" "--message-format=json", kill_on_drop: false }`
[INFO] [stdout] c26c5b4d8af36b83ffd0082cf7c1efcabccbb70694757687b929f4906dfda54d
[INFO] running `Command { std: "docker" "start" "-a" "c26c5b4d8af36b83ffd0082cf7c1efcabccbb70694757687b929f4906dfda54d", kill_on_drop: false }`
[INFO] [stderr]    Compiling libc v0.2.140
[INFO] [stderr]    Compiling proc-macro2 v1.0.54
[INFO] [stderr]    Compiling quote v1.0.26
[INFO] [stderr]    Compiling unicode-ident v1.0.8
[INFO] [stderr]     Checking cfg-if v1.0.0
[INFO] [stderr]    Compiling autocfg v1.1.0
[INFO] [stderr]    Compiling syn v1.0.109
[INFO] [stderr]    Compiling version_check v0.9.4
[INFO] [stderr]     Checking once_cell v1.17.1
[INFO] [stderr]    Compiling typenum v1.16.0
[INFO] [stderr]    Compiling log v0.4.17
[INFO] [stderr]     Checking pin-project-lite v0.2.9
[INFO] [stderr]    Compiling futures-core v0.3.27
[INFO] [stderr]    Compiling serde_derive v1.0.159
[INFO] [stderr]     Checking bytes v1.4.0
[INFO] [stderr]    Compiling serde v1.0.159
[INFO] [stderr]    Compiling futures-channel v0.3.27
[INFO] [stderr]    Compiling futures-task v0.3.27
[INFO] [stderr]    Compiling memchr v2.5.0
[INFO] [stderr]     Checking futures-sink v0.3.27
[INFO] [stderr]     Checking itoa v1.0.6
[INFO] [stderr]    Compiling futures-util v0.3.27
[INFO] [stderr]     Checking futures-io v0.3.27
[INFO] [stderr]    Compiling parking_lot_core v0.9.7
[INFO] [stderr]    Compiling cc v1.0.79
[INFO] [stderr]    Compiling slab v0.4.8
[INFO] [stderr]    Compiling lock_api v0.4.9
[INFO] [stderr]    Compiling generic-array v0.14.7
[INFO] [stderr]     Checking smallvec v1.10.0
[INFO] [stderr]     Checking pin-utils v0.1.0
[INFO] [stderr]     Checking subtle v2.4.1
[INFO] [stderr]     Checking scopeguard v1.1.0
[INFO] [stderr]    Compiling tokio v1.27.0
[INFO] [stderr]     Checking tracing-core v0.1.30
[INFO] [stderr]     Checking tinyvec_macros v0.1.1
[INFO] [stderr]     Checking ppv-lite86 v0.2.17
[INFO] [stderr]    Compiling indexmap v1.9.3
[INFO] [stderr]     Checking fnv v1.0.7
[INFO] [stderr]     Checking lazy_static v1.4.0
[INFO] [stderr]     Checking tinyvec v1.6.0
[INFO] [stderr]     Checking percent-encoding v2.2.0
[INFO] [stderr]     Checking unicode-bidi v0.3.13
[INFO] [stderr]     Checking http v0.2.9
[INFO] [stderr]     Checking hashbrown v0.12.3
[INFO] [stderr]     Checking untrusted v0.7.1
[INFO] [stderr]    Compiling async-trait v0.1.68
[INFO] [stderr]     Checking spin v0.5.2
[INFO] [stderr]    Compiling syn v2.0.11
[INFO] [stderr]    Compiling thiserror v1.0.40
[INFO] [stderr]     Checking form_urlencoded v1.1.0
[INFO] [stderr]    Compiling num-traits v0.2.15
[INFO] [stderr]     Checking cpufeatures v0.2.6
[INFO] [stderr]    Compiling num-integer v0.1.45
[INFO] [stderr]    Compiling heck v0.4.1
[INFO] [stderr]    Compiling rustversion v1.0.12
[INFO] [stderr]    Compiling serde_json v1.0.95
[INFO] [stderr]     Checking matches v0.1.10
[INFO] [stderr]     Checking getrandom v0.2.8
[INFO] [stderr]     Checking mio v0.8.6
[INFO] [stderr]     Checking socket2 v0.4.9
[INFO] [stderr]     Checking signal-hook-registry v1.4.1
[INFO] [stderr]     Checking num_cpus v1.15.0
[INFO] [stderr]     Checking rand_core v0.6.4
[INFO] [stderr]     Checking parking_lot v0.12.1
[INFO] [stderr]     Checking unicode-normalization v0.1.22
[INFO] [stderr]     Checking ryu v1.0.13
[INFO] [stderr]     Checking tower-service v0.3.2
[INFO] [stderr]     Checking rand_chacha v0.3.1
[INFO] [stderr]     Checking http-body v0.4.5
[INFO] [stderr]    Compiling time-core v0.1.0
[INFO] [stderr]     Checking base64 v0.13.1
[INFO] [stderr]     Checking match_cfg v0.1.0
[INFO] [stderr]     Checking data-encoding v2.3.3
[INFO] [stderr]    Compiling ident_case v1.0.1
[INFO] [stderr]    Compiling strsim v0.10.0
[INFO] [stderr]    Compiling httparse v1.8.0
[INFO] [stderr]    Compiling semver-parser v0.7.0
[INFO] [stderr]    Compiling ring v0.16.20
[INFO] [stderr]     Checking ipnet v2.7.2
[INFO] [stderr]     Checking rand v0.8.5
[INFO] [stderr]     Checking crypto-common v0.1.6
[INFO] [stderr]     Checking block-buffer v0.10.4
[INFO] [stderr]    Compiling rustls v0.20.8
[INFO] [stderr]    Compiling proc-macro-hack v0.5.20+deprecated
[INFO] [stderr]     Checking idna v0.3.0
[INFO] [stderr]     Checking idna v0.2.3
[INFO] [stderr]     Checking digest v0.10.6
[INFO] [stderr]    Compiling semver v0.9.0
[INFO] [stderr]     Checking hostname v0.3.1
[INFO] [stderr]    Compiling time-macros v0.2.8
[INFO] [stderr]     Checking quick-error v1.2.3
[INFO] [stderr]    Compiling radium v0.7.0
[INFO] [stderr]     Checking httpdate v1.0.2
[INFO] [stderr]     Checking try-lock v0.2.4
[INFO] [stderr]     Checking linked-hash-map v0.5.6
[INFO] [stderr]     Checking resolv-conf v0.7.0
[INFO] [stderr]     Checking want v0.3.0
[INFO] [stderr]    Compiling rustc_version v0.2.3
[INFO] [stderr]     Checking inout v0.1.3
[INFO] [stderr]    Compiling ahash v0.7.6
[INFO] [stderr]     Checking lru-cache v0.1.2
[INFO] [stderr]    Compiling num-bigint v0.4.3
[INFO] [stderr]     Checking tap v1.0.1
[INFO] [stderr]     Checking bitflags v1.3.2
[INFO] [stderr]     Checking mime v0.3.17
[INFO] [stderr]     Checking base64 v0.21.0
[INFO] [stderr]     Checking tower-layer v0.3.2
[INFO] [stderr]     Checking regex-syntax v0.6.29
[INFO] [stderr]     Checking wyz v0.5.1
[INFO] [stderr]    Compiling rustc_version_runtime v0.2.1
[INFO] [stderr]     Checking cipher v0.4.4
[INFO] [stderr]    Compiling axum-core v0.3.3
[INFO] [stderr]    Compiling jemalloc-sys v0.5.3+5.3.0-patched
[INFO] [stderr]     Checking time v0.1.45
[INFO] [stderr]     Checking iana-time-zone v0.1.54
[INFO] [stderr]     Checking funty v2.0.0
[INFO] [stderr]    Compiling axum v0.6.12
[INFO] [stderr]     Checking rustls-pemfile v1.0.2
[INFO] [stderr]     Checking sha1 v0.10.5
[INFO] [stderr]     Checking universal-hash v0.5.0
[INFO] [stderr]     Checking headers-core v0.2.0
[INFO] [stderr]     Checking overload v0.1.1
[INFO] [stderr]     Checking base64ct v1.6.0
[INFO] [stderr]     Checking hex v0.4.3
[INFO] [stderr]    Compiling convert_case v0.4.0
[INFO] [stderr]     Checking opaque-debug v0.3.0
[INFO] [stderr]     Checking nu-ansi-term v0.46.0
[INFO] [stderr]     Checking headers v0.3.8
[INFO] [stderr]     Checking polyval v0.6.0
[INFO] [stderr]     Checking ctr v0.9.2
[INFO] [stderr]     Checking aes v0.8.2
[INFO] [stderr]     Checking bitvec v1.0.1
[INFO] [stderr]     Checking blake2 v0.10.6
[INFO] [stderr]     Checking pbkdf2 v0.11.0
[INFO] [stderr]     Checking password-hash v0.5.0
[INFO] [stderr]     Checking hmac v0.12.1
[INFO] [stderr]     Checking md-5 v0.10.5
[INFO] [stderr]     Checking sha-1 v0.10.1
[INFO] [stderr]     Checking sha2 v0.10.6
[INFO] [stderr]     Checking aead v0.5.1
[INFO] [stderr]     Checking stringprep v0.1.2
[INFO] [stderr]     Checking pem v1.1.1
[INFO] [stderr]     Checking tracing-log v0.1.3
[INFO] [stderr]     Checking sharded-slab v0.1.4
[INFO] [stderr]     Checking thread_local v1.1.7
[INFO] [stderr]     Checking encoding_rs v0.8.32
[INFO] [stderr]     Checking sync_wrapper v0.1.2
[INFO] [stderr]     Checking matchit v0.7.0
[INFO] [stderr]     Checking http-range-header v0.3.0
[INFO] [stderr]     Checking take_mut v0.2.2
[INFO] [stderr]     Checking zeroize v1.6.0
[INFO] [stderr]     Checking argon2 v0.5.0
[INFO] [stderr]     Checking time v0.3.20
[INFO] [stderr]     Checking dotenv v0.15.0
[INFO] [stderr]     Checking aes-gcm-siv v0.11.1
[INFO] [stderr]     Checking regex-automata v0.1.10
[INFO] [stderr]     Checking regex v1.7.3
[INFO] [stderr]    Compiling darling_core v0.13.4
[INFO] [stderr]    Compiling tokio-macros v2.0.0
[INFO] [stderr]    Compiling thiserror-impl v1.0.40
[INFO] [stderr]     Checking matchers v0.1.0
[INFO] [stderr]     Checking webpki v0.22.0
[INFO] [stderr]     Checking sct v0.7.0
[INFO] [stderr]     Checking webpki-roots v0.22.6
[INFO] [stderr]    Compiling futures-macro v0.3.27
[INFO] [stderr]    Compiling tracing-attributes v0.1.23
[INFO] [stderr]    Compiling pin-project-internal v1.0.12
[INFO] [stderr]    Compiling random-number-macro-impl v0.1.6
[INFO] [stderr]    Compiling enum-as-inner v0.4.0
[INFO] [stderr]    Compiling enum-as-inner v0.5.1
[INFO] [stderr]    Compiling derivative v2.2.0
[INFO] [stderr]    Compiling derive_more v0.99.17
[INFO] [stderr]    Compiling typed-builder v0.10.0
[INFO] [stderr]     Checking simple_asn1 v0.6.2
[INFO] [stderr]     Checking random-number v0.1.8
[INFO] [stderr]     Checking random-pick v1.2.16
[INFO] [stderr]     Checking passwords v3.1.12
[INFO] [stderr]    Compiling darling_macro v0.13.4
[INFO] [stdout] error: linking with `cc` failed: exit status: 1
[INFO] [stdout]   |
[INFO] [stdout]   = note: LC_ALL="C" PATH="/opt/rustwide/rustup-home/toolchains/1.69.0-x86_64-unknown-linux-gnu/lib/rustlib/x86_64-unknown-linux-gnu/bin:/opt/rustwide/cargo-home/bin:/usr/local/sbin:/usr/local/bin:/usr/sbin:/usr/bin:/sbin:/bin" VSLANG="1033" "cc" "-Wl,--version-script=/tmp/rustcqlFClL/list" "-m64" "/tmp/rustcqlFClL/symbols.o" "/opt/rustwide/target/debug/deps/typed_builder-d5d5c7b2e9b3ebbd.typed_builder.ece6ff83-cgu.0.rcgu.o" "/opt/rustwide/target/debug/deps/typed_builder-d5d5c7b2e9b3ebbd.typed_builder.ece6ff83-cgu.1.rcgu.o" "/opt/rustwide/target/debug/deps/typed_builder-d5d5c7b2e9b3ebbd.typed_builder.ece6ff83-cgu.10.rcgu.o" "/opt/rustwide/target/debug/deps/typed_builder-d5d5c7b2e9b3ebbd.typed_builder.ece6ff83-cgu.11.rcgu.o" "/opt/rustwide/target/debug/deps/typed_builder-d5d5c7b2e9b3ebbd.typed_builder.ece6ff83-cgu.12.rcgu.o" "/opt/rustwide/target/debug/deps/typed_builder-d5d5c7b2e9b3ebbd.typed_builder.ece6ff83-cgu.13.rcgu.o" "/opt/rustwide/target/debug/deps/typed_builder-d5d5c7b2e9b3ebbd.typed_builder.ece6ff83-cgu.14.rcgu.o" "/opt/rustwide/target/debug/deps/typed_builder-d5d5c7b2e9b3ebbd.typed_builder.ece6ff83-cgu.15.rcgu.o" "/opt/rustwide/target/debug/deps/typed_builder-d5d5c7b2e9b3ebbd.typed_builder.ece6ff83-cgu.2.rcgu.o" "/opt/rustwide/target/debug/deps/typed_builder-d5d5c7b2e9b3ebbd.typed_builder.ece6ff83-cgu.3.rcgu.o" "/opt/rustwide/target/debug/deps/typed_builder-d5d5c7b2e9b3ebbd.typed_builder.ece6ff83-cgu.4.rcgu.o" "/opt/rustwide/target/debug/deps/typed_builder-d5d5c7b2e9b3ebbd.typed_builder.ece6ff83-cgu.5.rcgu.o" "/opt/rustwide/target/debug/deps/typed_builder-d5d5c7b2e9b3ebbd.typed_builder.ece6ff83-cgu.6.rcgu.o" "/opt/rustwide/target/debug/deps/typed_builder-d5d5c7b2e9b3ebbd.typed_builder.ece6ff83-cgu.7.rcgu.o" "/opt/rustwide/target/debug/deps/typed_builder-d5d5c7b2e9b3ebbd.typed_builder.ece6ff83-cgu.8.rcgu.o" "/opt/rustwide/target/debug/deps/typed_builder-d5d5c7b2e9b3ebbd.typed_builder.ece6ff83-cgu.9.rcgu.o" "/opt/rustwide/target/debug/deps/typed_builder-d5d5c7b2e9b3ebbd.4sff4tzzsk2ot4in.rcgu.rmeta" "/opt/rustwide/target/debug/deps/typed_builder-d5d5c7b2e9b3ebbd.3wj6w8zaqxo6j7em.rcgu.o" "-Wl,--as-needed" "-L" "/opt/rustwide/target/debug/deps" "-L" "/opt/rustwide/rustup-home/toolchains/1.69.0-x86_64-unknown-linux-gnu/lib/rustlib/x86_64-unknown-linux-gnu/lib" "-Wl,-Bstatic" "/opt/rustwide/target/debug/deps/libsyn-3d56d1ca8274977d.rlib" "/opt/rustwide/target/debug/deps/libquote-aea44c55b11db274.rlib" "/opt/rustwide/target/debug/deps/libproc_macro2-68303ccf8b3f1653.rlib" "/opt/rustwide/target/debug/deps/libunicode_ident-b80adc97778cd786.rlib" "/opt/rustwide/rustup-home/toolchains/1.69.0-x86_64-unknown-linux-gnu/lib/rustlib/x86_64-unknown-linux-gnu/lib/libproc_macro-3627dfecd49b0535.rlib" "/opt/rustwide/rustup-home/toolchains/1.69.0-x86_64-unknown-linux-gnu/lib/rustlib/x86_64-unknown-linux-gnu/lib/libstd-89bc084783fdc439.rlib" "/opt/rustwide/rustup-home/toolchains/1.69.0-x86_64-unknown-linux-gnu/lib/rustlib/x86_64-unknown-linux-gnu/lib/libpanic_unwind-8bee4b287d4367c1.rlib" "/opt/rustwide/rustup-home/toolchains/1.69.0-x86_64-unknown-linux-gnu/lib/rustlib/x86_64-unknown-linux-gnu/lib/libobject-d61707aed80694c0.rlib" "/opt/rustwide/rustup-home/toolchains/1.69.0-x86_64-unknown-linux-gnu/lib/rustlib/x86_64-unknown-linux-gnu/lib/libmemchr-d85366256f22345b.rlib" "/opt/rustwide/rustup-home/toolchains/1.69.0-x86_64-unknown-linux-gnu/lib/rustlib/x86_64-unknown-linux-gnu/lib/libaddr2line-96069b86b8a8cae9.rlib" "/opt/rustwide/rustup-home/toolchains/1.69.0-x86_64-unknown-linux-gnu/lib/rustlib/x86_64-unknown-linux-gnu/lib/libgimli-d19d53abf68dfa6c.rlib" "/opt/rustwide/rustup-home/toolchains/1.69.0-x86_64-unknown-linux-gnu/lib/rustlib/x86_64-unknown-linux-gnu/lib/librustc_demangle-787cbccd19d64ac6.rlib" "/opt/rustwide/rustup-home/toolchains/1.69.0-x86_64-unknown-linux-gnu/lib/rustlib/x86_64-unknown-linux-gnu/lib/libstd_detect-b3837a36b830e0d0.rlib" "/opt/rustwide/rustup-home/toolchains/1.69.0-x86_64-unknown-linux-gnu/lib/rustlib/x86_64-unknown-linux-gnu/lib/libhashbrown-e3deb0e7e3f04966.rlib" "/opt/rustwide/rustup-home/toolchains/1.69.0-x86_64-unknown-linux-gnu/lib/rustlib/x86_64-unknown-linux-gnu/lib/libminiz_oxide-dabbb79c9815def4.rlib" "/opt/rustwide/rustup-home/toolchains/1.69.0-x86_64-unknown-linux-gnu/lib/rustlib/x86_64-unknown-linux-gnu/lib/libadler-305b01f34c9409f2.rlib" "/opt/rustwide/rustup-home/toolchains/1.69.0-x86_64-unknown-linux-gnu/lib/rustlib/x86_64-unknown-linux-gnu/lib/librustc_std_workspace_alloc-f833521df6074e73.rlib" "/opt/rustwide/rustup-home/toolchains/1.69.0-x86_64-unknown-linux-gnu/lib/rustlib/x86_64-unknown-linux-gnu/lib/libunwind-9ac333113350d171.rlib" "/opt/rustwide/rustup-home/toolchains/1.69.0-x86_64-unknown-linux-gnu/lib/rustlib/x86_64-unknown-linux-gnu/lib/libcfg_if-1c126114322d0eee.rlib" "/opt/rustwide/rustup-home/toolchains/1.69.0-x86_64-unknown-linux-gnu/lib/rustlib/x86_64-unknown-linux-gnu/lib/liblibc-bad9164fdeeecf92.rlib" "/opt/rustwide/rustup-home/toolchains/1.69.0-x86_64-unknown-linux-gnu/lib/rustlib/x86_64-unknown-linux-gnu/lib/liballoc-f9374b1e480fa681.rlib" "/opt/rustwide/rustup-home/toolchains/1.69.0-x86_64-unknown-linux-gnu/lib/rustlib/x86_64-unknown-linux-gnu/lib/librustc_std_workspace_core-207f06e41d9603af.rlib" "/opt/rustwide/rustup-home/toolchains/1.69.0-x86_64-unknown-linux-gnu/lib/rustlib/x86_64-unknown-linux-gnu/lib/libcore-7e2768e66e984e85.rlib" "/opt/rustwide/rustup-home/toolchains/1.69.0-x86_64-unknown-linux-gnu/lib/rustlib/x86_64-unknown-linux-gnu/lib/libcompiler_builtins-957b4aff41f8cd46.rlib" "-Wl,-Bdynamic" "-lgcc_s" "-lutil" "-lrt" "-lpthread" "-lm" "-ldl" "-lc" "-Wl,--eh-frame-hdr" "-Wl,-z,noexecstack" "-L" "/opt/rustwide/rustup-home/toolchains/1.69.0-x86_64-unknown-linux-gnu/lib/rustlib/x86_64-unknown-linux-gnu/lib" "-o" "/opt/rustwide/target/debug/deps/libtyped_builder-d5d5c7b2e9b3ebbd.so" "-Wl,--gc-sections" "-shared" "-Wl,-z,relro,-z,now" "-nodefaultlibs"
[INFO] [stdout]   = note: /usr/bin/ld: final link failed: No space left on device
[INFO] [stdout]           collect2: error: ld returned 1 exit status
[INFO] [stdout]           
[INFO] [stdout] 
[INFO] [stdout] 
[INFO] [stdout] error: aborting due to previous error
[INFO] [stdout] 
[INFO] [stdout] 
[INFO] [stderr] error: could not compile `typed-builder` due to 2 previous errors
[INFO] [stderr] warning: build failed, waiting for other jobs to finish...
[INFO] [stderr] LLVM ERROR: IO failure on output stream: No space left on device
[INFO] [stderr] error: could not compile `darling_macro`
[INFO] [stdout] error: linking with `cc` failed: exit status: 1
[INFO] [stdout]   |
[INFO] [stdout]   = note: LC_ALL="C" PATH="/opt/rustwide/rustup-home/toolchains/1.69.0-x86_64-unknown-linux-gnu/lib/rustlib/x86_64-unknown-linux-gnu/bin:/opt/rustwide/cargo-home/bin:/usr/local/sbin:/usr/local/bin:/usr/sbin:/usr/bin:/sbin:/bin" VSLANG="1033" "cc" "-Wl,--version-script=/tmp/rustctuchoA/list" "-m64" "/tmp/rustctuchoA/symbols.o" "/opt/rustwide/target/debug/deps/pin_project_internal-98519e99844b8d78.pin_project_internal.ea8ba73c-cgu.0.rcgu.o" "/opt/rustwide/target/debug/deps/pin_project_internal-98519e99844b8d78.pin_project_internal.ea8ba73c-cgu.1.rcgu.o" "/opt/rustwide/target/debug/deps/pin_project_internal-98519e99844b8d78.pin_project_internal.ea8ba73c-cgu.10.rcgu.o" "/opt/rustwide/target/debug/deps/pin_project_internal-98519e99844b8d78.pin_project_internal.ea8ba73c-cgu.11.rcgu.o" "/opt/rustwide/target/debug/deps/pin_project_internal-98519e99844b8d78.pin_project_internal.ea8ba73c-cgu.12.rcgu.o" "/opt/rustwide/target/debug/deps/pin_project_internal-98519e99844b8d78.pin_project_internal.ea8ba73c-cgu.13.rcgu.o" "/opt/rustwide/target/debug/deps/pin_project_internal-98519e99844b8d78.pin_project_internal.ea8ba73c-cgu.14.rcgu.o" "/opt/rustwide/target/debug/deps/pin_project_internal-98519e99844b8d78.pin_project_internal.ea8ba73c-cgu.15.rcgu.o" "/opt/rustwide/target/debug/deps/pin_project_internal-98519e99844b8d78.pin_project_internal.ea8ba73c-cgu.2.rcgu.o" "/opt/rustwide/target/debug/deps/pin_project_internal-98519e99844b8d78.pin_project_internal.ea8ba73c-cgu.3.rcgu.o" "/opt/rustwide/target/debug/deps/pin_project_internal-98519e99844b8d78.pin_project_internal.ea8ba73c-cgu.4.rcgu.o" "/opt/rustwide/target/debug/deps/pin_project_internal-98519e99844b8d78.pin_project_internal.ea8ba73c-cgu.5.rcgu.o" "/opt/rustwide/target/debug/deps/pin_project_internal-98519e99844b8d78.pin_project_internal.ea8ba73c-cgu.6.rcgu.o" "/opt/rustwide/target/debug/deps/pin_project_internal-98519e99844b8d78.pin_project_internal.ea8ba73c-cgu.7.rcgu.o" "/opt/rustwide/target/debug/deps/pin_project_internal-98519e99844b8d78.pin_project_internal.ea8ba73c-cgu.8.rcgu.o" "/opt/rustwide/target/debug/deps/pin_project_internal-98519e99844b8d78.pin_project_internal.ea8ba73c-cgu.9.rcgu.o" "/opt/rustwide/target/debug/deps/pin_project_internal-98519e99844b8d78.3lyxzy2czjx0l52j.rcgu.rmeta" "/opt/rustwide/target/debug/deps/pin_project_internal-98519e99844b8d78.55u6roxzhczoay56.rcgu.o" "-Wl,--as-needed" "-L" "/opt/rustwide/target/debug/deps" "-L" "/opt/rustwide/rustup-home/toolchains/1.69.0-x86_64-unknown-linux-gnu/lib/rustlib/x86_64-unknown-linux-gnu/lib" "-Wl,-Bstatic" "/opt/rustwide/target/debug/deps/libsyn-3d56d1ca8274977d.rlib" "/opt/rustwide/target/debug/deps/libquote-aea44c55b11db274.rlib" "/opt/rustwide/target/debug/deps/libproc_macro2-68303ccf8b3f1653.rlib" "/opt/rustwide/target/debug/deps/libunicode_ident-b80adc97778cd786.rlib" "/opt/rustwide/rustup-home/toolchains/1.69.0-x86_64-unknown-linux-gnu/lib/rustlib/x86_64-unknown-linux-gnu/lib/libproc_macro-3627dfecd49b0535.rlib" "/opt/rustwide/rustup-home/toolchains/1.69.0-x86_64-unknown-linux-gnu/lib/rustlib/x86_64-unknown-linux-gnu/lib/libstd-89bc084783fdc439.rlib" "/opt/rustwide/rustup-home/toolchains/1.69.0-x86_64-unknown-linux-gnu/lib/rustlib/x86_64-unknown-linux-gnu/lib/libpanic_unwind-8bee4b287d4367c1.rlib" "/opt/rustwide/rustup-home/toolchains/1.69.0-x86_64-unknown-linux-gnu/lib/rustlib/x86_64-unknown-linux-gnu/lib/libobject-d61707aed80694c0.rlib" "/opt/rustwide/rustup-home/toolchains/1.69.0-x86_64-unknown-linux-gnu/lib/rustlib/x86_64-unknown-linux-gnu/lib/libmemchr-d85366256f22345b.rlib" "/opt/rustwide/rustup-home/toolchains/1.69.0-x86_64-unknown-linux-gnu/lib/rustlib/x86_64-unknown-linux-gnu/lib/libaddr2line-96069b86b8a8cae9.rlib" "/opt/rustwide/rustup-home/toolchains/1.69.0-x86_64-unknown-linux-gnu/lib/rustlib/x86_64-unknown-linux-gnu/lib/libgimli-d19d53abf68dfa6c.rlib" "/opt/rustwide/rustup-home/toolchains/1.69.0-x86_64-unknown-linux-gnu/lib/rustlib/x86_64-unknown-linux-gnu/lib/librustc_demangle-787cbccd19d64ac6.rlib" "/opt/rustwide/rustup-home/toolchains/1.69.0-x86_64-unknown-linux-gnu/lib/rustlib/x86_64-unknown-linux-gnu/lib/libstd_detect-b3837a36b830e0d0.rlib" "/opt/rustwide/rustup-home/toolchains/1.69.0-x86_64-unknown-linux-gnu/lib/rustlib/x86_64-unknown-linux-gnu/lib/libhashbrown-e3deb0e7e3f04966.rlib" "/opt/rustwide/rustup-home/toolchains/1.69.0-x86_64-unknown-linux-gnu/lib/rustlib/x86_64-unknown-linux-gnu/lib/libminiz_oxide-dabbb79c9815def4.rlib" "/opt/rustwide/rustup-home/toolchains/1.69.0-x86_64-unknown-linux-gnu/lib/rustlib/x86_64-unknown-linux-gnu/lib/libadler-305b01f34c9409f2.rlib" "/opt/rustwide/rustup-home/toolchains/1.69.0-x86_64-unknown-linux-gnu/lib/rustlib/x86_64-unknown-linux-gnu/lib/librustc_std_workspace_alloc-f833521df6074e73.rlib" "/opt/rustwide/rustup-home/toolchains/1.69.0-x86_64-unknown-linux-gnu/lib/rustlib/x86_64-unknown-linux-gnu/lib/libunwind-9ac333113350d171.rlib" "/opt/rustwide/rustup-home/toolchains/1.69.0-x86_64-unknown-linux-gnu/lib/rustlib/x86_64-unknown-linux-gnu/lib/libcfg_if-1c126114322d0eee.rlib" "/opt/rustwide/rustup-home/toolchains/1.69.0-x86_64-unknown-linux-gnu/lib/rustlib/x86_64-unknown-linux-gnu/lib/liblibc-bad9164fdeeecf92.rlib" "/opt/rustwide/rustup-home/toolchains/1.69.0-x86_64-unknown-linux-gnu/lib/rustlib/x86_64-unknown-linux-gnu/lib/liballoc-f9374b1e480fa681.rlib" "/opt/rustwide/rustup-home/toolchains/1.69.0-x86_64-unknown-linux-gnu/lib/rustlib/x86_64-unknown-linux-gnu/lib/librustc_std_workspace_core-207f06e41d9603af.rlib" "/opt/rustwide/rustup-home/toolchains/1.69.0-x86_64-unknown-linux-gnu/lib/rustlib/x86_64-unknown-linux-gnu/lib/libcore-7e2768e66e984e85.rlib" "/opt/rustwide/rustup-home/toolchains/1.69.0-x86_64-unknown-linux-gnu/lib/rustlib/x86_64-unknown-linux-gnu/lib/libcompiler_builtins-957b4aff41f8cd46.rlib" "-Wl,-Bdynamic" "-lgcc_s" "-lutil" "-lrt" "-lpthread" "-lm" "-ldl" "-lc" "-Wl,--eh-frame-hdr" "-Wl,-z,noexecstack" "-L" "/opt/rustwide/rustup-home/toolchains/1.69.0-x86_64-unknown-linux-gnu/lib/rustlib/x86_64-unknown-linux-gnu/lib" "-o" "/opt/rustwide/target/debug/deps/libpin_project_internal-98519e99844b8d78.so" "-Wl,--gc-sections" "-shared" "-Wl,-z,relro,-z,now" "-nodefaultlibs"
[INFO] [stdout]   = note: /usr/bin/ld: final link failed: No space left on device
[INFO] [stdout]           collect2: error: ld returned 1 exit status
[INFO] [stdout]           
[INFO] [stdout] 
[INFO] [stdout] 
[INFO] [stdout] error: aborting due to previous error
[INFO] [stdout] 
[INFO] [stdout] 
[INFO] [stderr] error: could not compile `pin-project-internal` due to 2 previous errors
[INFO] [stdout] error: linking with `cc` failed: exit status: 1
[INFO] [stdout]   |
[INFO] [stdout]   = note: LC_ALL="C" PATH="/opt/rustwide/rustup-home/toolchains/1.69.0-x86_64-unknown-linux-gnu/lib/rustlib/x86_64-unknown-linux-gnu/bin:/opt/rustwide/cargo-home/bin:/usr/local/sbin:/usr/local/bin:/usr/sbin:/usr/bin:/sbin:/bin" VSLANG="1033" "cc" "-Wl,--version-script=/tmp/rustc70KmFb/list" "-m64" "/tmp/rustc70KmFb/symbols.o" "/opt/rustwide/target/debug/deps/tracing_attributes-b9b80ca299ab8c2c.tracing_attributes.19d6d5bd-cgu.0.rcgu.o" "/opt/rustwide/target/debug/deps/tracing_attributes-b9b80ca299ab8c2c.tracing_attributes.19d6d5bd-cgu.1.rcgu.o" "/opt/rustwide/target/debug/deps/tracing_attributes-b9b80ca299ab8c2c.tracing_attributes.19d6d5bd-cgu.10.rcgu.o" "/opt/rustwide/target/debug/deps/tracing_attributes-b9b80ca299ab8c2c.tracing_attributes.19d6d5bd-cgu.11.rcgu.o" "/opt/rustwide/target/debug/deps/tracing_attributes-b9b80ca299ab8c2c.tracing_attributes.19d6d5bd-cgu.12.rcgu.o" "/opt/rustwide/target/debug/deps/tracing_attributes-b9b80ca299ab8c2c.tracing_attributes.19d6d5bd-cgu.13.rcgu.o" "/opt/rustwide/target/debug/deps/tracing_attributes-b9b80ca299ab8c2c.tracing_attributes.19d6d5bd-cgu.14.rcgu.o" "/opt/rustwide/target/debug/deps/tracing_attributes-b9b80ca299ab8c2c.tracing_attributes.19d6d5bd-cgu.15.rcgu.o" "/opt/rustwide/target/debug/deps/tracing_attributes-b9b80ca299ab8c2c.tracing_attributes.19d6d5bd-cgu.2.rcgu.o" "/opt/rustwide/target/debug/deps/tracing_attributes-b9b80ca299ab8c2c.tracing_attributes.19d6d5bd-cgu.3.rcgu.o" "/opt/rustwide/target/debug/deps/tracing_attributes-b9b80ca299ab8c2c.tracing_attributes.19d6d5bd-cgu.4.rcgu.o" "/opt/rustwide/target/debug/deps/tracing_attributes-b9b80ca299ab8c2c.tracing_attributes.19d6d5bd-cgu.5.rcgu.o" "/opt/rustwide/target/debug/deps/tracing_attributes-b9b80ca299ab8c2c.tracing_attributes.19d6d5bd-cgu.6.rcgu.o" "/opt/rustwide/target/debug/deps/tracing_attributes-b9b80ca299ab8c2c.tracing_attributes.19d6d5bd-cgu.7.rcgu.o" "/opt/rustwide/target/debug/deps/tracing_attributes-b9b80ca299ab8c2c.tracing_attributes.19d6d5bd-cgu.8.rcgu.o" "/opt/rustwide/target/debug/deps/tracing_attributes-b9b80ca299ab8c2c.tracing_attributes.19d6d5bd-cgu.9.rcgu.o" "/opt/rustwide/target/debug/deps/tracing_attributes-b9b80ca299ab8c2c.173qsep00b8p36td.rcgu.rmeta" "/opt/rustwide/target/debug/deps/tracing_attributes-b9b80ca299ab8c2c.40ie37irmrfy9ok4.rcgu.o" "-Wl,--as-needed" "-L" "/opt/rustwide/target/debug/deps" "-L" "/opt/rustwide/rustup-home/toolchains/1.69.0-x86_64-unknown-linux-gnu/lib/rustlib/x86_64-unknown-linux-gnu/lib" "-Wl,-Bstatic" "/opt/rustwide/target/debug/deps/libsyn-3d56d1ca8274977d.rlib" "/opt/rustwide/target/debug/deps/libquote-aea44c55b11db274.rlib" "/opt/rustwide/target/debug/deps/libproc_macro2-68303ccf8b3f1653.rlib" "/opt/rustwide/target/debug/deps/libunicode_ident-b80adc97778cd786.rlib" "/opt/rustwide/rustup-home/toolchains/1.69.0-x86_64-unknown-linux-gnu/lib/rustlib/x86_64-unknown-linux-gnu/lib/libproc_macro-3627dfecd49b0535.rlib" "/opt/rustwide/rustup-home/toolchains/1.69.0-x86_64-unknown-linux-gnu/lib/rustlib/x86_64-unknown-linux-gnu/lib/libstd-89bc084783fdc439.rlib" "/opt/rustwide/rustup-home/toolchains/1.69.0-x86_64-unknown-linux-gnu/lib/rustlib/x86_64-unknown-linux-gnu/lib/libpanic_unwind-8bee4b287d4367c1.rlib" "/opt/rustwide/rustup-home/toolchains/1.69.0-x86_64-unknown-linux-gnu/lib/rustlib/x86_64-unknown-linux-gnu/lib/libobject-d61707aed80694c0.rlib" "/opt/rustwide/rustup-home/toolchains/1.69.0-x86_64-unknown-linux-gnu/lib/rustlib/x86_64-unknown-linux-gnu/lib/libmemchr-d85366256f22345b.rlib" "/opt/rustwide/rustup-home/toolchains/1.69.0-x86_64-unknown-linux-gnu/lib/rustlib/x86_64-unknown-linux-gnu/lib/libaddr2line-96069b86b8a8cae9.rlib" "/opt/rustwide/rustup-home/toolchains/1.69.0-x86_64-unknown-linux-gnu/lib/rustlib/x86_64-unknown-linux-gnu/lib/libgimli-d19d53abf68dfa6c.rlib" "/opt/rustwide/rustup-home/toolchains/1.69.0-x86_64-unknown-linux-gnu/lib/rustlib/x86_64-unknown-linux-gnu/lib/librustc_demangle-787cbccd19d64ac6.rlib" "/opt/rustwide/rustup-home/toolchains/1.69.0-x86_64-unknown-linux-gnu/lib/rustlib/x86_64-unknown-linux-gnu/lib/libstd_detect-b3837a36b830e0d0.rlib" "/opt/rustwide/rustup-home/toolchains/1.69.0-x86_64-unknown-linux-gnu/lib/rustlib/x86_64-unknown-linux-gnu/lib/libhashbrown-e3deb0e7e3f04966.rlib" "/opt/rustwide/rustup-home/toolchains/1.69.0-x86_64-unknown-linux-gnu/lib/rustlib/x86_64-unknown-linux-gnu/lib/libminiz_oxide-dabbb79c9815def4.rlib" "/opt/rustwide/rustup-home/toolchains/1.69.0-x86_64-unknown-linux-gnu/lib/rustlib/x86_64-unknown-linux-gnu/lib/libadler-305b01f34c9409f2.rlib" "/opt/rustwide/rustup-home/toolchains/1.69.0-x86_64-unknown-linux-gnu/lib/rustlib/x86_64-unknown-linux-gnu/lib/librustc_std_workspace_alloc-f833521df6074e73.rlib" "/opt/rustwide/rustup-home/toolchains/1.69.0-x86_64-unknown-linux-gnu/lib/rustlib/x86_64-unknown-linux-gnu/lib/libunwind-9ac333113350d171.rlib" "/opt/rustwide/rustup-home/toolchains/1.69.0-x86_64-unknown-linux-gnu/lib/rustlib/x86_64-unknown-linux-gnu/lib/libcfg_if-1c126114322d0eee.rlib" "/opt/rustwide/rustup-home/toolchains/1.69.0-x86_64-unknown-linux-gnu/lib/rustlib/x86_64-unknown-linux-gnu/lib/liblibc-bad9164fdeeecf92.rlib" "/opt/rustwide/rustup-home/toolchains/1.69.0-x86_64-unknown-linux-gnu/lib/rustlib/x86_64-unknown-linux-gnu/lib/liballoc-f9374b1e480fa681.rlib" "/opt/rustwide/rustup-home/toolchains/1.69.0-x86_64-unknown-linux-gnu/lib/rustlib/x86_64-unknown-linux-gnu/lib/librustc_std_workspace_core-207f06e41d9603af.rlib" "/opt/rustwide/rustup-home/toolchains/1.69.0-x86_64-unknown-linux-gnu/lib/rustlib/x86_64-unknown-linux-gnu/lib/libcore-7e2768e66e984e85.rlib" "/opt/rustwide/rustup-home/toolchains/1.69.0-x86_64-unknown-linux-gnu/lib/rustlib/x86_64-unknown-linux-gnu/lib/libcompiler_builtins-957b4aff41f8cd46.rlib" "-Wl,-Bdynamic" "-lgcc_s" "-lutil" "-lrt" "-lpthread" "-lm" "-ldl" "-lc" "-Wl,--eh-frame-hdr" "-Wl,-z,noexecstack" "-L" "/opt/rustwide/rustup-home/toolchains/1.69.0-x86_64-unknown-linux-gnu/lib/rustlib/x86_64-unknown-linux-gnu/lib" "-o" "/opt/rustwide/target/debug/deps/libtracing_attributes-b9b80ca299ab8c2c.so" "-Wl,--gc-sections" "-shared" "-Wl,-z,relro,-z,now" "-nodefaultlibs"
[INFO] [stdout]   = note: /usr/bin/ld: final link failed: No space left on device
[INFO] [stdout]           collect2: error: ld returned 1 exit status
[INFO] [stdout]           
[INFO] [stdout] 
[INFO] [stdout] 
[INFO] [stdout] error: aborting due to previous error
[INFO] [stdout] 
[INFO] [stdout] 
[INFO] [stderr] error: could not compile `tracing-attributes` due to 2 previous errors
[INFO] [stdout] error: linking with `cc` failed: exit status: 1
[INFO] [stdout]   |
[INFO] [stdout]   = note: LC_ALL="C" PATH="/opt/rustwide/rustup-home/toolchains/1.69.0-x86_64-unknown-linux-gnu/lib/rustlib/x86_64-unknown-linux-gnu/bin:/opt/rustwide/cargo-home/bin:/usr/local/sbin:/usr/local/bin:/usr/sbin:/usr/bin:/sbin:/bin" VSLANG="1033" "cc" "-Wl,--version-script=/tmp/rustcGFX61P/list" "-m64" "/tmp/rustcGFX61P/symbols.o" "/opt/rustwide/target/debug/deps/derivative-5d018316c1640f2d.derivative.ab0a9b3e-cgu.0.rcgu.o" "/opt/rustwide/target/debug/deps/derivative-5d018316c1640f2d.derivative.ab0a9b3e-cgu.1.rcgu.o" "/opt/rustwide/target/debug/deps/derivative-5d018316c1640f2d.derivative.ab0a9b3e-cgu.10.rcgu.o" "/opt/rustwide/target/debug/deps/derivative-5d018316c1640f2d.derivative.ab0a9b3e-cgu.11.rcgu.o" "/opt/rustwide/target/debug/deps/derivative-5d018316c1640f2d.derivative.ab0a9b3e-cgu.12.rcgu.o" "/opt/rustwide/target/debug/deps/derivative-5d018316c1640f2d.derivative.ab0a9b3e-cgu.13.rcgu.o" "/opt/rustwide/target/debug/deps/derivative-5d018316c1640f2d.derivative.ab0a9b3e-cgu.14.rcgu.o" "/opt/rustwide/target/debug/deps/derivative-5d018316c1640f2d.derivative.ab0a9b3e-cgu.15.rcgu.o" "/opt/rustwide/target/debug/deps/derivative-5d018316c1640f2d.derivative.ab0a9b3e-cgu.2.rcgu.o" "/opt/rustwide/target/debug/deps/derivative-5d018316c1640f2d.derivative.ab0a9b3e-cgu.3.rcgu.o" "/opt/rustwide/target/debug/deps/derivative-5d018316c1640f2d.derivative.ab0a9b3e-cgu.4.rcgu.o" "/opt/rustwide/target/debug/deps/derivative-5d018316c1640f2d.derivative.ab0a9b3e-cgu.5.rcgu.o" "/opt/rustwide/target/debug/deps/derivative-5d018316c1640f2d.derivative.ab0a9b3e-cgu.6.rcgu.o" "/opt/rustwide/target/debug/deps/derivative-5d018316c1640f2d.derivative.ab0a9b3e-cgu.7.rcgu.o" "/opt/rustwide/target/debug/deps/derivative-5d018316c1640f2d.derivative.ab0a9b3e-cgu.8.rcgu.o" "/opt/rustwide/target/debug/deps/derivative-5d018316c1640f2d.derivative.ab0a9b3e-cgu.9.rcgu.o" "/opt/rustwide/target/debug/deps/derivative-5d018316c1640f2d.2b978fysxguvpnjc.rcgu.rmeta" "/opt/rustwide/target/debug/deps/derivative-5d018316c1640f2d.3gl868mdkq9mp8qa.rcgu.o" "-Wl,--as-needed" "-L" "/opt/rustwide/target/debug/deps" "-L" "/opt/rustwide/rustup-home/toolchains/1.69.0-x86_64-unknown-linux-gnu/lib/rustlib/x86_64-unknown-linux-gnu/lib" "-Wl,-Bstatic" "/opt/rustwide/target/debug/deps/libsyn-3d56d1ca8274977d.rlib" "/opt/rustwide/target/debug/deps/libquote-aea44c55b11db274.rlib" "/opt/rustwide/target/debug/deps/libproc_macro2-68303ccf8b3f1653.rlib" "/opt/rustwide/target/debug/deps/libunicode_ident-b80adc97778cd786.rlib" "/opt/rustwide/rustup-home/toolchains/1.69.0-x86_64-unknown-linux-gnu/lib/rustlib/x86_64-unknown-linux-gnu/lib/libproc_macro-3627dfecd49b0535.rlib" "/opt/rustwide/rustup-home/toolchains/1.69.0-x86_64-unknown-linux-gnu/lib/rustlib/x86_64-unknown-linux-gnu/lib/libstd-89bc084783fdc439.rlib" "/opt/rustwide/rustup-home/toolchains/1.69.0-x86_64-unknown-linux-gnu/lib/rustlib/x86_64-unknown-linux-gnu/lib/libpanic_unwind-8bee4b287d4367c1.rlib" "/opt/rustwide/rustup-home/toolchains/1.69.0-x86_64-unknown-linux-gnu/lib/rustlib/x86_64-unknown-linux-gnu/lib/libobject-d61707aed80694c0.rlib" "/opt/rustwide/rustup-home/toolchains/1.69.0-x86_64-unknown-linux-gnu/lib/rustlib/x86_64-unknown-linux-gnu/lib/libmemchr-d85366256f22345b.rlib" "/opt/rustwide/rustup-home/toolchains/1.69.0-x86_64-unknown-linux-gnu/lib/rustlib/x86_64-unknown-linux-gnu/lib/libaddr2line-96069b86b8a8cae9.rlib" "/opt/rustwide/rustup-home/toolchains/1.69.0-x86_64-unknown-linux-gnu/lib/rustlib/x86_64-unknown-linux-gnu/lib/libgimli-d19d53abf68dfa6c.rlib" "/opt/rustwide/rustup-home/toolchains/1.69.0-x86_64-unknown-linux-gnu/lib/rustlib/x86_64-unknown-linux-gnu/lib/librustc_demangle-787cbccd19d64ac6.rlib" "/opt/rustwide/rustup-home/toolchains/1.69.0-x86_64-unknown-linux-gnu/lib/rustlib/x86_64-unknown-linux-gnu/lib/libstd_detect-b3837a36b830e0d0.rlib" "/opt/rustwide/rustup-home/toolchains/1.69.0-x86_64-unknown-linux-gnu/lib/rustlib/x86_64-unknown-linux-gnu/lib/libhashbrown-e3deb0e7e3f04966.rlib" "/opt/rustwide/rustup-home/toolchains/1.69.0-x86_64-unknown-linux-gnu/lib/rustlib/x86_64-unknown-linux-gnu/lib/libminiz_oxide-dabbb79c9815def4.rlib" "/opt/rustwide/rustup-home/toolchains/1.69.0-x86_64-unknown-linux-gnu/lib/rustlib/x86_64-unknown-linux-gnu/lib/libadler-305b01f34c9409f2.rlib" "/opt/rustwide/rustup-home/toolchains/1.69.0-x86_64-unknown-linux-gnu/lib/rustlib/x86_64-unknown-linux-gnu/lib/librustc_std_workspace_alloc-f833521df6074e73.rlib" "/opt/rustwide/rustup-home/toolchains/1.69.0-x86_64-unknown-linux-gnu/lib/rustlib/x86_64-unknown-linux-gnu/lib/libunwind-9ac333113350d171.rlib" "/opt/rustwide/rustup-home/toolchains/1.69.0-x86_64-unknown-linux-gnu/lib/rustlib/x86_64-unknown-linux-gnu/lib/libcfg_if-1c126114322d0eee.rlib" "/opt/rustwide/rustup-home/toolchains/1.69.0-x86_64-unknown-linux-gnu/lib/rustlib/x86_64-unknown-linux-gnu/lib/liblibc-bad9164fdeeecf92.rlib" "/opt/rustwide/rustup-home/toolchains/1.69.0-x86_64-unknown-linux-gnu/lib/rustlib/x86_64-unknown-linux-gnu/lib/liballoc-f9374b1e480fa681.rlib" "/opt/rustwide/rustup-home/toolchains/1.69.0-x86_64-unknown-linux-gnu/lib/rustlib/x86_64-unknown-linux-gnu/lib/librustc_std_workspace_core-207f06e41d9603af.rlib" "/opt/rustwide/rustup-home/toolchains/1.69.0-x86_64-unknown-linux-gnu/lib/rustlib/x86_64-unknown-linux-gnu/lib/libcore-7e2768e66e984e85.rlib" "/opt/rustwide/rustup-home/toolchains/1.69.0-x86_64-unknown-linux-gnu/lib/rustlib/x86_64-unknown-linux-gnu/lib/libcompiler_builtins-957b4aff41f8cd46.rlib" "-Wl,-Bdynamic" "-lgcc_s" "-lutil" "-lrt" "-lpthread" "-lm" "-ldl" "-lc" "-Wl,--eh-frame-hdr" "-Wl,-z,noexecstack" "-L" "/opt/rustwide/rustup-home/toolchains/1.69.0-x86_64-unknown-linux-gnu/lib/rustlib/x86_64-unknown-linux-gnu/lib" "-o" "/opt/rustwide/target/debug/deps/libderivative-5d018316c1640f2d.so" "-Wl,--gc-sections" "-shared" "-Wl,-z,relro,-z,now" "-nodefaultlibs"
[INFO] [stdout]   = note: /usr/bin/ld: final link failed: No space left on device
[INFO] [stdout]           collect2: error: ld returned 1 exit status
[INFO] [stdout]           
[INFO] [stdout] 
[INFO] [stdout] 
[INFO] [stdout] error: aborting due to previous error
[INFO] [stdout] 
[INFO] [stdout] 
[INFO] [stderr] error: could not compile `derivative` due to 2 previous errors
[INFO] [stderr] LLVM ERROR: IO failure on output stream: No space left on device
[INFO] [stderr] error: could not compile `derive_more`
[INFO] [stdout] error: linking with `cc` failed: exit status: 1
[INFO] [stdout]   |
[INFO] [stdout]   = note: LC_ALL="C" PATH="/opt/rustwide/rustup-home/toolchains/1.69.0-x86_64-unknown-linux-gnu/lib/rustlib/x86_64-unknown-linux-gnu/bin:/opt/rustwide/cargo-home/bin:/usr/local/sbin:/usr/local/bin:/usr/sbin:/usr/bin:/sbin:/bin" VSLANG="1033" "cc" "-Wl,--version-script=/tmp/rustcJ38Dcg/list" "-m64" "/tmp/rustcJ38Dcg/symbols.o" "/opt/rustwide/target/debug/deps/serde_derive-589557700c3b723a.serde_derive.bc28dcc1-cgu.0.rcgu.o" "/opt/rustwide/target/debug/deps/serde_derive-589557700c3b723a.serde_derive.bc28dcc1-cgu.1.rcgu.o" "/opt/rustwide/target/debug/deps/serde_derive-589557700c3b723a.serde_derive.bc28dcc1-cgu.10.rcgu.o" "/opt/rustwide/target/debug/deps/serde_derive-589557700c3b723a.serde_derive.bc28dcc1-cgu.11.rcgu.o" "/opt/rustwide/target/debug/deps/serde_derive-589557700c3b723a.serde_derive.bc28dcc1-cgu.12.rcgu.o" "/opt/rustwide/target/debug/deps/serde_derive-589557700c3b723a.serde_derive.bc28dcc1-cgu.13.rcgu.o" "/opt/rustwide/target/debug/deps/serde_derive-589557700c3b723a.serde_derive.bc28dcc1-cgu.14.rcgu.o" "/opt/rustwide/target/debug/deps/serde_derive-589557700c3b723a.serde_derive.bc28dcc1-cgu.15.rcgu.o" "/opt/rustwide/target/debug/deps/serde_derive-589557700c3b723a.serde_derive.bc28dcc1-cgu.2.rcgu.o" "/opt/rustwide/target/debug/deps/serde_derive-589557700c3b723a.serde_derive.bc28dcc1-cgu.3.rcgu.o" "/opt/rustwide/target/debug/deps/serde_derive-589557700c3b723a.serde_derive.bc28dcc1-cgu.4.rcgu.o" "/opt/rustwide/target/debug/deps/serde_derive-589557700c3b723a.serde_derive.bc28dcc1-cgu.5.rcgu.o" "/opt/rustwide/target/debug/deps/serde_derive-589557700c3b723a.serde_derive.bc28dcc1-cgu.6.rcgu.o" "/opt/rustwide/target/debug/deps/serde_derive-589557700c3b723a.serde_derive.bc28dcc1-cgu.7.rcgu.o" "/opt/rustwide/target/debug/deps/serde_derive-589557700c3b723a.serde_derive.bc28dcc1-cgu.8.rcgu.o" "/opt/rustwide/target/debug/deps/serde_derive-589557700c3b723a.serde_derive.bc28dcc1-cgu.9.rcgu.o" "/opt/rustwide/target/debug/deps/serde_derive-589557700c3b723a.4svuq94gf65mvgm7.rcgu.rmeta" "/opt/rustwide/target/debug/deps/serde_derive-589557700c3b723a.105mjsguiu0fde6e.rcgu.o" "-Wl,--as-needed" "-L" "/opt/rustwide/target/debug/deps" "-L" "/opt/rustwide/rustup-home/toolchains/1.69.0-x86_64-unknown-linux-gnu/lib/rustlib/x86_64-unknown-linux-gnu/lib" "-Wl,-Bstatic" "/opt/rustwide/target/debug/deps/libsyn-16f43f807ca1f133.rlib" "/opt/rustwide/target/debug/deps/libquote-aea44c55b11db274.rlib" "/opt/rustwide/target/debug/deps/libproc_macro2-68303ccf8b3f1653.rlib" "/opt/rustwide/target/debug/deps/libunicode_ident-b80adc97778cd786.rlib" "/opt/rustwide/rustup-home/toolchains/1.69.0-x86_64-unknown-linux-gnu/lib/rustlib/x86_64-unknown-linux-gnu/lib/libproc_macro-3627dfecd49b0535.rlib" "/opt/rustwide/rustup-home/toolchains/1.69.0-x86_64-unknown-linux-gnu/lib/rustlib/x86_64-unknown-linux-gnu/lib/libstd-89bc084783fdc439.rlib" "/opt/rustwide/rustup-home/toolchains/1.69.0-x86_64-unknown-linux-gnu/lib/rustlib/x86_64-unknown-linux-gnu/lib/libpanic_unwind-8bee4b287d4367c1.rlib" "/opt/rustwide/rustup-home/toolchains/1.69.0-x86_64-unknown-linux-gnu/lib/rustlib/x86_64-unknown-linux-gnu/lib/libobject-d61707aed80694c0.rlib" "/opt/rustwide/rustup-home/toolchains/1.69.0-x86_64-unknown-linux-gnu/lib/rustlib/x86_64-unknown-linux-gnu/lib/libmemchr-d85366256f22345b.rlib" "/opt/rustwide/rustup-home/toolchains/1.69.0-x86_64-unknown-linux-gnu/lib/rustlib/x86_64-unknown-linux-gnu/lib/libaddr2line-96069b86b8a8cae9.rlib" "/opt/rustwide/rustup-home/toolchains/1.69.0-x86_64-unknown-linux-gnu/lib/rustlib/x86_64-unknown-linux-gnu/lib/libgimli-d19d53abf68dfa6c.rlib" "/opt/rustwide/rustup-home/toolchains/1.69.0-x86_64-unknown-linux-gnu/lib/rustlib/x86_64-unknown-linux-gnu/lib/librustc_demangle-787cbccd19d64ac6.rlib" "/opt/rustwide/rustup-home/toolchains/1.69.0-x86_64-unknown-linux-gnu/lib/rustlib/x86_64-unknown-linux-gnu/lib/libstd_detect-b3837a36b830e0d0.rlib" "/opt/rustwide/rustup-home/toolchains/1.69.0-x86_64-unknown-linux-gnu/lib/rustlib/x86_64-unknown-linux-gnu/lib/libhashbrown-e3deb0e7e3f04966.rlib" "/opt/rustwide/rustup-home/toolchains/1.69.0-x86_64-unknown-linux-gnu/lib/rustlib/x86_64-unknown-linux-gnu/lib/libminiz_oxide-dabbb79c9815def4.rlib" "/opt/rustwide/rustup-home/toolchains/1.69.0-x86_64-unknown-linux-gnu/lib/rustlib/x86_64-unknown-linux-gnu/lib/libadler-305b01f34c9409f2.rlib" "/opt/rustwide/rustup-home/toolchains/1.69.0-x86_64-unknown-linux-gnu/lib/rustlib/x86_64-unknown-linux-gnu/lib/librustc_std_workspace_alloc-f833521df6074e73.rlib" "/opt/rustwide/rustup-home/toolchains/1.69.0-x86_64-unknown-linux-gnu/lib/rustlib/x86_64-unknown-linux-gnu/lib/libunwind-9ac333113350d171.rlib" "/opt/rustwide/rustup-home/toolchains/1.69.0-x86_64-unknown-linux-gnu/lib/rustlib/x86_64-unknown-linux-gnu/lib/libcfg_if-1c126114322d0eee.rlib" "/opt/rustwide/rustup-home/toolchains/1.69.0-x86_64-unknown-linux-gnu/lib/rustlib/x86_64-unknown-linux-gnu/lib/liblibc-bad9164fdeeecf92.rlib" "/opt/rustwide/rustup-home/toolchains/1.69.0-x86_64-unknown-linux-gnu/lib/rustlib/x86_64-unknown-linux-gnu/lib/liballoc-f9374b1e480fa681.rlib" "/opt/rustwide/rustup-home/toolchains/1.69.0-x86_64-unknown-linux-gnu/lib/rustlib/x86_64-unknown-linux-gnu/lib/librustc_std_workspace_core-207f06e41d9603af.rlib" "/opt/rustwide/rustup-home/toolchains/1.69.0-x86_64-unknown-linux-gnu/lib/rustlib/x86_64-unknown-linux-gnu/lib/libcore-7e2768e66e984e85.rlib" "/opt/rustwide/rustup-home/toolchains/1.69.0-x86_64-unknown-linux-gnu/lib/rustlib/x86_64-unknown-linux-gnu/lib/libcompiler_builtins-957b4aff41f8cd46.rlib" "-Wl,-Bdynamic" "-lgcc_s" "-lutil" "-lrt" "-lpthread" "-lm" "-ldl" "-lc" "-Wl,--eh-frame-hdr" "-Wl,-z,noexecstack" "-L" "/opt/rustwide/rustup-home/toolchains/1.69.0-x86_64-unknown-linux-gnu/lib/rustlib/x86_64-unknown-linux-gnu/lib" "-o" "/opt/rustwide/target/debug/deps/libserde_derive-589557700c3b723a.so" "-Wl,--gc-sections" "-shared" "-Wl,-z,relro,-z,now" "-nodefaultlibs"
[INFO] [stdout]   = note: /usr/bin/ld: final link failed: No space left on device
[INFO] [stdout]           collect2: error: ld returned 1 exit status
[INFO] [stdout]           
[INFO] [stdout] 
[INFO] [stdout] 
[INFO] [stdout] error: aborting due to previous error
[INFO] [stdout] 
[INFO] [stdout] 
[INFO] [stderr] error: could not compile `serde_derive` due to 2 previous errors
[INFO] [stderr] error: failed to run custom build command for `jemalloc-sys v0.5.3+5.3.0-patched`
[INFO] [stderr] note: To improve backtraces for build dependencies, set the CARGO_PROFILE_DEV_BUILD_OVERRIDE_DEBUG=true environment variable to enable debug information generation.
[INFO] [stderr] 
[INFO] [stderr] Caused by:
[INFO] [stderr]   process didn't exit successfully: `/opt/rustwide/target/debug/build/jemalloc-sys-fc056ee7c5034d61/build-script-build` (exit status: 101)
[INFO] [stderr]   --- stdout
[INFO] [stderr]   TARGET=x86_64-unknown-linux-gnu
[INFO] [stderr]   HOST=x86_64-unknown-linux-gnu
[INFO] [stderr]   NUM_JOBS=16
[INFO] [stderr]   OUT_DIR="/opt/rustwide/target/debug/build/jemalloc-sys-0a119e10bd0efd26/out"
[INFO] [stderr]   BUILD_DIR="/opt/rustwide/target/debug/build/jemalloc-sys-0a119e10bd0efd26/out/build"
[INFO] [stderr]   SRC_DIR="/opt/rustwide/cargo-home/registry/src/github.com-1ecc6299db9ec823/jemalloc-sys-0.5.3+5.3.0-patched"
[INFO] [stderr]   cargo:rustc-cfg=prefixed
[INFO] [stderr]   cargo:rerun-if-env-changed=JEMALLOC_OVERRIDE
[INFO] [stderr]   OPT_LEVEL = Some("0")
[INFO] [stderr]   TARGET = Some("x86_64-unknown-linux-gnu")
[INFO] [stderr]   HOST = Some("x86_64-unknown-linux-gnu")
[INFO] [stderr]   cargo:rerun-if-env-changed=CC_x86_64-unknown-linux-gnu
[INFO] [stderr]   CC_x86_64-unknown-linux-gnu = None
[INFO] [stderr]   cargo:rerun-if-env-changed=CC_x86_64_unknown_linux_gnu
[INFO] [stderr]   CC_x86_64_unknown_linux_gnu = None
[INFO] [stderr]   cargo:rerun-if-env-changed=HOST_CC
[INFO] [stderr]   HOST_CC = None
[INFO] [stderr]   cargo:rerun-if-env-changed=CC
[INFO] [stderr]   CC = None
[INFO] [stderr]   cargo:rerun-if-env-changed=CFLAGS_x86_64-unknown-linux-gnu
[INFO] [stderr]   CFLAGS_x86_64-unknown-linux-gnu = None
[INFO] [stderr]   cargo:rerun-if-env-changed=CFLAGS_x86_64_unknown_linux_gnu
[INFO] [stderr]   CFLAGS_x86_64_unknown_linux_gnu = None
[INFO] [stderr]   cargo:rerun-if-env-changed=HOST_CFLAGS
[INFO] [stderr]   HOST_CFLAGS = None
[INFO] [stderr]   cargo:rerun-if-env-changed=CFLAGS
[INFO] [stderr]   CFLAGS = None
[INFO] [stderr]   cargo:rerun-if-env-changed=CRATE_CC_NO_DEFAULTS
[INFO] [stderr]   CRATE_CC_NO_DEFAULTS = None
[INFO] [stderr]   DEBUG = Some("true")
[INFO] [stderr]   CARGO_CFG_TARGET_FEATURE = Some("fxsr,sse,sse2")
[INFO] [stderr]   CC="cc"
[INFO] [stderr]   CFLAGS="-O0 -ffunction-sections -fdata-sections -fPIC -gdwarf-4 -fno-omit-frame-pointer -m64 -Wall"
[INFO] [stderr]   JEMALLOC_REPO_DIR="jemalloc"
[INFO] [stderr]   cargo:rerun-if-env-changed=JEMALLOC_SYS_WITH_MALLOC_CONF
[INFO] [stderr]   cargo:rerun-if-env-changed=JEMALLOC_SYS_WITH_LG_PAGE
[INFO] [stderr]   cargo:rerun-if-env-changed=JEMALLOC_SYS_WITH_LG_HUGEPAGE
[INFO] [stderr]   cargo:rerun-if-env-changed=JEMALLOC_SYS_WITH_LG_QUANTUM
[INFO] [stderr]   cargo:rerun-if-env-changed=JEMALLOC_SYS_WITH_LG_VADDR
[INFO] [stderr]   --with-jemalloc-prefix=_rjem_
[INFO] [stderr]   running: cd "/opt/rustwide/target/debug/build/jemalloc-sys-0a119e10bd0efd26/out/build" && CC="cc" CFLAGS="-O0 -ffunction-sections -fdata-sections -fPIC -gdwarf-4 -fno-omit-frame-pointer -m64 -Wall" CPPFLAGS="-O0 -ffunction-sections -fdata-sections -fPIC -gdwarf-4 -fno-omit-frame-pointer -m64 -Wall" LDFLAGS="-O0 -ffunction-sections -fdata-sections -fPIC -gdwarf-4 -fno-omit-frame-pointer -m64 -Wall" "sh" "/opt/rustwide/target/debug/build/jemalloc-sys-0a119e10bd0efd26/out/build/configure" "--disable-cxx" "--enable-doc=no" "--enable-shared=no" "--with-jemalloc-prefix=_rjem_" "--with-private-namespace=_rjem_" "--host=x86_64-unknown-linux-gnu" "--build=x86_64-unknown-linux-gnu" "--prefix=/opt/rustwide/target/debug/build/jemalloc-sys-0a119e10bd0efd26/out"
[INFO] [stderr]   checking for xsltproc... false
[INFO] [stderr]   checking for x86_64-unknown-linux-gnu-gcc... cc
[INFO] [stderr]   checking whether the C compiler works... yes
[INFO] [stderr]   checking for C compiler default output file name... a.out
[INFO] [stderr]   checking for suffix of executables... 
[INFO] [stderr]   checking whether we are cross compiling... no
[INFO] [stderr]   checking for suffix of object files... o
[INFO] [stderr]   checking whether we are using the GNU C compiler... yes
[INFO] [stderr]   checking whether cc accepts -g... yes
[INFO] [stderr]   checking for cc option to accept ISO C89... none needed
[INFO] [stderr]   checking whether compiler is cray... no
[INFO] [stderr]   checking whether compiler supports -std=gnu11... yes
[INFO] [stderr]   checking whether compiler supports -Werror=unknown-warning-option... no
[INFO] [stderr]   checking whether compiler supports -Wall... yes
[INFO] [stderr]   checking whether compiler supports -Wextra... yes
[INFO] [stderr]   checking whether compiler supports -Wshorten-64-to-32... no
[INFO] [stderr]   checking whether compiler supports -Wsign-compare... yes
[INFO] [stderr]   checking whether compiler supports -Wundef... yes
[INFO] [stderr]   checking whether compiler supports -Wno-format-zero-length... yes
[INFO] [stderr]   checking whether compiler supports -Wpointer-arith... yes
[INFO] [stderr]   checking whether compiler supports -Wno-missing-braces... yes
[INFO] [stderr]   checking whether compiler supports -Wno-missing-field-initializers... yes
[INFO] [stderr]   checking whether compiler supports -Wno-missing-attributes... yes
[INFO] [stderr]   checking whether compiler supports -pipe... yes
[INFO] [stderr]   checking whether compiler supports -g3... yes
[INFO] [stderr]   checking how to run the C preprocessor... cc -E
[INFO] [stderr]   checking for grep that handles long lines and -e... /usr/bin/grep
[INFO] [stderr]   checking for egrep... /usr/bin/grep -E
[INFO] [stderr]   checking for ANSI C header files... yes
[INFO] [stderr]   checking for sys/types.h... yes
[INFO] [stderr]   checking for sys/stat.h... yes
[INFO] [stderr]   checking for stdlib.h... yes
[INFO] [stderr]   checking for string.h... yes
[INFO] [stderr]   checking for memory.h... yes
[INFO] [stderr]   checking for strings.h... yes
[INFO] [stderr]   checking for inttypes.h... yes
[INFO] [stderr]   checking for stdint.h... yes
[INFO] [stderr]   checking for unistd.h... yes
[INFO] [stderr]   checking whether byte ordering is bigendian... no
[INFO] [stderr]   checking size of void *... 8
[INFO] [stderr]   checking size of int... 4
[INFO] [stderr]   checking size of long... 8
[INFO] [stderr]   checking size of long long... 8
[INFO] [stderr]   checking size of intmax_t... 8
[INFO] [stderr]   checking build system type... x86_64-unknown-linux-gnu
[INFO] [stderr]   checking host system type... x86_64-unknown-linux-gnu
[INFO] [stderr]   checking whether pause instruction is compilable... yes
[INFO] [stderr]   checking number of significant virtual address bits... 48
[INFO] [stderr]   checking for x86_64-unknown-linux-gnu-ar... no
[INFO] [stderr]   checking for ar... ar
[INFO] [stderr]   checking for x86_64-unknown-linux-gnu-nm... no
[INFO] [stderr]   checking for nm... nm
[INFO] [stderr]   checking for gawk... no
[INFO] [stderr]   checking for mawk... mawk
[INFO] [stderr]   checking malloc.h usability... yes
[INFO] [stderr]   checking malloc.h presence... yes
[INFO] [stderr]   checking for malloc.h... yes
[INFO] [stderr]   checking whether malloc_usable_size definition can use const argument... no
[INFO] [stderr]   checking for library containing log... -lm
[INFO] [stderr]   checking whether __attribute__ syntax is compilable... yes
[INFO] [stderr]   checking whether compiler supports -fvisibility=hidden... yes
[INFO] [stderr]   checking whether compiler supports -fvisibility=hidden... no
[INFO] [stderr]   checking whether compiler supports -Werror... yes
[INFO] [stderr]   checking whether compiler supports -herror_on_warning... yes
[INFO] [stderr]   checking whether tls_model attribute is compilable... yes
[INFO] [stderr]   checking whether compiler supports -Werror... yes
[INFO] [stderr]   checking whether compiler supports -herror_on_warning... yes
[INFO] [stderr]   checking whether alloc_size attribute is compilable... yes
[INFO] [stderr]   checking whether compiler supports -Werror... yes
[INFO] [stderr]   checking whether compiler supports -herror_on_warning... yes
[INFO] [stderr]   checking whether format(gnu_printf, ...) attribute is compilable... yes
[INFO] [stderr]   checking whether compiler supports -Werror... yes
[INFO] [stderr]   checking whether compiler supports -herror_on_warning... yes
[INFO] [stderr]   checking whether format(printf, ...) attribute is compilable... yes
[INFO] [stderr]   checking whether compiler supports -Werror... yes
[INFO] [stderr]   checking whether compiler supports -herror_on_warning... yes
[INFO] [stderr]   checking whether format(printf, ...) attribute is compilable... yes
[INFO] [stderr]   checking whether compiler supports -Wimplicit-fallthrough... yes
[INFO] [stderr]   checking whether fallthrough attribute is compilable... yes
[INFO] [stderr]   checking whether compiler supports -Wimplicit-fallthrough... yes
[INFO] [stderr]   checking whether compiler supports -Wimplicit-fallthrough... no
[INFO] [stderr]   checking whether compiler supports -Werror... no
[INFO] [stderr]   checking whether compiler supports -herror_on_warning... no
[INFO] [stderr]   checking whether cold attribute is compilable... no
[INFO] [stderr]   checking whether vm_make_tag is compilable... no
[INFO] [stderr]   checking for a BSD-compatible install... build-aux/install-sh -c
[INFO] [stderr]   checking for x86_64-unknown-linux-gnu-ranlib... no
[INFO] [stderr]   checking for ranlib... ranlib
[INFO] [stderr]   checking for ld... /usr/bin/ld
[INFO] [stderr]   checking for autoconf... /usr/bin/autoconf
[INFO] [stderr]   checking for memalign... no
[INFO] [stderr]   checking for valloc... no
[INFO] [stderr]   checking for malloc_size... no
[INFO] [stderr]   checking whether compiler supports -O3... no
[INFO] [stderr]   checking whether compiler supports -O3... no
[INFO] [stderr]   checking whether compiler supports -funroll-loops... no
[INFO] [stderr]   checking configured backtracing method... N/A
[INFO] [stderr]   checking for sbrk... no
[INFO] [stderr]   checking whether utrace(2) is compilable... no
[INFO] [stderr]   checking whether utrace(2) with label is compilable... no
[INFO] [stderr]   checking whether a program using __builtin_unreachable is compilable... no
[INFO] [stderr]   checking whether a program using __builtin_ffsl is compilable... no
[INFO] [stderr]   checking whether a program using ffsl is compilable... no
[INFO] [stderr]   running: "tail" "-n" "100" "/opt/rustwide/target/debug/build/jemalloc-sys-0a119e10bd0efd26/out/build/config.log"
[INFO] [stderr]   |   return 0;
[INFO] [stderr]   | }
[INFO] [stderr]   configure:9751: result: no
[INFO] [stderr]   configure:9775: checking whether compiler supports -Werror
[INFO] [stderr]   configure:9806: cc -c -std=gnu11 -Wall -Wextra -Wsign-compare -Wundef -Wno-format-zero-length -Wpointer-arith -Wno-missing-braces -Wno-missing-field-initializers -Wno-missing-attributes -pipe -g3 -fvisibility=hidden -Wimplicit-fallthrough -Werror -O0 -ffunction-sections -fdata-sections -fPIC -gdwarf-4 -fno-omit-frame-pointer -m64 -Wall -O0 -ffunction-sections -fdata-sections -fPIC -gdwarf-4 -fno-omit-frame-pointer -m64 -Wall -D_GNU_SOURCE conftest.c >&5
[INFO] [stderr]   configure:9806: $? = 1
[INFO] [stderr]   configure: failed program was:
[INFO] [stderr]   configure:9812: result: no
[INFO] [stderr]   configure:9826: checking whether compiler supports -herror_on_warning
[INFO] [stderr]   configure:9857: cc -c -std=gnu11 -Wall -Wextra -Wsign-compare -Wundef -Wno-format-zero-length -Wpointer-arith -Wno-missing-braces -Wno-missing-field-initializers -Wno-missing-attributes -pipe -g3 -fvisibility=hidden -Wimplicit-fallthrough -herror_on_warning -O0 -ffunction-sections -fdata-sections -fPIC -gdwarf-4 -fno-omit-frame-pointer -m64 -Wall -O0 -ffunction-sections -fdata-sections -fPIC -gdwarf-4 -fno-omit-frame-pointer -m64 -Wall -D_GNU_SOURCE conftest.c >&5
[INFO] [stderr]   configure:9857: $? = 1
[INFO] [stderr]   configure: failed program was:
[INFO] [stderr]   configure:9863: result: no
[INFO] [stderr]   configure:9877: checking whether cold attribute is compilable
[INFO] [stderr]   configure:9893: cc -o conftest -std=gnu11 -Wall -Wextra -Wsign-compare -Wundef -Wconfigure:11449: $? = 1
[INFO] [stderr]   configure: failed program was:
[INFO] [stderr]   configure:11457: result: no
[INFO] [stderr]   configure:11462: checking whether utrace(2) with label is compilable
[INFO] [stderr]   configure:11486: cc -o conftest -std=gnu11 -Wall -Wextra -Wsign-compare -Wundef -Wno-format-zero-length -Wpointer-arith -Wno-missing-braces -Wno-missing-field-initializers -Wno-missing-attributes -pipe -g3 -fvisibility=hidden -Wimplicit-fallthrough -O0 -ffunction-sections -fdata-sections -fPIC -gdwarf-4 -fno-omit-frame-pointer -m64 -Wall -O0 -ffunction-sections -fdata-sections -fPIC -gdwarf-4 -fno-omit-frame-pointer -m64 -Wall -D_GNU_SOURCE -O0 -ffunction-sections -fdata-sections -fPIC -gdwarf-4 -fno-omit-frame-pointer -m64 -Wall conftest.c -lm  >&5
[INFO] [stderr]   configure:11486: $? = 1
[INFO] [stderr]   configure: failed program was:
[INFO] [stderr]   | /* confdefs.h */
[INFO] [stderr]   | #define PACKAGE_NAME ""
[INFO] [stderr]   | #define PACKAGE_TARNAME ""
[INFO] [stderr]   | #define PACKAGE_VERSION ""
[INFO] [stderr]   | #define PACKAGE_STRING ""
[INFO] [stderr]   | #define PACKAGE_BUGREPORT ""
[INFO] [stderr]   | #define PACKAGE_URL ""
[INFO] [stderr]   | #define JEMALLOC_HAS_RESTRICT
[INFO] [stderr]   | #define STDC_HEADERS 1
[INFO] [stderr]   | #define HAVE_SYS_TYPES_H 1
[INFO] [stderr]   | #define HAVE_SYS_STAT_H 1
[INFO] [stderr]   | #define HAVE_STDLIB_H 1
[INFO] [stderr]   | #define HAVE_STRING_H 1
[INFO] [stderr]   | #define HAVE_MEMORY_H 1
[INFO] [stderr]   | #define HAVE_STRINGS_H 1
[INFO] [stderr]   | #define HAVE_INTTYPES_H 1
[INFO] [stderr]   | #define HAVE_STDINT_H 1
[INFO] [stderr]   | #define HAVE_UNISTD_H 1
[INFO] [stderr]   | #define SIZEOF_VOID_P 8
[INFO] [stderr]   | #define LG_SIZEOF_PTR 3
[INFO] [stderr]   | #define SIZEOF_INT 4
[INFO] [stderr]   | #define LG_SIZEOF_INT 2
[INFO] [stderr]   | #define SIZEOF_LONG 8
[INFO] [stderr]   | #define LG_SIZEOF_LONG 3
[INFO] [stderr]   | #define SIZEOF_LONG_LONG 8
[INFO] [stderr]   | #define LG_SIZEOF_LONG_LONG 3
[INFO] [stderr]   | #define SIZEOF_INTMAX_T 8
[INFO] [stderr]   | #define LG_SIZEOF_INTMAX_T 3
[INFO] [stderr]   | #define HAVE_CPU_SPINWAIT 1
[INFO] [stderr]   | #define CPU_SPINWAIT __asm__ volatile("pause")
[INFO] [stderr]   | #define LG_VADDR 48
[INFO] [stderr]   | #define LG_VADDR 48
[INFO] [stderr]   | #define JEMALLOC_PURGE_MADVISE_DONTNEED_ZEROS  
[INFO] [stderr]   | #define JEMALLOC_HAS_ALLOCA_H  
[INFO] [stderr]   | #define JEMALLOC_PROC_SYS_VM_OVERCOMMIT_MEMORY  
[INFO] [stderr]   | #define JEMALLOC_THREADED_INIT  
[INFO] [stderr]   | #define JEMALLOC_USE_CXX_THROW  
[INFO] [stderr]   | #define HAVE_MALLOC_H 1
[INFO] [stderr]   | #define JEMALLOC_USABLE_SIZE_CONST 
[INFO] [stderr]   | #define JEMALLOC_HAVE_ATTR  
[INFO] [stderr]   | #define JEMALLOC_HAVE_ATTR_ALLOC_SIZE  
[INFO] [stderr]   | #define JEMALLOC_HAVE_ATTR_FORMAT_GNU_PRINTF  
[INFO] [stderr]   | #define JEMALLOC_HAVE_ATTR_FORMAT_PRINTF  
[INFO] [stderr]   | #define JEMALLOC_HAVE_ATTR_FORMAT_ARG  
[INFO] [stderr]   | #define JEMALLOC_HAVE_ATTR_FALLTHROUGH  
[INFO] [stderr]   | #define JEMALLOC_PREFIX "_rjem_"
[INFO] [stderr]   | #define JEMALLOC_CPREFIX "_RJEM_"
[INFO] [stderr]   | #define JEMALLOC_PRIVATE_NAMESPACE _rjem_je_
[INFO] [stderr]   | #define JEMALLOC_CONFIG_MALLOC_CONF ""
[INFO] [stderr]   | #define JEMALLOC_STATS  
[INFO] [stderr]   | #define JEMALLOC_MAPS_COALESCE  
[INFO] [stderr]   | #define JEMALLOC_RETAIN  
[INFO] [stderr]   | #define JEMALLOC_ZERO_REALLOC_DEFAULT_FREE  
[INFO] [stderr]   | #define JEMALLOC_FILL  
[INFO] [stderr]   | /* end confdefs.h.  */
[INFO] [stderr]   | 
[INFO] [stderr]   |   #include <sys/types.h>
[INFO] [stderr]   |   #include <sys/param.h>
[INFO] [stderr]   |   #include <sys/time.h>
[INFO] [stderr]   |   #include <sys/uio.h>
[INFO] [stderr]   |   #include <sys/ktrace.h>
[INFO] [stderr]   | 
[INFO] [stderr]   | int
[INFO] [stderr]   | main ()
[INFO] [stderr]   | {
[INFO] [stderr]   | 
[INFO] [stderr]   | 	  utrace((void *)0, (void *)0, 0);
[INFO] [stderr]   | 
[INFO] [stderr]   |   ;
[INFO] [stderr]   |   return 0;
[INFO] [stderr]   | }
[INFO] [stderr]   configure:11494: result: no
[INFO] [stderr]   configure:11654: checking whether a program using __builtin_unreachable is compilable
[INFO] [stderr]   configure:11678: cc -o conftest -std=gnu11 -Wall -Wextra -Wsign-compare -Wundef -Wno-format-zero-length -Wpointer-arith -Wno-missing-braces -Wno-missing-field-initializers -Wno-missing-attributes -pipe -g3 -fvisibility=hidden -Wimplicit-fallthrough -O0 -ffunction-sections -fdata-sections -fPIC -gdwarf-4 -fno-omit-frame-pointer -m64 -Wall -O0 -ffunction-sections -fdata-sections -fPIC -gdwarf-4 -fno-omit-frame-pointer -m64 -Wall -D_GNU_SOURCE -O0 -ffunction-sections -fdata-sections -fPIC -gdwarf-4 -fno-omit-frame-pointer -m64 -Wall conftest.c -lm  >&5
[INFO] [stderr]   configure:11678: $? = 1
[INFO] [stderr]   configure: failed program was:
[INFO] [stderr]   configure:11686: result: no
[INFO] [stderr]   configure:11700: checking whether a program using __builtin_ffsl is compilable
[INFO] [stderr]   configure:11725: cc -o conftest -std=gnu11 -Wall -Wextra -Wsign-compare -Wundef -Wno-format-zero-length -Wpointer-arith -Wno-missing-braces -Wno-missing-field-initializers -Wno-missing-attributes -pipe -g3 -fvisibility=hidden -Wimplicit-fallthrough -O0 -ffunction-sections -fdata-sections -fPIC -gdwarf-4 -fno-omit-frame-pointer -m64 -Wall -O0 -ffunction-sections -fdata-sections -fPIC -gdwarf-4 -fno-omit-frame-pointer -m64 -Wall -D_GNU_SOURCE -O0 -ffunction-sections -fdata-sections -fPIC -gdwarf-4 -fno-omit-frame-pointer 
[INFO] [stderr]   --- stderr
[INFO] [stderr]   grep: write error: No space left on device
[INFO] [stderr]   cat: write error: No space left on device
[INFO] [stderr]   cat: write error: No space left on device
[INFO] [stderr]   cat: write error: No space left on device
[INFO] [stderr]   /opt/rustwide/target/debug/build/jemalloc-sys-0a119e10bd0efd26/out/build/configure: line 1731: printf: write error: No space left on device
[INFO] [stderr]   /opt/rustwide/target/debug/build/jemalloc-sys-0a119e10bd0efd26/out/build/configure: line 1739: printf: write error: No space left on device
[INFO] [stderr]   /opt/rustwide/target/debug/build/jemalloc-sys-0a119e10bd0efd26/out/build/configure: line 1749: printf: write error: No space left on device
[INFO] [stderr]   /opt/rustwide/target/debug/build/jemalloc-sys-0a119e10bd0efd26/out/build/configure: line 9901: printf: write error: No space left on device
[INFO] [stderr]   /opt/rustwide/target/debug/build/jemalloc-sys-0a119e10bd0efd26/out/build/configure: line 9919: printf: write error: No space left on device
[INFO] [stderr]   cat: write error: No space left on device
[INFO] [stderr]   /opt/rustwide/target/debug/build/jemalloc-sys-0a119e10bd0efd26/out/build/configure: line 1731: printf: write error: No space left on device
[INFO] [stderr]   /opt/rustwide/target/debug/build/jemalloc-sys-0a119e10bd0efd26/out/build/configure: line 1739: printf: write error: No space left on device
[INFO] [stderr]   /opt/rustwide/target/debug/build/jemalloc-sys-0a119e10bd0efd26/out/build/configure: line 1749: printf: write error: No space left on device
[INFO] [stderr]   /opt/rustwide/target/debug/build/jemalloc-sys-0a119e10bd0efd26/out/build/configure: line 9946: printf: write error: No space left on device
[INFO] [stderr]   /opt/rustwide/target/debug/build/jemalloc-sys-0a119e10bd0efd26/out/build/configure: line 9999: printf: write error: No space left on device
[INFO] [stderr]   /opt/rustwide/target/debug/build/jemalloc-sys-0a119e10bd0efd26/out/build/configure: line 10033: echo: write error: No space left on device
[INFO] [stderr]   /opt/rustwide/target/debug/build/jemalloc-sys-0a119e10bd0efd26/out/build/configure: line 10034: echo: write error: No space left on device
[INFO] [stderr]   mkdir: cannot create directory 'conftest.dir': No space left on device
[INFO] [stderr]   /usr/bin/install: target '/opt/rustwide/target/debug/build/jemalloc-sys-0a119e10bd0efd26/out/build/conftest.dir' is not a directory
[INFO] [stderr]   /opt/rustwide/target/debug/build/jemalloc-sys-0a119e10bd0efd26/out/build/configure: line 10033: echo: write error: No space left on device
[INFO] [stderr]   /opt/rustwide/target/debug/build/jemalloc-sys-0a119e10bd0efd26/out/build/configure: line 10034: echo: write error: No space left on device
[INFO] [stderr]   mkdir: cannot create directory 'conftest.dir': No space left on device
[INFO] [stderr]   /bin/install: target '/opt/rustwide/target/debug/build/jemalloc-sys-0a119e10bd0efd26/out/build/conftest.dir' is not a directory
[INFO] [stderr]   /opt/rustwide/target/debug/build/jemalloc-sys-0a119e10bd0efd26/out/build/configure: line 10067: printf: write error: No space left on device
[INFO] [stderr]   /opt/rustwide/target/debug/build/jemalloc-sys-0a119e10bd0efd26/out/build/configure: line 10081: printf: write error: No space left on device
[INFO] [stderr]   /opt/rustwide/target/debug/build/jemalloc-sys-0a119e10bd0efd26/out/build/configure: line 10111: printf: write error: No space left on device
[INFO] [stderr]   /opt/rustwide/target/debug/build/jemalloc-sys-0a119e10bd0efd26/out/build/configure: line 10121: printf: write error: No space left on device
[INFO] [stderr]   /opt/rustwide/target/debug/build/jemalloc-sys-0a119e10bd0efd26/out/build/configure: line 10137: printf: write error: No space left on device
[INFO] [stderr]   /opt/rustwide/target/debug/build/jemalloc-sys-0a119e10bd0efd26/out/build/configure: line 10148: printf: write error: No space left on device
[INFO] [stderr]   /opt/rustwide/target/debug/build/jemalloc-sys-0a119e10bd0efd26/out/build/configure: line 10172: printf: write error: No space left on device
[INFO] [stderr]   /opt/rustwide/target/debug/build/jemalloc-sys-0a119e10bd0efd26/out/build/configure: line 10190: printf: write error: No space left on device
[INFO] [stderr]   /opt/rustwide/target/debug/build/jemalloc-sys-0a119e10bd0efd26/out/build/configure: line 10203: printf: write error: No space left on device
[INFO] [stderr]   /opt/rustwide/target/debug/build/jemalloc-sys-0a119e10bd0efd26/out/build/configure: line 10213: printf: write error: No space left on device
[INFO] [stderr]   /opt/rustwide/target/debug/build/jemalloc-sys-0a119e10bd0efd26/out/build/configure: line 10231: printf: write error: No space left on device
[INFO] [stderr]   /opt/rustwide/target/debug/build/jemalloc-sys-0a119e10bd0efd26/out/build/configure: line 10244: printf: write error: No space left on device
[INFO] [stderr]   /opt/rustwide/target/debug/build/jemalloc-sys-0a119e10bd0efd26/out/build/configure: line 2113: printf: write error: No space left on device
[INFO] [stderr]   cat: write error: No space left on device
[INFO] [stderr]   /opt/rustwide/target/debug/build/jemalloc-sys-0a119e10bd0efd26/out/build/configure: line 1731: printf: write error: No space left on device
[INFO] [stderr]   /opt/rustwide/target/debug/build/jemalloc-sys-0a119e10bd0efd26/out/build/configure: line 1739: printf: write error: No space left on device
[INFO] [stderr]   /opt/rustwide/target/debug/build/jemalloc-sys-0a119e10bd0efd26/out/build/configure: line 1749: printf: write error: No space left on device
[INFO] [stderr]   /opt/rustwide/target/debug/build/jemalloc-sys-0a119e10bd0efd26/out/build/configure: line 2168: printf: write error: No space left on device
[INFO] [stderr]   /opt/rustwide/target/debug/build/jemalloc-sys-0a119e10bd0efd26/out/build/configure: line 2113: printf: write error: No space left on device
[INFO] [stderr]   cat: write error: No space left on device
[INFO] [stderr]   /opt/rustwide/target/debug/build/jemalloc-sys-0a119e10bd0efd26/out/build/configure: line 1731: printf: write error: No space left on device
[INFO] [stderr]   /opt/rustwide/target/debug/build/jemalloc-sys-0a119e10bd0efd26/out/build/configure: line 1739: printf: write error: No space left on device
[INFO] [stderr]   /opt/rustwide/target/debug/build/jemalloc-sys-0a119e10bd0efd26/out/build/configure: line 1749: printf: write error: No space left on device
[INFO] [stderr]   /opt/rustwide/target/debug/build/jemalloc-sys-0a119e10bd0efd26/out/build/configure: line 2168: printf: write error: No space left on device
[INFO] [stderr]   /opt/rustwide/target/debug/build/jemalloc-sys-0a119e10bd0efd26/out/build/configure: line 2113: printf: write error: No space left on device
[INFO] [stderr]   cat: write error: No space left on device
[INFO] [stderr]   /opt/rustwide/target/debug/build/jemalloc-sys-0a119e10bd0efd26/out/build/configure: line 1731: printf: write error: No space left on device
[INFO] [stderr]   /opt/rustwide/target/debug/build/jemalloc-sys-0a119e10bd0efd26/out/build/configure: line 1739: printf: write error: No space left on device
[INFO] [stderr]   /opt/rustwide/target/debug/build/jemalloc-sys-0a119e10bd0efd26/out/build/configure: line 1749: printf: write error: No space left on device
[INFO] [stderr]   /opt/rustwide/target/debug/build/jemalloc-sys-0a119e10bd0efd26/out/build/configure: line 2168: printf: write error: No space left on device
[INFO] [stderr]   /opt/rustwide/target/debug/build/jemalloc-sys-0a119e10bd0efd26/out/build/configure: line 10590: printf: write error: No space left on device
[INFO] [stderr]   cat: write error: No space left on device
[INFO] [stderr]   /opt/rustwide/target/debug/build/jemalloc-sys-0a119e10bd0efd26/out/build/configure: line 1618: printf: write error: No space left on device
[INFO] [stderr]   /opt/rustwide/target/debug/build/jemalloc-sys-0a119e10bd0efd26/out/build/configure: line 1626: printf: write error: No space left on device
[INFO] [stderr]   /opt/rustwide/target/debug/build/jemalloc-sys-0a119e10bd0efd26/out/build/configure: line 1633: printf: write error: No space left on device
[INFO] [stderr]   /opt/rustwide/target/debug/build/jemalloc-sys-0a119e10bd0efd26/out/build/configure: line 10627: printf: write error: No space left on device
[INFO] [stderr]   /opt/rustwide/target/debug/build/jemalloc-sys-0a119e10bd0efd26/out/build/configure: line 10641: printf: write error: No space left on device
[INFO] [stderr]   cat: write error: No space left on device
[INFO] [stderr]   /opt/rustwide/target/debug/build/jemalloc-sys-0a119e10bd0efd26/out/build/configure: line 1693: printf: write error: No space left on device
[INFO] [stderr]   /opt/rustwide/target/debug/build/jemalloc-sys-0a119e10bd0efd26/out/build/configure: line 1701: printf: write error: No space left on device
[INFO] [stderr]   /opt/rustwide/target/debug/build/jemalloc-sys-0a119e10bd0efd26/out/build/configure: line 1708: printf: write error: No space left on device
[INFO] [stderr]   /opt/rustwide/target/debug/build/jemalloc-sys-0a119e10bd0efd26/out/build/configure: line 10684: printf: write error: No space left on device
[INFO] [stderr]   /opt/rustwide/target/debug/build/jemalloc-sys-0a119e10bd0efd26/out/build/configure: line 10704: printf: write error: No space left on device
[INFO] [stderr]   cat: write error: No space left on device
[INFO] [stderr]   /opt/rustwide/target/debug/build/jemalloc-sys-0a119e10bd0efd26/out/build/configure: line 1618: printf: write error: No space left on device
[INFO] [stderr]   /opt/rustwide/target/debug/build/jemalloc-sys-0a119e10bd0efd26/out/build/configure: line 1626: printf: write error: No space left on device
[INFO] [stderr]   /opt/rustwide/target/debug/build/jemalloc-sys-0a119e10bd0efd26/out/build/configure: line 1633: printf: write error: No space left on device
[INFO] [stderr]   /opt/rustwide/target/debug/build/jemalloc-sys-0a119e10bd0efd26/out/build/configure: line 10741: printf: write error: No space left on device
[INFO] [stderr]   /opt/rustwide/target/debug/build/jemalloc-sys-0a119e10bd0efd26/out/build/configure: line 11329: printf: write error: No space left on device
[INFO] [stderr]   /opt/rustwide/target/debug/build/jemalloc-sys-0a119e10bd0efd26/out/build/configure: line 11331: printf: write error: No space left on device
[INFO] [stderr]   /opt/rustwide/target/debug/build/jemalloc-sys-0a119e10bd0efd26/out/build/configure: line 2113: printf: write error: No space left on device
[INFO] [stderr]   cat: write error: No space left on device
[INFO] [stderr]   /opt/rustwide/target/debug/build/jemalloc-sys-0a119e10bd0efd26/out/build/configure: line 1731: printf: write error: No space left on device
[INFO] [stderr]   /opt/rustwide/target/debug/build/jemalloc-sys-0a119e10bd0efd26/out/build/configure: line 1739: printf: write error: No space left on device
[INFO] [stderr]   /opt/rustwide/target/debug/build/jemalloc-sys-0a119e10bd0efd26/out/build/configure: line 1749: printf: write error: No space left on device
[INFO] [stderr]   /opt/rustwide/target/debug/build/jemalloc-sys-0a119e10bd0efd26/out/build/configure: line 2168: printf: write error: No space left on device
[INFO] [stderr]   /opt/rustwide/target/debug/build/jemalloc-sys-0a119e10bd0efd26/out/build/configure: line 11425: printf: write error: No space left on device
[INFO] [stderr]   cat: write error: No space left on device
[INFO] [stderr]   /opt/rustwide/target/debug/build/jemalloc-sys-0a119e10bd0efd26/out/build/configure: line 1731: printf: write error: No space left on device
[INFO] [stderr]   cat: write error: No space left on device
[INFO] [stderr]   cat: write error: No space left on device
[INFO] [stderr]   /opt/rustwide/target/debug/build/jemalloc-sys-0a119e10bd0efd26/out/build/configure: line 1731: printf: write error: No space left on device
[INFO] [stderr]   /opt/rustwide/target/debug/build/jemalloc-sys-0a119e10bd0efd26/out/build/configure: line 1739: printf: write error: No space left on device
[INFO] [stderr]   /opt/rustwide/target/debug/build/jemalloc-sys-0a119e10bd0efd26/out/build/configure: line 1749: printf: write error: No space left on device
[INFO] [stderr]   /opt/rustwide/target/debug/build/jemalloc-sys-0a119e10bd0efd26/out/build/configure: line 11733: printf: write error: No space left on device
[INFO] [stderr]   /opt/rustwide/target/debug/build/jemalloc-sys-0a119e10bd0efd26/out/build/configure: line 11748: printf: write error: No space left on device
[INFO] [stderr]   cat: write error: No space left on device
[INFO] [stderr]   /opt/rustwide/target/debug/build/jemalloc-sys-0a119e10bd0efd26/out/build/configure: line 1731: printf: write error: No space left on device
[INFO] [stderr]   /opt/rustwide/target/debug/build/jemalloc-sys-0a119e10bd0efd26/out/build/configure: line 1739: printf: write error: No space left on device
[INFO] [stderr]   /opt/rustwide/target/debug/build/jemalloc-sys-0a119e10bd0efd26/out/build/configure: line 1749: printf: write error: No space left on device
[INFO] [stderr]   /opt/rustwide/target/debug/build/jemalloc-sys-0a119e10bd0efd26/out/build/configure: line 11781: printf: write error: No space left on device
[INFO] [stderr]   /opt/rustwide/target/debug/build/jemalloc-sys-0a119e10bd0efd26/out/build/configure: line 413: printf: write error: No space left on device
[INFO] [stderr]   configure: error: Cannot build without ffsl(3) or __builtin_ffsl()
[INFO] [stderr]   /opt/rustwide/target/debug/build/jemalloc-sys-0a119e10bd0efd26/out/build/configure: line 4: echo: write error: No space left on device
[INFO] [stderr]   /opt/rustwide/target/debug/build/jemalloc-sys-0a119e10bd0efd26/out/build/configure: line 8: printf: write error: No space left on device
[INFO] [stderr]   /opt/rustwide/target/debug/build/jemalloc-sys-0a119e10bd0efd26/out/build/configure: line 9: echo: write error: No space left on device
[INFO] [stderr]   sort: fflush failed: 'standard output': No space left on device
[INFO] [stderr]   sort: write error
[INFO] [stderr]   /opt/rustwide/target/debug/build/jemalloc-sys-0a119e10bd0efd26/out/build/configure: line 40: echo: write error: No space left on device
[INFO] [stderr]   /opt/rustwide/target/debug/build/jemalloc-sys-0a119e10bd0efd26/out/build/configure: line 44: printf: write error: No space left on device
[INFO] [stderr]   /opt/rustwide/target/debug/build/jemalloc-sys-0a119e10bd0efd26/out/build/configure: line 45: echo: write error: No space left on device
[INFO] [stderr]   sort: write failed: 'standard output': No space left on device
[INFO] [stderr]   sort: write error
[INFO] [stderr]   /opt/rustwide/target/debug/build/jemalloc-sys-0a119e10bd0efd26/out/build/configure: line 54: echo: write error: No space left on device
[INFO] [stderr]   /opt/rustwide/target/debug/build/jemalloc-sys-0a119e10bd0efd26/out/build/configure: line 75: printf: write error: No space left on device
[INFO] [stderr]   /opt/rustwide/target/debug/build/jemalloc-sys-0a119e10bd0efd26/out/build/configure: line 76: echo: write error: No space left on device
[INFO] [stderr]   cat: write error: No space left on device
[INFO] [stderr]   /opt/rustwide/target/debug/build/jemalloc-sys-0a119e10bd0efd26/out/build/configure: line 78: echo: write error: No space left on device
[INFO] [stderr]   /opt/rustwide/target/debug/build/jemalloc-sys-0a119e10bd0efd26/out/build/configure: line 82: printf: write error: No space left on device
[INFO] [stderr]   thread 'main' panicked at 'command did not execute successfully: cd "/opt/rustwide/target/debug/build/jemalloc-sys-0a119e10bd0efd26/out/build" && CC="cc" CFLAGS="-O0 -ffunction-sections -fdata-sections -fPIC -gdwarf-4 -fno-omit-frame-pointer -m64 -Wall" CPPFLAGS="-O0 -ffunction-sections -fdata-sections -fPIC -gdwarf-4 -fno-omit-frame-pointer -m64 -Wall" LDFLAGS="-O0 -ffunction-sections -fdata-sections -fPIC -gdwarf-4 -fno-omit-frame-pointer -m64 -Wall" "sh" "/opt/rustwide/target/debug/build/jemalloc-sys-0a119e10bd0efd26/out/build/configure" "--disable-cxx" "--enable-doc=no" "--enable-shared=no" "--with-jemalloc-prefix=_rjem_" "--with-private-namespace=_rjem_" "--host=x86_64-unknown-linux-gnu" "--build=x86_64-unknown-linux-gnu" "--prefix=/opt/rustwide/target/debug/build/jemalloc-sys-0a119e10bd0efd26/out"
[INFO] [stderr]   expected success, got: exit status: 1', /opt/rustwide/cargo-home/registry/src/github.com-1ecc6299db9ec823/jemalloc-sys-0.5.3+5.3.0-patched/build.rs:346:9
[INFO] [stderr]   stack backtrace:
[INFO] [stderr]      0:     0x5629bd1735ba - std::backtrace_rs::backtrace::libunwind::trace::ha9053a9a07ca49cb
[INFO] [stderr]                                  at /rustc/84c898d65adf2f39a5a98507f1fe0ce10a2b8dbc/library/std/src/../../backtrace/src/backtrace/libunwind.rs:93:5
[INFO] [stderr]      1:     0x5629bd1735ba - std::backtrace_rs::backtrace::trace_unsynchronized::h9c2852a457ad564e
[INFO] [stderr]                                  at /rustc/84c898d65adf2f39a5a98507f1fe0ce10a2b8dbc/library/std/src/../../backtrace/src/backtrace/mod.rs:66:5
[INFO] [stderr]      2:     0x5629bd1735ba - std::sys_common::backtrace::_print_fmt::h457936fbfaa0070f
[INFO] [stderr]                                  at /rustc/84c898d65adf2f39a5a98507f1fe0ce10a2b8dbc/library/std/src/sys_common/backtrace.rs:65:5
[INFO] [stderr]      3:     0x5629bd1735ba - <std::sys_common::backtrace::_print::DisplayBacktrace as core::fmt::Display>::fmt::h5779d7bf7f70cb0c
[INFO] [stderr]                                  at /rustc/84c898d65adf2f39a5a98507f1fe0ce10a2b8dbc/library/std/src/sys_common/backtrace.rs:44:22
[INFO] [stderr]      4:     0x5629bd193ece - core::fmt::write::h5a4baaff1bcd3eb5
[INFO] [stderr]                                  at /rustc/84c898d65adf2f39a5a98507f1fe0ce10a2b8dbc/library/core/src/fmt/mod.rs:1232:17
[INFO] [stderr]      5:     0x5629bd1706b5 - std::io::Write::write_fmt::h4bc1f301cb9e9cce
[INFO] [stderr]                                  at /rustc/84c898d65adf2f39a5a98507f1fe0ce10a2b8dbc/library/std/src/io/mod.rs:1684:15
[INFO] [stderr]      6:     0x5629bd173385 - std::sys_common::backtrace::_print::h5fcdc36060f177e8
[INFO] [stderr]                                  at /rustc/84c898d65adf2f39a5a98507f1fe0ce10a2b8dbc/library/std/src/sys_common/backtrace.rs:47:5
[INFO] [stderr]      7:     0x5629bd173385 - std::sys_common::backtrace::print::h54ca9458b876c8bf
[INFO] [stderr]                                  at /rustc/84c898d65adf2f39a5a98507f1fe0ce10a2b8dbc/library/std/src/sys_common/backtrace.rs:34:9
[INFO] [stderr]      8:     0x5629bd174d5f - std::panicking::default_hook::{{closure}}::hbe471161c7664ed6
[INFO] [stderr]                                  at /rustc/84c898d65adf2f39a5a98507f1fe0ce10a2b8dbc/library/std/src/panicking.rs:271:22
[INFO] [stderr]      9:     0x5629bd174a9b - std::panicking::default_hook::ha3500da57aa4ac4f
[INFO] [stderr]                                  at /rustc/84c898d65adf2f39a5a98507f1fe0ce10a2b8dbc/library/std/src/panicking.rs:290:9
[INFO] [stderr]     10:     0x5629bd175308 - std::panicking::rust_panic_with_hook::h50c09d000dc561d2
[INFO] [stderr]                                  at /rustc/84c898d65adf2f39a5a98507f1fe0ce10a2b8dbc/library/std/src/panicking.rs:692:13
[INFO] [stderr]     11:     0x5629bd175209 - std::panicking::begin_panic_handler::{{closure}}::h9e2b2176e00e0d9c
[INFO] [stderr]                                  at /rustc/84c898d65adf2f39a5a98507f1fe0ce10a2b8dbc/library/std/src/panicking.rs:583:13
[INFO] [stderr]     12:     0x5629bd173a26 - std::sys_common::backtrace::__rust_end_short_backtrace::h5739b8e512c09d02
[INFO] [stderr]                                  at /rustc/84c898d65adf2f39a5a98507f1fe0ce10a2b8dbc/library/std/src/sys_common/backtrace.rs:150:18
[INFO] [stderr]     13:     0x5629bd174f12 - rust_begin_unwind
[INFO] [stderr]                                  at /rustc/84c898d65adf2f39a5a98507f1fe0ce10a2b8dbc/library/std/src/panicking.rs:579:5
[INFO] [stderr]     14:     0x5629bd103833 - core::panicking::panic_fmt::hf33a1475b4dc5c3e
[INFO] [stderr]                                  at /rustc/84c898d65adf2f39a5a98507f1fe0ce10a2b8dbc/library/core/src/panicking.rs:64:14
[INFO] [stderr]     15:     0x5629bd108c76 - build_script_build::execute::he78463c079de08d9
[INFO] [stderr]     16:     0x5629bd1085ff - build_script_build::run_and_log::h815dfe699c3163b0
[INFO] [stderr]     17:     0x5629bd107344 - build_script_build::main::hc56cb87e91958e66
[INFO] [stderr]     18:     0x5629bd10b343 - core::ops::function::FnOnce::call_once::hc9c3ef323c4e9e6a
[INFO] [stderr]     19:     0x5629bd10c2c9 - std::sys_common::backtrace::__rust_begin_short_backtrace::h862a1075635a2ea3
[INFO] [stderr]     20:     0x5629bd10fab9 - std::rt::lang_start::{{closure}}::ha65a319456e54554
[INFO] [stderr]     21:     0x5629bd16c9dc - core::ops::function::impls::<impl core::ops::function::FnOnce<A> for &F>::call_once::hd6efcd3bec896f2c
[INFO] [stderr]                                  at /rustc/84c898d65adf2f39a5a98507f1fe0ce10a2b8dbc/library/core/src/ops/function.rs:287:13
[INFO] [stderr]     22:     0x5629bd16c9dc - std::panicking::try::do_call::hce04e543bb1f4cbb
[INFO] [stderr]                                  at /rustc/84c898d65adf2f39a5a98507f1fe0ce10a2b8dbc/library/std/src/panicking.rs:487:40
[INFO] [stderr]     23:     0x5629bd16c9dc - std::panicking::try::h3342dd4e1f680968
[INFO] [stderr]                                  at /rustc/84c898d65adf2f39a5a98507f1fe0ce10a2b8dbc/library/std/src/panicking.rs:451:19
[INFO] [stderr]     24:     0x5629bd16c9dc - std::panic::catch_unwind::h148ce1e59ac0cee7
[INFO] [stderr]                                  at /rustc/84c898d65adf2f39a5a98507f1fe0ce10a2b8dbc/library/std/src/panic.rs:140:14
[INFO] [stderr]     25:     0x5629bd16c9dc - std::rt::lang_start_internal::{{closure}}::h25f9dda2057a67fe
[INFO] [stderr]                                  at /rustc/84c898d65adf2f39a5a98507f1fe0ce10a2b8dbc/library/std/src/rt.rs:148:48
[INFO] [stderr]     26:     0x5629bd16c9dc - std::panicking::try::do_call::h7caaaeaf9401650b
[INFO] [stderr]                                  at /rustc/84c898d65adf2f39a5a98507f1fe0ce10a2b8dbc/library/std/src/panicking.rs:487:40
[INFO] [stderr]     27:     0x5629bd16c9dc - std::panicking::try::he7d15285746cbbc2
[INFO] [stderr]                                  at /rustc/84c898d65adf2f39a5a98507f1fe0ce10a2b8dbc/library/std/src/panicking.rs:451:19
[INFO] [stderr]     28:     0x5629bd16c9dc - std::panic::catch_unwind::h89fb4f50c0301fe0
[INFO] [stderr]                                  at /rustc/84c898d65adf2f39a5a98507f1fe0ce10a2b8dbc/library/std/src/panic.rs:140:14
[INFO] [stderr]     29:     0x5629bd16c9dc - std::rt::lang_start_internal::h078acd489417d3c1
[INFO] [stderr]                                  at /rustc/84c898d65adf2f39a5a98507f1fe0ce10a2b8dbc/library/std/src/rt.rs:148:20
[INFO] [stderr]     30:     0x5629bd10fa97 - std::rt::lang_start::h7996b7270a289a63
[INFO] [stderr]     31:     0x5629bd109125 - main
[INFO] [stderr]     32:     0x7f8000bfbd90 - <unknown>
[INFO] [stderr]     33:     0x7f8000bfbe40 - __libc_start_main
[INFO] [stderr]     34:     0x5629bd103db5 - _start
[INFO] [stderr]     35:                0x0 - <unknown>
[INFO] running `Command { std: "docker" "inspect" "c26c5b4d8af36b83ffd0082cf7c1efcabccbb70694757687b929f4906dfda54d", kill_on_drop: false }`
[INFO] running `Command { std: "docker" "rm" "-f" "c26c5b4d8af36b83ffd0082cf7c1efcabccbb70694757687b929f4906dfda54d", kill_on_drop: false }`
[INFO] [stdout] c26c5b4d8af36b83ffd0082cf7c1efcabccbb70694757687b929f4906dfda54d
