[INFO] cloning repository https://github.com/surangap/kitties-node
[INFO] running `Command { std: "git" "-c" "credential.helper=" "-c" "credential.helper=/workspace/cargo-home/bin/git-credential-null" "clone" "--bare" "https://github.com/surangap/kitties-node" "/workspace/cache/git-repos/https%3A%2F%2Fgithub.com%2Fsurangap%2Fkitties-node", kill_on_drop: false }`
[INFO] [stderr] Cloning into bare repository '/workspace/cache/git-repos/https%3A%2F%2Fgithub.com%2Fsurangap%2Fkitties-node'...
[INFO] running `Command { std: "git" "rev-parse" "HEAD", kill_on_drop: false }`
[INFO] [stdout] e56a7b637e8c196401c3cefeddcaf2fef052ff73
[INFO] documenting surangap/kitties-node against 1.69.0 for beta-1.70-rustdoc-1
[INFO] running `Command { std: "git" "clone" "/workspace/cache/git-repos/https%3A%2F%2Fgithub.com%2Fsurangap%2Fkitties-node" "/workspace/builds/worker-1-tc1/source", kill_on_drop: false }`
[INFO] [stderr] Cloning into '/workspace/builds/worker-1-tc1/source'...
[INFO] [stderr] done.
[INFO] validating manifest of git repo https://github.com/surangap/kitties-node on toolchain 1.69.0
[INFO] running `Command { std: CARGO_HOME="/workspace/cargo-home" RUSTUP_HOME="/workspace/rustup-home" "/workspace/cargo-home/bin/cargo" "+1.69.0" "metadata" "--manifest-path" "Cargo.toml" "--no-deps", kill_on_drop: false }`
[INFO] started tweaking git repo https://github.com/surangap/kitties-node
[INFO] finished tweaking git repo https://github.com/surangap/kitties-node
[INFO] tweaked toml for git repo https://github.com/surangap/kitties-node written to /workspace/builds/worker-1-tc1/source/Cargo.toml
[INFO] crate git repo https://github.com/surangap/kitties-node already has a lockfile, it will not be regenerated
[INFO] running `Command { std: CARGO_HOME="/workspace/cargo-home" RUSTUP_HOME="/workspace/rustup-home" "/workspace/cargo-home/bin/cargo" "+1.69.0" "fetch" "--manifest-path" "Cargo.toml", kill_on_drop: false }`
[INFO] [stderr]  Downloading crates ...
[INFO] [stderr]   Downloaded handlebars v4.2.2
[INFO] [stderr]   Downloaded retain_mut v0.1.7
[INFO] [stderr]   Downloaded wasmtime-runtime v0.33.1
[INFO] [stderr]   Downloaded wasm-instrument v0.1.1
[INFO] [stderr]   Downloaded cranelift-native v0.80.1
[INFO] [stderr]   Downloaded memory-db v0.28.0
[INFO] [stderr]   Downloaded cranelift-codegen-shared v0.80.1
[INFO] [stderr]   Downloaded parity-db v0.3.8
[INFO] [stderr]   Downloaded lru v0.7.3
[INFO] [stderr]   Downloaded async-global-executor v2.0.3
[INFO] [stderr]   Downloaded cranelift-bforest v0.80.1
[INFO] [stderr]   Downloaded psm v0.1.17
[INFO] [stderr]   Downloaded ss58-registry v1.15.0
[INFO] [stderr]   Downloaded async-std-resolver v0.20.4
[INFO] [stderr]   Downloaded wasmtime-types v0.33.1
[INFO] [stderr]   Downloaded cranelift-frontend v0.80.1
[INFO] [stderr]   Downloaded wasmtime-jit v0.33.1
[INFO] [stderr]   Downloaded cranelift-entity v0.80.1
[INFO] [stderr]   Downloaded wasmtime-environ v0.33.1
[INFO] [stderr]   Downloaded camino v1.0.7
[INFO] [stderr]   Downloaded wasmtime-cache v0.33.1
[INFO] [stderr]   Downloaded target-lexicon v0.12.3
[INFO] [stderr]   Downloaded trie-db v0.23.1
[INFO] [stderr]   Downloaded wasmtime-cranelift v0.33.1
[INFO] [stderr]   Downloaded cranelift-codegen-meta v0.80.1
[INFO] [stderr]   Downloaded wasmtime v0.33.1
[INFO] [stderr]   Downloaded libp2p-core v0.30.2
[INFO] [stderr]   Downloaded regalloc v0.0.33
[INFO] [stderr]   Downloaded cranelift-wasm v0.80.1
[INFO] [stderr]   Downloaded rustix v0.31.3
[INFO] [stderr]   Downloaded cranelift-codegen v0.80.1
[INFO] [stderr]   Downloaded linux-raw-sys v0.0.36
[INFO] running `Command { std: "docker" "create" "-v" "/var/lib/crater-agent-workspace/builds/worker-1-tc1/target:/opt/rustwide/target:rw,Z" "-v" "/var/lib/crater-agent-workspace/builds/worker-1-tc1/source:/opt/rustwide/workdir:ro,Z" "-v" "/var/lib/crater-agent-workspace/cargo-home:/opt/rustwide/cargo-home:ro,Z" "-v" "/var/lib/crater-agent-workspace/rustup-home:/opt/rustwide/rustup-home:ro,Z" "-e" "SOURCE_DIR=/opt/rustwide/workdir" "-e" "CARGO_TARGET_DIR=/opt/rustwide/target" "-e" "CARGO_HOME=/opt/rustwide/cargo-home" "-e" "RUSTUP_HOME=/opt/rustwide/rustup-home" "-w" "/opt/rustwide/workdir" "-m" "1610612736" "--user" "0:0" "--network" "none" "ghcr.io/rust-lang/crates-build-env/linux@sha256:5ff2268d62e97bff2cde7d5815dd6ed5b47097566f13b8d0ca110b04b60e07ed" "/opt/rustwide/cargo-home/bin/cargo" "+1.69.0" "metadata" "--no-deps" "--format-version=1", kill_on_drop: false }`
[INFO] [stdout] 79508594f1213a8699e6261a741406c355f861c97226f6ecbca001c9bb232056
[INFO] running `Command { std: "docker" "start" "-a" "79508594f1213a8699e6261a741406c355f861c97226f6ecbca001c9bb232056", kill_on_drop: false }`
[INFO] running `Command { std: "docker" "inspect" "79508594f1213a8699e6261a741406c355f861c97226f6ecbca001c9bb232056", kill_on_drop: false }`
[INFO] running `Command { std: "docker" "rm" "-f" "79508594f1213a8699e6261a741406c355f861c97226f6ecbca001c9bb232056", kill_on_drop: false }`
[INFO] [stdout] 79508594f1213a8699e6261a741406c355f861c97226f6ecbca001c9bb232056
[INFO] running `Command { std: "docker" "create" "-v" "/var/lib/crater-agent-workspace/builds/worker-1-tc1/target:/opt/rustwide/target:rw,Z" "-v" "/var/lib/crater-agent-workspace/builds/worker-1-tc1/source:/opt/rustwide/workdir:ro,Z" "-v" "/var/lib/crater-agent-workspace/cargo-home:/opt/rustwide/cargo-home:ro,Z" "-v" "/var/lib/crater-agent-workspace/rustup-home:/opt/rustwide/rustup-home:ro,Z" "-e" "SOURCE_DIR=/opt/rustwide/workdir" "-e" "CARGO_TARGET_DIR=/opt/rustwide/target" "-e" "CARGO_INCREMENTAL=0" "-e" "RUST_BACKTRACE=full" "-e" "RUSTFLAGS=--cap-lints=warn" "-e" "RUSTDOCFLAGS=--cap-lints=warn" "-e" "CARGO_HOME=/opt/rustwide/cargo-home" "-e" "RUSTUP_HOME=/opt/rustwide/rustup-home" "-w" "/opt/rustwide/workdir" "-m" "1610612736" "--user" "0:0" "--network" "none" "ghcr.io/rust-lang/crates-build-env/linux@sha256:5ff2268d62e97bff2cde7d5815dd6ed5b47097566f13b8d0ca110b04b60e07ed" "/opt/rustwide/cargo-home/bin/cargo" "+1.69.0" "doc" "--frozen" "--no-deps" "--document-private-items" "--message-format=json", kill_on_drop: false }`
[INFO] [stdout] 5d9ea0f7d416ec795e633c419d581df89a640e690da7657f0f67bf619c7efefe
[INFO] running `Command { std: "docker" "start" "-a" "5d9ea0f7d416ec795e633c419d581df89a640e690da7657f0f67bf619c7efefe", kill_on_drop: false }`
[INFO] [stderr]    Compiling proc-macro2 v1.0.36
[INFO] [stderr]    Compiling unicode-xid v0.2.2
[INFO] [stderr]    Compiling syn v1.0.86
[INFO] [stderr]    Compiling libc v0.2.119
[INFO] [stderr]    Compiling version_check v0.9.4
[INFO] [stderr]     Checking cfg-if v1.0.0
[INFO] [stderr]    Compiling serde_derive v1.0.136
[INFO] [stderr]    Compiling serde v1.0.136
[INFO] [stderr]    Compiling memchr v2.4.1
[INFO] [stderr]    Compiling log v0.4.14
[INFO] [stderr]    Compiling autocfg v1.1.0
[INFO] [stderr]    Compiling typenum v1.15.0
[INFO] [stderr]     Checking once_cell v1.10.0
[INFO] [stderr]     Checking pin-project-lite v0.2.8
[INFO] [stderr]    Compiling futures-core v0.3.21
[INFO] [stderr]     Checking ppv-lite86 v0.2.16
[INFO] [stderr]     Checking slab v0.4.5
[INFO] [stderr]     Checking futures-io v0.3.21
[INFO] [stderr]     Checking lazy_static v1.4.0
[INFO] [stderr]     Checking smallvec v1.8.0
[INFO] [stderr]     Checking futures-sink v0.3.21
[INFO] [stderr]    Compiling futures-task v0.3.21
[INFO] [stderr]    Compiling futures-channel v0.3.21
[INFO] [stderr]    Compiling anyhow v1.0.56
[INFO] [stderr]     Checking pin-utils v0.1.0
[INFO] [stderr]    Compiling value-bag v1.0.0-alpha.8
[INFO] [stderr]    Compiling generic-array v0.14.5
[INFO] [stderr]    Compiling ahash v0.7.6
[INFO] [stderr]    Compiling indexmap v1.8.0
[INFO] [stderr]    Compiling futures-util v0.3.21
[INFO] [stderr]     Checking futures v0.1.31
[INFO] [stderr]    Compiling regex-syntax v0.6.25
[INFO] [stderr]     Checking scopeguard v1.1.0
[INFO] [stderr]    Compiling parking_lot_core v0.8.5
[INFO] [stderr]     Checking byteorder v1.4.3
[INFO] [stderr]     Checking instant v0.1.12
[INFO] [stderr]     Checking lock_api v0.4.6
[INFO] [stderr]     Checking subtle v2.4.1
[INFO] [stderr]    Compiling crunchy v0.2.2
[INFO] [stderr]    Compiling aho-corasick v0.7.18
[INFO] [stderr]    Compiling getrandom v0.1.16
[INFO] [stderr]     Checking opaque-debug v0.3.0
[INFO] [stderr]     Checking cpufeatures v0.2.1
[INFO] [stderr]    Compiling quote v1.0.15
[INFO] [stderr]     Checking block-padding v0.2.1
[INFO] [stderr]     Checking static_assertions v1.1.0
[INFO] [stderr]     Checking tinyvec_macros v0.1.0
[INFO] [stderr]     Checking base64 v0.13.0
[INFO] [stderr]     Checking arrayref v0.3.6
[INFO] [stderr]     Checking either v1.6.1
[INFO] [stderr]     Checking tinyvec v1.5.1
[INFO] [stderr]     Checking signature v1.5.0
[INFO] [stderr]    Compiling radium v0.6.2
[INFO] [stderr]    Compiling serde_json v1.0.79
[INFO] [stderr]     Checking ed25519 v1.4.0
[INFO] [stderr]    Compiling libm v0.2.2
[INFO] [stderr]     Checking itoa v1.0.1
[INFO] [stderr]    Compiling num-traits v0.2.14
[INFO] [stderr]     Checking stable_deref_trait v1.2.0
[INFO] [stderr]    Compiling crossbeam-utils v0.8.7
[INFO] [stderr]    Compiling jobserver v0.1.24
[INFO] [stderr]     Checking getrandom v0.2.5
[INFO] [stderr]     Checking num_cpus v1.13.1
[INFO] [stderr]    Compiling cc v1.0.73
[INFO] [stderr]     Checking rand_core v0.6.3
[INFO] [stderr]     Checking rand_core v0.5.1
[INFO] [stderr]     Checking parking_lot v0.11.2
[INFO] [stderr]     Checking digest v0.9.0
[INFO] [stderr]     Checking block-buffer v0.9.0
[INFO] [stderr]     Checking rand_chacha v0.3.1
[INFO] [stderr]     Checking unicode-normalization v0.1.19
[INFO] [stderr]     Checking hashbrown v0.11.2
[INFO] [stderr]     Checking crypto-mac v0.8.0
[INFO] [stderr]    Compiling regex v1.5.5
[INFO] [stderr]     Checking rand_chacha v0.2.2
[INFO] [stderr]     Checking rand_pcg v0.2.1
[INFO] [stderr]     Checking libsecp256k1-core v0.3.0
[INFO] [stderr]     Checking sha2 v0.9.9
[INFO] [stderr]     Checking hmac v0.8.1
[INFO] [stderr]     Checking rand v0.8.5
[INFO] [stderr]     Checking hmac-drbg v0.3.0
[INFO] [stderr]    Compiling crc32fast v1.3.2
[INFO] [stderr]     Checking rand v0.7.3
[INFO] [stderr]     Checking tap v1.0.1
[INFO] [stderr]     Checking funty v1.1.0
[INFO] [stderr]     Checking wyz v0.2.0
[INFO] [stderr]     Checking arrayvec v0.7.2
[INFO] [stderr]     Checking byte-slice-cast v1.2.1
[INFO] [stderr]     Checking ryu v1.0.9
[INFO] [stderr]    Compiling miniz_oxide v0.4.4
[INFO] [stderr]    Compiling num-integer v0.1.44
[INFO] [stderr]     Checking fallible-iterator v0.2.0
[INFO] [stderr]     Checking hex v0.4.3
[INFO] [stderr]     Checking bitvec v0.20.4
[INFO] [stderr]     Checking adler v1.0.2
[INFO] [stderr]    Compiling convert_case v0.4.0
[INFO] [stderr]     Checking tracing-core v0.1.23
[INFO] [stderr]    Compiling zstd-sys v1.6.2+zstd.1.5.1
[INFO] [stderr]    Compiling zstd-safe v4.1.3+zstd.1.5.1
[INFO] [stderr]    Compiling target-lexicon v0.12.3
[INFO] [stderr]     Checking arrayvec v0.5.2
[INFO] [stderr]    Compiling memoffset v0.6.5
[INFO] [stderr]     Checking uint v0.9.3
[INFO] [stderr]    Compiling cranelift-codegen-shared v0.80.1
[INFO] [stderr]    Compiling cranelift-codegen-meta v0.80.1
[INFO] [stderr]     Checking generic-array v0.12.4
[INFO] [stderr]    Compiling arrayvec v0.4.12
[INFO] [stderr]     Checking rustc-hex v2.1.0
[INFO] [stderr]     Checking rustc-hash v1.1.0
[INFO] [stderr]    Compiling libsecp256k1-gen-genmult v0.3.0
[INFO] [stderr]    Compiling libsecp256k1-gen-ecmult v0.3.0
[INFO] [stderr]     Checking keccak v0.1.0
[INFO] [stderr]     Checking byte-tools v0.3.1
[INFO] [stderr]     Checking wasmparser v0.81.0
[INFO] [stderr]    Compiling io-lifetimes v0.4.4
[INFO] [stderr]     Checking bitflags v1.3.2
[INFO] [stderr]     Checking digest v0.8.1
[INFO] [stderr]     Checking fixed-hash v0.7.0
[INFO] [stderr]    Compiling backtrace v0.3.64
[INFO] [stderr]    Compiling libsecp256k1 v0.7.0
[INFO] [stderr]     Checking block-padding v0.1.5
[INFO] [stderr]    Compiling rustix v0.31.3
[INFO] [stderr]     Checking constant_time_eq v0.1.5
[INFO] [stderr]    Compiling crossbeam-epoch v0.9.7
[INFO] [stderr]     Checking block-buffer v0.7.3
[INFO] [stderr]     Checking atty v0.2.14
[INFO] [stderr]     Checking sp-std v4.0.0 (https://github.com/paritytech/substrate.git?branch=polkadot-v0.9.17#22d40c76)
[INFO] [stderr]     Checking opaque-debug v0.2.3
[INFO] [stderr]    Compiling parity-util-mem v0.10.2
[INFO] [stderr]    Compiling paste v1.0.6
[INFO] [stderr]     Checking termcolor v1.1.3
[INFO] [stderr]    Compiling rayon-core v1.9.1
[INFO] [stderr]     Checking fake-simd v0.1.2
[INFO] [stderr]     Checking rustc-demangle v0.1.21
[INFO] [stderr]     Checking more-asserts v0.2.2
[INFO] [stderr]     Checking linux-raw-sys v0.0.36
[INFO] [stderr]    Compiling Inflector v0.11.4
[INFO] [stderr]    Compiling wasmtime-runtime v0.33.1
[INFO] [stderr]    Compiling num-bigint v0.2.6
[INFO] [stderr]     Checking humantime v2.1.0
[INFO] [stderr]    Compiling tiny-keccak v2.0.2
[INFO] [stderr]     Checking region v2.2.0
[INFO] [stderr]     Checking crossbeam-channel v0.5.2
[INFO] [stderr]     Checking crossbeam-deque v0.8.1
[INFO] [stderr]    Compiling psm v0.1.17
[INFO] [stderr]     Checking time v0.1.44
[INFO] [stderr]     Checking dirs-sys-next v0.1.2
[INFO] [stderr]     Checking itertools v0.10.3
[INFO] [stderr]    Compiling num-rational v0.2.4
[INFO] [stderr]    Compiling rayon v1.5.1
[INFO] [stderr]    Compiling wasmtime-cache v0.33.1
[INFO] [stderr]    Compiling ref-cast v1.0.6
[INFO] [stderr]     Checking parity-wasm v0.42.2
[INFO] [stderr]    Compiling cpp_demangle v0.3.5
[INFO] [stderr]     Checking chrono v0.4.19
[INFO] [stderr]     Checking directories-next v2.0.0
[INFO] [stderr]     Checking regex-automata v0.1.10
[INFO] [stderr]     Checking nodrop v0.1.14
[INFO] [stderr]    Compiling wasmtime v0.33.1
[INFO] [stderr]     Checking crypto-common v0.1.3
[INFO] [stderr]     Checking crypto-mac v0.11.1
[INFO] [stderr]     Checking block-buffer v0.10.2
[INFO] [stderr]    Compiling synstructure v0.12.6
[INFO] [stderr]     Checking sharded-slab v0.1.4
[INFO] [stderr]     Checking thread_local v1.1.4
[INFO] [stderr]     Checking downcast-rs v1.2.0
[INFO] [stderr]     Checking ansi_term v0.12.1
[INFO] [stderr]     Checking memory_units v0.3.0
[INFO] [stderr]     Checking hash-db v0.15.2
[INFO] [stderr]     Checking blake2-rfc v0.2.18
[INFO] [stderr]     Checking digest v0.10.3
[INFO] [stderr]     Checking sha2 v0.8.2
[INFO] [stderr]     Checking environmental v1.1.3
[INFO] [stderr]     Checking matchers v0.0.1
[INFO] [stderr] thread 'rustc' panicked at 'assertion failed: pos.get() <= self.position()', compiler/rustc_metadata/src/rmeta/encoder.rs:435:9
[INFO] [stderr] thread 'rustc' panicked at 'assertion failed: pos.get() <= self.position()', compiler/rustc_metadata/src/rmeta/encoder.rs:435:9
[INFO] [stderr] error: failed to write `/opt/rustwide/target/debug/.fingerprint/matchers-e61871658392c58a/invoked.timestamp`
[INFO] [stderr] 
[INFO] [stderr] Caused by:
[INFO] [stderr]   No space left on device (os error 28)
[INFO] [stderr] warning: build failed, waiting for other jobs to finish...
[INFO] [stderr] LLVM ERROR: IO failure on output stream: No space left on device
[INFO] [stderr] LLVM ERROR: IO failure on output stream: No space left on device
[INFO] [stderr] error: could not compile `synstructure`
[INFO] [stderr] error: could not compile `cranelift-codegen-meta`
[INFO] [stdout] error: couldn't create a temp dir: No space left on device (os error 28) at path "/opt/rustwide/target/debug/deps/rmetaCDB1bk"
[INFO] [stdout] 
[INFO] [stdout] 
[INFO] [stderr] error: could not compile `environmental` due to previous error
[INFO] [stderr] The following warnings were emitted during compilation:
[INFO] [stderr] 
[INFO] [stderr] warning: ar: /opt/rustwide/target/debug/build/wasmtime-runtime-3c6985861ad17d6f/out/libwasmtime-helpers.a: No space left on device
[INFO] [stderr] 
[INFO] [stderr] error: failed to run custom build command for `wasmtime-runtime v0.33.1`
[INFO] [stderr] note: To improve backtraces for build dependencies, set the CARGO_PROFILE_DEV_BUILD_OVERRIDE_DEBUG=true environment variable to enable debug information generation.
[INFO] [stderr] 
[INFO] [stderr] Caused by:
[INFO] [stderr]   process didn't exit successfully: `/opt/rustwide/target/debug/build/wasmtime-runtime-ab5932087d8cd4f7/build-script-build` (exit status: 1)
[INFO] [stderr]   --- stdout
[INFO] [stderr]   cargo:rerun-if-changed=src/helpers.c
[INFO] [stderr]   TARGET = Some("x86_64-unknown-linux-gnu")
[INFO] [stderr]   OPT_LEVEL = Some("0")
[INFO] [stderr]   HOST = Some("x86_64-unknown-linux-gnu")
[INFO] [stderr]   CC_x86_64-unknown-linux-gnu = None
[INFO] [stderr]   CC_x86_64_unknown_linux_gnu = None
[INFO] [stderr]   HOST_CC = None
[INFO] [stderr]   CC = None
[INFO] [stderr]   CFLAGS_x86_64-unknown-linux-gnu = None
[INFO] [stderr]   CFLAGS_x86_64_unknown_linux_gnu = None
[INFO] [stderr]   HOST_CFLAGS = None
[INFO] [stderr]   CFLAGS = None
[INFO] [stderr]   CRATE_CC_NO_DEFAULTS = None
[INFO] [stderr]   DEBUG = Some("true")
[INFO] [stderr]   CARGO_CFG_TARGET_FEATURE = Some("fxsr,sse,sse2")
[INFO] [stderr]   running: "cc" "-O0" "-ffunction-sections" "-fdata-sections" "-fPIC" "-g" "-fno-omit-frame-pointer" "-m64" "-Wall" "-Wextra" "-DCFG_TARGET_OS_linux" "-o" "/opt/rustwide/target/debug/build/wasmtime-runtime-3c6985861ad17d6f/out/src/helpers.o" "-c" "src/helpers.c"
[INFO] [stderr]   exit status: 0
[INFO] [stderr]   AR_x86_64-unknown-linux-gnu = None
[INFO] [stderr]   AR_x86_64_unknown_linux_gnu = None
[INFO] [stderr]   HOST_AR = None
[INFO] [stderr]   AR = None
[INFO] [stderr]   running: ZERO_AR_DATE="1" "ar" "cq" "/opt/rustwide/target/debug/build/wasmtime-runtime-3c6985861ad17d6f/out/libwasmtime-helpers.a" "/opt/rustwide/target/debug/build/wasmtime-runtime-3c6985861ad17d6f/out/src/helpers.o"
[INFO] [stderr]   cargo:warning=ar: /opt/rustwide/target/debug/build/wasmtime-runtime-3c6985861ad17d6f/out/libwasmtime-helpers.a: No space left on device
[INFO] [stderr]   exit status: 1
[INFO] [stderr] 
[INFO] [stderr]   --- stderr
[INFO] [stderr] 
[INFO] [stderr] 
[INFO] [stderr]   error occurred: Command ZERO_AR_DATE="1" "ar" "cq" "/opt/rustwide/target/debug/build/wasmtime-runtime-3c6985861ad17d6f/out/libwasmtime-helpers.a" "/opt/rustwide/target/debug/build/wasmtime-runtime-3c6985861ad17d6f/out/src/helpers.o" with args "ar" did not execute successfully (status code exit status: 1).
[INFO] [stderr] 
[INFO] [stderr] 
[INFO] [stderr] The following warnings were emitted during compilation:
[INFO] [stderr] 
[INFO] [stderr] warning: src/arch/x86_64.s:2: fatal error: when writing output to /tmp/ccT1giah.s: No space left on device
[INFO] [stderr] warning:     2 | /* NOTE: sysv64 calling convention is used on all x86_64 targets, including Windows! */
[INFO] [stderr] warning:       | 
[INFO] [stderr] warning: compilation terminated.
[INFO] [stderr] 
[INFO] [stderr] error: failed to run custom build command for `psm v0.1.17`
[INFO] [stderr] note: To improve backtraces for build dependencies, set the CARGO_PROFILE_DEV_BUILD_OVERRIDE_DEBUG=true environment variable to enable debug information generation.
[INFO] [stderr] 
[INFO] [stderr] Caused by:
[INFO] [stderr]   process didn't exit successfully: `/opt/rustwide/target/debug/build/psm-91fda1f83ea40c9b/build-script-build` (exit status: 1)
[INFO] [stderr]   --- stdout
[INFO] [stderr]   OPT_LEVEL = Some("0")
[INFO] [stderr]   TARGET = Some("x86_64-unknown-linux-gnu")
[INFO] [stderr]   HOST = Some("x86_64-unknown-linux-gnu")
[INFO] [stderr]   CC_x86_64-unknown-linux-gnu = None
[INFO] [stderr]   CC_x86_64_unknown_linux_gnu = None
[INFO] [stderr]   HOST_CC = None
[INFO] [stderr]   CC = None
[INFO] [stderr]   CFLAGS_x86_64-unknown-linux-gnu = None
[INFO] [stderr]   CFLAGS_x86_64_unknown_linux_gnu = None
[INFO] [stderr]   HOST_CFLAGS = None
[INFO] [stderr]   CFLAGS = None
[INFO] [stderr]   CRATE_CC_NO_DEFAULTS = None
[INFO] [stderr]   DEBUG = Some("true")
[INFO] [stderr]   CARGO_CFG_TARGET_FEATURE = Some("fxsr,sse,sse2")
[INFO] [stderr]   cargo:rustc-cfg=asm
[INFO] [stderr]   cargo:rustc-cfg=switchable_stack
[INFO] [stderr]   running: "cc" "-O0" "-ffunction-sections" "-fdata-sections" "-fPIC" "-g" "-fno-omit-frame-pointer" "-m64" "-Wall" "-Wextra" "-xassembler-with-cpp" "-DCFG_TARGET_OS_linux" "-DCFG_TARGET_ARCH_x86_64" "-DCFG_TARGET_ENV_gnu" "-o" "/opt/rustwide/target/debug/build/psm-b3cc3f5991a66948/out/src/arch/x86_64.o" "-c" "src/arch/x86_64.s"
[INFO] [stderr]   cargo:warning=src/arch/x86_64.s:2: fatal error: when writing output to /tmp/ccT1giah.s: No space left on device
[INFO] [stderr]   cargo:warning=    2 | /* NOTE: sysv64 calling convention is used on all x86_64 targets, including Windows! */
[INFO] [stderr]   cargo:warning=      | 
[INFO] [stderr]   cargo:warning=compilation terminated.
[INFO] [stderr]   exit status: 1
[INFO] [stderr] 
[INFO] [stderr]   --- stderr
[INFO] [stderr] 
[INFO] [stderr] 
[INFO] [stderr]   error occurred: Command "cc" "-O0" "-ffunction-sections" "-fdata-sections" "-fPIC" "-g" "-fno-omit-frame-pointer" "-m64" "-Wall" "-Wextra" "-xassembler-with-cpp" "-DCFG_TARGET_OS_linux" "-DCFG_TARGET_ARCH_x86_64" "-DCFG_TARGET_ENV_gnu" "-o" "/opt/rustwide/target/debug/build/psm-b3cc3f5991a66948/out/src/arch/x86_64.o" "-c" "src/arch/x86_64.s" with args "cc" did not execute successfully (status code exit status: 1).
[INFO] [stderr] 
[INFO] [stderr] 
[INFO] [stderr] LLVM ERROR: IO failure on output stream: No space left on device
[INFO] [stdout] error: couldn't create a temp dir: No space left on device (os error 28) at path "/opt/rustwide/target/debug/deps/rmetajuJS2T"
[INFO] [stdout] 
[INFO] [stdout] 
[INFO] [stderr] error: could not compile `blake2-rfc` due to previous error
[INFO] [stderr] error: could not compile `syn`
[INFO] [stdout] error: couldn't create a temp dir: No space left on device (os error 28) at path "/opt/rustwide/target/debug/deps/rmetadXdqIb"
[INFO] [stdout] 
[INFO] [stdout] 
[INFO] [stderr] error: could not compile `digest` due to previous error
[INFO] [stdout] error: couldn't create a temp dir: No space left on device (os error 28) at path "/opt/rustwide/target/debug/deps/rmetaPfuZsb"
[INFO] [stdout] 
[INFO] [stdout] 
[INFO] [stdout] error: couldn't create a temp dir: No space left on device (os error 28) at path "/opt/rustwide/target/debug/deps/rmetakkbNKs"
[INFO] [stdout] 
[INFO] [stdout] 
[INFO] [stderr] error: could not compile `sha2` due to previous error
[INFO] [stderr] error: could not compile `itertools` due to previous error
[INFO] [stderr] error: could not compile `num-bigint`
[INFO] [stderr] error: could not compile `parity-wasm`
[INFO] [stdout] error: couldn't create a temp dir: No space left on device (os error 28) at path "/opt/rustwide/target/debug/deps/rmetat6dpW9"
[INFO] [stdout] 
[INFO] [stdout] 
[INFO] [stderr] error: could not compile `sharded-slab` due to previous error
[INFO] [stdout] error: couldn't create a temp dir: No space left on device (os error 28) at path "/opt/rustwide/target/debug/deps/rmetazbCq5d"
[INFO] [stdout] 
[INFO] [stdout] 
[INFO] [stderr] error: could not compile `rustix` due to previous error
[INFO] [stdout] error: couldn't create a temp dir: No space left on device (os error 28) at path "/opt/rustwide/target/debug/deps/rmetaaGlxSB"
[INFO] [stdout] 
[INFO] [stdout] 
[INFO] [stderr] error: could not compile `cpp_demangle` due to previous error
[INFO] [stdout] error: couldn't create a temp dir: No space left on device (os error 28) at path "/opt/rustwide/target/debug/deps/rmetaILvByT"
[INFO] [stdout] 
[INFO] [stdout] 
[INFO] [stderr] error: could not compile `rayon` due to previous error
[INFO] [stderr] The following warnings were emitted during compilation:
[INFO] [stderr] 
[INFO] [stderr] warning: zstd/lib/common/debug.c:24:1: fatal error: error closing /tmp/ccrEOZ8D.s: No space left on device
[INFO] [stderr] warning:    24 | int g_debuglevel = DEBUGLEVEL;
[INFO] [stderr] warning:       | ^~~
[INFO] [stderr] warning: compilation terminated.
[INFO] [stderr] warning: zstd/lib/common/error_private.c:56:1: fatal error: error writing to /tmp/ccr4zp5W.s: No space left on device
[INFO] [stderr] warning:    56 | }
[INFO] [stderr] warning:       | ^
[INFO] [stderr] warning: compilation terminated.
[INFO] [stderr] warning: zstd/lib/common/pool.c:348:1: fatal error: error writing to /tmp/ccUQoMfh.s: No space left on device
[INFO] [stderr] warning:   348 | }
[INFO] [stderr] warning:       | ^
[INFO] [stderr] warning: compilation terminated.
[INFO] [stderr] warning: zstd/lib/common/entropy_common.c:368:1: fatal error: error writing to /tmp/cc6Wnhnr.s: No space left on device
[INFO] [stderr] warning:   368 | }
[INFO] [stderr] warning:       | ^
[INFO] [stderr] warning: compilation terminated.
[INFO] [stderr] warning: zstd/lib/compress/zstd_ldm.c:722:1: fatal error: error writing to /tmp/ccV6HmSE.s: No space left on device
[INFO] [stderr] warning:   722 | }
[INFO] [stderr] warning:       | ^
[INFO] [stderr] warning: compilation terminated.
[INFO] [stderr] warning: zstd/lib/compress/zstd_compress.c:6309:1: fatal error: error writing to /tmp/ccDOgjRe.s: No space left on device
[INFO] [stderr] warning:  6309 | }
[INFO] [stderr] warning:       | ^
[INFO] [stderr] warning: compilation terminated.
[INFO] [stderr] warning: zstd/lib/compress/zstd_lazy.c:2100:1: fatal error: error writing to /tmp/ccICQ0oT.s: No space left on device
[INFO] [stderr] warning:  2100 | }
[INFO] [stderr] warning:       | ^
[INFO] [stderr] warning: compilation terminated.
[INFO] [stderr] 
[INFO] [stderr] error: failed to run custom build command for `zstd-sys v1.6.2+zstd.1.5.1`
[INFO] [stderr] note: To improve backtraces for build dependencies, set the CARGO_PROFILE_DEV_BUILD_OVERRIDE_DEBUG=true environment variable to enable debug information generation.
[INFO] [stderr] 
[INFO] [stderr] Caused by:
[INFO] [stderr]   process didn't exit successfully: `/opt/rustwide/target/debug/build/zstd-sys-459d8d986df736c6/build-script-build` (exit status: 1)
[INFO] [stderr]   --- stdout
[INFO] [stderr]   TARGET = Some("x86_64-unknown-linux-gnu")
[INFO] [stderr]   HOST = Some("x86_64-unknown-linux-gnu")
[INFO] [stderr]   CC_x86_64-unknown-linux-gnu = None
[INFO] [stderr]   CC_x86_64_unknown_linux_gnu = None
[INFO] [stderr]   HOST_CC = None
[INFO] [stderr]   CC = None
[INFO] [stderr]   CFLAGS_x86_64-unknown-linux-gnu = None
[INFO] [stderr]   CFLAGS_x86_64_unknown_linux_gnu = None
[INFO] [stderr]   HOST_CFLAGS = None
[INFO] [stderr]   CFLAGS = None
[INFO] [stderr]   CRATE_CC_NO_DEFAULTS = None
[INFO] [stderr]   DEBUG = Some("true")
[INFO] [stderr]   CARGO_CFG_TARGET_FEATURE = Some("fxsr,sse,sse2")
[INFO] [stderr]   running: "cc" "-O3" "-ffunction-sections" "-fdata-sections" "-fPIC" "-g" "-fno-omit-frame-pointer" "-m64" "-I" "zstd/lib/" "-I" "zstd/lib/common" "-fvisibility=hidden" "-DZSTD_LIB_DEPRECATED=0" "-DXXH_PRIVATE_API=" "-DZSTDLIB_VISIBILITY=" "-DZDICTLIB_VISIBILITY=" "-DZSTDERRORLIB_VISIBILITY=" "-o" "/opt/rustwide/target/debug/build/zstd-sys-7eabeb9dd6f6726f/out/zstd/lib/common/threading.o" "-c" "zstd/lib/common/threading.c"
[INFO] [stderr]   exit status: 0
[INFO] [stderr]   running: "cc" "-O3" "-ffunction-sections" "-fdata-sections" "-fPIC" "-g" "-fno-omit-frame-pointer" "-m64" "-I" "zstd/lib/" "-I" "zstd/lib/common" "-fvisibility=hidden" "-DZSTD_LIB_DEPRECATED=0" "-DXXH_PRIVATE_API=" "-DZSTDLIB_VISIBILITY=" "-DZDICTLIB_VISIBILITY=" "-DZSTDERRORLIB_VISIBILITY=" "-o" "/opt/rustwide/target/debug/build/zstd-sys-7eabeb9dd6f6726f/out/zstd/lib/common/zstd_common.o" "-c" "zstd/lib/common/zstd_common.c"
[INFO] [stderr]   exit status: 0
[INFO] [stderr]   running: "cc" "-O3" "-ffunction-sections" "-fdata-sections" "-fPIC" "-g" "-fno-omit-frame-pointer" "-m64" "-I" "zstd/lib/" "-I" "zstd/lib/common" "-fvisibility=hidden" "-DZSTD_LIB_DEPRECATED=0" "-DXXH_PRIVATE_API=" "-DZSTDLIB_VISIBILITY=" "-DZDICTLIB_VISIBILITY=" "-DZSTDERRORLIB_VISIBILITY=" "-o" "/opt/rustwide/target/debug/build/zstd-sys-7eabeb9dd6f6726f/out/zstd/lib/common/fse_decompress.o" "-c" "zstd/lib/common/fse_decompress.c"
[INFO] [stderr]   exit status: 0
[INFO] [stderr]   running: "cc" "-O3" "-ffunction-sections" "-fdata-sections" "-fPIC" "-g" "-fno-omit-frame-pointer" "-m64" "-I" "zstd/lib/" "-I" "zstd/lib/common" "-fvisibility=hidden" "-DZSTD_LIB_DEPRECATED=0" "-DXXH_PRIVATE_API=" "-DZSTDLIB_VISIBILITY=" "-DZDICTLIB_VISIBILITY=" "-DZSTDERRORLIB_VISIBILITY=" "-o" "/opt/rustwide/target/debug/build/zstd-sys-7eabeb9dd6f6726f/out/zstd/lib/common/entropy_common.o" "-c" "zstd/lib/common/entropy_common.c"
[INFO] [stderr]   running: "cc" "-O3" "-ffunction-sections" "-fdata-sections" "-fPIC" "-g" "-fno-omit-frame-pointer" "-m64" "-I" "zstd/lib/" "-I" "zstd/lib/common" "-fvisibility=hidden" "-DZSTD_LIB_DEPRECATED=0" "-DXXH_PRIVATE_API=" "-DZSTDLIB_VISIBILITY=" "-DZDICTLIB_VISIBILITY=" "-DZSTDERRORLIB_VISIBILITY=" "-o" "/opt/rustwide/target/debug/build/zstd-sys-7eabeb9dd6f6726f/out/zstd/lib/common/pool.o" "-c" "zstd/lib/common/pool.c"
[INFO] [stderr]   running: "cc" "-O3" "-ffunction-sections" "-fdata-sections" "-fPIC" "-g" "-fno-omit-frame-pointer" "-m64" "-I" "zstd/lib/" "-I" "zstd/lib/common" "-fvisibility=hidden" "-DZSTD_LIB_DEPRECATED=0" "-DXXH_PRIVATE_API=" "-DZSTDLIB_VISIBILITY=" "-DZDICTLIB_VISIBILITY=" "-DZSTDERRORLIB_VISIBILITY=" "-o" "/opt/rustwide/target/debug/build/zstd-sys-7eabeb9dd6f6726f/out/zstd/lib/common/error_private.o" "-c" "zstd/lib/common/error_private.c"
[INFO] [stderr]   running: "cc" "-O3" "-ffunction-sections" "-fdata-sections" "-fPIC" "-g" "-fno-omit-frame-pointer" "-m64" "-I" "zstd/lib/" "-I" "zstd/lib/common" "-fvisibility=hidden" "-DZSTD_LIB_DEPRECATED=0" "-DXXH_PRIVATE_API=" "-DZSTDLIB_VISIBILITY=" "-DZDICTLIB_VISIBILITY=" "-DZSTDERRORLIB_VISIBILITY=" "-o" "/opt/rustwide/target/debug/build/zstd-sys-7eabeb9dd6f6726f/out/zstd/lib/common/debug.o" "-c" "zstd/lib/common/debug.c"
[INFO] [stderr]   running: "cc" "-O3" "-ffunction-sections" "-fdata-sections" "-fPIC" "-g" "-fno-omit-frame-pointer" "-m64" "-I" "zstd/lib/" "-I" "zstd/lib/common" "-fvisibility=hidden" "-DZSTD_LIB_DEPRECATED=0" "-DXXH_PRIVATE_API=" "-DZSTDLIB_VISIBILITY=" "-DZDICTLIB_VISIBILITY=" "-DZSTDERRORLIB_VISIBILITY=" "-o" "/opt/rustwide/target/debug/build/zstd-sys-7eabeb9dd6f6726f/out/zstd/lib/compress/zstd_ldm.o" "-c" "zstd/lib/compress/zstd_ldm.c"
[INFO] [stderr]   running: "cc" "-O3" "-ffunction-sections" "-fdata-sections" "-fPIC" "-g" "-fno-omit-frame-pointer" "-m64" "-I" "zstd/lib/" "-I" "zstd/lib/common" "-fvisibility=hidden" "-DZSTD_LIB_DEPRECATED=0" "-DXXH_PRIVATE_API=" "-DZSTDLIB_VISIBILITY=" "-DZDICTLIB_VISIBILITY=" "-DZSTDERRORLIB_VISIBILITY=" "-o" "/opt/rustwide/target/debug/build/zstd-sys-7eabeb9dd6f6726f/out/zstd/lib/compress/zstd_lazy.o" "-c" "zstd/lib/compress/zstd_lazy.c"
[INFO] [stderr]   cargo:warning=zstd/lib/common/debug.c:24:1: fatal error: error closing /tmp/ccrEOZ8D.s: No space left on device
[INFO] [stderr]   cargo:warning=   24 | int g_debuglevel = DEBUGLEVEL;
[INFO] [stderr]   cargo:warning=      | ^~~
[INFO] [stderr]   cargo:warning=compilation terminated.
[INFO] [stderr]   exit status: 1
[INFO] [stderr]   running: "cc" "-O3" "-ffunction-sections" "-fdata-sections" "-fPIC" "-g" "-fno-omit-frame-pointer" "-m64" "-I" "zstd/lib/" "-I" "zstd/lib/common" "-fvisibility=hidden" "-DZSTD_LIB_DEPRECATED=0" "-DXXH_PRIVATE_API=" "-DZSTDLIB_VISIBILITY=" "-DZDICTLIB_VISIBILITY=" "-DZSTDERRORLIB_VISIBILITY=" "-o" "/opt/rustwide/target/debug/build/zstd-sys-7eabeb9dd6f6726f/out/zstd/lib/compress/zstd_compress.o" "-c" "zstd/lib/compress/zstd_compress.c"
[INFO] [stderr]   cargo:warning=zstd/lib/common/error_private.c:56:1: fatal error: error writing to /tmp/ccr4zp5W.s: No space left on device
[INFO] [stderr]   cargo:warning=   56 | }
[INFO] [stderr]   cargo:warning=      | ^
[INFO] [stderr]   cargo:warning=compilation terminated.
[INFO] [stderr]   exit status: 1
[INFO] [stderr]   cargo:warning=zstd/lib/common/pool.c:348:1: fatal error: error writing to /tmp/ccUQoMfh.s: No space left on device
[INFO] [stderr]   cargo:warning=  348 | }
[INFO] [stderr]   cargo:warning=      | ^
[INFO] [stderr]   cargo:warning=compilation terminated.
[INFO] [stderr]   exit status: 1
[INFO] [stderr]   cargo:warning=zstd/lib/common/entropy_common.c:368:1: fatal error: error writing to /tmp/cc6Wnhnr.s: No space left on device
[INFO] [stderr]   cargo:warning=  368 | }
[INFO] [stderr]   cargo:warning=      | ^
[INFO] [stderr]   cargo:warning=compilation terminated.
[INFO] [stderr]   exit status: 1
[INFO] [stderr]   cargo:warning=zstd/lib/compress/zstd_ldm.c:722:1: fatal error: error writing to /tmp/ccV6HmSE.s: No space left on device
[INFO] [stderr]   cargo:warning=  722 | }
[INFO] [stderr]   cargo:warning=      | ^
[INFO] [stderr]   cargo:warning=compilation terminated.
[INFO] [stderr]   exit status: 1
[INFO] [stderr]   cargo:warning=zstd/lib/compress/zstd_compress.c:6309:1: fatal error: error writing to /tmp/ccDOgjRe.s: No space left on device
[INFO] [stderr]   cargo:warning= 6309 | }
[INFO] [stderr]   cargo:warning=      | ^
[INFO] [stderr]   cargo:warning=compilation terminated.
[INFO] [stderr]   exit status: 1
[INFO] [stderr]   cargo:warning=zstd/lib/compress/zstd_lazy.c:2100:1: fatal error: error writing to /tmp/ccICQ0oT.s: No space left on device
[INFO] [stderr]   cargo:warning= 2100 | }
[INFO] [stderr]   cargo:warning=      | ^
[INFO] [stderr]   cargo:warning=compilation terminated.
[INFO] [stderr]   exit status: 1
[INFO] [stderr] 
[INFO] [stderr]   --- stderr
[INFO] [stderr] 
[INFO] [stderr] 
[INFO] [stderr]   error occurred: Command "cc" "-O3" "-ffunction-sections" "-fdata-sections" "-fPIC" "-g" "-fno-omit-frame-pointer" "-m64" "-I" "zstd/lib/" "-I" "zstd/lib/common" "-fvisibility=hidden" "-DZSTD_LIB_DEPRECATED=0" "-DXXH_PRIVATE_API=" "-DZSTDLIB_VISIBILITY=" "-DZDICTLIB_VISIBILITY=" "-DZSTDERRORLIB_VISIBILITY=" "-o" "/opt/rustwide/target/debug/build/zstd-sys-7eabeb9dd6f6726f/out/zstd/lib/common/entropy_common.o" "-c" "zstd/lib/common/entropy_common.c" with args "cc" did not execute successfully (status code exit status: 1).
[INFO] [stderr] 
[INFO] [stderr] 
[INFO] running `Command { std: "docker" "inspect" "5d9ea0f7d416ec795e633c419d581df89a640e690da7657f0f67bf619c7efefe", kill_on_drop: false }`
[INFO] running `Command { std: "docker" "rm" "-f" "5d9ea0f7d416ec795e633c419d581df89a640e690da7657f0f67bf619c7efefe", kill_on_drop: false }`
[INFO] [stdout] 5d9ea0f7d416ec795e633c419d581df89a640e690da7657f0f67bf619c7efefe
