[INFO] cloning repository https://github.com/nathanwhit/cctestgen
[INFO] running `Command { std: "git" "-c" "credential.helper=" "-c" "credential.helper=/workspace/cargo-home/bin/git-credential-null" "clone" "--bare" "https://github.com/nathanwhit/cctestgen" "/workspace/cache/git-repos/https%3A%2F%2Fgithub.com%2Fnathanwhit%2Fcctestgen", kill_on_drop: false }`
[INFO] [stderr] Cloning into bare repository '/workspace/cache/git-repos/https%3A%2F%2Fgithub.com%2Fnathanwhit%2Fcctestgen'...
[INFO] running `Command { std: "git" "rev-parse" "HEAD", kill_on_drop: false }`
[INFO] [stdout] 5d7f8898c3c1a1b39a1b0e0b3bf833bf827a1363
[INFO] documenting nathanwhit/cctestgen against 1.69.0 for beta-1.70-rustdoc-1
[INFO] running `Command { std: "git" "clone" "/workspace/cache/git-repos/https%3A%2F%2Fgithub.com%2Fnathanwhit%2Fcctestgen" "/workspace/builds/worker-0-tc1/source", kill_on_drop: false }`
[INFO] [stderr] Cloning into '/workspace/builds/worker-0-tc1/source'...
[INFO] [stderr] done.
[INFO] validating manifest of git repo https://github.com/nathanwhit/cctestgen on toolchain 1.69.0
[INFO] running `Command { std: CARGO_HOME="/workspace/cargo-home" RUSTUP_HOME="/workspace/rustup-home" "/workspace/cargo-home/bin/cargo" "+1.69.0" "metadata" "--manifest-path" "Cargo.toml" "--no-deps", kill_on_drop: false }`
[INFO] started tweaking git repo https://github.com/nathanwhit/cctestgen
[INFO] finished tweaking git repo https://github.com/nathanwhit/cctestgen
[INFO] tweaked toml for git repo https://github.com/nathanwhit/cctestgen written to /workspace/builds/worker-0-tc1/source/Cargo.toml
[INFO] crate git repo https://github.com/nathanwhit/cctestgen already has a lockfile, it will not be regenerated
[INFO] running `Command { std: CARGO_HOME="/workspace/cargo-home" RUSTUP_HOME="/workspace/rustup-home" "/workspace/cargo-home/bin/cargo" "+1.69.0" "fetch" "--manifest-path" "Cargo.toml", kill_on_drop: false }`
[INFO] [stderr]  Downloading crates ...
[INFO] [stderr]   Downloaded ariadne v0.1.3
[INFO] running `Command { std: "docker" "create" "-v" "/var/lib/crater-agent-workspace/builds/worker-0-tc1/target:/opt/rustwide/target:rw,Z" "-v" "/var/lib/crater-agent-workspace/builds/worker-0-tc1/source:/opt/rustwide/workdir:ro,Z" "-v" "/var/lib/crater-agent-workspace/cargo-home:/opt/rustwide/cargo-home:ro,Z" "-v" "/var/lib/crater-agent-workspace/rustup-home:/opt/rustwide/rustup-home:ro,Z" "-e" "SOURCE_DIR=/opt/rustwide/workdir" "-e" "CARGO_TARGET_DIR=/opt/rustwide/target" "-e" "CARGO_HOME=/opt/rustwide/cargo-home" "-e" "RUSTUP_HOME=/opt/rustwide/rustup-home" "-w" "/opt/rustwide/workdir" "-m" "1610612736" "--user" "0:0" "--network" "none" "ghcr.io/rust-lang/crates-build-env/linux@sha256:5ff2268d62e97bff2cde7d5815dd6ed5b47097566f13b8d0ca110b04b60e07ed" "/opt/rustwide/cargo-home/bin/cargo" "+1.69.0" "metadata" "--no-deps" "--format-version=1", kill_on_drop: false }`
[INFO] [stdout] 43e2b9f3377ea23d1686782fc330528d91ebd6607846fd962e5234283f08aab8
[INFO] running `Command { std: "docker" "start" "-a" "43e2b9f3377ea23d1686782fc330528d91ebd6607846fd962e5234283f08aab8", kill_on_drop: false }`
[INFO] running `Command { std: "docker" "inspect" "43e2b9f3377ea23d1686782fc330528d91ebd6607846fd962e5234283f08aab8", kill_on_drop: false }`
[INFO] running `Command { std: "docker" "rm" "-f" "43e2b9f3377ea23d1686782fc330528d91ebd6607846fd962e5234283f08aab8", kill_on_drop: false }`
[INFO] [stdout] 43e2b9f3377ea23d1686782fc330528d91ebd6607846fd962e5234283f08aab8
[INFO] running `Command { std: "docker" "create" "-v" "/var/lib/crater-agent-workspace/builds/worker-0-tc1/target:/opt/rustwide/target:rw,Z" "-v" "/var/lib/crater-agent-workspace/builds/worker-0-tc1/source:/opt/rustwide/workdir:ro,Z" "-v" "/var/lib/crater-agent-workspace/cargo-home:/opt/rustwide/cargo-home:ro,Z" "-v" "/var/lib/crater-agent-workspace/rustup-home:/opt/rustwide/rustup-home:ro,Z" "-e" "SOURCE_DIR=/opt/rustwide/workdir" "-e" "CARGO_TARGET_DIR=/opt/rustwide/target" "-e" "CARGO_INCREMENTAL=0" "-e" "RUST_BACKTRACE=full" "-e" "RUSTFLAGS=--cap-lints=warn" "-e" "RUSTDOCFLAGS=--cap-lints=warn" "-e" "CARGO_HOME=/opt/rustwide/cargo-home" "-e" "RUSTUP_HOME=/opt/rustwide/rustup-home" "-w" "/opt/rustwide/workdir" "-m" "1610612736" "--user" "0:0" "--network" "none" "ghcr.io/rust-lang/crates-build-env/linux@sha256:5ff2268d62e97bff2cde7d5815dd6ed5b47097566f13b8d0ca110b04b60e07ed" "/opt/rustwide/cargo-home/bin/cargo" "+1.69.0" "doc" "--frozen" "--no-deps" "--document-private-items" "--message-format=json", kill_on_drop: false }`
[INFO] [stdout] fa310c086b00ca3a9263afb2a4ec1fab65ebddb94af14eb10b83dcbff27abbdf
[INFO] running `Command { std: "docker" "start" "-a" "fa310c086b00ca3a9263afb2a4ec1fab65ebddb94af14eb10b83dcbff27abbdf", kill_on_drop: false }`
[INFO] [stderr]    Compiling version_check v0.9.3
[INFO] [stderr]    Compiling typenum v1.13.0
[INFO] [stderr]    Compiling proc-macro2 v1.0.28
[INFO] [stderr]    Compiling unicode-xid v0.2.2
[INFO] [stderr]    Compiling libc v0.2.99
[INFO] [stderr]    Compiling crunchy v0.2.2
[INFO] [stderr]    Compiling syn v1.0.74
[INFO] [stderr]    Compiling memchr v2.4.0
[INFO] [stderr]     Checking cfg-if v1.0.0
[INFO] [stderr]    Compiling getrandom v0.1.16
[INFO] [stderr]    Compiling subtle v2.4.1
[INFO] [stderr]    Compiling autocfg v1.0.1
[INFO] [stderr]    Compiling ucd-trie v0.1.3
[INFO] [stderr]    Compiling serde_derive v1.0.127
[INFO] [stderr]    Compiling cc v1.0.69
[INFO] [stderr]    Compiling maplit v1.0.2
[INFO] [stderr]    Compiling eyre v0.6.5
[INFO] [stderr]    Compiling serde v1.0.127
[INFO] [stderr]    Compiling pest v2.1.3
[INFO] [stderr]     Checking gimli v0.25.0
[INFO] [stderr]     Checking ppv-lite86 v0.2.10
[INFO] [stderr]     Checking adler v1.0.2
[INFO] [stderr]    Compiling generic-array v0.14.4
[INFO] [stderr] error: could not parse/generate dep info at: /opt/rustwide/target/debug/build/libc-52a02e812d5231a4/build_script_build-52a02e812d5231a4.d
[INFO] [stderr] 
[INFO] [stderr] Caused by:
[INFO] [stderr]   failed to write `/opt/rustwide/target/debug/.fingerprint/libc-52a02e812d5231a4/dep-build-script-build-script-build`
[INFO] [stderr] 
[INFO] [stderr] Caused by:
[INFO] [stderr]   No space left on device (os error 28)
[INFO] [stderr] warning: build failed, waiting for other jobs to finish...
[INFO] [stderr] LLVM ERROR: IO failure on output stream: No space left on device
[INFO] [stdout] error: linking with `cc` failed: exit status: 1
[INFO] [stdout]   |
[INFO] [stdout]   = note: LC_ALL="C" PATH="/opt/rustwide/rustup-home/toolchains/1.69.0-x86_64-unknown-linux-gnu/lib/rustlib/x86_64-unknown-linux-gnu/bin:/opt/rustwide/cargo-home/bin:/usr/local/sbin:/usr/local/bin:/usr/sbin:/usr/bin:/sbin:/bin" VSLANG="1033" "cc" "-m64" "/tmp/rustcsOiP4c/symbols.o" "/opt/rustwide/target/debug/build/serde_derive-3bafc542410668ff/build_script_build-3bafc542410668ff.build_script_build.95bc327f-cgu.0.rcgu.o" "/opt/rustwide/target/debug/build/serde_derive-3bafc542410668ff/build_script_build-3bafc542410668ff.build_script_build.95bc327f-cgu.1.rcgu.o" "/opt/rustwide/target/debug/build/serde_derive-3bafc542410668ff/build_script_build-3bafc542410668ff.build_script_build.95bc327f-cgu.10.rcgu.o" "/opt/rustwide/target/debug/build/serde_derive-3bafc542410668ff/build_script_build-3bafc542410668ff.build_script_build.95bc327f-cgu.11.rcgu.o" "/opt/rustwide/target/debug/build/serde_derive-3bafc542410668ff/build_script_build-3bafc542410668ff.build_script_build.95bc327f-cgu.12.rcgu.o" "/opt/rustwide/target/debug/build/serde_derive-3bafc542410668ff/build_script_build-3bafc542410668ff.build_script_build.95bc327f-cgu.13.rcgu.o" "/opt/rustwide/target/debug/build/serde_derive-3bafc542410668ff/build_script_build-3bafc542410668ff.build_script_build.95bc327f-cgu.14.rcgu.o" "/opt/rustwide/target/debug/build/serde_derive-3bafc542410668ff/build_script_build-3bafc542410668ff.build_script_build.95bc327f-cgu.15.rcgu.o" "/opt/rustwide/target/debug/build/serde_derive-3bafc542410668ff/build_script_build-3bafc542410668ff.build_script_build.95bc327f-cgu.2.rcgu.o" "/opt/rustwide/target/debug/build/serde_derive-3bafc542410668ff/build_script_build-3bafc542410668ff.build_script_build.95bc327f-cgu.3.rcgu.o" "/opt/rustwide/target/debug/build/serde_derive-3bafc542410668ff/build_script_build-3bafc542410668ff.build_script_build.95bc327f-cgu.4.rcgu.o" "/opt/rustwide/target/debug/build/serde_derive-3bafc542410668ff/build_script_build-3bafc542410668ff.build_script_build.95bc327f-cgu.5.rcgu.o" "/opt/rustwide/target/debug/build/serde_derive-3bafc542410668ff/build_script_build-3bafc542410668ff.build_script_build.95bc327f-cgu.6.rcgu.o" "/opt/rustwide/target/debug/build/serde_derive-3bafc542410668ff/build_script_build-3bafc542410668ff.build_script_build.95bc327f-cgu.7.rcgu.o" "/opt/rustwide/target/debug/build/serde_derive-3bafc542410668ff/build_script_build-3bafc542410668ff.build_script_build.95bc327f-cgu.8.rcgu.o" "/opt/rustwide/target/debug/build/serde_derive-3bafc542410668ff/build_script_build-3bafc542410668ff.build_script_build.95bc327f-cgu.9.rcgu.o" "/opt/rustwide/target/debug/build/serde_derive-3bafc542410668ff/build_script_build-3bafc542410668ff.a2qy5mp83fn9545.rcgu.o" "-Wl,--as-needed" "-L" "/opt/rustwide/target/debug/deps" "-L" "/opt/rustwide/rustup-home/toolchains/1.69.0-x86_64-unknown-linux-gnu/lib/rustlib/x86_64-unknown-linux-gnu/lib" "-Wl,-Bstatic" "/opt/rustwide/rustup-home/toolchains/1.69.0-x86_64-unknown-linux-gnu/lib/rustlib/x86_64-unknown-linux-gnu/lib/libstd-89bc084783fdc439.rlib" "/opt/rustwide/rustup-home/toolchains/1.69.0-x86_64-unknown-linux-gnu/lib/rustlib/x86_64-unknown-linux-gnu/lib/libpanic_unwind-8bee4b287d4367c1.rlib" "/opt/rustwide/rustup-home/toolchains/1.69.0-x86_64-unknown-linux-gnu/lib/rustlib/x86_64-unknown-linux-gnu/lib/libobject-d61707aed80694c0.rlib" "/opt/rustwide/rustup-home/toolchains/1.69.0-x86_64-unknown-linux-gnu/lib/rustlib/x86_64-unknown-linux-gnu/lib/libmemchr-d85366256f22345b.rlib" "/opt/rustwide/rustup-home/toolchains/1.69.0-x86_64-unknown-linux-gnu/lib/rustlib/x86_64-unknown-linux-gnu/lib/libaddr2line-96069b86b8a8cae9.rlib" "/opt/rustwide/rustup-home/toolchains/1.69.0-x86_64-unknown-linux-gnu/lib/rustlib/x86_64-unknown-linux-gnu/lib/libgimli-d19d53abf68dfa6c.rlib" "/opt/rustwide/rustup-home/toolchains/1.69.0-x86_64-unknown-linux-gnu/lib/rustlib/x86_64-unknown-linux-gnu/lib/librustc_demangle-787cbccd19d64ac6.rlib" "/opt/rustwide/rustup-home/toolchains/1.69.0-x86_64-unknown-linux-gnu/lib/rustlib/x86_64-unknown-linux-gnu/lib/libstd_detect-b3837a36b830e0d0.rlib" "/opt/rustwide/rustup-home/toolchains/1.69.0-x86_64-unknown-linux-gnu/lib/rustlib/x86_64-unknown-linux-gnu/lib/libhashbrown-e3deb0e7e3f04966.rlib" "/opt/rustwide/rustup-home/toolchains/1.69.0-x86_64-unknown-linux-gnu/lib/rustlib/x86_64-unknown-linux-gnu/lib/libminiz_oxide-dabbb79c9815def4.rlib" "/opt/rustwide/rustup-home/toolchains/1.69.0-x86_64-unknown-linux-gnu/lib/rustlib/x86_64-unknown-linux-gnu/lib/libadler-305b01f34c9409f2.rlib" "/opt/rustwide/rustup-home/toolchains/1.69.0-x86_64-unknown-linux-gnu/lib/rustlib/x86_64-unknown-linux-gnu/lib/librustc_std_workspace_alloc-f833521df6074e73.rlib" "/opt/rustwide/rustup-home/toolchains/1.69.0-x86_64-unknown-linux-gnu/lib/rustlib/x86_64-unknown-linux-gnu/lib/libunwind-9ac333113350d171.rlib" "/opt/rustwide/rustup-home/toolchains/1.69.0-x86_64-unknown-linux-gnu/lib/rustlib/x86_64-unknown-linux-gnu/lib/libcfg_if-1c126114322d0eee.rlib" "/opt/rustwide/rustup-home/toolchains/1.69.0-x86_64-unknown-linux-gnu/lib/rustlib/x86_64-unknown-linux-gnu/lib/liblibc-bad9164fdeeecf92.rlib" "/opt/rustwide/rustup-home/toolchains/1.69.0-x86_64-unknown-linux-gnu/lib/rustlib/x86_64-unknown-linux-gnu/lib/liballoc-f9374b1e480fa681.rlib" "/opt/rustwide/rustup-home/toolchains/1.69.0-x86_64-unknown-linux-gnu/lib/rustlib/x86_64-unknown-linux-gnu/lib/librustc_std_workspace_core-207f06e41d9603af.rlib" "/opt/rustwide/rustup-home/toolchains/1.69.0-x86_64-unknown-linux-gnu/lib/rustlib/x86_64-unknown-linux-gnu/lib/libcore-7e2768e66e984e85.rlib" "/opt/rustwide/rustup-home/toolchains/1.69.0-x86_64-unknown-linux-gnu/lib/rustlib/x86_64-unknown-linux-gnu/lib/libcompiler_builtins-957b4aff41f8cd46.rlib" "-Wl,-Bdynamic" "-lgcc_s" "-lutil" "-lrt" "-lpthread" "-lm" "-ldl" "-lc" "-Wl,--eh-frame-hdr" "-Wl,-z,noexecstack" "-L" "/opt/rustwide/rustup-home/toolchains/1.69.0-x86_64-unknown-linux-gnu/lib/rustlib/x86_64-unknown-linux-gnu/lib" "-o" "/opt/rustwide/target/debug/build/serde_derive-3bafc542410668ff/build_script_build-3bafc542410668ff" "-Wl,--gc-sections" "-pie" "-Wl,-z,relro,-z,now" "-nodefaultlibs"
[INFO] [stdout]   = note: /usr/bin/ld: final link failed: No space left on device
[INFO] [stdout]           collect2: error: ld returned 1 exit status
[INFO] [stdout]           
[INFO] [stdout] 
[INFO] [stdout] 
[INFO] [stdout] error: aborting due to previous error
[INFO] [stdout] 
[INFO] [stdout] 
[INFO] [stderr] error: could not compile `typenum`
[INFO] [stderr] error: could not compile `serde_derive` due to 2 previous errors
[INFO] [stderr] error: failed to write `/opt/rustwide/target/debug/build/proc-macro2-da514d30f1c8f199/output`
[INFO] [stderr] 
[INFO] [stderr] Caused by:
[INFO] [stderr]   No space left on device (os error 28)
[INFO] [stdout] error: linking with `cc` failed: exit status: 1
[INFO] [stdout]   |
[INFO] [stdout]   = note: LC_ALL="C" PATH="/opt/rustwide/rustup-home/toolchains/1.69.0-x86_64-unknown-linux-gnu/lib/rustlib/x86_64-unknown-linux-gnu/bin:/opt/rustwide/cargo-home/bin:/usr/local/sbin:/usr/local/bin:/usr/sbin:/usr/bin:/sbin:/bin" VSLANG="1033" "cc" "-m64" "/tmp/rustcLTRaHs/symbols.o" "/opt/rustwide/target/debug/build/eyre-9fba26f2e3c7b6bf/build_script_build-9fba26f2e3c7b6bf.build_script_build.7d24e296-cgu.0.rcgu.o" "/opt/rustwide/target/debug/build/eyre-9fba26f2e3c7b6bf/build_script_build-9fba26f2e3c7b6bf.build_script_build.7d24e296-cgu.1.rcgu.o" "/opt/rustwide/target/debug/build/eyre-9fba26f2e3c7b6bf/build_script_build-9fba26f2e3c7b6bf.build_script_build.7d24e296-cgu.10.rcgu.o" "/opt/rustwide/target/debug/build/eyre-9fba26f2e3c7b6bf/build_script_build-9fba26f2e3c7b6bf.build_script_build.7d24e296-cgu.11.rcgu.o" "/opt/rustwide/target/debug/build/eyre-9fba26f2e3c7b6bf/build_script_build-9fba26f2e3c7b6bf.build_script_build.7d24e296-cgu.12.rcgu.o" "/opt/rustwide/target/debug/build/eyre-9fba26f2e3c7b6bf/build_script_build-9fba26f2e3c7b6bf.build_script_build.7d24e296-cgu.13.rcgu.o" "/opt/rustwide/target/debug/build/eyre-9fba26f2e3c7b6bf/build_script_build-9fba26f2e3c7b6bf.build_script_build.7d24e296-cgu.14.rcgu.o" "/opt/rustwide/target/debug/build/eyre-9fba26f2e3c7b6bf/build_script_build-9fba26f2e3c7b6bf.build_script_build.7d24e296-cgu.15.rcgu.o" "/opt/rustwide/target/debug/build/eyre-9fba26f2e3c7b6bf/build_script_build-9fba26f2e3c7b6bf.build_script_build.7d24e296-cgu.2.rcgu.o" "/opt/rustwide/target/debug/build/eyre-9fba26f2e3c7b6bf/build_script_build-9fba26f2e3c7b6bf.build_script_build.7d24e296-cgu.3.rcgu.o" "/opt/rustwide/target/debug/build/eyre-9fba26f2e3c7b6bf/build_script_build-9fba26f2e3c7b6bf.build_script_build.7d24e296-cgu.4.rcgu.o" "/opt/rustwide/target/debug/build/eyre-9fba26f2e3c7b6bf/build_script_build-9fba26f2e3c7b6bf.build_script_build.7d24e296-cgu.5.rcgu.o" "/opt/rustwide/target/debug/build/eyre-9fba26f2e3c7b6bf/build_script_build-9fba26f2e3c7b6bf.build_script_build.7d24e296-cgu.6.rcgu.o" "/opt/rustwide/target/debug/build/eyre-9fba26f2e3c7b6bf/build_script_build-9fba26f2e3c7b6bf.build_script_build.7d24e296-cgu.7.rcgu.o" "/opt/rustwide/target/debug/build/eyre-9fba26f2e3c7b6bf/build_script_build-9fba26f2e3c7b6bf.build_script_build.7d24e296-cgu.8.rcgu.o" "/opt/rustwide/target/debug/build/eyre-9fba26f2e3c7b6bf/build_script_build-9fba26f2e3c7b6bf.build_script_build.7d24e296-cgu.9.rcgu.o" "/opt/rustwide/target/debug/build/eyre-9fba26f2e3c7b6bf/build_script_build-9fba26f2e3c7b6bf.2ngct1uw70c8r6ls.rcgu.o" "-Wl,--as-needed" "-L" "/opt/rustwide/target/debug/deps" "-L" "/opt/rustwide/rustup-home/toolchains/1.69.0-x86_64-unknown-linux-gnu/lib/rustlib/x86_64-unknown-linux-gnu/lib" "-Wl,-Bstatic" "/opt/rustwide/rustup-home/toolchains/1.69.0-x86_64-unknown-linux-gnu/lib/rustlib/x86_64-unknown-linux-gnu/lib/libstd-89bc084783fdc439.rlib" "/opt/rustwide/rustup-home/toolchains/1.69.0-x86_64-unknown-linux-gnu/lib/rustlib/x86_64-unknown-linux-gnu/lib/libpanic_unwind-8bee4b287d4367c1.rlib" "/opt/rustwide/rustup-home/toolchains/1.69.0-x86_64-unknown-linux-gnu/lib/rustlib/x86_64-unknown-linux-gnu/lib/libobject-d61707aed80694c0.rlib" "/opt/rustwide/rustup-home/toolchains/1.69.0-x86_64-unknown-linux-gnu/lib/rustlib/x86_64-unknown-linux-gnu/lib/libmemchr-d85366256f22345b.rlib" "/opt/rustwide/rustup-home/toolchains/1.69.0-x86_64-unknown-linux-gnu/lib/rustlib/x86_64-unknown-linux-gnu/lib/libaddr2line-96069b86b8a8cae9.rlib" "/opt/rustwide/rustup-home/toolchains/1.69.0-x86_64-unknown-linux-gnu/lib/rustlib/x86_64-unknown-linux-gnu/lib/libgimli-d19d53abf68dfa6c.rlib" "/opt/rustwide/rustup-home/toolchains/1.69.0-x86_64-unknown-linux-gnu/lib/rustlib/x86_64-unknown-linux-gnu/lib/librustc_demangle-787cbccd19d64ac6.rlib" "/opt/rustwide/rustup-home/toolchains/1.69.0-x86_64-unknown-linux-gnu/lib/rustlib/x86_64-unknown-linux-gnu/lib/libstd_detect-b3837a36b830e0d0.rlib" "/opt/rustwide/rustup-home/toolchains/1.69.0-x86_64-unknown-linux-gnu/lib/rustlib/x86_64-unknown-linux-gnu/lib/libhashbrown-e3deb0e7e3f04966.rlib" "/opt/rustwide/rustup-home/toolchains/1.69.0-x86_64-unknown-linux-gnu/lib/rustlib/x86_64-unknown-linux-gnu/lib/libminiz_oxide-dabbb79c9815def4.rlib" "/opt/rustwide/rustup-home/toolchains/1.69.0-x86_64-unknown-linux-gnu/lib/rustlib/x86_64-unknown-linux-gnu/lib/libadler-305b01f34c9409f2.rlib" "/opt/rustwide/rustup-home/toolchains/1.69.0-x86_64-unknown-linux-gnu/lib/rustlib/x86_64-unknown-linux-gnu/lib/librustc_std_workspace_alloc-f833521df6074e73.rlib" "/opt/rustwide/rustup-home/toolchains/1.69.0-x86_64-unknown-linux-gnu/lib/rustlib/x86_64-unknown-linux-gnu/lib/libunwind-9ac333113350d171.rlib" "/opt/rustwide/rustup-home/toolchains/1.69.0-x86_64-unknown-linux-gnu/lib/rustlib/x86_64-unknown-linux-gnu/lib/libcfg_if-1c126114322d0eee.rlib" "/opt/rustwide/rustup-home/toolchains/1.69.0-x86_64-unknown-linux-gnu/lib/rustlib/x86_64-unknown-linux-gnu/lib/liblibc-bad9164fdeeecf92.rlib" "/opt/rustwide/rustup-home/toolchains/1.69.0-x86_64-unknown-linux-gnu/lib/rustlib/x86_64-unknown-linux-gnu/lib/liballoc-f9374b1e480fa681.rlib" "/opt/rustwide/rustup-home/toolchains/1.69.0-x86_64-unknown-linux-gnu/lib/rustlib/x86_64-unknown-linux-gnu/lib/librustc_std_workspace_core-207f06e41d9603af.rlib" "/opt/rustwide/rustup-home/toolchains/1.69.0-x86_64-unknown-linux-gnu/lib/rustlib/x86_64-unknown-linux-gnu/lib/libcore-7e2768e66e984e85.rlib" "/opt/rustwide/rustup-home/toolchains/1.69.0-x86_64-unknown-linux-gnu/lib/rustlib/x86_64-unknown-linux-gnu/lib/libcompiler_builtins-957b4aff41f8cd46.rlib" "-Wl,-Bdynamic" "-lgcc_s" "-lutil" "-lrt" "-lpthread" "-lm" "-ldl" "-lc" "-Wl,--eh-frame-hdr" "-Wl,-z,noexecstack" "-L" "/opt/rustwide/rustup-home/toolchains/1.69.0-x86_64-unknown-linux-gnu/lib/rustlib/x86_64-unknown-linux-gnu/lib" "-o" "/opt/rustwide/target/debug/build/eyre-9fba26f2e3c7b6bf/build_script_build-9fba26f2e3c7b6bf" "-Wl,--gc-sections" "-pie" "-Wl,-z,relro,-z,now" "-nodefaultlibs"
[INFO] [stdout]   = note: /usr/bin/ld: final link failed: No space left on device
[INFO] [stdout]           collect2: error: ld returned 1 exit status
[INFO] [stdout]           
[INFO] [stdout] 
[INFO] [stdout] 
[INFO] [stdout] error: aborting due to previous error
[INFO] [stdout] 
[INFO] [stdout] 
[INFO] [stdout] error: linking with `cc` failed: exit status: 1
[INFO] [stdout]   |
[INFO] [stdout]   = note: LC_ALL="C" PATH="/opt/rustwide/rustup-home/toolchains/1.69.0-x86_64-unknown-linux-gnu/lib/rustlib/x86_64-unknown-linux-gnu/bin:/opt/rustwide/cargo-home/bin:/usr/local/sbin:/usr/local/bin:/usr/sbin:/usr/bin:/sbin:/bin" VSLANG="1033" "cc" "-m64" "/tmp/rustcSHFwR5/symbols.o" "/opt/rustwide/target/debug/build/serde-7b42a44533b2a5e7/build_script_build-7b42a44533b2a5e7.build_script_build.4bbcc545-cgu.0.rcgu.o" "/opt/rustwide/target/debug/build/serde-7b42a44533b2a5e7/build_script_build-7b42a44533b2a5e7.build_script_build.4bbcc545-cgu.1.rcgu.o" "/opt/rustwide/target/debug/build/serde-7b42a44533b2a5e7/build_script_build-7b42a44533b2a5e7.build_script_build.4bbcc545-cgu.10.rcgu.o" "/opt/rustwide/target/debug/build/serde-7b42a44533b2a5e7/build_script_build-7b42a44533b2a5e7.build_script_build.4bbcc545-cgu.11.rcgu.o" "/opt/rustwide/target/debug/build/serde-7b42a44533b2a5e7/build_script_build-7b42a44533b2a5e7.build_script_build.4bbcc545-cgu.12.rcgu.o" "/opt/rustwide/target/debug/build/serde-7b42a44533b2a5e7/build_script_build-7b42a44533b2a5e7.build_script_build.4bbcc545-cgu.13.rcgu.o" "/opt/rustwide/target/debug/build/serde-7b42a44533b2a5e7/build_script_build-7b42a44533b2a5e7.build_script_build.4bbcc545-cgu.14.rcgu.o" "/opt/rustwide/target/debug/build/serde-7b42a44533b2a5e7/build_script_build-7b42a44533b2a5e7.build_script_build.4bbcc545-cgu.15.rcgu.o" "/opt/rustwide/target/debug/build/serde-7b42a44533b2a5e7/build_script_build-7b42a44533b2a5e7.build_script_build.4bbcc545-cgu.2.rcgu.o" "/opt/rustwide/target/debug/build/serde-7b42a44533b2a5e7/build_script_build-7b42a44533b2a5e7.build_script_build.4bbcc545-cgu.3.rcgu.o" "/opt/rustwide/target/debug/build/serde-7b42a44533b2a5e7/build_script_build-7b42a44533b2a5e7.build_script_build.4bbcc545-cgu.4.rcgu.o" "/opt/rustwide/target/debug/build/serde-7b42a44533b2a5e7/build_script_build-7b42a44533b2a5e7.build_script_build.4bbcc545-cgu.5.rcgu.o" "/opt/rustwide/target/debug/build/serde-7b42a44533b2a5e7/build_script_build-7b42a44533b2a5e7.build_script_build.4bbcc545-cgu.6.rcgu.o" "/opt/rustwide/target/debug/build/serde-7b42a44533b2a5e7/build_script_build-7b42a44533b2a5e7.build_script_build.4bbcc545-cgu.7.rcgu.o" "/opt/rustwide/target/debug/build/serde-7b42a44533b2a5e7/build_script_build-7b42a44533b2a5e7.build_script_build.4bbcc545-cgu.8.rcgu.o" "/opt/rustwide/target/debug/build/serde-7b42a44533b2a5e7/build_script_build-7b42a44533b2a5e7.build_script_build.4bbcc545-cgu.9.rcgu.o" "/opt/rustwide/target/debug/build/serde-7b42a44533b2a5e7/build_script_build-7b42a44533b2a5e7.560kamrz6jwg821t.rcgu.o" "-Wl,--as-needed" "-L" "/opt/rustwide/target/debug/deps" "-L" "/opt/rustwide/rustup-home/toolchains/1.69.0-x86_64-unknown-linux-gnu/lib/rustlib/x86_64-unknown-linux-gnu/lib" "-Wl,-Bstatic" "/opt/rustwide/rustup-home/toolchains/1.69.0-x86_64-unknown-linux-gnu/lib/rustlib/x86_64-unknown-linux-gnu/lib/libstd-89bc084783fdc439.rlib" "/opt/rustwide/rustup-home/toolchains/1.69.0-x86_64-unknown-linux-gnu/lib/rustlib/x86_64-unknown-linux-gnu/lib/libpanic_unwind-8bee4b287d4367c1.rlib" "/opt/rustwide/rustup-home/toolchains/1.69.0-x86_64-unknown-linux-gnu/lib/rustlib/x86_64-unknown-linux-gnu/lib/libobject-d61707aed80694c0.rlib" "/opt/rustwide/rustup-home/toolchains/1.69.0-x86_64-unknown-linux-gnu/lib/rustlib/x86_64-unknown-linux-gnu/lib/libmemchr-d85366256f22345b.rlib" "/opt/rustwide/rustup-home/toolchains/1.69.0-x86_64-unknown-linux-gnu/lib/rustlib/x86_64-unknown-linux-gnu/lib/libaddr2line-96069b86b8a8cae9.rlib" "/opt/rustwide/rustup-home/toolchains/1.69.0-x86_64-unknown-linux-gnu/lib/rustlib/x86_64-unknown-linux-gnu/lib/libgimli-d19d53abf68dfa6c.rlib" "/opt/rustwide/rustup-home/toolchains/1.69.0-x86_64-unknown-linux-gnu/lib/rustlib/x86_64-unknown-linux-gnu/lib/librustc_demangle-787cbccd19d64ac6.rlib" "/opt/rustwide/rustup-home/toolchains/1.69.0-x86_64-unknown-linux-gnu/lib/rustlib/x86_64-unknown-linux-gnu/lib/libstd_detect-b3837a36b830e0d0.rlib" "/opt/rustwide/rustup-home/toolchains/1.69.0-x86_64-unknown-linux-gnu/lib/rustlib/x86_64-unknown-linux-gnu/lib/libhashbrown-e3deb0e7e3f04966.rlib" "/opt/rustwide/rustup-home/toolchains/1.69.0-x86_64-unknown-linux-gnu/lib/rustlib/x86_64-unknown-linux-gnu/lib/libminiz_oxide-dabbb79c9815def4.rlib" "/opt/rustwide/rustup-home/toolchains/1.69.0-x86_64-unknown-linux-gnu/lib/rustlib/x86_64-unknown-linux-gnu/lib/libadler-305b01f34c9409f2.rlib" "/opt/rustwide/rustup-home/toolchains/1.69.0-x86_64-unknown-linux-gnu/lib/rustlib/x86_64-unknown-linux-gnu/lib/librustc_std_workspace_alloc-f833521df6074e73.rlib" "/opt/rustwide/rustup-home/toolchains/1.69.0-x86_64-unknown-linux-gnu/lib/rustlib/x86_64-unknown-linux-gnu/lib/libunwind-9ac333113350d171.rlib" "/opt/rustwide/rustup-home/toolchains/1.69.0-x86_64-unknown-linux-gnu/lib/rustlib/x86_64-unknown-linux-gnu/lib/libcfg_if-1c126114322d0eee.rlib" "/opt/rustwide/rustup-home/toolchains/1.69.0-x86_64-unknown-linux-gnu/lib/rustlib/x86_64-unknown-linux-gnu/lib/liblibc-bad9164fdeeecf92.rlib" "/opt/rustwide/rustup-home/toolchains/1.69.0-x86_64-unknown-linux-gnu/lib/rustlib/x86_64-unknown-linux-gnu/lib/liballoc-f9374b1e480fa681.rlib" "/opt/rustwide/rustup-home/toolchains/1.69.0-x86_64-unknown-linux-gnu/lib/rustlib/x86_64-unknown-linux-gnu/lib/librustc_std_workspace_core-207f06e41d9603af.rlib" "/opt/rustwide/rustup-home/toolchains/1.69.0-x86_64-unknown-linux-gnu/lib/rustlib/x86_64-unknown-linux-gnu/lib/libcore-7e2768e66e984e85.rlib" "/opt/rustwide/rustup-home/toolchains/1.69.0-x86_64-unknown-linux-gnu/lib/rustlib/x86_64-unknown-linux-gnu/lib/libcompiler_builtins-957b4aff41f8cd46.rlib" "-Wl,-Bdynamic" "-lgcc_s" "-lutil" "-lrt" "-lpthread" "-lm" "-ldl" "-lc" "-Wl,--eh-frame-hdr" "-Wl,-z,noexecstack" "-L" "/opt/rustwide/rustup-home/toolchains/1.69.0-x86_64-unknown-linux-gnu/lib/rustlib/x86_64-unknown-linux-gnu/lib" "-o" "/opt/rustwide/target/debug/build/serde-7b42a44533b2a5e7/build_script_build-7b42a44533b2a5e7" "-Wl,--gc-sections" "-pie" "-Wl,-z,relro,-z,now" "-nodefaultlibs"
[INFO] [stdout]   = note: /usr/bin/ld: final link failed: No space left on device
[INFO] [stdout]           collect2: error: ld returned 1 exit status
[INFO] [stdout]           
[INFO] [stdout] 
[INFO] [stdout] 
[INFO] [stdout] error: aborting due to previous error
[INFO] [stdout] 
[INFO] [stdout] 
[INFO] [stderr] error: could not compile `eyre` due to 2 previous errors
[INFO] [stderr] error: could not compile `serde` due to 2 previous errors
[INFO] [stderr] LLVM ERROR: IO failure on output stream: No space left on device
[INFO] [stderr] error: could not compile `generic-array`
[INFO] [stderr] thread 'rustc' panicked at 'assertion failed: pos.get() <= self.position()', compiler/rustc_metadata/src/rmeta/encoder.rs:435:9
[INFO] [stderr] error: could not compile `cc`
[INFO] [stdout] error: couldn't create a temp dir: No space left on device (os error 28) at path "/opt/rustwide/target/debug/deps/rmetaC5bIb8"
[INFO] [stdout] 
[INFO] [stdout] 
[INFO] [stdout] error: couldn't create a temp dir: No space left on device (os error 28) at path "/opt/rustwide/target/debug/deps/rmetaF6zXgW"
[INFO] [stdout] 
[INFO] [stdout] 
[INFO] [stderr] error: could not compile `ppv-lite86` due to previous error
[INFO] [stderr] error: could not compile `memchr` due to previous error
[INFO] [stdout] error: couldn't create a temp dir: No space left on device (os error 28) at path "/opt/rustwide/target/debug/deps/rmetaxrDohW"
[INFO] [stdout] 
[INFO] [stdout] 
[INFO] [stderr] error: could not compile `pest` due to previous error
[INFO] [stdout] error: couldn't create a temp dir: No space left on device (os error 28) at path "/opt/rustwide/target/debug/deps/rmetaDEffbJ"
[INFO] [stdout] 
[INFO] [stdout] 
[INFO] [stderr] error: could not compile `gimli` due to previous error
[INFO] running `Command { std: "docker" "inspect" "fa310c086b00ca3a9263afb2a4ec1fab65ebddb94af14eb10b83dcbff27abbdf", kill_on_drop: false }`
[INFO] running `Command { std: "docker" "rm" "-f" "fa310c086b00ca3a9263afb2a4ec1fab65ebddb94af14eb10b83dcbff27abbdf", kill_on_drop: false }`
[INFO] [stdout] fa310c086b00ca3a9263afb2a4ec1fab65ebddb94af14eb10b83dcbff27abbdf
