[INFO] cloning repository https://github.com/lilopkins/metar-rs-autotest
[INFO] running `Command { std: "git" "-c" "credential.helper=" "-c" "credential.helper=/workspace/cargo-home/bin/git-credential-null" "clone" "--bare" "https://github.com/lilopkins/metar-rs-autotest" "/workspace/cache/git-repos/https%3A%2F%2Fgithub.com%2Flilopkins%2Fmetar-rs-autotest", kill_on_drop: false }`
[INFO] [stderr] Cloning into bare repository '/workspace/cache/git-repos/https%3A%2F%2Fgithub.com%2Flilopkins%2Fmetar-rs-autotest'...
[INFO] [stderr] /workspace/cache/git-repos/https%3A%2F%2Fgithub.com%2Flilopkins%2Fmetar-rs-autotest: No space left on device
[WARN] Retrying crate fetch in 3 seconds (attempt 1)
[INFO] cloning repository https://github.com/lilopkins/metar-rs-autotest
[INFO] running `Command { std: "git" "-c" "credential.helper=" "-c" "credential.helper=/workspace/cargo-home/bin/git-credential-null" "clone" "--bare" "https://github.com/lilopkins/metar-rs-autotest" "/workspace/cache/git-repos/https%3A%2F%2Fgithub.com%2Flilopkins%2Fmetar-rs-autotest", kill_on_drop: false }`
[INFO] [stderr] Cloning into bare repository '/workspace/cache/git-repos/https%3A%2F%2Fgithub.com%2Flilopkins%2Fmetar-rs-autotest'...
[INFO] [stderr] /workspace/cache/git-repos/https%3A%2F%2Fgithub.com%2Flilopkins%2Fmetar-rs-autotest: No space left on device
[WARN] Retrying crate fetch in 3 seconds (attempt 2)
[INFO] cloning repository https://github.com/lilopkins/metar-rs-autotest
[INFO] running `Command { std: "git" "-c" "credential.helper=" "-c" "credential.helper=/workspace/cargo-home/bin/git-credential-null" "clone" "--bare" "https://github.com/lilopkins/metar-rs-autotest" "/workspace/cache/git-repos/https%3A%2F%2Fgithub.com%2Flilopkins%2Fmetar-rs-autotest", kill_on_drop: false }`
[INFO] [stderr] Cloning into bare repository '/workspace/cache/git-repos/https%3A%2F%2Fgithub.com%2Flilopkins%2Fmetar-rs-autotest'...
[INFO] [stderr] /workspace/cache/git-repos/https%3A%2F%2Fgithub.com%2Flilopkins%2Fmetar-rs-autotest: No space left on device
[WARN] Retrying crate fetch in 3 seconds (attempt 3)
[INFO] cloning repository https://github.com/lilopkins/metar-rs-autotest
[INFO] running `Command { std: "git" "-c" "credential.helper=" "-c" "credential.helper=/workspace/cargo-home/bin/git-credential-null" "clone" "--bare" "https://github.com/lilopkins/metar-rs-autotest" "/workspace/cache/git-repos/https%3A%2F%2Fgithub.com%2Flilopkins%2Fmetar-rs-autotest", kill_on_drop: false }`
[INFO] [stderr] Cloning into bare repository '/workspace/cache/git-repos/https%3A%2F%2Fgithub.com%2Flilopkins%2Fmetar-rs-autotest'...
[INFO] [stderr] /workspace/cache/git-repos/https%3A%2F%2Fgithub.com%2Flilopkins%2Fmetar-rs-autotest: No space left on device
[WARN] Retrying crate fetch in 3 seconds (attempt 4)
[INFO] cloning repository https://github.com/lilopkins/metar-rs-autotest
[INFO] running `Command { std: "git" "-c" "credential.helper=" "-c" "credential.helper=/workspace/cargo-home/bin/git-credential-null" "clone" "--bare" "https://github.com/lilopkins/metar-rs-autotest" "/workspace/cache/git-repos/https%3A%2F%2Fgithub.com%2Flilopkins%2Fmetar-rs-autotest", kill_on_drop: false }`
[INFO] [stderr] Cloning into bare repository '/workspace/cache/git-repos/https%3A%2F%2Fgithub.com%2Flilopkins%2Fmetar-rs-autotest'...
[INFO] [stderr] /workspace/cache/git-repos/https%3A%2F%2Fgithub.com%2Flilopkins%2Fmetar-rs-autotest: No space left on device
[WARN] Retrying crate fetch in 3 seconds (attempt 5)
[INFO] cloning repository https://github.com/lilopkins/metar-rs-autotest
[INFO] running `Command { std: "git" "-c" "credential.helper=" "-c" "credential.helper=/workspace/cargo-home/bin/git-credential-null" "clone" "--bare" "https://github.com/lilopkins/metar-rs-autotest" "/workspace/cache/git-repos/https%3A%2F%2Fgithub.com%2Flilopkins%2Fmetar-rs-autotest", kill_on_drop: false }`
[INFO] [stderr] Cloning into bare repository '/workspace/cache/git-repos/https%3A%2F%2Fgithub.com%2Flilopkins%2Fmetar-rs-autotest'...
[INFO] [stderr] /workspace/cache/git-repos/https%3A%2F%2Fgithub.com%2Flilopkins%2Fmetar-rs-autotest: No space left on device
[WARN] Retrying crate fetch in 3 seconds (attempt 6)
[INFO] cloning repository https://github.com/lilopkins/metar-rs-autotest
[INFO] running `Command { std: "git" "-c" "credential.helper=" "-c" "credential.helper=/workspace/cargo-home/bin/git-credential-null" "clone" "--bare" "https://github.com/lilopkins/metar-rs-autotest" "/workspace/cache/git-repos/https%3A%2F%2Fgithub.com%2Flilopkins%2Fmetar-rs-autotest", kill_on_drop: false }`
[INFO] [stderr] Cloning into bare repository '/workspace/cache/git-repos/https%3A%2F%2Fgithub.com%2Flilopkins%2Fmetar-rs-autotest'...
[INFO] [stderr] /workspace/cache/git-repos/https%3A%2F%2Fgithub.com%2Flilopkins%2Fmetar-rs-autotest: No space left on device
[WARN] Retrying crate fetch in 3 seconds (attempt 7)
[INFO] cloning repository https://github.com/lilopkins/metar-rs-autotest
[INFO] running `Command { std: "git" "-c" "credential.helper=" "-c" "credential.helper=/workspace/cargo-home/bin/git-credential-null" "clone" "--bare" "https://github.com/lilopkins/metar-rs-autotest" "/workspace/cache/git-repos/https%3A%2F%2Fgithub.com%2Flilopkins%2Fmetar-rs-autotest", kill_on_drop: false }`
[INFO] [stderr] Cloning into bare repository '/workspace/cache/git-repos/https%3A%2F%2Fgithub.com%2Flilopkins%2Fmetar-rs-autotest'...
[INFO] running `Command { std: "git" "rev-parse" "HEAD", kill_on_drop: false }`
[INFO] [stdout] 773fed37ea1cb69dab08b45b4b744eeb6a467f19
[INFO] documenting lilopkins/metar-rs-autotest against 1.69.0 for beta-1.70-rustdoc-1
[INFO] running `Command { std: "git" "clone" "/workspace/cache/git-repos/https%3A%2F%2Fgithub.com%2Flilopkins%2Fmetar-rs-autotest" "/workspace/builds/worker-5-tc1/source", kill_on_drop: false }`
[INFO] [stderr] Cloning into '/workspace/builds/worker-5-tc1/source'...
[INFO] [stderr] done.
[INFO] validating manifest of git repo https://github.com/lilopkins/metar-rs-autotest on toolchain 1.69.0
[INFO] running `Command { std: CARGO_HOME="/workspace/cargo-home" RUSTUP_HOME="/workspace/rustup-home" "/workspace/cargo-home/bin/cargo" "+1.69.0" "metadata" "--manifest-path" "Cargo.toml" "--no-deps", kill_on_drop: false }`
[INFO] started tweaking git repo https://github.com/lilopkins/metar-rs-autotest
[INFO] finished tweaking git repo https://github.com/lilopkins/metar-rs-autotest
[INFO] tweaked toml for git repo https://github.com/lilopkins/metar-rs-autotest written to /workspace/builds/worker-5-tc1/source/Cargo.toml
[INFO] crate git repo https://github.com/lilopkins/metar-rs-autotest already has a lockfile, it will not be regenerated
[INFO] running `Command { std: CARGO_HOME="/workspace/cargo-home" RUSTUP_HOME="/workspace/rustup-home" "/workspace/cargo-home/bin/cargo" "+1.69.0" "fetch" "--manifest-path" "Cargo.toml", kill_on_drop: false }`
[INFO] [stderr]  Downloading crates ...
[INFO] [stderr]   Downloaded metar v0.7.1
[INFO] running `Command { std: "docker" "create" "-v" "/var/lib/crater-agent-workspace/builds/worker-5-tc1/target:/opt/rustwide/target:rw,Z" "-v" "/var/lib/crater-agent-workspace/builds/worker-5-tc1/source:/opt/rustwide/workdir:ro,Z" "-v" "/var/lib/crater-agent-workspace/cargo-home:/opt/rustwide/cargo-home:ro,Z" "-v" "/var/lib/crater-agent-workspace/rustup-home:/opt/rustwide/rustup-home:ro,Z" "-e" "SOURCE_DIR=/opt/rustwide/workdir" "-e" "CARGO_TARGET_DIR=/opt/rustwide/target" "-e" "CARGO_HOME=/opt/rustwide/cargo-home" "-e" "RUSTUP_HOME=/opt/rustwide/rustup-home" "-w" "/opt/rustwide/workdir" "-m" "1610612736" "--user" "0:0" "--network" "none" "ghcr.io/rust-lang/crates-build-env/linux@sha256:5ff2268d62e97bff2cde7d5815dd6ed5b47097566f13b8d0ca110b04b60e07ed" "/opt/rustwide/cargo-home/bin/cargo" "+1.69.0" "metadata" "--no-deps" "--format-version=1", kill_on_drop: false }`
[INFO] [stdout] 9acd699332be851fe37373a61382df37b611c30b3b9e340eac89f739a98a52ab
[INFO] running `Command { std: "docker" "start" "-a" "9acd699332be851fe37373a61382df37b611c30b3b9e340eac89f739a98a52ab", kill_on_drop: false }`
[INFO] running `Command { std: "docker" "inspect" "9acd699332be851fe37373a61382df37b611c30b3b9e340eac89f739a98a52ab", kill_on_drop: false }`
[INFO] running `Command { std: "docker" "rm" "-f" "9acd699332be851fe37373a61382df37b611c30b3b9e340eac89f739a98a52ab", kill_on_drop: false }`
[INFO] [stdout] 9acd699332be851fe37373a61382df37b611c30b3b9e340eac89f739a98a52ab
[INFO] running `Command { std: "docker" "create" "-v" "/var/lib/crater-agent-workspace/builds/worker-5-tc1/target:/opt/rustwide/target:rw,Z" "-v" "/var/lib/crater-agent-workspace/builds/worker-5-tc1/source:/opt/rustwide/workdir:ro,Z" "-v" "/var/lib/crater-agent-workspace/cargo-home:/opt/rustwide/cargo-home:ro,Z" "-v" "/var/lib/crater-agent-workspace/rustup-home:/opt/rustwide/rustup-home:ro,Z" "-e" "SOURCE_DIR=/opt/rustwide/workdir" "-e" "CARGO_TARGET_DIR=/opt/rustwide/target" "-e" "CARGO_INCREMENTAL=0" "-e" "RUST_BACKTRACE=full" "-e" "RUSTFLAGS=--cap-lints=warn" "-e" "RUSTDOCFLAGS=--cap-lints=warn" "-e" "CARGO_HOME=/opt/rustwide/cargo-home" "-e" "RUSTUP_HOME=/opt/rustwide/rustup-home" "-w" "/opt/rustwide/workdir" "-m" "1610612736" "--user" "0:0" "--network" "none" "ghcr.io/rust-lang/crates-build-env/linux@sha256:5ff2268d62e97bff2cde7d5815dd6ed5b47097566f13b8d0ca110b04b60e07ed" "/opt/rustwide/cargo-home/bin/cargo" "+1.69.0" "doc" "--frozen" "--no-deps" "--document-private-items" "--message-format=json", kill_on_drop: false }`
[INFO] [stdout] d90c7457c67a0c33dd61f76fa58bab927943ed2c81c56dcbc3e8b9a8242dfedd
[INFO] running `Command { std: "docker" "start" "-a" "d90c7457c67a0c33dd61f76fa58bab927943ed2c81c56dcbc3e8b9a8242dfedd", kill_on_drop: false }`
[INFO] [stderr]    Compiling autocfg v1.1.0
[INFO] [stderr]    Compiling libc v0.2.126
[INFO] [stderr]     Checking cfg-if v1.0.0
[INFO] [stderr]    Compiling proc-macro2 v1.0.40
[INFO] [stderr]    Compiling quote v1.0.20
[INFO] [stderr]    Compiling memchr v2.5.0
[INFO] [stderr]    Compiling unicode-ident v1.0.1
[INFO] [stderr]    Compiling log v0.4.17
[INFO] [stderr]     Checking once_cell v1.12.0
[INFO] [stderr]    Compiling syn v1.0.98
[INFO] [stderr]     Checking pin-project-lite v0.2.9
[INFO] [stderr]    Compiling pkg-config v0.3.25
[INFO] [stderr]    Compiling cc v1.0.73
[INFO] [stderr]    Compiling futures-core v0.3.21
[INFO] [stderr]     Checking bytes v1.1.0
[INFO] [stderr]    Compiling futures-task v0.3.21
[INFO] [stderr]     Checking itoa v1.0.2
[INFO] [stderr]    Compiling futures-util v0.3.21
[INFO] [stderr]    Compiling openssl v0.10.40
[INFO] [stderr]     Checking tracing-core v0.1.28
[INFO] [stderr]     Checking fnv v1.0.7
[INFO] [stdout] error: linking with `cc` failed: exit status: 1
[INFO] [stdout]   |
[INFO] [stdout]   = note: LC_ALL="C" PATH="/opt/rustwide/rustup-home/toolchains/1.69.0-x86_64-unknown-linux-gnu/lib/rustlib/x86_64-unknown-linux-gnu/bin:/opt/rustwide/cargo-home/bin:/usr/local/sbin:/usr/local/bin:/usr/sbin:/usr/bin:/sbin:/bin" VSLANG="1033" "cc" "-m64" "/tmp/rustcfm3HS7/symbols.o" "/opt/rustwide/target/debug/build/futures-task-f03a18b3fef7a253/build_script_build-f03a18b3fef7a253.build_script_build.4f99daad-cgu.0.rcgu.o" "/opt/rustwide/target/debug/build/futures-task-f03a18b3fef7a253/build_script_build-f03a18b3fef7a253.build_script_build.4f99daad-cgu.1.rcgu.o" "/opt/rustwide/target/debug/build/futures-task-f03a18b3fef7a253/build_script_build-f03a18b3fef7a253.build_script_build.4f99daad-cgu.10.rcgu.o" "/opt/rustwide/target/debug/build/futures-task-f03a18b3fef7a253/build_script_build-f03a18b3fef7a253.build_script_build.4f99daad-cgu.11.rcgu.o" "/opt/rustwide/target/debug/build/futures-task-f03a18b3fef7a253/build_script_build-f03a18b3fef7a253.build_script_build.4f99daad-cgu.12.rcgu.o" "/opt/rustwide/target/debug/build/futures-task-f03a18b3fef7a253/build_script_build-f03a18b3fef7a253.build_script_build.4f99daad-cgu.13.rcgu.o" "/opt/rustwide/target/debug/build/futures-task-f03a18b3fef7a253/build_script_build-f03a18b3fef7a253.build_script_build.4f99daad-cgu.14.rcgu.o" "/opt/rustwide/target/debug/build/futures-task-f03a18b3fef7a253/build_script_build-f03a18b3fef7a253.build_script_build.4f99daad-cgu.15.rcgu.o" "/opt/rustwide/target/debug/build/futures-task-f03a18b3fef7a253/build_script_build-f03a18b3fef7a253.build_script_build.4f99daad-cgu.2.rcgu.o" "/opt/rustwide/target/debug/build/futures-task-f03a18b3fef7a253/build_script_build-f03a18b3fef7a253.build_script_build.4f99daad-cgu.3.rcgu.o" "/opt/rustwide/target/debug/build/futures-task-f03a18b3fef7a253/build_script_build-f03a18b3fef7a253.build_script_build.4f99daad-cgu.4.rcgu.o" "/opt/rustwide/target/debug/build/futures-task-f03a18b3fef7a253/build_script_build-f03a18b3fef7a253.build_script_build.4f99daad-cgu.5.rcgu.o" "/opt/rustwide/target/debug/build/futures-task-f03a18b3fef7a253/build_script_build-f03a18b3fef7a253.build_script_build.4f99daad-cgu.6.rcgu.o" "/opt/rustwide/target/debug/build/futures-task-f03a18b3fef7a253/build_script_build-f03a18b3fef7a253.build_script_build.4f99daad-cgu.7.rcgu.o" "/opt/rustwide/target/debug/build/futures-task-f03a18b3fef7a253/build_script_build-f03a18b3fef7a253.build_script_build.4f99daad-cgu.8.rcgu.o" "/opt/rustwide/target/debug/build/futures-task-f03a18b3fef7a253/build_script_build-f03a18b3fef7a253.build_script_build.4f99daad-cgu.9.rcgu.o" "/opt/rustwide/target/debug/build/futures-task-f03a18b3fef7a253/build_script_build-f03a18b3fef7a253.3cltwtsbu7ze4221.rcgu.o" "-Wl,--as-needed" "-L" "/opt/rustwide/target/debug/deps" "-L" "/opt/rustwide/rustup-home/toolchains/1.69.0-x86_64-unknown-linux-gnu/lib/rustlib/x86_64-unknown-linux-gnu/lib" "-Wl,-Bstatic" "/opt/rustwide/rustup-home/toolchains/1.69.0-x86_64-unknown-linux-gnu/lib/rustlib/x86_64-unknown-linux-gnu/lib/libstd-89bc084783fdc439.rlib" "/opt/rustwide/rustup-home/toolchains/1.69.0-x86_64-unknown-linux-gnu/lib/rustlib/x86_64-unknown-linux-gnu/lib/libpanic_unwind-8bee4b287d4367c1.rlib" "/opt/rustwide/rustup-home/toolchains/1.69.0-x86_64-unknown-linux-gnu/lib/rustlib/x86_64-unknown-linux-gnu/lib/libobject-d61707aed80694c0.rlib" "/opt/rustwide/rustup-home/toolchains/1.69.0-x86_64-unknown-linux-gnu/lib/rustlib/x86_64-unknown-linux-gnu/lib/libmemchr-d85366256f22345b.rlib" "/opt/rustwide/rustup-home/toolchains/1.69.0-x86_64-unknown-linux-gnu/lib/rustlib/x86_64-unknown-linux-gnu/lib/libaddr2line-96069b86b8a8cae9.rlib" "/opt/rustwide/rustup-home/toolchains/1.69.0-x86_64-unknown-linux-gnu/lib/rustlib/x86_64-unknown-linux-gnu/lib/libgimli-d19d53abf68dfa6c.rlib" "/opt/rustwide/rustup-home/toolchains/1.69.0-x86_64-unknown-linux-gnu/lib/rustlib/x86_64-unknown-linux-gnu/lib/librustc_demangle-787cbccd19d64ac6.rlib" "/opt/rustwide/rustup-home/toolchains/1.69.0-x86_64-unknown-linux-gnu/lib/rustlib/x86_64-unknown-linux-gnu/lib/libstd_detect-b3837a36b830e0d0.rlib" "/opt/rustwide/rustup-home/toolchains/1.69.0-x86_64-unknown-linux-gnu/lib/rustlib/x86_64-unknown-linux-gnu/lib/libhashbrown-e3deb0e7e3f04966.rlib" "/opt/rustwide/rustup-home/toolchains/1.69.0-x86_64-unknown-linux-gnu/lib/rustlib/x86_64-unknown-linux-gnu/lib/libminiz_oxide-dabbb79c9815def4.rlib" "/opt/rustwide/rustup-home/toolchains/1.69.0-x86_64-unknown-linux-gnu/lib/rustlib/x86_64-unknown-linux-gnu/lib/libadler-305b01f34c9409f2.rlib" "/opt/rustwide/rustup-home/toolchains/1.69.0-x86_64-unknown-linux-gnu/lib/rustlib/x86_64-unknown-linux-gnu/lib/librustc_std_workspace_alloc-f833521df6074e73.rlib" "/opt/rustwide/rustup-home/toolchains/1.69.0-x86_64-unknown-linux-gnu/lib/rustlib/x86_64-unknown-linux-gnu/lib/libunwind-9ac333113350d171.rlib" "/opt/rustwide/rustup-home/toolchains/1.69.0-x86_64-unknown-linux-gnu/lib/rustlib/x86_64-unknown-linux-gnu/lib/libcfg_if-1c126114322d0eee.rlib" "/opt/rustwide/rustup-home/toolchains/1.69.0-x86_64-unknown-linux-gnu/lib/rustlib/x86_64-unknown-linux-gnu/lib/liblibc-bad9164fdeeecf92.rlib" "/opt/rustwide/rustup-home/toolchains/1.69.0-x86_64-unknown-linux-gnu/lib/rustlib/x86_64-unknown-linux-gnu/lib/liballoc-f9374b1e480fa681.rlib" "/opt/rustwide/rustup-home/toolchains/1.69.0-x86_64-unknown-linux-gnu/lib/rustlib/x86_64-unknown-linux-gnu/lib/librustc_std_workspace_core-207f06e41d9603af.rlib" "/opt/rustwide/rustup-home/toolchains/1.69.0-x86_64-unknown-linux-gnu/lib/rustlib/x86_64-unknown-linux-gnu/lib/libcore-7e2768e66e984e85.rlib" "/opt/rustwide/rustup-home/toolchains/1.69.0-x86_64-unknown-linux-gnu/lib/rustlib/x86_64-unknown-linux-gnu/lib/libcompiler_builtins-957b4aff41f8cd46.rlib" "-Wl,-Bdynamic" "-lgcc_s" "-lutil" "-lrt" "-lpthread" "-lm" "-ldl" "-lc" "-Wl,--eh-frame-hdr" "-Wl,-z,noexecstack" "-L" "/opt/rustwide/rustup-home/toolchains/1.69.0-x86_64-unknown-linux-gnu/lib/rustlib/x86_64-unknown-linux-gnu/lib" "-o" "/opt/rustwide/target/debug/build/futures-task-f03a18b3fef7a253/build_script_build-f03a18b3fef7a253" "-Wl,--gc-sections" "-pie" "-Wl,-z,relro,-z,now" "-nodefaultlibs"
[INFO] [stdout]   = note: /usr/bin/ld: final link failed: No space left on device
[INFO] [stdout]           collect2: error: ld returned 1 exit status
[INFO] [stdout]           
[INFO] [stdout] 
[INFO] [stdout] 
[INFO] [stdout] error: aborting due to previous error
[INFO] [stdout] 
[INFO] [stdout] 
[INFO] [stderr] error: could not compile `futures-task` due to 2 previous errors
[INFO] [stderr] warning: build failed, waiting for other jobs to finish...
[INFO] [stderr] error: could not parse/generate dep info at: /opt/rustwide/target/debug/deps/fnv-df36d14af7528695.d
[INFO] [stderr] 
[INFO] [stderr] Caused by:
[INFO] [stderr]   failed to write `/opt/rustwide/target/debug/.fingerprint/fnv-df36d14af7528695/dep-lib-fnv`
[INFO] [stderr] 
[INFO] [stderr] Caused by:
[INFO] [stderr]   No space left on device (os error 28)
[INFO] [stderr] LLVM ERROR: IO failure on output stream: No space left on device
[INFO] [stdout] error: linking with `cc` failed: exit status: 1
[INFO] [stdout]   |
[INFO] [stdout]   = note: LC_ALL="C" PATH="/opt/rustwide/rustup-home/toolchains/1.69.0-x86_64-unknown-linux-gnu/lib/rustlib/x86_64-unknown-linux-gnu/bin:/opt/rustwide/cargo-home/bin:/usr/local/sbin:/usr/local/bin:/usr/sbin:/usr/bin:/sbin:/bin" VSLANG="1033" "cc" "-m64" "/tmp/rustciIowoN/symbols.o" "/opt/rustwide/target/debug/build/syn-290475ac4d6b79f0/build_script_build-290475ac4d6b79f0.build_script_build.61feeb99-cgu.0.rcgu.o" "/opt/rustwide/target/debug/build/syn-290475ac4d6b79f0/build_script_build-290475ac4d6b79f0.build_script_build.61feeb99-cgu.1.rcgu.o" "/opt/rustwide/target/debug/build/syn-290475ac4d6b79f0/build_script_build-290475ac4d6b79f0.build_script_build.61feeb99-cgu.10.rcgu.o" "/opt/rustwide/target/debug/build/syn-290475ac4d6b79f0/build_script_build-290475ac4d6b79f0.build_script_build.61feeb99-cgu.11.rcgu.o" "/opt/rustwide/target/debug/build/syn-290475ac4d6b79f0/build_script_build-290475ac4d6b79f0.build_script_build.61feeb99-cgu.12.rcgu.o" "/opt/rustwide/target/debug/build/syn-290475ac4d6b79f0/build_script_build-290475ac4d6b79f0.build_script_build.61feeb99-cgu.13.rcgu.o" "/opt/rustwide/target/debug/build/syn-290475ac4d6b79f0/build_script_build-290475ac4d6b79f0.build_script_build.61feeb99-cgu.14.rcgu.o" "/opt/rustwide/target/debug/build/syn-290475ac4d6b79f0/build_script_build-290475ac4d6b79f0.build_script_build.61feeb99-cgu.15.rcgu.o" "/opt/rustwide/target/debug/build/syn-290475ac4d6b79f0/build_script_build-290475ac4d6b79f0.build_script_build.61feeb99-cgu.2.rcgu.o" "/opt/rustwide/target/debug/build/syn-290475ac4d6b79f0/build_script_build-290475ac4d6b79f0.build_script_build.61feeb99-cgu.3.rcgu.o" "/opt/rustwide/target/debug/build/syn-290475ac4d6b79f0/build_script_build-290475ac4d6b79f0.build_script_build.61feeb99-cgu.4.rcgu.o" "/opt/rustwide/target/debug/build/syn-290475ac4d6b79f0/build_script_build-290475ac4d6b79f0.build_script_build.61feeb99-cgu.5.rcgu.o" "/opt/rustwide/target/debug/build/syn-290475ac4d6b79f0/build_script_build-290475ac4d6b79f0.build_script_build.61feeb99-cgu.6.rcgu.o" "/opt/rustwide/target/debug/build/syn-290475ac4d6b79f0/build_script_build-290475ac4d6b79f0.build_script_build.61feeb99-cgu.7.rcgu.o" "/opt/rustwide/target/debug/build/syn-290475ac4d6b79f0/build_script_build-290475ac4d6b79f0.build_script_build.61feeb99-cgu.8.rcgu.o" "/opt/rustwide/target/debug/build/syn-290475ac4d6b79f0/build_script_build-290475ac4d6b79f0.build_script_build.61feeb99-cgu.9.rcgu.o" "/opt/rustwide/target/debug/build/syn-290475ac4d6b79f0/build_script_build-290475ac4d6b79f0.cznzgc08mon8luj.rcgu.o" "-Wl,--as-needed" "-L" "/opt/rustwide/target/debug/deps" "-L" "/opt/rustwide/rustup-home/toolchains/1.69.0-x86_64-unknown-linux-gnu/lib/rustlib/x86_64-unknown-linux-gnu/lib" "-Wl,-Bstatic" "/opt/rustwide/rustup-home/toolchains/1.69.0-x86_64-unknown-linux-gnu/lib/rustlib/x86_64-unknown-linux-gnu/lib/libstd-89bc084783fdc439.rlib" "/opt/rustwide/rustup-home/toolchains/1.69.0-x86_64-unknown-linux-gnu/lib/rustlib/x86_64-unknown-linux-gnu/lib/libpanic_unwind-8bee4b287d4367c1.rlib" "/opt/rustwide/rustup-home/toolchains/1.69.0-x86_64-unknown-linux-gnu/lib/rustlib/x86_64-unknown-linux-gnu/lib/libobject-d61707aed80694c0.rlib" "/opt/rustwide/rustup-home/toolchains/1.69.0-x86_64-unknown-linux-gnu/lib/rustlib/x86_64-unknown-linux-gnu/lib/libmemchr-d85366256f22345b.rlib" "/opt/rustwide/rustup-home/toolchains/1.69.0-x86_64-unknown-linux-gnu/lib/rustlib/x86_64-unknown-linux-gnu/lib/libaddr2line-96069b86b8a8cae9.rlib" "/opt/rustwide/rustup-home/toolchains/1.69.0-x86_64-unknown-linux-gnu/lib/rustlib/x86_64-unknown-linux-gnu/lib/libgimli-d19d53abf68dfa6c.rlib" "/opt/rustwide/rustup-home/toolchains/1.69.0-x86_64-unknown-linux-gnu/lib/rustlib/x86_64-unknown-linux-gnu/lib/librustc_demangle-787cbccd19d64ac6.rlib" "/opt/rustwide/rustup-home/toolchains/1.69.0-x86_64-unknown-linux-gnu/lib/rustlib/x86_64-unknown-linux-gnu/lib/libstd_detect-b3837a36b830e0d0.rlib" "/opt/rustwide/rustup-home/toolchains/1.69.0-x86_64-unknown-linux-gnu/lib/rustlib/x86_64-unknown-linux-gnu/lib/libhashbrown-e3deb0e7e3f04966.rlib" "/opt/rustwide/rustup-home/toolchains/1.69.0-x86_64-unknown-linux-gnu/lib/rustlib/x86_64-unknown-linux-gnu/lib/libminiz_oxide-dabbb79c9815def4.rlib" "/opt/rustwide/rustup-home/toolchains/1.69.0-x86_64-unknown-linux-gnu/lib/rustlib/x86_64-unknown-linux-gnu/lib/libadler-305b01f34c9409f2.rlib" "/opt/rustwide/rustup-home/toolchains/1.69.0-x86_64-unknown-linux-gnu/lib/rustlib/x86_64-unknown-linux-gnu/lib/librustc_std_workspace_alloc-f833521df6074e73.rlib" "/opt/rustwide/rustup-home/toolchains/1.69.0-x86_64-unknown-linux-gnu/lib/rustlib/x86_64-unknown-linux-gnu/lib/libunwind-9ac333113350d171.rlib" "/opt/rustwide/rustup-home/toolchains/1.69.0-x86_64-unknown-linux-gnu/lib/rustlib/x86_64-unknown-linux-gnu/lib/libcfg_if-1c126114322d0eee.rlib" "/opt/rustwide/rustup-home/toolchains/1.69.0-x86_64-unknown-linux-gnu/lib/rustlib/x86_64-unknown-linux-gnu/lib/liblibc-bad9164fdeeecf92.rlib" "/opt/rustwide/rustup-home/toolchains/1.69.0-x86_64-unknown-linux-gnu/lib/rustlib/x86_64-unknown-linux-gnu/lib/liballoc-f9374b1e480fa681.rlib" "/opt/rustwide/rustup-home/toolchains/1.69.0-x86_64-unknown-linux-gnu/lib/rustlib/x86_64-unknown-linux-gnu/lib/librustc_std_workspace_core-207f06e41d9603af.rlib" "/opt/rustwide/rustup-home/toolchains/1.69.0-x86_64-unknown-linux-gnu/lib/rustlib/x86_64-unknown-linux-gnu/lib/libcore-7e2768e66e984e85.rlib" "/opt/rustwide/rustup-home/toolchains/1.69.0-x86_64-unknown-linux-gnu/lib/rustlib/x86_64-unknown-linux-gnu/lib/libcompiler_builtins-957b4aff41f8cd46.rlib" "-Wl,-Bdynamic" "-lgcc_s" "-lutil" "-lrt" "-lpthread" "-lm" "-ldl" "-lc" "-Wl,--eh-frame-hdr" "-Wl,-z,noexecstack" "-L" "/opt/rustwide/rustup-home/toolchains/1.69.0-x86_64-unknown-linux-gnu/lib/rustlib/x86_64-unknown-linux-gnu/lib" "-o" "/opt/rustwide/target/debug/build/syn-290475ac4d6b79f0/build_script_build-290475ac4d6b79f0" "-Wl,--gc-sections" "-pie" "-Wl,-z,relro,-z,now" "-nodefaultlibs"
[INFO] [stdout]   = note: /usr/bin/ld: final link failed: No space left on device
[INFO] [stdout]           collect2: error: ld returned 1 exit status
[INFO] [stdout]           
[INFO] [stdout] 
[INFO] [stdout] 
[INFO] [stderr] LLVM ERROR: IO failure on output stream: No space left on device
[INFO] [stdout] error: linking with `cc` failed: exit status: 1
[INFO] [stdout]   |
[INFO] [stdout]   = note: LC_ALL="C" PATH="/opt/rustwide/rustup-home/toolchains/1.69.0-x86_64-unknown-linux-gnu/lib/rustlib/x86_64-unknown-linux-gnu/bin:/opt/rustwide/cargo-home/bin:/usr/local/sbin:/usr/local/bin:/usr/sbin:/usr/bin:/sbin:/bin" VSLANG="1033" "cc" "-m64" "/tmp/rustchKnCpg/symbols.o" "/opt/rustwide/target/debug/build/memchr-a25ec5df75f0f72b/build_script_build-a25ec5df75f0f72b.build_script_build.c8ddf880-cgu.0.rcgu.o" "/opt/rustwide/target/debug/build/memchr-a25ec5df75f0f72b/build_script_build-a25ec5df75f0f72b.build_script_build.c8ddf880-cgu.1.rcgu.o" "/opt/rustwide/target/debug/build/memchr-a25ec5df75f0f72b/build_script_build-a25ec5df75f0f72b.build_script_build.c8ddf880-cgu.10.rcgu.o" "/opt/rustwide/target/debug/build/memchr-a25ec5df75f0f72b/build_script_build-a25ec5df75f0f72b.build_script_build.c8ddf880-cgu.11.rcgu.o" "/opt/rustwide/target/debug/build/memchr-a25ec5df75f0f72b/build_script_build-a25ec5df75f0f72b.build_script_build.c8ddf880-cgu.12.rcgu.o" "/opt/rustwide/target/debug/build/memchr-a25ec5df75f0f72b/build_script_build-a25ec5df75f0f72b.build_script_build.c8ddf880-cgu.13.rcgu.o" "/opt/rustwide/target/debug/build/memchr-a25ec5df75f0f72b/build_script_build-a25ec5df75f0f72b.build_script_build.c8ddf880-cgu.14.rcgu.o" "/opt/rustwide/target/debug/build/memchr-a25ec5df75f0f72b/build_script_build-a25ec5df75f0f72b.build_script_build.c8ddf880-cgu.15.rcgu.o" "/opt/rustwide/target/debug/build/memchr-a25ec5df75f0f72b/build_script_build-a25ec5df75f0f72b.build_script_build.c8ddf880-cgu.2.rcgu.o" "/opt/rustwide/target/debug/build/memchr-a25ec5df75f0f72b/build_script_build-a25ec5df75f0f72b.build_script_build.c8ddf880-cgu.3.rcgu.o" "/opt/rustwide/target/debug/build/memchr-a25ec5df75f0f72b/build_script_build-a25ec5df75f0f72b.build_script_build.c8ddf880-cgu.4.rcgu.o" "/opt/rustwide/target/debug/build/memchr-a25ec5df75f0f72b/build_script_build-a25ec5df75f0f72b.build_script_build.c8ddf880-cgu.5.rcgu.o" "/opt/rustwide/target/debug/build/memchr-a25ec5df75f0f72b/build_script_build-a25ec5df75f0f72b.build_script_build.c8ddf880-cgu.6.rcgu.o" "/opt/rustwide/target/debug/build/memchr-a25ec5df75f0f72b/build_script_build-a25ec5df75f0f72b.build_script_build.c8ddf880-cgu.7.rcgu.o" "/opt/rustwide/target/debug/build/memchr-a25ec5df75f0f72b/build_script_build-a25ec5df75f0f72b.build_script_build.c8ddf880-cgu.8.rcgu.o" "/opt/rustwide/target/debug/build/memchr-a25ec5df75f0f72b/build_script_build-a25ec5df75f0f72b.build_script_build.c8ddf880-cgu.9.rcgu.o" "/opt/rustwide/target/debug/build/memchr-a25ec5df75f0f72b/build_script_build-a25ec5df75f0f72b.3nrs4zrgjvl6h50v.rcgu.o" "-Wl,--as-needed" "-L" "/opt/rustwide/target/debug/deps" "-L" "/opt/rustwide/rustup-home/toolchains/1.69.0-x86_64-unknown-linux-gnu/lib/rustlib/x86_64-unknown-linux-gnu/lib" "-Wl,-Bstatic" "/opt/rustwide/rustup-home/toolchains/1.69.0-x86_64-unknown-linux-gnu/lib/rustlib/x86_64-unknown-linux-gnu/lib/libstd-89bc084783fdc439.rlib" "/opt/rustwide/rustup-home/toolchains/1.69.0-x86_64-unknown-linux-gnu/lib/rustlib/x86_64-unknown-linux-gnu/lib/libpanic_unwind-8bee4b287d4367c1.rlib" "/opt/rustwide/rustup-home/toolchains/1.69.0-x86_64-unknown-linux-gnu/lib/rustlib/x86_64-unknown-linux-gnu/lib/libobject-d61707aed80694c0.rlib" "/opt/rustwide/rustup-home/toolchains/1.69.0-x86_64-unknown-linux-gnu/lib/rustlib/x86_64-unknown-linux-gnu/lib/libmemchr-d85366256f22345b.rlib" "/opt/rustwide/rustup-home/toolchains/1.69.0-x86_64-unknown-linux-gnu/lib/rustlib/x86_64-unknown-linux-gnu/lib/libaddr2line-96069b86b8a8cae9.rlib" "/opt/rustwide/rustup-home/toolchains/1.69.0-x86_64-unknown-linux-gnu/lib/rustlib/x86_64-unknown-linux-gnu/lib/libgimli-d19d53abf68dfa6c.rlib" "/opt/rustwide/rustup-home/toolchains/1.69.0-x86_64-unknown-linux-gnu/lib/rustlib/x86_64-unknown-linux-gnu/lib/librustc_demangle-787cbccd19d64ac6.rlib" "/opt/rustwide/rustup-home/toolchains/1.69.0-x86_64-unknown-linux-gnu/lib/rustlib/x86_64-unknown-linux-gnu/lib/libstd_detect-b3837a36b830e0d0.rlib" "/opt/rustwide/rustup-home/toolchains/1.69.0-x86_64-unknown-linux-gnu/lib/rustlib/x86_64-unknown-linux-gnu/lib/libhashbrown-e3deb0e7e3f04966.rlib" "/opt/rustwide/rustup-home/toolchains/1.69.0-x86_64-unknown-linux-gnu/lib/rustlib/x86_64-unknown-linux-gnu/lib/libminiz_oxide-dabbb79c9815def4.rlib" "/opt/rustwide/rustup-home/toolchains/1.69.0-x86_64-unknown-linux-gnu/lib/rustlib/x86_64-unknown-linux-gnu/lib/libadler-305b01f34c9409f2.rlib" "/opt/rustwide/rustup-home/toolchains/1.69.0-x86_64-unknown-linux-gnu/lib/rustlib/x86_64-unknown-linux-gnu/lib/librustc_std_workspace_alloc-f833521df6074e73.rlib" "/opt/rustwide/rustup-home/toolchains/1.69.0-x86_64-unknown-linux-gnu/lib/rustlib/x86_64-unknown-linux-gnu/lib/libunwind-9ac333113350d171.rlib" "/opt/rustwide/rustup-home/toolchains/1.69.0-x86_64-unknown-linux-gnu/lib/rustlib/x86_64-unknown-linux-gnu/lib/libcfg_if-1c126114322d0eee.rlib" "/opt/rustwide/rustup-home/toolchains/1.69.0-x86_64-unknown-linux-gnu/lib/rustlib/x86_64-unknown-linux-gnu/lib/liblibc-bad9164fdeeecf92.rlib" "/opt/rustwide/rustup-home/toolchains/1.69.0-x86_64-unknown-linux-gnu/lib/rustlib/x86_64-unknown-linux-gnu/lib/liballoc-f9374b1e480fa681.rlib" "/opt/rustwide/rustup-home/toolchains/1.69.0-x86_64-unknown-linux-gnu/lib/rustlib/x86_64-unknown-linux-gnu/lib/librustc_std_workspace_core-207f06e41d9603af.rlib" "/opt/rustwide/rustup-home/toolchains/1.69.0-x86_64-unknown-linux-gnu/lib/rustlib/x86_64-unknown-linux-gnu/lib/libcore-7e2768e66e984e85.rlib" "/opt/rustwide/rustup-home/toolchains/1.69.0-x86_64-unknown-linux-gnu/lib/rustlib/x86_64-unknown-linux-gnu/lib/libcompiler_builtins-957b4aff41f8cd46.rlib" "-Wl,-Bdynamic" "-lgcc_s" "-lutil" "-lrt" "-lpthread" "-lm" "-ldl" "-lc" "-Wl,--eh-frame-hdr" "-Wl,-z,noexecstack" "-L" "/opt/rustwide/rustup-home/toolchains/1.69.0-x86_64-unknown-linux-gnu/lib/rustlib/x86_64-unknown-linux-gnu/lib" "-o" "/opt/rustwide/target/debug/build/memchr-a25ec5df75f0f72b/build_script_build-a25ec5df75f0f72b" "-Wl,--gc-sections" "-pie" "-Wl,-z,relro,-z,now" "-nodefaultlibs"
[INFO] [stdout]   = note: /usr/bin/ld: final link failed: No space left on device
[INFO] [stdout]           collect2: error: ld returned 1 exit status
[INFO] [stdout]           
[INFO] [stdout] 
[INFO] [stdout] 
[INFO] [stdout] error: aborting due to previous error
[INFO] [stdout] 
[INFO] [stdout] 
[INFO] [stdout] error: linking with `cc` failed: exit status: 1
[INFO] [stdout]   |
[INFO] [stdout]   = note: LC_ALL="C" PATH="/opt/rustwide/rustup-home/toolchains/1.69.0-x86_64-unknown-linux-gnu/lib/rustlib/x86_64-unknown-linux-gnu/bin:/opt/rustwide/cargo-home/bin:/usr/local/sbin:/usr/local/bin:/usr/sbin:/usr/bin:/sbin:/bin" VSLANG="1033" "cc" "-m64" "/tmp/rustc4FtvsC/symbols.o" "/opt/rustwide/target/debug/build/quote-6396c2154d75a71b/build_script_build-6396c2154d75a71b.build_script_build.07b4822c-cgu.0.rcgu.o" "/opt/rustwide/target/debug/build/quote-6396c2154d75a71b/build_script_build-6396c2154d75a71b.build_script_build.07b4822c-cgu.1.rcgu.o" "/opt/rustwide/target/debug/build/quote-6396c2154d75a71b/build_script_build-6396c2154d75a71b.build_script_build.07b4822c-cgu.10.rcgu.o" "/opt/rustwide/target/debug/build/quote-6396c2154d75a71b/build_script_build-6396c2154d75a71b.build_script_build.07b4822c-cgu.11.rcgu.o" "/opt/rustwide/target/debug/build/quote-6396c2154d75a71b/build_script_build-6396c2154d75a71b.build_script_build.07b4822c-cgu.12.rcgu.o" "/opt/rustwide/target/debug/build/quote-6396c2154d75a71b/build_script_build-6396c2154d75a71b.build_script_build.07b4822c-cgu.13.rcgu.o" "/opt/rustwide/target/debug/build/quote-6396c2154d75a71b/build_script_build-6396c2154d75a71b.build_script_build.07b4822c-cgu.14.rcgu.o" "/opt/rustwide/target/debug/build/quote-6396c2154d75a71b/build_script_build-6396c2154d75a71b.build_script_build.07b4822c-cgu.15.rcgu.o" "/opt/rustwide/target/debug/build/quote-6396c2154d75a71b/build_script_build-6396c2154d75a71b.build_script_build.07b4822c-cgu.2.rcgu.o" "/opt/rustwide/target/debug/build/quote-6396c2154d75a71b/build_script_build-6396c2154d75a71b.build_script_build.07b4822c-cgu.3.rcgu.o" "/opt/rustwide/target/debug/build/quote-6396c2154d75a71b/build_script_build-6396c2154d75a71b.build_script_build.07b4822c-cgu.4.rcgu.o" "/opt/rustwide/target/debug/build/quote-6396c2154d75a71b/build_script_build-6396c2154d75a71b.build_script_build.07b4822c-cgu.5.rcgu.o" "/opt/rustwide/target/debug/build/quote-6396c2154d75a71b/build_script_build-6396c2154d75a71b.build_script_build.07b4822c-cgu.6.rcgu.o" "/opt/rustwide/target/debug/build/quote-6396c2154d75a71b/build_script_build-6396c2154d75a71b.build_script_build.07b4822c-cgu.7.rcgu.o" "/opt/rustwide/target/debug/build/quote-6396c2154d75a71b/build_script_build-6396c2154d75a71b.build_script_build.07b4822c-cgu.8.rcgu.o" "/opt/rustwide/target/debug/build/quote-6396c2154d75a71b/build_script_build-6396c2154d75a71b.build_script_build.07b4822c-cgu.9.rcgu.o" "/opt/rustwide/target/debug/build/quote-6396c2154d75a71b/build_script_build-6396c2154d75a71b.18pyjdx8k6g9jsc4.rcgu.o" "-Wl,--as-needed" "-L" "/opt/rustwide/target/debug/deps" "-L" "/opt/rustwide/rustup-home/toolchains/1.69.0-x86_64-unknown-linux-gnu/lib/rustlib/x86_64-unknown-linux-gnu/lib" "-Wl,-Bstatic" "/opt/rustwide/rustup-home/toolchains/1.69.0-x86_64-unknown-linux-gnu/lib/rustlib/x86_64-unknown-linux-gnu/lib/libstd-89bc084783fdc439.rlib" "/opt/rustwide/rustup-home/toolchains/1.69.0-x86_64-unknown-linux-gnu/lib/rustlib/x86_64-unknown-linux-gnu/lib/libpanic_unwind-8bee4b287d4367c1.rlib" "/opt/rustwide/rustup-home/toolchains/1.69.0-x86_64-unknown-linux-gnu/lib/rustlib/x86_64-unknown-linux-gnu/lib/libobject-d61707aed80694c0.rlib" "/opt/rustwide/rustup-home/toolchains/1.69.0-x86_64-unknown-linux-gnu/lib/rustlib/x86_64-unknown-linux-gnu/lib/libmemchr-d85366256f22345b.rlib" "/opt/rustwide/rustup-home/toolchains/1.69.0-x86_64-unknown-linux-gnu/lib/rustlib/x86_64-unknown-linux-gnu/lib/libaddr2line-96069b86b8a8cae9.rlib" "/opt/rustwide/rustup-home/toolchains/1.69.0-x86_64-unknown-linux-gnu/lib/rustlib/x86_64-unknown-linux-gnu/lib/libgimli-d19d53abf68dfa6c.rlib" "/opt/rustwide/rustup-home/toolchains/1.69.0-x86_64-unknown-linux-gnu/lib/rustlib/x86_64-unknown-linux-gnu/lib/librustc_demangle-787cbccd19d64ac6.rlib" "/opt/rustwide/rustup-home/toolchains/1.69.0-x86_64-unknown-linux-gnu/lib/rustlib/x86_64-unknown-linux-gnu/lib/libstd_detect-b3837a36b830e0d0.rlib" "/opt/rustwide/rustup-home/toolchains/1.69.0-x86_64-unknown-linux-gnu/lib/rustlib/x86_64-unknown-linux-gnu/lib/libhashbrown-e3deb0e7e3f04966.rlib" "/opt/rustwide/rustup-home/toolchains/1.69.0-x86_64-unknown-linux-gnu/lib/rustlib/x86_64-unknown-linux-gnu/lib/libminiz_oxide-dabbb79c9815def4.rlib" "/opt/rustwide/rustup-home/toolchains/1.69.0-x86_64-unknown-linux-gnu/lib/rustlib/x86_64-unknown-linux-gnu/lib/libadler-305b01f34c9409f2.rlib" "/opt/rustwide/rustup-home/toolchains/1.69.0-x86_64-unknown-linux-gnu/lib/rustlib/x86_64-unknown-linux-gnu/lib/librustc_std_workspace_alloc-f833521df6074e73.rlib" "/opt/rustwide/rustup-home/toolchains/1.69.0-x86_64-unknown-linux-gnu/lib/rustlib/x86_64-unknown-linux-gnu/lib/libunwind-9ac333113350d171.rlib" "/opt/rustwide/rustup-home/toolchains/1.69.0-x86_64-unknown-linux-gnu/lib/rustlib/x86_64-unknown-linux-gnu/lib/libcfg_if-1c126114322d0eee.rlib" "/opt/rustwide/rustup-home/toolchains/1.69.0-x86_64-unknown-linux-gnu/lib/rustlib/x86_64-unknown-linux-gnu/lib/liblibc-bad9164fdeeecf92.rlib" "/opt/rustwide/rustup-home/toolchains/1.69.0-x86_64-unknown-linux-gnu/lib/rustlib/x86_64-unknown-linux-gnu/lib/liballoc-f9374b1e480fa681.rlib" "/opt/rustwide/rustup-home/toolchains/1.69.0-x86_64-unknown-linux-gnu/lib/rustlib/x86_64-unknown-linux-gnu/lib/librustc_std_workspace_core-207f06e41d9603af.rlib" "/opt/rustwide/rustup-home/toolchains/1.69.0-x86_64-unknown-linux-gnu/lib/rustlib/x86_64-unknown-linux-gnu/lib/libcore-7e2768e66e984e85.rlib" "/opt/rustwide/rustup-home/toolchains/1.69.0-x86_64-unknown-linux-gnu/lib/rustlib/x86_64-unknown-linux-gnu/lib/libcompiler_builtins-957b4aff41f8cd46.rlib" "-Wl,-Bdynamic" "-lgcc_s" "-lutil" "-lrt" "-lpthread" "-lm" "-ldl" "-lc" "-Wl,--eh-frame-hdr" "-Wl,-z,noexecstack" "-L" "/opt/rustwide/rustup-home/toolchains/1.69.0-x86_64-unknown-linux-gnu/lib/rustlib/x86_64-unknown-linux-gnu/lib" "-o" "/opt/rustwide/target/debug/build/quote-6396c2154d75a71b/build_script_build-6396c2154d75a71b" "-Wl,--gc-sections" "-pie" "-Wl,-z,relro,-z,now" "-nodefaultlibs"
[INFO] [stdout]   = note: /usr/bin/ld: final link failed: No space left on device
[INFO] [stdout]           collect2: error: ld returned 1 exit status
[INFO] [stdout]           
[INFO] [stdout] 
[INFO] [stdout] 
[INFO] [stderr] error: could not compile `openssl`
[INFO] [stdout] error: aborting due to previous error
[INFO] [stdout] 
[INFO] [stdout] 
[INFO] [stdout] error: aborting due to previous error
[INFO] [stdout] 
[INFO] [stdout] 
[INFO] [stderr] error: could not compile `memchr` due to 2 previous errors
[INFO] [stderr] error: could not compile `quote` due to 2 previous errors
[INFO] [stderr] error: could not compile `syn` due to 2 previous errors
[INFO] [stderr] error: could not compile `autocfg`
[INFO] [stdout] error: linking with `cc` failed: exit status: 1
[INFO] [stdout]   |
[INFO] [stdout]   = note: LC_ALL="C" PATH="/opt/rustwide/rustup-home/toolchains/1.69.0-x86_64-unknown-linux-gnu/lib/rustlib/x86_64-unknown-linux-gnu/bin:/opt/rustwide/cargo-home/bin:/usr/local/sbin:/usr/local/bin:/usr/sbin:/usr/bin:/sbin:/bin" VSLANG="1033" "cc" "-m64" "/tmp/rustcBo2C1k/symbols.o" "/opt/rustwide/target/debug/build/libc-fe8d984321a138b0/build_script_build-fe8d984321a138b0.build_script_build.47c8dc1d-cgu.0.rcgu.o" "/opt/rustwide/target/debug/build/libc-fe8d984321a138b0/build_script_build-fe8d984321a138b0.build_script_build.47c8dc1d-cgu.1.rcgu.o" "/opt/rustwide/target/debug/build/libc-fe8d984321a138b0/build_script_build-fe8d984321a138b0.build_script_build.47c8dc1d-cgu.10.rcgu.o" "/opt/rustwide/target/debug/build/libc-fe8d984321a138b0/build_script_build-fe8d984321a138b0.build_script_build.47c8dc1d-cgu.11.rcgu.o" "/opt/rustwide/target/debug/build/libc-fe8d984321a138b0/build_script_build-fe8d984321a138b0.build_script_build.47c8dc1d-cgu.12.rcgu.o" "/opt/rustwide/target/debug/build/libc-fe8d984321a138b0/build_script_build-fe8d984321a138b0.build_script_build.47c8dc1d-cgu.13.rcgu.o" "/opt/rustwide/target/debug/build/libc-fe8d984321a138b0/build_script_build-fe8d984321a138b0.build_script_build.47c8dc1d-cgu.14.rcgu.o" "/opt/rustwide/target/debug/build/libc-fe8d984321a138b0/build_script_build-fe8d984321a138b0.build_script_build.47c8dc1d-cgu.15.rcgu.o" "/opt/rustwide/target/debug/build/libc-fe8d984321a138b0/build_script_build-fe8d984321a138b0.build_script_build.47c8dc1d-cgu.2.rcgu.o" "/opt/rustwide/target/debug/build/libc-fe8d984321a138b0/build_script_build-fe8d984321a138b0.build_script_build.47c8dc1d-cgu.3.rcgu.o" "/opt/rustwide/target/debug/build/libc-fe8d984321a138b0/build_script_build-fe8d984321a138b0.build_script_build.47c8dc1d-cgu.4.rcgu.o" "/opt/rustwide/target/debug/build/libc-fe8d984321a138b0/build_script_build-fe8d984321a138b0.build_script_build.47c8dc1d-cgu.5.rcgu.o" "/opt/rustwide/target/debug/build/libc-fe8d984321a138b0/build_script_build-fe8d984321a138b0.build_script_build.47c8dc1d-cgu.6.rcgu.o" "/opt/rustwide/target/debug/build/libc-fe8d984321a138b0/build_script_build-fe8d984321a138b0.build_script_build.47c8dc1d-cgu.7.rcgu.o" "/opt/rustwide/target/debug/build/libc-fe8d984321a138b0/build_script_build-fe8d984321a138b0.build_script_build.47c8dc1d-cgu.8.rcgu.o" "/opt/rustwide/target/debug/build/libc-fe8d984321a138b0/build_script_build-fe8d984321a138b0.build_script_build.47c8dc1d-cgu.9.rcgu.o" "/opt/rustwide/target/debug/build/libc-fe8d984321a138b0/build_script_build-fe8d984321a138b0.4d9z0lj9s6a5y4pd.rcgu.o" "-Wl,--as-needed" "-L" "/opt/rustwide/target/debug/deps" "-L" "/opt/rustwide/rustup-home/toolchains/1.69.0-x86_64-unknown-linux-gnu/lib/rustlib/x86_64-unknown-linux-gnu/lib" "-Wl,-Bstatic" "/opt/rustwide/rustup-home/toolchains/1.69.0-x86_64-unknown-linux-gnu/lib/rustlib/x86_64-unknown-linux-gnu/lib/libstd-89bc084783fdc439.rlib" "/opt/rustwide/rustup-home/toolchains/1.69.0-x86_64-unknown-linux-gnu/lib/rustlib/x86_64-unknown-linux-gnu/lib/libpanic_unwind-8bee4b287d4367c1.rlib" "/opt/rustwide/rustup-home/toolchains/1.69.0-x86_64-unknown-linux-gnu/lib/rustlib/x86_64-unknown-linux-gnu/lib/libobject-d61707aed80694c0.rlib" "/opt/rustwide/rustup-home/toolchains/1.69.0-x86_64-unknown-linux-gnu/lib/rustlib/x86_64-unknown-linux-gnu/lib/libmemchr-d85366256f22345b.rlib" "/opt/rustwide/rustup-home/toolchains/1.69.0-x86_64-unknown-linux-gnu/lib/rustlib/x86_64-unknown-linux-gnu/lib/libaddr2line-96069b86b8a8cae9.rlib" "/opt/rustwide/rustup-home/toolchains/1.69.0-x86_64-unknown-linux-gnu/lib/rustlib/x86_64-unknown-linux-gnu/lib/libgimli-d19d53abf68dfa6c.rlib" "/opt/rustwide/rustup-home/toolchains/1.69.0-x86_64-unknown-linux-gnu/lib/rustlib/x86_64-unknown-linux-gnu/lib/librustc_demangle-787cbccd19d64ac6.rlib" "/opt/rustwide/rustup-home/toolchains/1.69.0-x86_64-unknown-linux-gnu/lib/rustlib/x86_64-unknown-linux-gnu/lib/libstd_detect-b3837a36b830e0d0.rlib" "/opt/rustwide/rustup-home/toolchains/1.69.0-x86_64-unknown-linux-gnu/lib/rustlib/x86_64-unknown-linux-gnu/lib/libhashbrown-e3deb0e7e3f04966.rlib" "/opt/rustwide/rustup-home/toolchains/1.69.0-x86_64-unknown-linux-gnu/lib/rustlib/x86_64-unknown-linux-gnu/lib/libminiz_oxide-dabbb79c9815def4.rlib" "/opt/rustwide/rustup-home/toolchains/1.69.0-x86_64-unknown-linux-gnu/lib/rustlib/x86_64-unknown-linux-gnu/lib/libadler-305b01f34c9409f2.rlib" "/opt/rustwide/rustup-home/toolchains/1.69.0-x86_64-unknown-linux-gnu/lib/rustlib/x86_64-unknown-linux-gnu/lib/librustc_std_workspace_alloc-f833521df6074e73.rlib" "/opt/rustwide/rustup-home/toolchains/1.69.0-x86_64-unknown-linux-gnu/lib/rustlib/x86_64-unknown-linux-gnu/lib/libunwind-9ac333113350d171.rlib" "/opt/rustwide/rustup-home/toolchains/1.69.0-x86_64-unknown-linux-gnu/lib/rustlib/x86_64-unknown-linux-gnu/lib/libcfg_if-1c126114322d0eee.rlib" "/opt/rustwide/rustup-home/toolchains/1.69.0-x86_64-unknown-linux-gnu/lib/rustlib/x86_64-unknown-linux-gnu/lib/liblibc-bad9164fdeeecf92.rlib" "/opt/rustwide/rustup-home/toolchains/1.69.0-x86_64-unknown-linux-gnu/lib/rustlib/x86_64-unknown-linux-gnu/lib/liballoc-f9374b1e480fa681.rlib" "/opt/rustwide/rustup-home/toolchains/1.69.0-x86_64-unknown-linux-gnu/lib/rustlib/x86_64-unknown-linux-gnu/lib/librustc_std_workspace_core-207f06e41d9603af.rlib" "/opt/rustwide/rustup-home/toolchains/1.69.0-x86_64-unknown-linux-gnu/lib/rustlib/x86_64-unknown-linux-gnu/lib/libcore-7e2768e66e984e85.rlib" "/opt/rustwide/rustup-home/toolchains/1.69.0-x86_64-unknown-linux-gnu/lib/rustlib/x86_64-unknown-linux-gnu/lib/libcompiler_builtins-957b4aff41f8cd46.rlib" "-Wl,-Bdynamic" "-lgcc_s" "-lutil" "-lrt" "-lpthread" "-lm" "-ldl" "-lc" "-Wl,--eh-frame-hdr" "-Wl,-z,noexecstack" "-L" "/opt/rustwide/rustup-home/toolchains/1.69.0-x86_64-unknown-linux-gnu/lib/rustlib/x86_64-unknown-linux-gnu/lib" "-o" "/opt/rustwide/target/debug/build/libc-fe8d984321a138b0/build_script_build-fe8d984321a138b0" "-Wl,--gc-sections" "-pie" "-Wl,-z,relro,-z,now" "-nodefaultlibs"
[INFO] [stdout]   = note: /usr/bin/ld: final link failed: No space left on device
[INFO] [stdout]           collect2: error: ld returned 1 exit status
[INFO] [stdout]           
[INFO] [stdout] 
[INFO] [stdout] 
[INFO] [stdout] error: aborting due to previous error
[INFO] [stdout] 
[INFO] [stdout] 
[INFO] [stdout] error: linking with `cc` failed: exit status: 1
[INFO] [stdout]   |
[INFO] [stdout]   = note: LC_ALL="C" PATH="/opt/rustwide/rustup-home/toolchains/1.69.0-x86_64-unknown-linux-gnu/lib/rustlib/x86_64-unknown-linux-gnu/bin:/opt/rustwide/cargo-home/bin:/usr/local/sbin:/usr/local/bin:/usr/sbin:/usr/bin:/sbin:/bin" VSLANG="1033" "cc" "-m64" "/tmp/rustcaoLwV3/symbols.o" "/opt/rustwide/target/debug/build/futures-util-bef6ce87770917e7/build_script_build-bef6ce87770917e7.build_script_build.6f4eff04-cgu.0.rcgu.o" "/opt/rustwide/target/debug/build/futures-util-bef6ce87770917e7/build_script_build-bef6ce87770917e7.build_script_build.6f4eff04-cgu.1.rcgu.o" "/opt/rustwide/target/debug/build/futures-util-bef6ce87770917e7/build_script_build-bef6ce87770917e7.build_script_build.6f4eff04-cgu.10.rcgu.o" "/opt/rustwide/target/debug/build/futures-util-bef6ce87770917e7/build_script_build-bef6ce87770917e7.build_script_build.6f4eff04-cgu.11.rcgu.o" "/opt/rustwide/target/debug/build/futures-util-bef6ce87770917e7/build_script_build-bef6ce87770917e7.build_script_build.6f4eff04-cgu.12.rcgu.o" "/opt/rustwide/target/debug/build/futures-util-bef6ce87770917e7/build_script_build-bef6ce87770917e7.build_script_build.6f4eff04-cgu.13.rcgu.o" "/opt/rustwide/target/debug/build/futures-util-bef6ce87770917e7/build_script_build-bef6ce87770917e7.build_script_build.6f4eff04-cgu.14.rcgu.o" "/opt/rustwide/target/debug/build/futures-util-bef6ce87770917e7/build_script_build-bef6ce87770917e7.build_script_build.6f4eff04-cgu.15.rcgu.o" "/opt/rustwide/target/debug/build/futures-util-bef6ce87770917e7/build_script_build-bef6ce87770917e7.build_script_build.6f4eff04-cgu.2.rcgu.o" "/opt/rustwide/target/debug/build/futures-util-bef6ce87770917e7/build_script_build-bef6ce87770917e7.build_script_build.6f4eff04-cgu.3.rcgu.o" "/opt/rustwide/target/debug/build/futures-util-bef6ce87770917e7/build_script_build-bef6ce87770917e7.build_script_build.6f4eff04-cgu.4.rcgu.o" "/opt/rustwide/target/debug/build/futures-util-bef6ce87770917e7/build_script_build-bef6ce87770917e7.build_script_build.6f4eff04-cgu.5.rcgu.o" "/opt/rustwide/target/debug/build/futures-util-bef6ce87770917e7/build_script_build-bef6ce87770917e7.build_script_build.6f4eff04-cgu.6.rcgu.o" "/opt/rustwide/target/debug/build/futures-util-bef6ce87770917e7/build_script_build-bef6ce87770917e7.build_script_build.6f4eff04-cgu.7.rcgu.o" "/opt/rustwide/target/debug/build/futures-util-bef6ce87770917e7/build_script_build-bef6ce87770917e7.build_script_build.6f4eff04-cgu.8.rcgu.o" "/opt/rustwide/target/debug/build/futures-util-bef6ce87770917e7/build_script_build-bef6ce87770917e7.build_script_build.6f4eff04-cgu.9.rcgu.o" "/opt/rustwide/target/debug/build/futures-util-bef6ce87770917e7/build_script_build-bef6ce87770917e7.2thkknggypmi1erv.rcgu.o" "-Wl,--as-needed" "-L" "/opt/rustwide/target/debug/deps" "-L" "/opt/rustwide/rustup-home/toolchains/1.69.0-x86_64-unknown-linux-gnu/lib/rustlib/x86_64-unknown-linux-gnu/lib" "-Wl,-Bstatic" "/opt/rustwide/rustup-home/toolchains/1.69.0-x86_64-unknown-linux-gnu/lib/rustlib/x86_64-unknown-linux-gnu/lib/libstd-89bc084783fdc439.rlib" "/opt/rustwide/rustup-home/toolchains/1.69.0-x86_64-unknown-linux-gnu/lib/rustlib/x86_64-unknown-linux-gnu/lib/libpanic_unwind-8bee4b287d4367c1.rlib" "/opt/rustwide/rustup-home/toolchains/1.69.0-x86_64-unknown-linux-gnu/lib/rustlib/x86_64-unknown-linux-gnu/lib/libobject-d61707aed80694c0.rlib" "/opt/rustwide/rustup-home/toolchains/1.69.0-x86_64-unknown-linux-gnu/lib/rustlib/x86_64-unknown-linux-gnu/lib/libmemchr-d85366256f22345b.rlib" "/opt/rustwide/rustup-home/toolchains/1.69.0-x86_64-unknown-linux-gnu/lib/rustlib/x86_64-unknown-linux-gnu/lib/libaddr2line-96069b86b8a8cae9.rlib" "/opt/rustwide/rustup-home/toolchains/1.69.0-x86_64-unknown-linux-gnu/lib/rustlib/x86_64-unknown-linux-gnu/lib/libgimli-d19d53abf68dfa6c.rlib" "/opt/rustwide/rustup-home/toolchains/1.69.0-x86_64-unknown-linux-gnu/lib/rustlib/x86_64-unknown-linux-gnu/lib/librustc_demangle-787cbccd19d64ac6.rlib" "/opt/rustwide/rustup-home/toolchains/1.69.0-x86_64-unknown-linux-gnu/lib/rustlib/x86_64-unknown-linux-gnu/lib/libstd_detect-b3837a36b830e0d0.rlib" "/opt/rustwide/rustup-home/toolchains/1.69.0-x86_64-unknown-linux-gnu/lib/rustlib/x86_64-unknown-linux-gnu/lib/libhashbrown-e3deb0e7e3f04966.rlib" "/opt/rustwide/rustup-home/toolchains/1.69.0-x86_64-unknown-linux-gnu/lib/rustlib/x86_64-unknown-linux-gnu/lib/libminiz_oxide-dabbb79c9815def4.rlib" "/opt/rustwide/rustup-home/toolchains/1.69.0-x86_64-unknown-linux-gnu/lib/rustlib/x86_64-unknown-linux-gnu/lib/libadler-305b01f34c9409f2.rlib" "/opt/rustwide/rustup-home/toolchains/1.69.0-x86_64-unknown-linux-gnu/lib/rustlib/x86_64-unknown-linux-gnu/lib/librustc_std_workspace_alloc-f833521df6074e73.rlib" "/opt/rustwide/rustup-home/toolchains/1.69.0-x86_64-unknown-linux-gnu/lib/rustlib/x86_64-unknown-linux-gnu/lib/libunwind-9ac333113350d171.rlib" "/opt/rustwide/rustup-home/toolchains/1.69.0-x86_64-unknown-linux-gnu/lib/rustlib/x86_64-unknown-linux-gnu/lib/libcfg_if-1c126114322d0eee.rlib" "/opt/rustwide/rustup-home/toolchains/1.69.0-x86_64-unknown-linux-gnu/lib/rustlib/x86_64-unknown-linux-gnu/lib/liblibc-bad9164fdeeecf92.rlib" "/opt/rustwide/rustup-home/toolchains/1.69.0-x86_64-unknown-linux-gnu/lib/rustlib/x86_64-unknown-linux-gnu/lib/liballoc-f9374b1e480fa681.rlib" "/opt/rustwide/rustup-home/toolchains/1.69.0-x86_64-unknown-linux-gnu/lib/rustlib/x86_64-unknown-linux-gnu/lib/librustc_std_workspace_core-207f06e41d9603af.rlib" "/opt/rustwide/rustup-home/toolchains/1.69.0-x86_64-unknown-linux-gnu/lib/rustlib/x86_64-unknown-linux-gnu/lib/libcore-7e2768e66e984e85.rlib" "/opt/rustwide/rustup-home/toolchains/1.69.0-x86_64-unknown-linux-gnu/lib/rustlib/x86_64-unknown-linux-gnu/lib/libcompiler_builtins-957b4aff41f8cd46.rlib" "-Wl,-Bdynamic" "-lgcc_s" "-lutil" "-lrt" "-lpthread" "-lm" "-ldl" "-lc" "-Wl,--eh-frame-hdr" "-Wl,-z,noexecstack" "-L" "/opt/rustwide/rustup-home/toolchains/1.69.0-x86_64-unknown-linux-gnu/lib/rustlib/x86_64-unknown-linux-gnu/lib" "-o" "/opt/rustwide/target/debug/build/futures-util-bef6ce87770917e7/build_script_build-bef6ce87770917e7" "-Wl,--gc-sections" "-pie" "-Wl,-z,relro,-z,now" "-nodefaultlibs"
[INFO] [stdout]   = note: /usr/bin/ld: final link failed: No space left on device
[INFO] [stdout]           collect2: error: ld returned 1 exit status
[INFO] [stdout]           
[INFO] [stdout] 
[INFO] [stdout] 
[INFO] [stdout] error: aborting due to previous error
[INFO] [stdout] 
[INFO] [stdout] 
[INFO] [stderr] error: could not compile `futures-util` due to 2 previous errors
[INFO] [stderr] error: could not compile `libc` due to 2 previous errors
[INFO] [stderr] LLVM ERROR: IO failure on output stream: No space left on device
[INFO] [stdout] error: linking with `cc` failed: exit status: 1
[INFO] [stdout]   |
[INFO] [stdout]   = note: LC_ALL="C" PATH="/opt/rustwide/rustup-home/toolchains/1.69.0-x86_64-unknown-linux-gnu/lib/rustlib/x86_64-unknown-linux-gnu/bin:/opt/rustwide/cargo-home/bin:/usr/local/sbin:/usr/local/bin:/usr/sbin:/usr/bin:/sbin:/bin" VSLANG="1033" "cc" "-m64" "/tmp/rustc9gwePw/symbols.o" "/opt/rustwide/target/debug/build/proc-macro2-7c706b035adddc42/build_script_build-7c706b035adddc42.build_script_build.ade5be41-cgu.0.rcgu.o" "/opt/rustwide/target/debug/build/proc-macro2-7c706b035adddc42/build_script_build-7c706b035adddc42.build_script_build.ade5be41-cgu.1.rcgu.o" "/opt/rustwide/target/debug/build/proc-macro2-7c706b035adddc42/build_script_build-7c706b035adddc42.build_script_build.ade5be41-cgu.10.rcgu.o" "/opt/rustwide/target/debug/build/proc-macro2-7c706b035adddc42/build_script_build-7c706b035adddc42.build_script_build.ade5be41-cgu.11.rcgu.o" "/opt/rustwide/target/debug/build/proc-macro2-7c706b035adddc42/build_script_build-7c706b035adddc42.build_script_build.ade5be41-cgu.12.rcgu.o" "/opt/rustwide/target/debug/build/proc-macro2-7c706b035adddc42/build_script_build-7c706b035adddc42.build_script_build.ade5be41-cgu.13.rcgu.o" "/opt/rustwide/target/debug/build/proc-macro2-7c706b035adddc42/build_script_build-7c706b035adddc42.build_script_build.ade5be41-cgu.14.rcgu.o" "/opt/rustwide/target/debug/build/proc-macro2-7c706b035adddc42/build_script_build-7c706b035adddc42.build_script_build.ade5be41-cgu.15.rcgu.o" "/opt/rustwide/target/debug/build/proc-macro2-7c706b035adddc42/build_script_build-7c706b035adddc42.build_script_build.ade5be41-cgu.2.rcgu.o" "/opt/rustwide/target/debug/build/proc-macro2-7c706b035adddc42/build_script_build-7c706b035adddc42.build_script_build.ade5be41-cgu.3.rcgu.o" "/opt/rustwide/target/debug/build/proc-macro2-7c706b035adddc42/build_script_build-7c706b035adddc42.build_script_build.ade5be41-cgu.4.rcgu.o" "/opt/rustwide/target/debug/build/proc-macro2-7c706b035adddc42/build_script_build-7c706b035adddc42.build_script_build.ade5be41-cgu.5.rcgu.o" "/opt/rustwide/target/debug/build/proc-macro2-7c706b035adddc42/build_script_build-7c706b035adddc42.build_script_build.ade5be41-cgu.6.rcgu.o" "/opt/rustwide/target/debug/build/proc-macro2-7c706b035adddc42/build_script_build-7c706b035adddc42.build_script_build.ade5be41-cgu.7.rcgu.o" "/opt/rustwide/target/debug/build/proc-macro2-7c706b035adddc42/build_script_build-7c706b035adddc42.build_script_build.ade5be41-cgu.8.rcgu.o" "/opt/rustwide/target/debug/build/proc-macro2-7c706b035adddc42/build_script_build-7c706b035adddc42.build_script_build.ade5be41-cgu.9.rcgu.o" "/opt/rustwide/target/debug/build/proc-macro2-7c706b035adddc42/build_script_build-7c706b035adddc42.1ardtk335xurguuq.rcgu.o" "-Wl,--as-needed" "-L" "/opt/rustwide/target/debug/deps" "-L" "/opt/rustwide/rustup-home/toolchains/1.69.0-x86_64-unknown-linux-gnu/lib/rustlib/x86_64-unknown-linux-gnu/lib" "-Wl,-Bstatic" "/opt/rustwide/rustup-home/toolchains/1.69.0-x86_64-unknown-linux-gnu/lib/rustlib/x86_64-unknown-linux-gnu/lib/libstd-89bc084783fdc439.rlib" "/opt/rustwide/rustup-home/toolchains/1.69.0-x86_64-unknown-linux-gnu/lib/rustlib/x86_64-unknown-linux-gnu/lib/libpanic_unwind-8bee4b287d4367c1.rlib" "/opt/rustwide/rustup-home/toolchains/1.69.0-x86_64-unknown-linux-gnu/lib/rustlib/x86_64-unknown-linux-gnu/lib/libobject-d61707aed80694c0.rlib" "/opt/rustwide/rustup-home/toolchains/1.69.0-x86_64-unknown-linux-gnu/lib/rustlib/x86_64-unknown-linux-gnu/lib/libmemchr-d85366256f22345b.rlib" "/opt/rustwide/rustup-home/toolchains/1.69.0-x86_64-unknown-linux-gnu/lib/rustlib/x86_64-unknown-linux-gnu/lib/libaddr2line-96069b86b8a8cae9.rlib" "/opt/rustwide/rustup-home/toolchains/1.69.0-x86_64-unknown-linux-gnu/lib/rustlib/x86_64-unknown-linux-gnu/lib/libgimli-d19d53abf68dfa6c.rlib" "/opt/rustwide/rustup-home/toolchains/1.69.0-x86_64-unknown-linux-gnu/lib/rustlib/x86_64-unknown-linux-gnu/lib/librustc_demangle-787cbccd19d64ac6.rlib" "/opt/rustwide/rustup-home/toolchains/1.69.0-x86_64-unknown-linux-gnu/lib/rustlib/x86_64-unknown-linux-gnu/lib/libstd_detect-b3837a36b830e0d0.rlib" "/opt/rustwide/rustup-home/toolchains/1.69.0-x86_64-unknown-linux-gnu/lib/rustlib/x86_64-unknown-linux-gnu/lib/libhashbrown-e3deb0e7e3f04966.rlib" "/opt/rustwide/rustup-home/toolchains/1.69.0-x86_64-unknown-linux-gnu/lib/rustlib/x86_64-unknown-linux-gnu/lib/libminiz_oxide-dabbb79c9815def4.rlib" "/opt/rustwide/rustup-home/toolchains/1.69.0-x86_64-unknown-linux-gnu/lib/rustlib/x86_64-unknown-linux-gnu/lib/libadler-305b01f34c9409f2.rlib" "/opt/rustwide/rustup-home/toolchains/1.69.0-x86_64-unknown-linux-gnu/lib/rustlib/x86_64-unknown-linux-gnu/lib/librustc_std_workspace_alloc-f833521df6074e73.rlib" "/opt/rustwide/rustup-home/toolchains/1.69.0-x86_64-unknown-linux-gnu/lib/rustlib/x86_64-unknown-linux-gnu/lib/libunwind-9ac333113350d171.rlib" "/opt/rustwide/rustup-home/toolchains/1.69.0-x86_64-unknown-linux-gnu/lib/rustlib/x86_64-unknown-linux-gnu/lib/libcfg_if-1c126114322d0eee.rlib" "/opt/rustwide/rustup-home/toolchains/1.69.0-x86_64-unknown-linux-gnu/lib/rustlib/x86_64-unknown-linux-gnu/lib/liblibc-bad9164fdeeecf92.rlib" "/opt/rustwide/rustup-home/toolchains/1.69.0-x86_64-unknown-linux-gnu/lib/rustlib/x86_64-unknown-linux-gnu/lib/liballoc-f9374b1e480fa681.rlib" "/opt/rustwide/rustup-home/toolchains/1.69.0-x86_64-unknown-linux-gnu/lib/rustlib/x86_64-unknown-linux-gnu/lib/librustc_std_workspace_core-207f06e41d9603af.rlib" "/opt/rustwide/rustup-home/toolchains/1.69.0-x86_64-unknown-linux-gnu/lib/rustlib/x86_64-unknown-linux-gnu/lib/libcore-7e2768e66e984e85.rlib" "/opt/rustwide/rustup-home/toolchains/1.69.0-x86_64-unknown-linux-gnu/lib/rustlib/x86_64-unknown-linux-gnu/lib/libcompiler_builtins-957b4aff41f8cd46.rlib" "-Wl,-Bdynamic" "-lgcc_s" "-lutil" "-lrt" "-lpthread" "-lm" "-ldl" "-lc" "-Wl,--eh-frame-hdr" "-Wl,-z,noexecstack" "-L" "/opt/rustwide/rustup-home/toolchains/1.69.0-x86_64-unknown-linux-gnu/lib/rustlib/x86_64-unknown-linux-gnu/lib" "-o" "/opt/rustwide/target/debug/build/proc-macro2-7c706b035adddc42/build_script_build-7c706b035adddc42" "-Wl,--gc-sections" "-pie" "-Wl,-z,relro,-z,now" "-nodefaultlibs"
[INFO] [stdout]   = note: /usr/bin/ld: final link failed: No space left on device
[INFO] [stdout]           collect2: error: ld returned 1 exit status
[INFO] [stdout]           
[INFO] [stdout] 
[INFO] [stdout] 
[INFO] [stdout] error: aborting due to previous error
[INFO] [stdout] 
[INFO] [stdout] 
[INFO] [stderr] error: could not compile `pkg-config`
[INFO] [stderr] error: could not compile `proc-macro2` due to 2 previous errors
[INFO] [stdout] error: failed to write /tmp/rustc89H9Tt/lib.rmeta: No space left on device (os error 28)
[INFO] [stdout] 
[INFO] [stdout] 
[INFO] [stderr] error: could not compile `cc` due to previous error
[INFO] running `Command { std: "docker" "inspect" "d90c7457c67a0c33dd61f76fa58bab927943ed2c81c56dcbc3e8b9a8242dfedd", kill_on_drop: false }`
[INFO] running `Command { std: "docker" "rm" "-f" "d90c7457c67a0c33dd61f76fa58bab927943ed2c81c56dcbc3e8b9a8242dfedd", kill_on_drop: false }`
[INFO] [stdout] d90c7457c67a0c33dd61f76fa58bab927943ed2c81c56dcbc3e8b9a8242dfedd
