[INFO] cloning repository https://github.com/leocavalcante/list-load
[INFO] running `Command { std: "git" "-c" "credential.helper=" "-c" "credential.helper=/workspace/cargo-home/bin/git-credential-null" "clone" "--bare" "https://github.com/leocavalcante/list-load" "/workspace/cache/git-repos/https%3A%2F%2Fgithub.com%2Fleocavalcante%2Flist-load", kill_on_drop: false }`
[INFO] [stderr] Cloning into bare repository '/workspace/cache/git-repos/https%3A%2F%2Fgithub.com%2Fleocavalcante%2Flist-load'...
[INFO] [stderr] error: file write error: No space left on device
[INFO] [stderr] fatal: unable to write loose object file
[INFO] [stderr] fatal: unpack-objects failed
[WARN] Retrying crate fetch in 3 seconds (attempt 1)
[INFO] cloning repository https://github.com/leocavalcante/list-load
[INFO] running `Command { std: "git" "-c" "credential.helper=" "-c" "credential.helper=/workspace/cargo-home/bin/git-credential-null" "clone" "--bare" "https://github.com/leocavalcante/list-load" "/workspace/cache/git-repos/https%3A%2F%2Fgithub.com%2Fleocavalcante%2Flist-load", kill_on_drop: false }`
[INFO] [stderr] Cloning into bare repository '/workspace/cache/git-repos/https%3A%2F%2Fgithub.com%2Fleocavalcante%2Flist-load'...
[INFO] [stderr] error: unable to create temporary file: No space left on device
[INFO] [stderr] fatal: failed to write object
[INFO] [stderr] fatal: unpack-objects failed
[WARN] Retrying crate fetch in 3 seconds (attempt 2)
[INFO] cloning repository https://github.com/leocavalcante/list-load
[INFO] running `Command { std: "git" "-c" "credential.helper=" "-c" "credential.helper=/workspace/cargo-home/bin/git-credential-null" "clone" "--bare" "https://github.com/leocavalcante/list-load" "/workspace/cache/git-repos/https%3A%2F%2Fgithub.com%2Fleocavalcante%2Flist-load", kill_on_drop: false }`
[INFO] [stderr] Cloning into bare repository '/workspace/cache/git-repos/https%3A%2F%2Fgithub.com%2Fleocavalcante%2Flist-load'...
[INFO] [stderr] error: file write error: No space left on device
[INFO] [stderr] fatal: unable to write loose object file
[INFO] [stderr] fatal: unpack-objects failed
[WARN] Retrying crate fetch in 3 seconds (attempt 3)
[INFO] cloning repository https://github.com/leocavalcante/list-load
[INFO] running `Command { std: "git" "-c" "credential.helper=" "-c" "credential.helper=/workspace/cargo-home/bin/git-credential-null" "clone" "--bare" "https://github.com/leocavalcante/list-load" "/workspace/cache/git-repos/https%3A%2F%2Fgithub.com%2Fleocavalcante%2Flist-load", kill_on_drop: false }`
[INFO] [stderr] Cloning into bare repository '/workspace/cache/git-repos/https%3A%2F%2Fgithub.com%2Fleocavalcante%2Flist-load'...
[INFO] [stderr] error: file write error: No space left on device
[INFO] [stderr] fatal: unable to write loose object file
[INFO] [stderr] fatal: unpack-objects failed
[WARN] Retrying crate fetch in 3 seconds (attempt 4)
[INFO] cloning repository https://github.com/leocavalcante/list-load
[INFO] running `Command { std: "git" "-c" "credential.helper=" "-c" "credential.helper=/workspace/cargo-home/bin/git-credential-null" "clone" "--bare" "https://github.com/leocavalcante/list-load" "/workspace/cache/git-repos/https%3A%2F%2Fgithub.com%2Fleocavalcante%2Flist-load", kill_on_drop: false }`
[INFO] [stderr] Cloning into bare repository '/workspace/cache/git-repos/https%3A%2F%2Fgithub.com%2Fleocavalcante%2Flist-load'...
[INFO] [stderr] /workspace/cache/git-repos/https%3A%2F%2Fgithub.com%2Fleocavalcante%2Flist-load: No space left on device
[WARN] Retrying crate fetch in 3 seconds (attempt 5)
[INFO] cloning repository https://github.com/leocavalcante/list-load
[INFO] running `Command { std: "git" "-c" "credential.helper=" "-c" "credential.helper=/workspace/cargo-home/bin/git-credential-null" "clone" "--bare" "https://github.com/leocavalcante/list-load" "/workspace/cache/git-repos/https%3A%2F%2Fgithub.com%2Fleocavalcante%2Flist-load", kill_on_drop: false }`
[INFO] [stderr] Cloning into bare repository '/workspace/cache/git-repos/https%3A%2F%2Fgithub.com%2Fleocavalcante%2Flist-load'...
[INFO] [stderr] /workspace/cache/git-repos/https%3A%2F%2Fgithub.com%2Fleocavalcante%2Flist-load: No space left on device
[WARN] Retrying crate fetch in 3 seconds (attempt 6)
[INFO] cloning repository https://github.com/leocavalcante/list-load
[INFO] running `Command { std: "git" "-c" "credential.helper=" "-c" "credential.helper=/workspace/cargo-home/bin/git-credential-null" "clone" "--bare" "https://github.com/leocavalcante/list-load" "/workspace/cache/git-repos/https%3A%2F%2Fgithub.com%2Fleocavalcante%2Flist-load", kill_on_drop: false }`
[INFO] [stderr] Cloning into bare repository '/workspace/cache/git-repos/https%3A%2F%2Fgithub.com%2Fleocavalcante%2Flist-load'...
[INFO] [stderr] /workspace/cache/git-repos/https%3A%2F%2Fgithub.com%2Fleocavalcante%2Flist-load: No space left on device
[WARN] Retrying crate fetch in 3 seconds (attempt 7)
[INFO] cloning repository https://github.com/leocavalcante/list-load
[INFO] running `Command { std: "git" "-c" "credential.helper=" "-c" "credential.helper=/workspace/cargo-home/bin/git-credential-null" "clone" "--bare" "https://github.com/leocavalcante/list-load" "/workspace/cache/git-repos/https%3A%2F%2Fgithub.com%2Fleocavalcante%2Flist-load", kill_on_drop: false }`
[INFO] [stderr] Cloning into bare repository '/workspace/cache/git-repos/https%3A%2F%2Fgithub.com%2Fleocavalcante%2Flist-load'...
[INFO] [stderr] /workspace/cache/git-repos/https%3A%2F%2Fgithub.com%2Fleocavalcante%2Flist-load: No space left on device
[WARN] Retrying crate fetch in 3 seconds (attempt 8)
[INFO] cloning repository https://github.com/leocavalcante/list-load
[INFO] running `Command { std: "git" "-c" "credential.helper=" "-c" "credential.helper=/workspace/cargo-home/bin/git-credential-null" "clone" "--bare" "https://github.com/leocavalcante/list-load" "/workspace/cache/git-repos/https%3A%2F%2Fgithub.com%2Fleocavalcante%2Flist-load", kill_on_drop: false }`
[INFO] [stderr] Cloning into bare repository '/workspace/cache/git-repos/https%3A%2F%2Fgithub.com%2Fleocavalcante%2Flist-load'...
[INFO] [stderr] /workspace/cache/git-repos/https%3A%2F%2Fgithub.com%2Fleocavalcante%2Flist-load: No space left on device
[WARN] Retrying crate fetch in 3 seconds (attempt 9)
[INFO] cloning repository https://github.com/leocavalcante/list-load
[INFO] running `Command { std: "git" "-c" "credential.helper=" "-c" "credential.helper=/workspace/cargo-home/bin/git-credential-null" "clone" "--bare" "https://github.com/leocavalcante/list-load" "/workspace/cache/git-repos/https%3A%2F%2Fgithub.com%2Fleocavalcante%2Flist-load", kill_on_drop: false }`
[INFO] [stderr] Cloning into bare repository '/workspace/cache/git-repos/https%3A%2F%2Fgithub.com%2Fleocavalcante%2Flist-load'...
[INFO] [stderr] /workspace/cache/git-repos/https%3A%2F%2Fgithub.com%2Fleocavalcante%2Flist-load: No space left on device
[WARN] Retrying crate fetch in 3 seconds (attempt 10)
[INFO] cloning repository https://github.com/leocavalcante/list-load
[INFO] running `Command { std: "git" "-c" "credential.helper=" "-c" "credential.helper=/workspace/cargo-home/bin/git-credential-null" "clone" "--bare" "https://github.com/leocavalcante/list-load" "/workspace/cache/git-repos/https%3A%2F%2Fgithub.com%2Fleocavalcante%2Flist-load", kill_on_drop: false }`
[INFO] [stderr] Cloning into bare repository '/workspace/cache/git-repos/https%3A%2F%2Fgithub.com%2Fleocavalcante%2Flist-load'...
[INFO] running `Command { std: "git" "rev-parse" "HEAD", kill_on_drop: false }`
[INFO] [stdout] efc32eb8b47c0d8aa7dda92718dafbe44e83f297
[INFO] documenting leocavalcante/list-load against 1.69.0 for beta-1.70-rustdoc-1
[INFO] running `Command { std: "git" "clone" "/workspace/cache/git-repos/https%3A%2F%2Fgithub.com%2Fleocavalcante%2Flist-load" "/workspace/builds/worker-2-tc1/source", kill_on_drop: false }`
[INFO] [stderr] Cloning into '/workspace/builds/worker-2-tc1/source'...
[INFO] [stderr] done.
[INFO] validating manifest of git repo https://github.com/leocavalcante/list-load on toolchain 1.69.0
[INFO] running `Command { std: CARGO_HOME="/workspace/cargo-home" RUSTUP_HOME="/workspace/rustup-home" "/workspace/cargo-home/bin/cargo" "+1.69.0" "metadata" "--manifest-path" "Cargo.toml" "--no-deps", kill_on_drop: false }`
[INFO] started tweaking git repo https://github.com/leocavalcante/list-load
[INFO] finished tweaking git repo https://github.com/leocavalcante/list-load
[INFO] tweaked toml for git repo https://github.com/leocavalcante/list-load written to /workspace/builds/worker-2-tc1/source/Cargo.toml
[INFO] crate git repo https://github.com/leocavalcante/list-load already has a lockfile, it will not be regenerated
[INFO] running `Command { std: CARGO_HOME="/workspace/cargo-home" RUSTUP_HOME="/workspace/rustup-home" "/workspace/cargo-home/bin/cargo" "+1.69.0" "fetch" "--manifest-path" "Cargo.toml", kill_on_drop: false }`
[INFO] [stderr]  Downloading crates ...
[INFO] [stderr]   Downloaded ahash v0.3.2
[INFO] [stderr]   Downloaded thiserror v1.0.13
[INFO] [stderr]   Downloaded serde-xml-rs v0.4.0
[INFO] [stderr]   Downloaded thiserror-impl v1.0.13
[INFO] [stderr]   Downloaded h2 v0.2.3
[INFO] [stderr]   Downloaded rust-ini v0.15.2
[INFO] [stderr]   Downloaded dlv-list v0.2.2
[INFO] [stderr]   Downloaded hashbrown v0.7.1
[INFO] [stderr]   Downloaded ordered-multimap v0.2.4
[INFO] [stderr]   Downloaded simpl v0.1.0-alpha.1
[INFO] [stderr]   Downloaded rust-s3 v0.19.0
[INFO] running `Command { std: "docker" "create" "-v" "/var/lib/crater-agent-workspace/builds/worker-2-tc1/target:/opt/rustwide/target:rw,Z" "-v" "/var/lib/crater-agent-workspace/builds/worker-2-tc1/source:/opt/rustwide/workdir:ro,Z" "-v" "/var/lib/crater-agent-workspace/cargo-home:/opt/rustwide/cargo-home:ro,Z" "-v" "/var/lib/crater-agent-workspace/rustup-home:/opt/rustwide/rustup-home:ro,Z" "-e" "SOURCE_DIR=/opt/rustwide/workdir" "-e" "CARGO_TARGET_DIR=/opt/rustwide/target" "-e" "CARGO_HOME=/opt/rustwide/cargo-home" "-e" "RUSTUP_HOME=/opt/rustwide/rustup-home" "-w" "/opt/rustwide/workdir" "-m" "1610612736" "--user" "0:0" "--network" "none" "ghcr.io/rust-lang/crates-build-env/linux@sha256:5ff2268d62e97bff2cde7d5815dd6ed5b47097566f13b8d0ca110b04b60e07ed" "/opt/rustwide/cargo-home/bin/cargo" "+1.69.0" "metadata" "--no-deps" "--format-version=1", kill_on_drop: false }`
[INFO] [stdout] 8fdfc72566cc69848ec368f8d6e0090659f2b93924928ba7dbce3488a7968cfa
[INFO] running `Command { std: "docker" "start" "-a" "8fdfc72566cc69848ec368f8d6e0090659f2b93924928ba7dbce3488a7968cfa", kill_on_drop: false }`
[INFO] running `Command { std: "docker" "inspect" "8fdfc72566cc69848ec368f8d6e0090659f2b93924928ba7dbce3488a7968cfa", kill_on_drop: false }`
[INFO] running `Command { std: "docker" "rm" "-f" "8fdfc72566cc69848ec368f8d6e0090659f2b93924928ba7dbce3488a7968cfa", kill_on_drop: false }`
[INFO] [stdout] 8fdfc72566cc69848ec368f8d6e0090659f2b93924928ba7dbce3488a7968cfa
[INFO] running `Command { std: "docker" "create" "-v" "/var/lib/crater-agent-workspace/builds/worker-2-tc1/target:/opt/rustwide/target:rw,Z" "-v" "/var/lib/crater-agent-workspace/builds/worker-2-tc1/source:/opt/rustwide/workdir:ro,Z" "-v" "/var/lib/crater-agent-workspace/cargo-home:/opt/rustwide/cargo-home:ro,Z" "-v" "/var/lib/crater-agent-workspace/rustup-home:/opt/rustwide/rustup-home:ro,Z" "-e" "SOURCE_DIR=/opt/rustwide/workdir" "-e" "CARGO_TARGET_DIR=/opt/rustwide/target" "-e" "CARGO_INCREMENTAL=0" "-e" "RUST_BACKTRACE=full" "-e" "RUSTFLAGS=--cap-lints=warn" "-e" "RUSTDOCFLAGS=--cap-lints=warn" "-e" "CARGO_HOME=/opt/rustwide/cargo-home" "-e" "RUSTUP_HOME=/opt/rustwide/rustup-home" "-w" "/opt/rustwide/workdir" "-m" "1610612736" "--user" "0:0" "--network" "none" "ghcr.io/rust-lang/crates-build-env/linux@sha256:5ff2268d62e97bff2cde7d5815dd6ed5b47097566f13b8d0ca110b04b60e07ed" "/opt/rustwide/cargo-home/bin/cargo" "+1.69.0" "doc" "--frozen" "--no-deps" "--document-private-items" "--message-format=json", kill_on_drop: false }`
[INFO] [stdout] f9b719bd94da0da3c2611cf42bc4dd8c898a90bd09c6a8bc0a14d97c8ada6bd0
[INFO] running `Command { std: "docker" "start" "-a" "f9b719bd94da0da3c2611cf42bc4dd8c898a90bd09c6a8bc0a14d97c8ada6bd0", kill_on_drop: false }`
[INFO] [stderr]    Compiling libc v0.2.67
[INFO] [stderr]    Compiling proc-macro2 v1.0.9
[INFO] [stderr]    Compiling unicode-xid v0.2.0
[INFO] [stderr]    Compiling syn v1.0.16
[INFO] [stderr]    Compiling autocfg v1.0.0
[INFO] [stderr]     Checking cfg-if v0.1.10
[INFO] [stderr]    Compiling log v0.4.8
[INFO] [stderr]    Compiling memchr v2.3.3
[INFO] [stderr]    Compiling getrandom v0.1.14
[INFO] [stderr]     Checking slab v0.4.2
[INFO] [stderr]     Checking futures-core v0.3.4
[INFO] [stderr]     Checking lazy_static v1.4.0
[INFO] [stderr]    Compiling pkg-config v0.3.17
[INFO] [stderr]    Compiling cc v1.0.50
[INFO] [stderr]     Checking bytes v0.5.4
[INFO] [stderr]    Compiling proc-macro-nested v0.1.3
[INFO] [stderr]     Checking fnv v1.0.6
[INFO] [stderr]     Checking futures-sink v0.3.4
[INFO] [stderr]    Compiling typenum v1.11.2
[INFO] [stderr]     Checking arc-swap v0.4.4
[INFO] [stderr]    Compiling version_check v0.9.1
[INFO] [stderr]     Checking itoa v0.4.5
[INFO] [stderr]     Checking futures-channel v0.3.4
[INFO] [stderr]     Checking futures-task v0.3.4
[INFO] [stderr]    Compiling bitflags v1.2.1
[INFO] [stderr]     Checking pin-project-lite v0.1.4
[INFO] [stderr]     Checking futures-io v0.3.4
[INFO] [stderr]     Checking pin-utils v0.1.0-alpha.4
[INFO] [stderr]    Compiling indexmap v1.3.2
[INFO] [stderr]    Compiling serde v1.0.104
[INFO] [stderr]    Compiling openssl v0.10.28
[INFO] [stderr]     Checking ppv-lite86 v0.2.6
[INFO] [stderr]     Checking foreign-types-shared v0.1.1
[INFO] [stderr]     Checking http v0.2.0
[INFO] [stderr]     Checking smallvec v1.2.0
[INFO] [stderr]    Compiling unicase v2.6.0
[INFO] [stderr]    Compiling native-tls v0.2.3
[INFO] [stderr]     Checking foreign-types v0.3.2
[INFO] [stderr]    Compiling httparse v1.3.4
[INFO] [stderr]     Checking matches v0.1.8
[INFO] [stderr] LLVM ERROR: IO failure on output stream: No space left on device
[INFO] [stderr] LLVM ERROR: IO failure on output stream: No space left on device
[INFO] [stderr] error: could not compile `serde`
[INFO] [stderr] warning: build failed, waiting for other jobs to finish...
[INFO] [stderr] error: could not compile `native-tls`
[INFO] [stdout] error: linking with `cc` failed: exit status: 1
[INFO] [stdout]   |
[INFO] [stdout]   = note: LC_ALL="C" PATH="/opt/rustwide/rustup-home/toolchains/1.69.0-x86_64-unknown-linux-gnu/lib/rustlib/x86_64-unknown-linux-gnu/bin:/opt/rustwide/cargo-home/bin:/usr/local/sbin:/usr/local/bin:/usr/sbin:/usr/bin:/sbin:/bin" VSLANG="1033" "cc" "-m64" "/tmp/rustcuK0Jlu/symbols.o" "/opt/rustwide/target/debug/build/bitflags-dd524883b75aa422/build_script_build-dd524883b75aa422.build_script_build.734da6b5-cgu.0.rcgu.o" "/opt/rustwide/target/debug/build/bitflags-dd524883b75aa422/build_script_build-dd524883b75aa422.build_script_build.734da6b5-cgu.1.rcgu.o" "/opt/rustwide/target/debug/build/bitflags-dd524883b75aa422/build_script_build-dd524883b75aa422.build_script_build.734da6b5-cgu.10.rcgu.o" "/opt/rustwide/target/debug/build/bitflags-dd524883b75aa422/build_script_build-dd524883b75aa422.build_script_build.734da6b5-cgu.11.rcgu.o" "/opt/rustwide/target/debug/build/bitflags-dd524883b75aa422/build_script_build-dd524883b75aa422.build_script_build.734da6b5-cgu.12.rcgu.o" "/opt/rustwide/target/debug/build/bitflags-dd524883b75aa422/build_script_build-dd524883b75aa422.build_script_build.734da6b5-cgu.13.rcgu.o" "/opt/rustwide/target/debug/build/bitflags-dd524883b75aa422/build_script_build-dd524883b75aa422.build_script_build.734da6b5-cgu.14.rcgu.o" "/opt/rustwide/target/debug/build/bitflags-dd524883b75aa422/build_script_build-dd524883b75aa422.build_script_build.734da6b5-cgu.15.rcgu.o" "/opt/rustwide/target/debug/build/bitflags-dd524883b75aa422/build_script_build-dd524883b75aa422.build_script_build.734da6b5-cgu.2.rcgu.o" "/opt/rustwide/target/debug/build/bitflags-dd524883b75aa422/build_script_build-dd524883b75aa422.build_script_build.734da6b5-cgu.3.rcgu.o" "/opt/rustwide/target/debug/build/bitflags-dd524883b75aa422/build_script_build-dd524883b75aa422.build_script_build.734da6b5-cgu.4.rcgu.o" "/opt/rustwide/target/debug/build/bitflags-dd524883b75aa422/build_script_build-dd524883b75aa422.build_script_build.734da6b5-cgu.5.rcgu.o" "/opt/rustwide/target/debug/build/bitflags-dd524883b75aa422/build_script_build-dd524883b75aa422.build_script_build.734da6b5-cgu.6.rcgu.o" "/opt/rustwide/target/debug/build/bitflags-dd524883b75aa422/build_script_build-dd524883b75aa422.build_script_build.734da6b5-cgu.7.rcgu.o" "/opt/rustwide/target/debug/build/bitflags-dd524883b75aa422/build_script_build-dd524883b75aa422.build_script_build.734da6b5-cgu.8.rcgu.o" "/opt/rustwide/target/debug/build/bitflags-dd524883b75aa422/build_script_build-dd524883b75aa422.build_script_build.734da6b5-cgu.9.rcgu.o" "/opt/rustwide/target/debug/build/bitflags-dd524883b75aa422/build_script_build-dd524883b75aa422.135vj3djft1tiw7n.rcgu.o" "-Wl,--as-needed" "-L" "/opt/rustwide/target/debug/deps" "-L" "/opt/rustwide/rustup-home/toolchains/1.69.0-x86_64-unknown-linux-gnu/lib/rustlib/x86_64-unknown-linux-gnu/lib" "-Wl,-Bstatic" "/opt/rustwide/rustup-home/toolchains/1.69.0-x86_64-unknown-linux-gnu/lib/rustlib/x86_64-unknown-linux-gnu/lib/libstd-89bc084783fdc439.rlib" "/opt/rustwide/rustup-home/toolchains/1.69.0-x86_64-unknown-linux-gnu/lib/rustlib/x86_64-unknown-linux-gnu/lib/libpanic_unwind-8bee4b287d4367c1.rlib" "/opt/rustwide/rustup-home/toolchains/1.69.0-x86_64-unknown-linux-gnu/lib/rustlib/x86_64-unknown-linux-gnu/lib/libobject-d61707aed80694c0.rlib" "/opt/rustwide/rustup-home/toolchains/1.69.0-x86_64-unknown-linux-gnu/lib/rustlib/x86_64-unknown-linux-gnu/lib/libmemchr-d85366256f22345b.rlib" "/opt/rustwide/rustup-home/toolchains/1.69.0-x86_64-unknown-linux-gnu/lib/rustlib/x86_64-unknown-linux-gnu/lib/libaddr2line-96069b86b8a8cae9.rlib" "/opt/rustwide/rustup-home/toolchains/1.69.0-x86_64-unknown-linux-gnu/lib/rustlib/x86_64-unknown-linux-gnu/lib/libgimli-d19d53abf68dfa6c.rlib" "/opt/rustwide/rustup-home/toolchains/1.69.0-x86_64-unknown-linux-gnu/lib/rustlib/x86_64-unknown-linux-gnu/lib/librustc_demangle-787cbccd19d64ac6.rlib" "/opt/rustwide/rustup-home/toolchains/1.69.0-x86_64-unknown-linux-gnu/lib/rustlib/x86_64-unknown-linux-gnu/lib/libstd_detect-b3837a36b830e0d0.rlib" "/opt/rustwide/rustup-home/toolchains/1.69.0-x86_64-unknown-linux-gnu/lib/rustlib/x86_64-unknown-linux-gnu/lib/libhashbrown-e3deb0e7e3f04966.rlib" "/opt/rustwide/rustup-home/toolchains/1.69.0-x86_64-unknown-linux-gnu/lib/rustlib/x86_64-unknown-linux-gnu/lib/libminiz_oxide-dabbb79c9815def4.rlib" "/opt/rustwide/rustup-home/toolchains/1.69.0-x86_64-unknown-linux-gnu/lib/rustlib/x86_64-unknown-linux-gnu/lib/libadler-305b01f34c9409f2.rlib" "/opt/rustwide/rustup-home/toolchains/1.69.0-x86_64-unknown-linux-gnu/lib/rustlib/x86_64-unknown-linux-gnu/lib/librustc_std_workspace_alloc-f833521df6074e73.rlib" "/opt/rustwide/rustup-home/toolchains/1.69.0-x86_64-unknown-linux-gnu/lib/rustlib/x86_64-unknown-linux-gnu/lib/libunwind-9ac333113350d171.rlib" "/opt/rustwide/rustup-home/toolchains/1.69.0-x86_64-unknown-linux-gnu/lib/rustlib/x86_64-unknown-linux-gnu/lib/libcfg_if-1c126114322d0eee.rlib" "/opt/rustwide/rustup-home/toolchains/1.69.0-x86_64-unknown-linux-gnu/lib/rustlib/x86_64-unknown-linux-gnu/lib/liblibc-bad9164fdeeecf92.rlib" "/opt/rustwide/rustup-home/toolchains/1.69.0-x86_64-unknown-linux-gnu/lib/rustlib/x86_64-unknown-linux-gnu/lib/liballoc-f9374b1e480fa681.rlib" "/opt/rustwide/rustup-home/toolchains/1.69.0-x86_64-unknown-linux-gnu/lib/rustlib/x86_64-unknown-linux-gnu/lib/librustc_std_workspace_core-207f06e41d9603af.rlib" "/opt/rustwide/rustup-home/toolchains/1.69.0-x86_64-unknown-linux-gnu/lib/rustlib/x86_64-unknown-linux-gnu/lib/libcore-7e2768e66e984e85.rlib" "/opt/rustwide/rustup-home/toolchains/1.69.0-x86_64-unknown-linux-gnu/lib/rustlib/x86_64-unknown-linux-gnu/lib/libcompiler_builtins-957b4aff41f8cd46.rlib" "-Wl,-Bdynamic" "-lgcc_s" "-lutil" "-lrt" "-lpthread" "-lm" "-ldl" "-lc" "-Wl,--eh-frame-hdr" "-Wl,-z,noexecstack" "-L" "/opt/rustwide/rustup-home/toolchains/1.69.0-x86_64-unknown-linux-gnu/lib/rustlib/x86_64-unknown-linux-gnu/lib" "-o" "/opt/rustwide/target/debug/build/bitflags-dd524883b75aa422/build_script_build-dd524883b75aa422" "-Wl,--gc-sections" "-pie" "-Wl,-z,relro,-z,now" "-nodefaultlibs"
[INFO] [stdout]   = note: /usr/bin/ld: final link failed: No space left on device
[INFO] [stdout]           collect2: error: ld returned 1 exit status
[INFO] [stdout]           
[INFO] [stdout] 
[INFO] [stdout] 
[INFO] [stdout] error: aborting due to previous error
[INFO] [stdout] 
[INFO] [stdout] 
[INFO] [stderr] error: could not compile `bitflags` due to 2 previous errors
[INFO] [stderr] error: failed to run custom build command for `typenum v1.11.2`
[INFO] [stderr] note: To improve backtraces for build dependencies, set the CARGO_PROFILE_DEV_BUILD_OVERRIDE_DEBUG=true environment variable to enable debug information generation.
[INFO] [stderr] 
[INFO] [stderr] Caused by:
[INFO] [stderr]   process didn't exit successfully: `/opt/rustwide/target/debug/build/typenum-beaaff633c1245c7/build-script-main` (exit status: 101)
[INFO] [stderr]   --- stdout
[INFO] [stderr]   cargo:rustc-env=TYPENUM_BUILD_OP=/opt/rustwide/target/debug/build/typenum-eb3418b4af4df590/out/consts.rs
[INFO] [stderr] 
[INFO] [stderr]   --- stderr
[INFO] [stderr]   thread 'main' panicked at 'called `Result::unwrap()` on an `Err` value: Os { code: 28, kind: StorageFull, message: "No space left on device" }', /opt/rustwide/cargo-home/registry/src/github.com-1ecc6299db9ec823/typenum-1.11.2/build/main.rs:169:63
[INFO] [stderr]   stack backtrace:
[INFO] [stderr]      0:     0x55582952e51a - std::backtrace_rs::backtrace::libunwind::trace::ha9053a9a07ca49cb
[INFO] [stderr]                                  at /rustc/84c898d65adf2f39a5a98507f1fe0ce10a2b8dbc/library/std/src/../../backtrace/src/backtrace/libunwind.rs:93:5
[INFO] [stderr]      1:     0x55582952e51a - std::backtrace_rs::backtrace::trace_unsynchronized::h9c2852a457ad564e
[INFO] [stderr]                                  at /rustc/84c898d65adf2f39a5a98507f1fe0ce10a2b8dbc/library/std/src/../../backtrace/src/backtrace/mod.rs:66:5
[INFO] [stderr]      2:     0x55582952e51a - std::sys_common::backtrace::_print_fmt::h457936fbfaa0070f
[INFO] [stderr]                                  at /rustc/84c898d65adf2f39a5a98507f1fe0ce10a2b8dbc/library/std/src/sys_common/backtrace.rs:65:5
[INFO] [stderr]      3:     0x55582952e51a - <std::sys_common::backtrace::_print::DisplayBacktrace as core::fmt::Display>::fmt::h5779d7bf7f70cb0c
[INFO] [stderr]                                  at /rustc/84c898d65adf2f39a5a98507f1fe0ce10a2b8dbc/library/std/src/sys_common/backtrace.rs:44:22
[INFO] [stderr]      4:     0x55582954880e - core::fmt::write::h5a4baaff1bcd3eb5
[INFO] [stderr]                                  at /rustc/84c898d65adf2f39a5a98507f1fe0ce10a2b8dbc/library/core/src/fmt/mod.rs:1232:17
[INFO] [stderr]      5:     0x55582952c405 - std::io::Write::write_fmt::h4bc1f301cb9e9cce
[INFO] [stderr]                                  at /rustc/84c898d65adf2f39a5a98507f1fe0ce10a2b8dbc/library/std/src/io/mod.rs:1684:15
[INFO] [stderr]      6:     0x55582952e2e5 - std::sys_common::backtrace::_print::h5fcdc36060f177e8
[INFO] [stderr]                                  at /rustc/84c898d65adf2f39a5a98507f1fe0ce10a2b8dbc/library/std/src/sys_common/backtrace.rs:47:5
[INFO] [stderr]      7:     0x55582952e2e5 - std::sys_common::backtrace::print::h54ca9458b876c8bf
[INFO] [stderr]                                  at /rustc/84c898d65adf2f39a5a98507f1fe0ce10a2b8dbc/library/std/src/sys_common/backtrace.rs:34:9
[INFO] [stderr]      8:     0x55582952f93f - std::panicking::default_hook::{{closure}}::hbe471161c7664ed6
[INFO] [stderr]                                  at /rustc/84c898d65adf2f39a5a98507f1fe0ce10a2b8dbc/library/std/src/panicking.rs:271:22
[INFO] [stderr]      9:     0x55582952f67b - std::panicking::default_hook::ha3500da57aa4ac4f
[INFO] [stderr]                                  at /rustc/84c898d65adf2f39a5a98507f1fe0ce10a2b8dbc/library/std/src/panicking.rs:290:9
[INFO] [stderr]     10:     0x55582952fee8 - std::panicking::rust_panic_with_hook::h50c09d000dc561d2
[INFO] [stderr]                                  at /rustc/84c898d65adf2f39a5a98507f1fe0ce10a2b8dbc/library/std/src/panicking.rs:692:13
[INFO] [stderr]     11:     0x55582952fde9 - std::panicking::begin_panic_handler::{{closure}}::h9e2b2176e00e0d9c
[INFO] [stderr]                                  at /rustc/84c898d65adf2f39a5a98507f1fe0ce10a2b8dbc/library/std/src/panicking.rs:583:13
[INFO] [stderr]     12:     0x55582952e986 - std::sys_common::backtrace::__rust_end_short_backtrace::h5739b8e512c09d02
[INFO] [stderr]                                  at /rustc/84c898d65adf2f39a5a98507f1fe0ce10a2b8dbc/library/std/src/sys_common/backtrace.rs:150:18
[INFO] [stderr]     13:     0x55582952faf2 - rust_begin_unwind
[INFO] [stderr]                                  at /rustc/84c898d65adf2f39a5a98507f1fe0ce10a2b8dbc/library/std/src/panicking.rs:579:5
[INFO] [stderr]     14:     0x5558295092d3 - core::panicking::panic_fmt::hf33a1475b4dc5c3e
[INFO] [stderr]                                  at /rustc/84c898d65adf2f39a5a98507f1fe0ce10a2b8dbc/library/core/src/panicking.rs:64:14
[INFO] [stderr]     15:     0x5558295096c3 - core::result::unwrap_failed::hdff5465d74574b44
[INFO] [stderr]                                  at /rustc/84c898d65adf2f39a5a98507f1fe0ce10a2b8dbc/library/core/src/result.rs:1750:5
[INFO] [stderr]     16:     0x55582950d21b - core::result::Result<T,E>::unwrap::h35b7deeed9d6a34e
[INFO] [stderr]     17:     0x5558295150ff - build_script_main::main::h8926daee0494195c
[INFO] [stderr]     18:     0x55582950d813 - core::ops::function::FnOnce::call_once::h6a0aa90fa195ae0b
[INFO] [stderr]     19:     0x55582950bb39 - std::sys_common::backtrace::__rust_begin_short_backtrace::hf4807ea6b23645bd
[INFO] [stderr]     20:     0x555829514109 - std::rt::lang_start::{{closure}}::hbb8ad616359d4d4b
[INFO] [stderr]     21:     0x55582952996c - core::ops::function::impls::<impl core::ops::function::FnOnce<A> for &F>::call_once::hd6efcd3bec896f2c
[INFO] [stderr]                                  at /rustc/84c898d65adf2f39a5a98507f1fe0ce10a2b8dbc/library/core/src/ops/function.rs:287:13
[INFO] [stderr]     22:     0x55582952996c - std::panicking::try::do_call::hce04e543bb1f4cbb
[INFO] [stderr]                                  at /rustc/84c898d65adf2f39a5a98507f1fe0ce10a2b8dbc/library/std/src/panicking.rs:487:40
[INFO] [stderr]     23:     0x55582952996c - std::panicking::try::h3342dd4e1f680968
[INFO] [stderr]                                  at /rustc/84c898d65adf2f39a5a98507f1fe0ce10a2b8dbc/library/std/src/panicking.rs:451:19
[INFO] [stderr]     24:     0x55582952996c - std::panic::catch_unwind::h148ce1e59ac0cee7
[INFO] [stderr]                                  at /rustc/84c898d65adf2f39a5a98507f1fe0ce10a2b8dbc/library/std/src/panic.rs:140:14
[INFO] [stderr]     25:     0x55582952996c - std::rt::lang_start_internal::{{closure}}::h25f9dda2057a67fe
[INFO] [stderr]                                  at /rustc/84c898d65adf2f39a5a98507f1fe0ce10a2b8dbc/library/std/src/rt.rs:148:48
[INFO] [stderr]     26:     0x55582952996c - std::panicking::try::do_call::h7caaaeaf9401650b
[INFO] [stderr]                                  at /rustc/84c898d65adf2f39a5a98507f1fe0ce10a2b8dbc/library/std/src/panicking.rs:487:40
[INFO] [stderr]     27:     0x55582952996c - std::panicking::try::he7d15285746cbbc2
[INFO] [stderr]                                  at /rustc/84c898d65adf2f39a5a98507f1fe0ce10a2b8dbc/library/std/src/panicking.rs:451:19
[INFO] [stderr]     28:     0x55582952996c - std::panic::catch_unwind::h89fb4f50c0301fe0
[INFO] [stderr]                                  at /rustc/84c898d65adf2f39a5a98507f1fe0ce10a2b8dbc/library/std/src/panic.rs:140:14
[INFO] [stderr]     29:     0x55582952996c - std::rt::lang_start_internal::h078acd489417d3c1
[INFO] [stderr]                                  at /rustc/84c898d65adf2f39a5a98507f1fe0ce10a2b8dbc/library/std/src/rt.rs:148:20
[INFO] [stderr]     30:     0x5558295140e7 - std::rt::lang_start::h216fc916638b3bb6
[INFO] [stderr]     31:     0x5558295155c5 - main
[INFO] [stderr]     32:     0x7f00b8051d90 - <unknown>
[INFO] [stderr]     33:     0x7f00b8051e40 - __libc_start_main
[INFO] [stderr]     34:     0x555829509805 - _start
[INFO] [stderr]     35:                0x0 - <unknown>
[INFO] [stdout] error: linking with `cc` failed: exit status: 1
[INFO] [stdout]   |
[INFO] [stdout]   = note: LC_ALL="C" PATH="/opt/rustwide/rustup-home/toolchains/1.69.0-x86_64-unknown-linux-gnu/lib/rustlib/x86_64-unknown-linux-gnu/bin:/opt/rustwide/cargo-home/bin:/usr/local/sbin:/usr/local/bin:/usr/sbin:/usr/bin:/sbin:/bin" VSLANG="1033" "cc" "-m64" "/tmp/rustcgIRNYe/symbols.o" "/opt/rustwide/target/debug/build/openssl-2e4bec1dc7a7d53e/build_script_build-2e4bec1dc7a7d53e.build_script_build.a47e5b8f-cgu.0.rcgu.o" "/opt/rustwide/target/debug/build/openssl-2e4bec1dc7a7d53e/build_script_build-2e4bec1dc7a7d53e.build_script_build.a47e5b8f-cgu.1.rcgu.o" "/opt/rustwide/target/debug/build/openssl-2e4bec1dc7a7d53e/build_script_build-2e4bec1dc7a7d53e.build_script_build.a47e5b8f-cgu.10.rcgu.o" "/opt/rustwide/target/debug/build/openssl-2e4bec1dc7a7d53e/build_script_build-2e4bec1dc7a7d53e.build_script_build.a47e5b8f-cgu.11.rcgu.o" "/opt/rustwide/target/debug/build/openssl-2e4bec1dc7a7d53e/build_script_build-2e4bec1dc7a7d53e.build_script_build.a47e5b8f-cgu.12.rcgu.o" "/opt/rustwide/target/debug/build/openssl-2e4bec1dc7a7d53e/build_script_build-2e4bec1dc7a7d53e.build_script_build.a47e5b8f-cgu.13.rcgu.o" "/opt/rustwide/target/debug/build/openssl-2e4bec1dc7a7d53e/build_script_build-2e4bec1dc7a7d53e.build_script_build.a47e5b8f-cgu.14.rcgu.o" "/opt/rustwide/target/debug/build/openssl-2e4bec1dc7a7d53e/build_script_build-2e4bec1dc7a7d53e.build_script_build.a47e5b8f-cgu.15.rcgu.o" "/opt/rustwide/target/debug/build/openssl-2e4bec1dc7a7d53e/build_script_build-2e4bec1dc7a7d53e.build_script_build.a47e5b8f-cgu.2.rcgu.o" "/opt/rustwide/target/debug/build/openssl-2e4bec1dc7a7d53e/build_script_build-2e4bec1dc7a7d53e.build_script_build.a47e5b8f-cgu.3.rcgu.o" "/opt/rustwide/target/debug/build/openssl-2e4bec1dc7a7d53e/build_script_build-2e4bec1dc7a7d53e.build_script_build.a47e5b8f-cgu.4.rcgu.o" "/opt/rustwide/target/debug/build/openssl-2e4bec1dc7a7d53e/build_script_build-2e4bec1dc7a7d53e.build_script_build.a47e5b8f-cgu.5.rcgu.o" "/opt/rustwide/target/debug/build/openssl-2e4bec1dc7a7d53e/build_script_build-2e4bec1dc7a7d53e.build_script_build.a47e5b8f-cgu.6.rcgu.o" "/opt/rustwide/target/debug/build/openssl-2e4bec1dc7a7d53e/build_script_build-2e4bec1dc7a7d53e.build_script_build.a47e5b8f-cgu.7.rcgu.o" "/opt/rustwide/target/debug/build/openssl-2e4bec1dc7a7d53e/build_script_build-2e4bec1dc7a7d53e.build_script_build.a47e5b8f-cgu.8.rcgu.o" "/opt/rustwide/target/debug/build/openssl-2e4bec1dc7a7d53e/build_script_build-2e4bec1dc7a7d53e.build_script_build.a47e5b8f-cgu.9.rcgu.o" "/opt/rustwide/target/debug/build/openssl-2e4bec1dc7a7d53e/build_script_build-2e4bec1dc7a7d53e.4vguk7r8vg79p7q4.rcgu.o" "-Wl,--as-needed" "-L" "/opt/rustwide/target/debug/deps" "-L" "/opt/rustwide/rustup-home/toolchains/1.69.0-x86_64-unknown-linux-gnu/lib/rustlib/x86_64-unknown-linux-gnu/lib" "-Wl,-Bstatic" "/opt/rustwide/rustup-home/toolchains/1.69.0-x86_64-unknown-linux-gnu/lib/rustlib/x86_64-unknown-linux-gnu/lib/libstd-89bc084783fdc439.rlib" "/opt/rustwide/rustup-home/toolchains/1.69.0-x86_64-unknown-linux-gnu/lib/rustlib/x86_64-unknown-linux-gnu/lib/libpanic_unwind-8bee4b287d4367c1.rlib" "/opt/rustwide/rustup-home/toolchains/1.69.0-x86_64-unknown-linux-gnu/lib/rustlib/x86_64-unknown-linux-gnu/lib/libobject-d61707aed80694c0.rlib" "/opt/rustwide/rustup-home/toolchains/1.69.0-x86_64-unknown-linux-gnu/lib/rustlib/x86_64-unknown-linux-gnu/lib/libmemchr-d85366256f22345b.rlib" "/opt/rustwide/rustup-home/toolchains/1.69.0-x86_64-unknown-linux-gnu/lib/rustlib/x86_64-unknown-linux-gnu/lib/libaddr2line-96069b86b8a8cae9.rlib" "/opt/rustwide/rustup-home/toolchains/1.69.0-x86_64-unknown-linux-gnu/lib/rustlib/x86_64-unknown-linux-gnu/lib/libgimli-d19d53abf68dfa6c.rlib" "/opt/rustwide/rustup-home/toolchains/1.69.0-x86_64-unknown-linux-gnu/lib/rustlib/x86_64-unknown-linux-gnu/lib/librustc_demangle-787cbccd19d64ac6.rlib" "/opt/rustwide/rustup-home/toolchains/1.69.0-x86_64-unknown-linux-gnu/lib/rustlib/x86_64-unknown-linux-gnu/lib/libstd_detect-b3837a36b830e0d0.rlib" "/opt/rustwide/rustup-home/toolchains/1.69.0-x86_64-unknown-linux-gnu/lib/rustlib/x86_64-unknown-linux-gnu/lib/libhashbrown-e3deb0e7e3f04966.rlib" "/opt/rustwide/rustup-home/toolchains/1.69.0-x86_64-unknown-linux-gnu/lib/rustlib/x86_64-unknown-linux-gnu/lib/libminiz_oxide-dabbb79c9815def4.rlib" "/opt/rustwide/rustup-home/toolchains/1.69.0-x86_64-unknown-linux-gnu/lib/rustlib/x86_64-unknown-linux-gnu/lib/libadler-305b01f34c9409f2.rlib" "/opt/rustwide/rustup-home/toolchains/1.69.0-x86_64-unknown-linux-gnu/lib/rustlib/x86_64-unknown-linux-gnu/lib/librustc_std_workspace_alloc-f833521df6074e73.rlib" "/opt/rustwide/rustup-home/toolchains/1.69.0-x86_64-unknown-linux-gnu/lib/rustlib/x86_64-unknown-linux-gnu/lib/libunwind-9ac333113350d171.rlib" "/opt/rustwide/rustup-home/toolchains/1.69.0-x86_64-unknown-linux-gnu/lib/rustlib/x86_64-unknown-linux-gnu/lib/libcfg_if-1c126114322d0eee.rlib" "/opt/rustwide/rustup-home/toolchains/1.69.0-x86_64-unknown-linux-gnu/lib/rustlib/x86_64-unknown-linux-gnu/lib/liblibc-bad9164fdeeecf92.rlib" "/opt/rustwide/rustup-home/toolchains/1.69.0-x86_64-unknown-linux-gnu/lib/rustlib/x86_64-unknown-linux-gnu/lib/liballoc-f9374b1e480fa681.rlib" "/opt/rustwide/rustup-home/toolchains/1.69.0-x86_64-unknown-linux-gnu/lib/rustlib/x86_64-unknown-linux-gnu/lib/librustc_std_workspace_core-207f06e41d9603af.rlib" "/opt/rustwide/rustup-home/toolchains/1.69.0-x86_64-unknown-linux-gnu/lib/rustlib/x86_64-unknown-linux-gnu/lib/libcore-7e2768e66e984e85.rlib" "/opt/rustwide/rustup-home/toolchains/1.69.0-x86_64-unknown-linux-gnu/lib/rustlib/x86_64-unknown-linux-gnu/lib/libcompiler_builtins-957b4aff41f8cd46.rlib" "-Wl,-Bdynamic" "-lgcc_s" "-lutil" "-lrt" "-lpthread" "-lm" "-ldl" "-lc" "-Wl,--eh-frame-hdr" "-Wl,-z,noexecstack" "-L" "/opt/rustwide/rustup-home/toolchains/1.69.0-x86_64-unknown-linux-gnu/lib/rustlib/x86_64-unknown-linux-gnu/lib" "-o" "/opt/rustwide/target/debug/build/openssl-2e4bec1dc7a7d53e/build_script_build-2e4bec1dc7a7d53e" "-Wl,--gc-sections" "-pie" "-Wl,-z,relro,-z,now" "-nodefaultlibs"
[INFO] [stdout]   = note: /usr/bin/ld: final link failed: No space left on device
[INFO] [stdout]           collect2: error: ld returned 1 exit status
[INFO] [stdout]           
[INFO] [stdout] 
[INFO] [stdout] 
[INFO] [stdout] error: linking with `cc` failed: exit status: 1
[INFO] [stdout]   |
[INFO] [stdout]   = note: LC_ALL="C" PATH="/opt/rustwide/rustup-home/toolchains/1.69.0-x86_64-unknown-linux-gnu/lib/rustlib/x86_64-unknown-linux-gnu/bin:/opt/rustwide/cargo-home/bin:/usr/local/sbin:/usr/local/bin:/usr/sbin:/usr/bin:/sbin:/bin" VSLANG="1033" "cc" "-m64" "/tmp/rustcMnNW35/symbols.o" "/opt/rustwide/target/debug/build/unicase-238e98c684814b47/build_script_build-238e98c684814b47.build_script_build.90416a0d-cgu.0.rcgu.o" "/opt/rustwide/target/debug/build/unicase-238e98c684814b47/build_script_build-238e98c684814b47.build_script_build.90416a0d-cgu.1.rcgu.o" "/opt/rustwide/target/debug/build/unicase-238e98c684814b47/build_script_build-238e98c684814b47.build_script_build.90416a0d-cgu.2.rcgu.o" "/opt/rustwide/target/debug/build/unicase-238e98c684814b47/build_script_build-238e98c684814b47.build_script_build.90416a0d-cgu.3.rcgu.o" "/opt/rustwide/target/debug/build/unicase-238e98c684814b47/build_script_build-238e98c684814b47.build_script_build.90416a0d-cgu.4.rcgu.o" "/opt/rustwide/target/debug/build/unicase-238e98c684814b47/build_script_build-238e98c684814b47.build_script_build.90416a0d-cgu.5.rcgu.o" "/opt/rustwide/target/debug/build/unicase-238e98c684814b47/build_script_build-238e98c684814b47.1ez50hzbzefheaov.rcgu.o" "-Wl,--as-needed" "-L" "/opt/rustwide/target/debug/deps" "-L" "/opt/rustwide/rustup-home/toolchains/1.69.0-x86_64-unknown-linux-gnu/lib/rustlib/x86_64-unknown-linux-gnu/lib" "-Wl,-Bstatic" "/opt/rustwide/target/debug/deps/libversion_check-fb3827cec94f33d8.rlib" "/opt/rustwide/rustup-home/toolchains/1.69.0-x86_64-unknown-linux-gnu/lib/rustlib/x86_64-unknown-linux-gnu/lib/libstd-89bc084783fdc439.rlib" "/opt/rustwide/rustup-home/toolchains/1.69.0-x86_64-unknown-linux-gnu/lib/rustlib/x86_64-unknown-linux-gnu/lib/libpanic_unwind-8bee4b287d4367c1.rlib" "/opt/rustwide/rustup-home/toolchains/1.69.0-x86_64-unknown-linux-gnu/lib/rustlib/x86_64-unknown-linux-gnu/lib/libobject-d61707aed80694c0.rlib" "/opt/rustwide/rustup-home/toolchains/1.69.0-x86_64-unknown-linux-gnu/lib/rustlib/x86_64-unknown-linux-gnu/lib/libmemchr-d85366256f22345b.rlib" "/opt/rustwide/rustup-home/toolchains/1.69.0-x86_64-unknown-linux-gnu/lib/rustlib/x86_64-unknown-linux-gnu/lib/libaddr2line-96069b86b8a8cae9.rlib" "/opt/rustwide/rustup-home/toolchains/1.69.0-x86_64-unknown-linux-gnu/lib/rustlib/x86_64-unknown-linux-gnu/lib/libgimli-d19d53abf68dfa6c.rlib" "/opt/rustwide/rustup-home/toolchains/1.69.0-x86_64-unknown-linux-gnu/lib/rustlib/x86_64-unknown-linux-gnu/lib/librustc_demangle-787cbccd19d64ac6.rlib" "/opt/rustwide/rustup-home/toolchains/1.69.0-x86_64-unknown-linux-gnu/lib/rustlib/x86_64-unknown-linux-gnu/lib/libstd_detect-b3837a36b830e0d0.rlib" "/opt/rustwide/rustup-home/toolchains/1.69.0-x86_64-unknown-linux-gnu/lib/rustlib/x86_64-unknown-linux-gnu/lib/libhashbrown-e3deb0e7e3f04966.rlib" "/opt/rustwide/rustup-home/toolchains/1.69.0-x86_64-unknown-linux-gnu/lib/rustlib/x86_64-unknown-linux-gnu/lib/libminiz_oxide-dabbb79c9815def4.rlib" "/opt/rustwide/rustup-home/toolchains/1.69.0-x86_64-unknown-linux-gnu/lib/rustlib/x86_64-unknown-linux-gnu/lib/libadler-305b01f34c9409f2.rlib" "/opt/rustwide/rustup-home/toolchains/1.69.0-x86_64-unknown-linux-gnu/lib/rustlib/x86_64-unknown-linux-gnu/lib/librustc_std_workspace_alloc-f833521df6074e73.rlib" "/opt/rustwide/rustup-home/toolchains/1.69.0-x86_64-unknown-linux-gnu/lib/rustlib/x86_64-unknown-linux-gnu/lib/libunwind-9ac333113350d171.rlib" "/opt/rustwide/rustup-home/toolchains/1.69.0-x86_64-unknown-linux-gnu/lib/rustlib/x86_64-unknown-linux-gnu/lib/libcfg_if-1c126114322d0eee.rlib" "/opt/rustwide/rustup-home/toolchains/1.69.0-x86_64-unknown-linux-gnu/lib/rustlib/x86_64-unknown-linux-gnu/lib/liblibc-bad9164fdeeecf92.rlib" "/opt/rustwide/rustup-home/toolchains/1.69.0-x86_64-unknown-linux-gnu/lib/rustlib/x86_64-unknown-linux-gnu/lib/liballoc-f9374b1e480fa681.rlib" "/opt/rustwide/rustup-home/toolchains/1.69.0-x86_64-unknown-linux-gnu/lib/rustlib/x86_64-unknown-linux-gnu/lib/librustc_std_workspace_core-207f06e41d9603af.rlib" "/opt/rustwide/rustup-home/toolchains/1.69.0-x86_64-unknown-linux-gnu/lib/rustlib/x86_64-unknown-linux-gnu/lib/libcore-7e2768e66e984e85.rlib" "/opt/rustwide/rustup-home/toolchains/1.69.0-x86_64-unknown-linux-gnu/lib/rustlib/x86_64-unknown-linux-gnu/lib/libcompiler_builtins-957b4aff41f8cd46.rlib" "-Wl,-Bdynamic" "-lgcc_s" "-lutil" "-lrt" "-lpthread" "-lm" "-ldl" "-lc" "-Wl,--eh-frame-hdr" "-Wl,-z,noexecstack" "-L" "/opt/rustwide/rustup-home/toolchains/1.69.0-x86_64-unknown-linux-gnu/lib/rustlib/x86_64-unknown-linux-gnu/lib" "-o" "/opt/rustwide/target/debug/build/unicase-238e98c684814b47/build_script_build-238e98c684814b47" "-Wl,--gc-sections" "-pie" "-Wl,-z,relro,-z,now" "-nodefaultlibs"
[INFO] [stdout]   = note: /usr/bin/ld: final link failed: No space left on device
[INFO] [stdout]           collect2: error: ld returned 1 exit status
[INFO] [stdout]           
[INFO] [stdout] 
[INFO] [stdout] 
[INFO] [stdout] error: aborting due to previous error
[INFO] [stdout] 
[INFO] [stdout] 
[INFO] [stdout] error: aborting due to previous error
[INFO] [stdout] 
[INFO] [stdout] 
[INFO] [stderr] error: could not compile `unicase` due to 2 previous errors
[INFO] [stderr] error: could not compile `openssl` due to 2 previous errors
[INFO] [stdout] error: linking with `cc` failed: exit status: 1
[INFO] [stdout]   |
[INFO] [stdout]   = note: LC_ALL="C" PATH="/opt/rustwide/rustup-home/toolchains/1.69.0-x86_64-unknown-linux-gnu/lib/rustlib/x86_64-unknown-linux-gnu/bin:/opt/rustwide/cargo-home/bin:/usr/local/sbin:/usr/local/bin:/usr/sbin:/usr/bin:/sbin:/bin" VSLANG="1033" "cc" "-m64" "/tmp/rustcd6ieuU/symbols.o" "/opt/rustwide/target/debug/build/httparse-2521025273c9c549/build_script_build-2521025273c9c549.build_script_build.12eac927-cgu.0.rcgu.o" "/opt/rustwide/target/debug/build/httparse-2521025273c9c549/build_script_build-2521025273c9c549.build_script_build.12eac927-cgu.1.rcgu.o" "/opt/rustwide/target/debug/build/httparse-2521025273c9c549/build_script_build-2521025273c9c549.build_script_build.12eac927-cgu.10.rcgu.o" "/opt/rustwide/target/debug/build/httparse-2521025273c9c549/build_script_build-2521025273c9c549.build_script_build.12eac927-cgu.11.rcgu.o" "/opt/rustwide/target/debug/build/httparse-2521025273c9c549/build_script_build-2521025273c9c549.build_script_build.12eac927-cgu.12.rcgu.o" "/opt/rustwide/target/debug/build/httparse-2521025273c9c549/build_script_build-2521025273c9c549.build_script_build.12eac927-cgu.13.rcgu.o" "/opt/rustwide/target/debug/build/httparse-2521025273c9c549/build_script_build-2521025273c9c549.build_script_build.12eac927-cgu.14.rcgu.o" "/opt/rustwide/target/debug/build/httparse-2521025273c9c549/build_script_build-2521025273c9c549.build_script_build.12eac927-cgu.15.rcgu.o" "/opt/rustwide/target/debug/build/httparse-2521025273c9c549/build_script_build-2521025273c9c549.build_script_build.12eac927-cgu.2.rcgu.o" "/opt/rustwide/target/debug/build/httparse-2521025273c9c549/build_script_build-2521025273c9c549.build_script_build.12eac927-cgu.3.rcgu.o" "/opt/rustwide/target/debug/build/httparse-2521025273c9c549/build_script_build-2521025273c9c549.build_script_build.12eac927-cgu.4.rcgu.o" "/opt/rustwide/target/debug/build/httparse-2521025273c9c549/build_script_build-2521025273c9c549.build_script_build.12eac927-cgu.5.rcgu.o" "/opt/rustwide/target/debug/build/httparse-2521025273c9c549/build_script_build-2521025273c9c549.build_script_build.12eac927-cgu.6.rcgu.o" "/opt/rustwide/target/debug/build/httparse-2521025273c9c549/build_script_build-2521025273c9c549.build_script_build.12eac927-cgu.7.rcgu.o" "/opt/rustwide/target/debug/build/httparse-2521025273c9c549/build_script_build-2521025273c9c549.build_script_build.12eac927-cgu.8.rcgu.o" "/opt/rustwide/target/debug/build/httparse-2521025273c9c549/build_script_build-2521025273c9c549.build_script_build.12eac927-cgu.9.rcgu.o" "/opt/rustwide/target/debug/build/httparse-2521025273c9c549/build_script_build-2521025273c9c549.1eeh3tfpbvt07vx0.rcgu.o" "-Wl,--as-needed" "-L" "/opt/rustwide/target/debug/deps" "-L" "/opt/rustwide/rustup-home/toolchains/1.69.0-x86_64-unknown-linux-gnu/lib/rustlib/x86_64-unknown-linux-gnu/lib" "-Wl,-Bstatic" "/opt/rustwide/rustup-home/toolchains/1.69.0-x86_64-unknown-linux-gnu/lib/rustlib/x86_64-unknown-linux-gnu/lib/libstd-89bc084783fdc439.rlib" "/opt/rustwide/rustup-home/toolchains/1.69.0-x86_64-unknown-linux-gnu/lib/rustlib/x86_64-unknown-linux-gnu/lib/libpanic_unwind-8bee4b287d4367c1.rlib" "/opt/rustwide/rustup-home/toolchains/1.69.0-x86_64-unknown-linux-gnu/lib/rustlib/x86_64-unknown-linux-gnu/lib/libobject-d61707aed80694c0.rlib" "/opt/rustwide/rustup-home/toolchains/1.69.0-x86_64-unknown-linux-gnu/lib/rustlib/x86_64-unknown-linux-gnu/lib/libmemchr-d85366256f22345b.rlib" "/opt/rustwide/rustup-home/toolchains/1.69.0-x86_64-unknown-linux-gnu/lib/rustlib/x86_64-unknown-linux-gnu/lib/libaddr2line-96069b86b8a8cae9.rlib" "/opt/rustwide/rustup-home/toolchains/1.69.0-x86_64-unknown-linux-gnu/lib/rustlib/x86_64-unknown-linux-gnu/lib/libgimli-d19d53abf68dfa6c.rlib" "/opt/rustwide/rustup-home/toolchains/1.69.0-x86_64-unknown-linux-gnu/lib/rustlib/x86_64-unknown-linux-gnu/lib/librustc_demangle-787cbccd19d64ac6.rlib" "/opt/rustwide/rustup-home/toolchains/1.69.0-x86_64-unknown-linux-gnu/lib/rustlib/x86_64-unknown-linux-gnu/lib/libstd_detect-b3837a36b830e0d0.rlib" "/opt/rustwide/rustup-home/toolchains/1.69.0-x86_64-unknown-linux-gnu/lib/rustlib/x86_64-unknown-linux-gnu/lib/libhashbrown-e3deb0e7e3f04966.rlib" "/opt/rustwide/rustup-home/toolchains/1.69.0-x86_64-unknown-linux-gnu/lib/rustlib/x86_64-unknown-linux-gnu/lib/libminiz_oxide-dabbb79c9815def4.rlib" "/opt/rustwide/rustup-home/toolchains/1.69.0-x86_64-unknown-linux-gnu/lib/rustlib/x86_64-unknown-linux-gnu/lib/libadler-305b01f34c9409f2.rlib" "/opt/rustwide/rustup-home/toolchains/1.69.0-x86_64-unknown-linux-gnu/lib/rustlib/x86_64-unknown-linux-gnu/lib/librustc_std_workspace_alloc-f833521df6074e73.rlib" "/opt/rustwide/rustup-home/toolchains/1.69.0-x86_64-unknown-linux-gnu/lib/rustlib/x86_64-unknown-linux-gnu/lib/libunwind-9ac333113350d171.rlib" "/opt/rustwide/rustup-home/toolchains/1.69.0-x86_64-unknown-linux-gnu/lib/rustlib/x86_64-unknown-linux-gnu/lib/libcfg_if-1c126114322d0eee.rlib" "/opt/rustwide/rustup-home/toolchains/1.69.0-x86_64-unknown-linux-gnu/lib/rustlib/x86_64-unknown-linux-gnu/lib/liblibc-bad9164fdeeecf92.rlib" "/opt/rustwide/rustup-home/toolchains/1.69.0-x86_64-unknown-linux-gnu/lib/rustlib/x86_64-unknown-linux-gnu/lib/liballoc-f9374b1e480fa681.rlib" "/opt/rustwide/rustup-home/toolchains/1.69.0-x86_64-unknown-linux-gnu/lib/rustlib/x86_64-unknown-linux-gnu/lib/librustc_std_workspace_core-207f06e41d9603af.rlib" "/opt/rustwide/rustup-home/toolchains/1.69.0-x86_64-unknown-linux-gnu/lib/rustlib/x86_64-unknown-linux-gnu/lib/libcore-7e2768e66e984e85.rlib" "/opt/rustwide/rustup-home/toolchains/1.69.0-x86_64-unknown-linux-gnu/lib/rustlib/x86_64-unknown-linux-gnu/lib/libcompiler_builtins-957b4aff41f8cd46.rlib" "-Wl,-Bdynamic" "-lgcc_s" "-lutil" "-lrt" "-lpthread" "-lm" "-ldl" "-lc" "-Wl,--eh-frame-hdr" "-Wl,-z,noexecstack" "-L" "/opt/rustwide/rustup-home/toolchains/1.69.0-x86_64-unknown-linux-gnu/lib/rustlib/x86_64-unknown-linux-gnu/lib" "-o" "/opt/rustwide/target/debug/build/httparse-2521025273c9c549/build_script_build-2521025273c9c549" "-Wl,--gc-sections" "-pie" "-Wl,-z,relro,-z,now" "-nodefaultlibs"
[INFO] [stdout]   = note: /usr/bin/ld: final link failed: No space left on device
[INFO] [stdout]           collect2: error: ld returned 1 exit status
[INFO] [stdout]           
[INFO] [stdout] 
[INFO] [stdout] 
[INFO] [stdout] error: aborting due to previous error
[INFO] [stdout] 
[INFO] [stdout] 
[INFO] [stderr] error: could not compile `httparse` due to 2 previous errors
[INFO] [stderr] thread 'rustc' panicked at 'assertion failed: pos.get() <= self.position()', compiler/rustc_metadata/src/rmeta/encoder.rs:435:9
[INFO] [stderr] thread 'rustc' panicked at 'assertion failed: pos.get() <= self.position()', compiler/rustc_metadata/src/rmeta/encoder.rs:435:9
[INFO] [stdout] error: couldn't create a temp dir: No space left on device (os error 28) at path "/opt/rustwide/target/debug/deps/rmetaOFUfvR"
[INFO] [stdout] 
[INFO] [stdout] 
[INFO] [stdout] error: aborting due to previous error
[INFO] [stdout] 
[INFO] [stdout] 
[INFO] [stderr] error: could not compile `libc` due to 2 previous errors
[INFO] [stderr] error: could not compile `proc-macro2`
[INFO] [stderr] error: could not compile `libc`
[INFO] running `Command { std: "docker" "inspect" "f9b719bd94da0da3c2611cf42bc4dd8c898a90bd09c6a8bc0a14d97c8ada6bd0", kill_on_drop: false }`
[INFO] running `Command { std: "docker" "rm" "-f" "f9b719bd94da0da3c2611cf42bc4dd8c898a90bd09c6a8bc0a14d97c8ada6bd0", kill_on_drop: false }`
[INFO] [stdout] f9b719bd94da0da3c2611cf42bc4dd8c898a90bd09c6a8bc0a14d97c8ada6bd0
