[INFO] cloning repository https://github.com/lemoce/tirinha
[INFO] running `Command { std: "git" "-c" "credential.helper=" "-c" "credential.helper=/workspace/cargo-home/bin/git-credential-null" "clone" "--bare" "https://github.com/lemoce/tirinha" "/workspace/cache/git-repos/https%3A%2F%2Fgithub.com%2Flemoce%2Ftirinha", kill_on_drop: false }`
[INFO] [stderr] Cloning into bare repository '/workspace/cache/git-repos/https%3A%2F%2Fgithub.com%2Flemoce%2Ftirinha'...
[INFO] running `Command { std: "git" "rev-parse" "HEAD", kill_on_drop: false }`
[INFO] [stdout] 76ebc8ced8e3eee350b778519e828da44812aa3a
[INFO] documenting lemoce/tirinha against 1.69.0 for beta-1.70-rustdoc-1
[INFO] running `Command { std: "git" "clone" "/workspace/cache/git-repos/https%3A%2F%2Fgithub.com%2Flemoce%2Ftirinha" "/workspace/builds/worker-0-tc1/source", kill_on_drop: false }`
[INFO] [stderr] Cloning into '/workspace/builds/worker-0-tc1/source'...
[INFO] [stderr] done.
[INFO] validating manifest of git repo https://github.com/lemoce/tirinha on toolchain 1.69.0
[INFO] running `Command { std: CARGO_HOME="/workspace/cargo-home" RUSTUP_HOME="/workspace/rustup-home" "/workspace/cargo-home/bin/cargo" "+1.69.0" "metadata" "--manifest-path" "Cargo.toml" "--no-deps", kill_on_drop: false }`
[INFO] started tweaking git repo https://github.com/lemoce/tirinha
[INFO] finished tweaking git repo https://github.com/lemoce/tirinha
[INFO] tweaked toml for git repo https://github.com/lemoce/tirinha written to /workspace/builds/worker-0-tc1/source/Cargo.toml
[INFO] crate git repo https://github.com/lemoce/tirinha already has a lockfile, it will not be regenerated
[INFO] running `Command { std: CARGO_HOME="/workspace/cargo-home" RUSTUP_HOME="/workspace/rustup-home" "/workspace/cargo-home/bin/cargo" "+1.69.0" "fetch" "--manifest-path" "Cargo.toml", kill_on_drop: false }`
[INFO] [stderr]  Downloading crates ...
[INFO] [stderr]   Downloaded tempfile v3.0.6
[INFO] [stderr]   Downloaded encoding_rs v0.8.16
[INFO] running `Command { std: "docker" "create" "-v" "/var/lib/crater-agent-workspace/builds/worker-0-tc1/target:/opt/rustwide/target:rw,Z" "-v" "/var/lib/crater-agent-workspace/builds/worker-0-tc1/source:/opt/rustwide/workdir:ro,Z" "-v" "/var/lib/crater-agent-workspace/cargo-home:/opt/rustwide/cargo-home:ro,Z" "-v" "/var/lib/crater-agent-workspace/rustup-home:/opt/rustwide/rustup-home:ro,Z" "-e" "SOURCE_DIR=/opt/rustwide/workdir" "-e" "CARGO_TARGET_DIR=/opt/rustwide/target" "-e" "CARGO_HOME=/opt/rustwide/cargo-home" "-e" "RUSTUP_HOME=/opt/rustwide/rustup-home" "-w" "/opt/rustwide/workdir" "-m" "1610612736" "--user" "0:0" "--network" "none" "ghcr.io/rust-lang/crates-build-env/linux@sha256:5ff2268d62e97bff2cde7d5815dd6ed5b47097566f13b8d0ca110b04b60e07ed" "/opt/rustwide/cargo-home/bin/cargo" "+1.69.0" "metadata" "--no-deps" "--format-version=1", kill_on_drop: false }`
[INFO] [stdout] 12e8d28c1eb4fbe2fe769312b84d152308e6853319632c9048ca24ed43344831
[INFO] running `Command { std: "docker" "start" "-a" "12e8d28c1eb4fbe2fe769312b84d152308e6853319632c9048ca24ed43344831", kill_on_drop: false }`
[INFO] running `Command { std: "docker" "inspect" "12e8d28c1eb4fbe2fe769312b84d152308e6853319632c9048ca24ed43344831", kill_on_drop: false }`
[INFO] running `Command { std: "docker" "rm" "-f" "12e8d28c1eb4fbe2fe769312b84d152308e6853319632c9048ca24ed43344831", kill_on_drop: false }`
[INFO] [stdout] 12e8d28c1eb4fbe2fe769312b84d152308e6853319632c9048ca24ed43344831
[INFO] running `Command { std: "docker" "create" "-v" "/var/lib/crater-agent-workspace/builds/worker-0-tc1/target:/opt/rustwide/target:rw,Z" "-v" "/var/lib/crater-agent-workspace/builds/worker-0-tc1/source:/opt/rustwide/workdir:ro,Z" "-v" "/var/lib/crater-agent-workspace/cargo-home:/opt/rustwide/cargo-home:ro,Z" "-v" "/var/lib/crater-agent-workspace/rustup-home:/opt/rustwide/rustup-home:ro,Z" "-e" "SOURCE_DIR=/opt/rustwide/workdir" "-e" "CARGO_TARGET_DIR=/opt/rustwide/target" "-e" "CARGO_INCREMENTAL=0" "-e" "RUST_BACKTRACE=full" "-e" "RUSTFLAGS=--cap-lints=warn" "-e" "RUSTDOCFLAGS=--cap-lints=warn" "-e" "CARGO_HOME=/opt/rustwide/cargo-home" "-e" "RUSTUP_HOME=/opt/rustwide/rustup-home" "-w" "/opt/rustwide/workdir" "-m" "1610612736" "--user" "0:0" "--network" "none" "ghcr.io/rust-lang/crates-build-env/linux@sha256:5ff2268d62e97bff2cde7d5815dd6ed5b47097566f13b8d0ca110b04b60e07ed" "/opt/rustwide/cargo-home/bin/cargo" "+1.69.0" "doc" "--frozen" "--no-deps" "--document-private-items" "--message-format=json", kill_on_drop: false }`
[INFO] [stdout] bdecae86904b0ccfa5fb795f722eb8b6bd605eb1b27ab63c997080b4ad1ee676
[INFO] running `Command { std: "docker" "start" "-a" "bdecae86904b0ccfa5fb795f722eb8b6bd605eb1b27ab63c997080b4ad1ee676", kill_on_drop: false }`
[INFO] [stderr]    Compiling libc v0.2.48
[INFO] [stderr]    Compiling semver-parser v0.7.0
[INFO] [stderr]    Compiling autocfg v0.1.2
[INFO] [stderr]     Checking cfg-if v0.1.6
[INFO] [stderr]     Checking void v1.0.2
[INFO] [stderr]    Compiling version_check v0.1.5
[INFO] [stderr]    Compiling rand_core v0.4.0
[INFO] [stderr]     Checking lazy_static v1.2.0
[INFO] [stderr]    Compiling siphasher v0.2.3
[INFO] [stderr]     Checking futures v0.1.25
[INFO] [stderr]    Compiling byteorder v1.3.1
[INFO] [stderr]    Compiling proc-macro2 v0.4.27
[INFO] [stderr]     Checking scopeguard v0.3.3
[INFO] [stderr]    Compiling unicode-xid v0.1.0
[INFO] [stderr]     Checking stable_deref_trait v1.1.1
[INFO] [stderr]     Checking log v0.4.6
[INFO] [stderr]     Checking unreachable v1.0.0
[INFO] [stderr]     Checking crossbeam-utils v0.6.5
[INFO] [stderr]     Checking slab v0.4.2
[INFO] [stderr]     Checking smallvec v0.6.8
[INFO] [stderr]     Checking owning_ref v0.4.0
[INFO] [stderr]     Checking rand_core v0.3.1
[INFO] [stderr]    Compiling semver v0.9.0
[INFO] [stderr]    Compiling rand_jitter v0.1.3
[INFO] [stderr]    Compiling arrayvec v0.4.10
[INFO] [stderr]     Checking rand_isaac v0.1.1
[INFO] [stderr]    Compiling rand_xorshift v0.1.1
[INFO] [stderr]    Compiling rand_chacha v0.1.1
[INFO] [stderr]    Compiling rand v0.6.5
[INFO] [stderr]    Compiling unicase v1.4.2
[INFO] [stderr]    Compiling rand_hc v0.1.0
[INFO] [stderr] error: could not parse/generate dep info at: /opt/rustwide/target/debug/deps/rand_jitter-3f3009dbc59730d9.d
[INFO] [stderr] 
[INFO] [stderr] Caused by:
[INFO] [stderr]   failed to write `/opt/rustwide/target/debug/.fingerprint/rand_jitter-3f3009dbc59730d9/dep-lib-rand_jitter`
[INFO] [stderr] 
[INFO] [stderr] Caused by:
[INFO] [stderr]   No space left on device (os error 28)
[INFO] [stderr] warning: build failed, waiting for other jobs to finish...
[INFO] [stderr] LLVM ERROR: IO failure on output stream: No space left on device
[INFO] [stderr] LLVM ERROR: IO failure on output stream: No space left on device
[INFO] [stdout] error: couldn't create a temp dir: No space left on device (os error 28) at path "/opt/rustwide/target/debug/build/rand_chacha-945bf6063eaadc7f/rmetaLg5qBQ"
[INFO] [stdout] 
[INFO] [stdout] 
[INFO] [stdout] error: aborting due to previous error
[INFO] [stdout] 
[INFO] [stdout] 
[INFO] [stderr] error: could not compile `arrayvec`
[INFO] [stderr] error: could not compile `semver-parser`
[INFO] [stderr] error: could not compile `rand_chacha` due to 2 previous errors
[INFO] [stdout] error: linking with `cc` failed: exit status: 1
[INFO] [stdout]   |
[INFO] [stdout]   = note: LC_ALL="C" PATH="/opt/rustwide/rustup-home/toolchains/1.69.0-x86_64-unknown-linux-gnu/lib/rustlib/x86_64-unknown-linux-gnu/bin:/opt/rustwide/cargo-home/bin:/usr/local/sbin:/usr/local/bin:/usr/sbin:/usr/bin:/sbin:/bin" VSLANG="1033" "cc" "-m64" "/tmp/rustcz7zoRy/symbols.o" "/opt/rustwide/target/debug/build/proc-macro2-7c8b79e48711b5bc/build_script_build-7c8b79e48711b5bc.build_script_build.225cce47-cgu.0.rcgu.o" "/opt/rustwide/target/debug/build/proc-macro2-7c8b79e48711b5bc/build_script_build-7c8b79e48711b5bc.build_script_build.225cce47-cgu.1.rcgu.o" "/opt/rustwide/target/debug/build/proc-macro2-7c8b79e48711b5bc/build_script_build-7c8b79e48711b5bc.build_script_build.225cce47-cgu.10.rcgu.o" "/opt/rustwide/target/debug/build/proc-macro2-7c8b79e48711b5bc/build_script_build-7c8b79e48711b5bc.build_script_build.225cce47-cgu.11.rcgu.o" "/opt/rustwide/target/debug/build/proc-macro2-7c8b79e48711b5bc/build_script_build-7c8b79e48711b5bc.build_script_build.225cce47-cgu.12.rcgu.o" "/opt/rustwide/target/debug/build/proc-macro2-7c8b79e48711b5bc/build_script_build-7c8b79e48711b5bc.build_script_build.225cce47-cgu.13.rcgu.o" "/opt/rustwide/target/debug/build/proc-macro2-7c8b79e48711b5bc/build_script_build-7c8b79e48711b5bc.build_script_build.225cce47-cgu.14.rcgu.o" "/opt/rustwide/target/debug/build/proc-macro2-7c8b79e48711b5bc/build_script_build-7c8b79e48711b5bc.build_script_build.225cce47-cgu.15.rcgu.o" "/opt/rustwide/target/debug/build/proc-macro2-7c8b79e48711b5bc/build_script_build-7c8b79e48711b5bc.build_script_build.225cce47-cgu.2.rcgu.o" "/opt/rustwide/target/debug/build/proc-macro2-7c8b79e48711b5bc/build_script_build-7c8b79e48711b5bc.build_script_build.225cce47-cgu.3.rcgu.o" "/opt/rustwide/target/debug/build/proc-macro2-7c8b79e48711b5bc/build_script_build-7c8b79e48711b5bc.build_script_build.225cce47-cgu.4.rcgu.o" "/opt/rustwide/target/debug/build/proc-macro2-7c8b79e48711b5bc/build_script_build-7c8b79e48711b5bc.build_script_build.225cce47-cgu.5.rcgu.o" "/opt/rustwide/target/debug/build/proc-macro2-7c8b79e48711b5bc/build_script_build-7c8b79e48711b5bc.build_script_build.225cce47-cgu.6.rcgu.o" "/opt/rustwide/target/debug/build/proc-macro2-7c8b79e48711b5bc/build_script_build-7c8b79e48711b5bc.build_script_build.225cce47-cgu.7.rcgu.o" "/opt/rustwide/target/debug/build/proc-macro2-7c8b79e48711b5bc/build_script_build-7c8b79e48711b5bc.build_script_build.225cce47-cgu.8.rcgu.o" "/opt/rustwide/target/debug/build/proc-macro2-7c8b79e48711b5bc/build_script_build-7c8b79e48711b5bc.build_script_build.225cce47-cgu.9.rcgu.o" "/opt/rustwide/target/debug/build/proc-macro2-7c8b79e48711b5bc/build_script_build-7c8b79e48711b5bc.12rqp8m22epixrzr.rcgu.o" "-Wl,--as-needed" "-L" "/opt/rustwide/target/debug/deps" "-L" "/opt/rustwide/rustup-home/toolchains/1.69.0-x86_64-unknown-linux-gnu/lib/rustlib/x86_64-unknown-linux-gnu/lib" "-Wl,-Bstatic" "/opt/rustwide/rustup-home/toolchains/1.69.0-x86_64-unknown-linux-gnu/lib/rustlib/x86_64-unknown-linux-gnu/lib/libstd-89bc084783fdc439.rlib" "/opt/rustwide/rustup-home/toolchains/1.69.0-x86_64-unknown-linux-gnu/lib/rustlib/x86_64-unknown-linux-gnu/lib/libpanic_unwind-8bee4b287d4367c1.rlib" "/opt/rustwide/rustup-home/toolchains/1.69.0-x86_64-unknown-linux-gnu/lib/rustlib/x86_64-unknown-linux-gnu/lib/libobject-d61707aed80694c0.rlib" "/opt/rustwide/rustup-home/toolchains/1.69.0-x86_64-unknown-linux-gnu/lib/rustlib/x86_64-unknown-linux-gnu/lib/libmemchr-d85366256f22345b.rlib" "/opt/rustwide/rustup-home/toolchains/1.69.0-x86_64-unknown-linux-gnu/lib/rustlib/x86_64-unknown-linux-gnu/lib/libaddr2line-96069b86b8a8cae9.rlib" "/opt/rustwide/rustup-home/toolchains/1.69.0-x86_64-unknown-linux-gnu/lib/rustlib/x86_64-unknown-linux-gnu/lib/libgimli-d19d53abf68dfa6c.rlib" "/opt/rustwide/rustup-home/toolchains/1.69.0-x86_64-unknown-linux-gnu/lib/rustlib/x86_64-unknown-linux-gnu/lib/librustc_demangle-787cbccd19d64ac6.rlib" "/opt/rustwide/rustup-home/toolchains/1.69.0-x86_64-unknown-linux-gnu/lib/rustlib/x86_64-unknown-linux-gnu/lib/libstd_detect-b3837a36b830e0d0.rlib" "/opt/rustwide/rustup-home/toolchains/1.69.0-x86_64-unknown-linux-gnu/lib/rustlib/x86_64-unknown-linux-gnu/lib/libhashbrown-e3deb0e7e3f04966.rlib" "/opt/rustwide/rustup-home/toolchains/1.69.0-x86_64-unknown-linux-gnu/lib/rustlib/x86_64-unknown-linux-gnu/lib/libminiz_oxide-dabbb79c9815def4.rlib" "/opt/rustwide/rustup-home/toolchains/1.69.0-x86_64-unknown-linux-gnu/lib/rustlib/x86_64-unknown-linux-gnu/lib/libadler-305b01f34c9409f2.rlib" "/opt/rustwide/rustup-home/toolchains/1.69.0-x86_64-unknown-linux-gnu/lib/rustlib/x86_64-unknown-linux-gnu/lib/librustc_std_workspace_alloc-f833521df6074e73.rlib" "/opt/rustwide/rustup-home/toolchains/1.69.0-x86_64-unknown-linux-gnu/lib/rustlib/x86_64-unknown-linux-gnu/lib/libunwind-9ac333113350d171.rlib" "/opt/rustwide/rustup-home/toolchains/1.69.0-x86_64-unknown-linux-gnu/lib/rustlib/x86_64-unknown-linux-gnu/lib/libcfg_if-1c126114322d0eee.rlib" "/opt/rustwide/rustup-home/toolchains/1.69.0-x86_64-unknown-linux-gnu/lib/rustlib/x86_64-unknown-linux-gnu/lib/liblibc-bad9164fdeeecf92.rlib" "/opt/rustwide/rustup-home/toolchains/1.69.0-x86_64-unknown-linux-gnu/lib/rustlib/x86_64-unknown-linux-gnu/lib/liballoc-f9374b1e480fa681.rlib" "/opt/rustwide/rustup-home/toolchains/1.69.0-x86_64-unknown-linux-gnu/lib/rustlib/x86_64-unknown-linux-gnu/lib/librustc_std_workspace_core-207f06e41d9603af.rlib" "/opt/rustwide/rustup-home/toolchains/1.69.0-x86_64-unknown-linux-gnu/lib/rustlib/x86_64-unknown-linux-gnu/lib/libcore-7e2768e66e984e85.rlib" "/opt/rustwide/rustup-home/toolchains/1.69.0-x86_64-unknown-linux-gnu/lib/rustlib/x86_64-unknown-linux-gnu/lib/libcompiler_builtins-957b4aff41f8cd46.rlib" "-Wl,-Bdynamic" "-lgcc_s" "-lutil" "-lrt" "-lpthread" "-lm" "-ldl" "-lc" "-Wl,--eh-frame-hdr" "-Wl,-z,noexecstack" "-L" "/opt/rustwide/rustup-home/toolchains/1.69.0-x86_64-unknown-linux-gnu/lib/rustlib/x86_64-unknown-linux-gnu/lib" "-o" "/opt/rustwide/target/debug/build/proc-macro2-7c8b79e48711b5bc/build_script_build-7c8b79e48711b5bc" "-Wl,--gc-sections" "-pie" "-Wl,-z,relro,-z,now" "-nodefaultlibs"
[INFO] [stdout]   = note: /usr/bin/ld: final link failed: No space left on device
[INFO] [stdout]           collect2: error: ld returned 1 exit status
[INFO] [stdout]           
[INFO] [stdout] 
[INFO] [stdout] 
[INFO] [stdout] error: aborting due to previous error
[INFO] [stdout] 
[INFO] [stdout] 
[INFO] [stdout] error: linking with `cc` failed: exit status: 1
[INFO] [stdout]   |
[INFO] [stdout]   = note: LC_ALL="C" PATH="/opt/rustwide/rustup-home/toolchains/1.69.0-x86_64-unknown-linux-gnu/lib/rustlib/x86_64-unknown-linux-gnu/bin:/opt/rustwide/cargo-home/bin:/usr/local/sbin:/usr/local/bin:/usr/sbin:/usr/bin:/sbin:/bin" VSLANG="1033" "cc" "-m64" "/tmp/rustcyQAUTO/symbols.o" "/opt/rustwide/target/debug/build/byteorder-5faaab66fdc11b42/build_script_build-5faaab66fdc11b42.build_script_build.ca4212ac-cgu.0.rcgu.o" "/opt/rustwide/target/debug/build/byteorder-5faaab66fdc11b42/build_script_build-5faaab66fdc11b42.build_script_build.ca4212ac-cgu.1.rcgu.o" "/opt/rustwide/target/debug/build/byteorder-5faaab66fdc11b42/build_script_build-5faaab66fdc11b42.build_script_build.ca4212ac-cgu.10.rcgu.o" "/opt/rustwide/target/debug/build/byteorder-5faaab66fdc11b42/build_script_build-5faaab66fdc11b42.build_script_build.ca4212ac-cgu.11.rcgu.o" "/opt/rustwide/target/debug/build/byteorder-5faaab66fdc11b42/build_script_build-5faaab66fdc11b42.build_script_build.ca4212ac-cgu.12.rcgu.o" "/opt/rustwide/target/debug/build/byteorder-5faaab66fdc11b42/build_script_build-5faaab66fdc11b42.build_script_build.ca4212ac-cgu.13.rcgu.o" "/opt/rustwide/target/debug/build/byteorder-5faaab66fdc11b42/build_script_build-5faaab66fdc11b42.build_script_build.ca4212ac-cgu.14.rcgu.o" "/opt/rustwide/target/debug/build/byteorder-5faaab66fdc11b42/build_script_build-5faaab66fdc11b42.build_script_build.ca4212ac-cgu.15.rcgu.o" "/opt/rustwide/target/debug/build/byteorder-5faaab66fdc11b42/build_script_build-5faaab66fdc11b42.build_script_build.ca4212ac-cgu.2.rcgu.o" "/opt/rustwide/target/debug/build/byteorder-5faaab66fdc11b42/build_script_build-5faaab66fdc11b42.build_script_build.ca4212ac-cgu.3.rcgu.o" "/opt/rustwide/target/debug/build/byteorder-5faaab66fdc11b42/build_script_build-5faaab66fdc11b42.build_script_build.ca4212ac-cgu.4.rcgu.o" "/opt/rustwide/target/debug/build/byteorder-5faaab66fdc11b42/build_script_build-5faaab66fdc11b42.build_script_build.ca4212ac-cgu.5.rcgu.o" "/opt/rustwide/target/debug/build/byteorder-5faaab66fdc11b42/build_script_build-5faaab66fdc11b42.build_script_build.ca4212ac-cgu.6.rcgu.o" "/opt/rustwide/target/debug/build/byteorder-5faaab66fdc11b42/build_script_build-5faaab66fdc11b42.build_script_build.ca4212ac-cgu.7.rcgu.o" "/opt/rustwide/target/debug/build/byteorder-5faaab66fdc11b42/build_script_build-5faaab66fdc11b42.build_script_build.ca4212ac-cgu.8.rcgu.o" "/opt/rustwide/target/debug/build/byteorder-5faaab66fdc11b42/build_script_build-5faaab66fdc11b42.build_script_build.ca4212ac-cgu.9.rcgu.o" "/opt/rustwide/target/debug/build/byteorder-5faaab66fdc11b42/build_script_build-5faaab66fdc11b42.2vevyfj1792qz5n.rcgu.o" "-Wl,--as-needed" "-L" "/opt/rustwide/target/debug/deps" "-L" "/opt/rustwide/rustup-home/toolchains/1.69.0-x86_64-unknown-linux-gnu/lib/rustlib/x86_64-unknown-linux-gnu/lib" "-Wl,-Bstatic" "/opt/rustwide/rustup-home/toolchains/1.69.0-x86_64-unknown-linux-gnu/lib/rustlib/x86_64-unknown-linux-gnu/lib/libstd-89bc084783fdc439.rlib" "/opt/rustwide/rustup-home/toolchains/1.69.0-x86_64-unknown-linux-gnu/lib/rustlib/x86_64-unknown-linux-gnu/lib/libpanic_unwind-8bee4b287d4367c1.rlib" "/opt/rustwide/rustup-home/toolchains/1.69.0-x86_64-unknown-linux-gnu/lib/rustlib/x86_64-unknown-linux-gnu/lib/libobject-d61707aed80694c0.rlib" "/opt/rustwide/rustup-home/toolchains/1.69.0-x86_64-unknown-linux-gnu/lib/rustlib/x86_64-unknown-linux-gnu/lib/libmemchr-d85366256f22345b.rlib" "/opt/rustwide/rustup-home/toolchains/1.69.0-x86_64-unknown-linux-gnu/lib/rustlib/x86_64-unknown-linux-gnu/lib/libaddr2line-96069b86b8a8cae9.rlib" "/opt/rustwide/rustup-home/toolchains/1.69.0-x86_64-unknown-linux-gnu/lib/rustlib/x86_64-unknown-linux-gnu/lib/libgimli-d19d53abf68dfa6c.rlib" "/opt/rustwide/rustup-home/toolchains/1.69.0-x86_64-unknown-linux-gnu/lib/rustlib/x86_64-unknown-linux-gnu/lib/librustc_demangle-787cbccd19d64ac6.rlib" "/opt/rustwide/rustup-home/toolchains/1.69.0-x86_64-unknown-linux-gnu/lib/rustlib/x86_64-unknown-linux-gnu/lib/libstd_detect-b3837a36b830e0d0.rlib" "/opt/rustwide/rustup-home/toolchains/1.69.0-x86_64-unknown-linux-gnu/lib/rustlib/x86_64-unknown-linux-gnu/lib/libhashbrown-e3deb0e7e3f04966.rlib" "/opt/rustwide/rustup-home/toolchains/1.69.0-x86_64-unknown-linux-gnu/lib/rustlib/x86_64-unknown-linux-gnu/lib/libminiz_oxide-dabbb79c9815def4.rlib" "/opt/rustwide/rustup-home/toolchains/1.69.0-x86_64-unknown-linux-gnu/lib/rustlib/x86_64-unknown-linux-gnu/lib/libadler-305b01f34c9409f2.rlib" "/opt/rustwide/rustup-home/toolchains/1.69.0-x86_64-unknown-linux-gnu/lib/rustlib/x86_64-unknown-linux-gnu/lib/librustc_std_workspace_alloc-f833521df6074e73.rlib" "/opt/rustwide/rustup-home/toolchains/1.69.0-x86_64-unknown-linux-gnu/lib/rustlib/x86_64-unknown-linux-gnu/lib/libunwind-9ac333113350d171.rlib" "/opt/rustwide/rustup-home/toolchains/1.69.0-x86_64-unknown-linux-gnu/lib/rustlib/x86_64-unknown-linux-gnu/lib/libcfg_if-1c126114322d0eee.rlib" "/opt/rustwide/rustup-home/toolchains/1.69.0-x86_64-unknown-linux-gnu/lib/rustlib/x86_64-unknown-linux-gnu/lib/liblibc-bad9164fdeeecf92.rlib" "/opt/rustwide/rustup-home/toolchains/1.69.0-x86_64-unknown-linux-gnu/lib/rustlib/x86_64-unknown-linux-gnu/lib/liballoc-f9374b1e480fa681.rlib" "/opt/rustwide/rustup-home/toolchains/1.69.0-x86_64-unknown-linux-gnu/lib/rustlib/x86_64-unknown-linux-gnu/lib/librustc_std_workspace_core-207f06e41d9603af.rlib" "/opt/rustwide/rustup-home/toolchains/1.69.0-x86_64-unknown-linux-gnu/lib/rustlib/x86_64-unknown-linux-gnu/lib/libcore-7e2768e66e984e85.rlib" "/opt/rustwide/rustup-home/toolchains/1.69.0-x86_64-unknown-linux-gnu/lib/rustlib/x86_64-unknown-linux-gnu/lib/libcompiler_builtins-957b4aff41f8cd46.rlib" "-Wl,-Bdynamic" "-lgcc_s" "-lutil" "-lrt" "-lpthread" "-lm" "-ldl" "-lc" "-Wl,--eh-frame-hdr" "-Wl,-z,noexecstack" "-L" "/opt/rustwide/rustup-home/toolchains/1.69.0-x86_64-unknown-linux-gnu/lib/rustlib/x86_64-unknown-linux-gnu/lib" "-o" "/opt/rustwide/target/debug/build/byteorder-5faaab66fdc11b42/build_script_build-5faaab66fdc11b42" "-Wl,--gc-sections" "-pie" "-Wl,-z,relro,-z,now" "-nodefaultlibs"
[INFO] [stdout]   = note: /usr/bin/ld: final link failed: No space left on device
[INFO] [stdout]           collect2: error: ld returned 1 exit status
[INFO] [stdout]           
[INFO] [stdout] 
[INFO] [stdout] 
[INFO] [stdout] error: aborting due to previous error
[INFO] [stdout] 
[INFO] [stdout] 
[INFO] [stderr] error: could not compile `proc-macro2` due to 2 previous errors
[INFO] [stderr] error: could not compile `byteorder` due to 2 previous errors
[INFO] [stdout] error: linking with `cc` failed: exit status: 1
[INFO] [stdout]   |
[INFO] [stdout]   = note: LC_ALL="C" PATH="/opt/rustwide/rustup-home/toolchains/1.69.0-x86_64-unknown-linux-gnu/lib/rustlib/x86_64-unknown-linux-gnu/bin:/opt/rustwide/cargo-home/bin:/usr/local/sbin:/usr/local/bin:/usr/sbin:/usr/bin:/sbin:/bin" VSLANG="1033" "cc" "-m64" "/tmp/rustc7XSiLM/symbols.o" "/opt/rustwide/target/debug/build/unicase-c7de633473379a35/build_script_build-c7de633473379a35.build_script_build.1d0973b4-cgu.0.rcgu.o" "/opt/rustwide/target/debug/build/unicase-c7de633473379a35/build_script_build-c7de633473379a35.build_script_build.1d0973b4-cgu.1.rcgu.o" "/opt/rustwide/target/debug/build/unicase-c7de633473379a35/build_script_build-c7de633473379a35.build_script_build.1d0973b4-cgu.2.rcgu.o" "/opt/rustwide/target/debug/build/unicase-c7de633473379a35/build_script_build-c7de633473379a35.build_script_build.1d0973b4-cgu.3.rcgu.o" "/opt/rustwide/target/debug/build/unicase-c7de633473379a35/build_script_build-c7de633473379a35.build_script_build.1d0973b4-cgu.4.rcgu.o" "/opt/rustwide/target/debug/build/unicase-c7de633473379a35/build_script_build-c7de633473379a35.build_script_build.1d0973b4-cgu.5.rcgu.o" "/opt/rustwide/target/debug/build/unicase-c7de633473379a35/build_script_build-c7de633473379a35.build_script_build.1d0973b4-cgu.6.rcgu.o" "/opt/rustwide/target/debug/build/unicase-c7de633473379a35/build_script_build-c7de633473379a35.ox694odhmvit089.rcgu.o" "-Wl,--as-needed" "-L" "/opt/rustwide/target/debug/deps" "-L" "/opt/rustwide/rustup-home/toolchains/1.69.0-x86_64-unknown-linux-gnu/lib/rustlib/x86_64-unknown-linux-gnu/lib" "-Wl,-Bstatic" "/opt/rustwide/target/debug/deps/libversion_check-292438e677b9a386.rlib" "/opt/rustwide/rustup-home/toolchains/1.69.0-x86_64-unknown-linux-gnu/lib/rustlib/x86_64-unknown-linux-gnu/lib/libstd-89bc084783fdc439.rlib" "/opt/rustwide/rustup-home/toolchains/1.69.0-x86_64-unknown-linux-gnu/lib/rustlib/x86_64-unknown-linux-gnu/lib/libpanic_unwind-8bee4b287d4367c1.rlib" "/opt/rustwide/rustup-home/toolchains/1.69.0-x86_64-unknown-linux-gnu/lib/rustlib/x86_64-unknown-linux-gnu/lib/libobject-d61707aed80694c0.rlib" "/opt/rustwide/rustup-home/toolchains/1.69.0-x86_64-unknown-linux-gnu/lib/rustlib/x86_64-unknown-linux-gnu/lib/libmemchr-d85366256f22345b.rlib" "/opt/rustwide/rustup-home/toolchains/1.69.0-x86_64-unknown-linux-gnu/lib/rustlib/x86_64-unknown-linux-gnu/lib/libaddr2line-96069b86b8a8cae9.rlib" "/opt/rustwide/rustup-home/toolchains/1.69.0-x86_64-unknown-linux-gnu/lib/rustlib/x86_64-unknown-linux-gnu/lib/libgimli-d19d53abf68dfa6c.rlib" "/opt/rustwide/rustup-home/toolchains/1.69.0-x86_64-unknown-linux-gnu/lib/rustlib/x86_64-unknown-linux-gnu/lib/librustc_demangle-787cbccd19d64ac6.rlib" "/opt/rustwide/rustup-home/toolchains/1.69.0-x86_64-unknown-linux-gnu/lib/rustlib/x86_64-unknown-linux-gnu/lib/libstd_detect-b3837a36b830e0d0.rlib" "/opt/rustwide/rustup-home/toolchains/1.69.0-x86_64-unknown-linux-gnu/lib/rustlib/x86_64-unknown-linux-gnu/lib/libhashbrown-e3deb0e7e3f04966.rlib" "/opt/rustwide/rustup-home/toolchains/1.69.0-x86_64-unknown-linux-gnu/lib/rustlib/x86_64-unknown-linux-gnu/lib/libminiz_oxide-dabbb79c9815def4.rlib" "/opt/rustwide/rustup-home/toolchains/1.69.0-x86_64-unknown-linux-gnu/lib/rustlib/x86_64-unknown-linux-gnu/lib/libadler-305b01f34c9409f2.rlib" "/opt/rustwide/rustup-home/toolchains/1.69.0-x86_64-unknown-linux-gnu/lib/rustlib/x86_64-unknown-linux-gnu/lib/librustc_std_workspace_alloc-f833521df6074e73.rlib" "/opt/rustwide/rustup-home/toolchains/1.69.0-x86_64-unknown-linux-gnu/lib/rustlib/x86_64-unknown-linux-gnu/lib/libunwind-9ac333113350d171.rlib" "/opt/rustwide/rustup-home/toolchains/1.69.0-x86_64-unknown-linux-gnu/lib/rustlib/x86_64-unknown-linux-gnu/lib/libcfg_if-1c126114322d0eee.rlib" "/opt/rustwide/rustup-home/toolchains/1.69.0-x86_64-unknown-linux-gnu/lib/rustlib/x86_64-unknown-linux-gnu/lib/liblibc-bad9164fdeeecf92.rlib" "/opt/rustwide/rustup-home/toolchains/1.69.0-x86_64-unknown-linux-gnu/lib/rustlib/x86_64-unknown-linux-gnu/lib/liballoc-f9374b1e480fa681.rlib" "/opt/rustwide/rustup-home/toolchains/1.69.0-x86_64-unknown-linux-gnu/lib/rustlib/x86_64-unknown-linux-gnu/lib/librustc_std_workspace_core-207f06e41d9603af.rlib" "/opt/rustwide/rustup-home/toolchains/1.69.0-x86_64-unknown-linux-gnu/lib/rustlib/x86_64-unknown-linux-gnu/lib/libcore-7e2768e66e984e85.rlib" "/opt/rustwide/rustup-home/toolchains/1.69.0-x86_64-unknown-linux-gnu/lib/rustlib/x86_64-unknown-linux-gnu/lib/libcompiler_builtins-957b4aff41f8cd46.rlib" "-Wl,-Bdynamic" "-lgcc_s" "-lutil" "-lrt" "-lpthread" "-lm" "-ldl" "-lc" "-Wl,--eh-frame-hdr" "-Wl,-z,noexecstack" "-L" "/opt/rustwide/rustup-home/toolchains/1.69.0-x86_64-unknown-linux-gnu/lib/rustlib/x86_64-unknown-linux-gnu/lib" "-o" "/opt/rustwide/target/debug/build/unicase-c7de633473379a35/build_script_build-c7de633473379a35" "-Wl,--gc-sections" "-pie" "-Wl,-z,relro,-z,now" "-nodefaultlibs"
[INFO] [stdout]   = note: /usr/bin/ld: final link failed: No space left on device
[INFO] [stdout]           collect2: error: ld returned 1 exit status
[INFO] [stdout]           
[INFO] [stdout] 
[INFO] [stdout] 
[INFO] [stdout] error: aborting due to previous error
[INFO] [stdout] 
[INFO] [stdout] 
[INFO] [stderr] error: could not compile `unicase` due to 2 previous errors
[INFO] [stderr] thread 'rustc' panicked at 'assertion failed: pos.get() <= self.position()', compiler/rustc_metadata/src/rmeta/encoder.rs:435:9
[INFO] [stderr] error: could not compile `futures`
[INFO] running `Command { std: "docker" "inspect" "bdecae86904b0ccfa5fb795f722eb8b6bd605eb1b27ab63c997080b4ad1ee676", kill_on_drop: false }`
[INFO] running `Command { std: "docker" "rm" "-f" "bdecae86904b0ccfa5fb795f722eb8b6bd605eb1b27ab63c997080b4ad1ee676", kill_on_drop: false }`
[INFO] [stdout] bdecae86904b0ccfa5fb795f722eb8b6bd605eb1b27ab63c997080b4ad1ee676
