[INFO] cloning repository https://github.com/lavignes/roolz
[INFO] running `Command { std: "git" "-c" "credential.helper=" "-c" "credential.helper=/workspace/cargo-home/bin/git-credential-null" "clone" "--bare" "https://github.com/lavignes/roolz" "/workspace/cache/git-repos/https%3A%2F%2Fgithub.com%2Flavignes%2Froolz", kill_on_drop: false }`
[INFO] [stderr] Cloning into bare repository '/workspace/cache/git-repos/https%3A%2F%2Fgithub.com%2Flavignes%2Froolz'...
[INFO] running `Command { std: "git" "rev-parse" "HEAD", kill_on_drop: false }`
[INFO] [stdout] 94f7a6abfc1bdf598697a7e4ab144536895bffd0
[INFO] documenting lavignes/roolz against 1.69.0 for beta-1.70-rustdoc-1
[INFO] running `Command { std: "git" "clone" "/workspace/cache/git-repos/https%3A%2F%2Fgithub.com%2Flavignes%2Froolz" "/workspace/builds/worker-4-tc1/source", kill_on_drop: false }`
[INFO] [stderr] Cloning into '/workspace/builds/worker-4-tc1/source'...
[INFO] [stderr] done.
[INFO] validating manifest of git repo https://github.com/lavignes/roolz on toolchain 1.69.0
[INFO] running `Command { std: CARGO_HOME="/workspace/cargo-home" RUSTUP_HOME="/workspace/rustup-home" "/workspace/cargo-home/bin/cargo" "+1.69.0" "metadata" "--manifest-path" "Cargo.toml" "--no-deps", kill_on_drop: false }`
[INFO] started tweaking git repo https://github.com/lavignes/roolz
[INFO] finished tweaking git repo https://github.com/lavignes/roolz
[INFO] tweaked toml for git repo https://github.com/lavignes/roolz written to /workspace/builds/worker-4-tc1/source/Cargo.toml
[INFO] running `Command { std: CARGO_HOME="/workspace/cargo-home" RUSTUP_HOME="/workspace/rustup-home" __CARGO_TEST_CHANNEL_OVERRIDE_DO_NOT_USE_THIS="nightly" "/workspace/cargo-home/bin/cargo" "+1.69.0" "generate-lockfile" "--manifest-path" "Cargo.toml" "-Zno-index-update", kill_on_drop: false }`
[INFO] running `Command { std: CARGO_HOME="/workspace/cargo-home" RUSTUP_HOME="/workspace/rustup-home" "/workspace/cargo-home/bin/cargo" "+1.69.0" "fetch" "--manifest-path" "Cargo.toml", kill_on_drop: false }`
[INFO] [stderr]  Downloading crates ...
[INFO] [stderr]   Downloaded async-ctrlc v1.2.0
[INFO] running `Command { std: "docker" "create" "-v" "/var/lib/crater-agent-workspace/builds/worker-4-tc1/target:/opt/rustwide/target:rw,Z" "-v" "/var/lib/crater-agent-workspace/builds/worker-4-tc1/source:/opt/rustwide/workdir:ro,Z" "-v" "/var/lib/crater-agent-workspace/cargo-home:/opt/rustwide/cargo-home:ro,Z" "-v" "/var/lib/crater-agent-workspace/rustup-home:/opt/rustwide/rustup-home:ro,Z" "-e" "SOURCE_DIR=/opt/rustwide/workdir" "-e" "CARGO_TARGET_DIR=/opt/rustwide/target" "-e" "CARGO_HOME=/opt/rustwide/cargo-home" "-e" "RUSTUP_HOME=/opt/rustwide/rustup-home" "-w" "/opt/rustwide/workdir" "-m" "1610612736" "--user" "0:0" "--network" "none" "ghcr.io/rust-lang/crates-build-env/linux@sha256:5ff2268d62e97bff2cde7d5815dd6ed5b47097566f13b8d0ca110b04b60e07ed" "/opt/rustwide/cargo-home/bin/cargo" "+1.69.0" "metadata" "--no-deps" "--format-version=1", kill_on_drop: false }`
[INFO] [stdout] 7848bf5dc066844bb36e8df57ed336f1bb49b24ed48f059b692106af3c80d4c3
[INFO] running `Command { std: "docker" "start" "-a" "7848bf5dc066844bb36e8df57ed336f1bb49b24ed48f059b692106af3c80d4c3", kill_on_drop: false }`
[INFO] running `Command { std: "docker" "inspect" "7848bf5dc066844bb36e8df57ed336f1bb49b24ed48f059b692106af3c80d4c3", kill_on_drop: false }`
[INFO] running `Command { std: "docker" "rm" "-f" "7848bf5dc066844bb36e8df57ed336f1bb49b24ed48f059b692106af3c80d4c3", kill_on_drop: false }`
[INFO] [stdout] 7848bf5dc066844bb36e8df57ed336f1bb49b24ed48f059b692106af3c80d4c3
[INFO] running `Command { std: "docker" "create" "-v" "/var/lib/crater-agent-workspace/builds/worker-4-tc1/target:/opt/rustwide/target:rw,Z" "-v" "/var/lib/crater-agent-workspace/builds/worker-4-tc1/source:/opt/rustwide/workdir:ro,Z" "-v" "/var/lib/crater-agent-workspace/cargo-home:/opt/rustwide/cargo-home:ro,Z" "-v" "/var/lib/crater-agent-workspace/rustup-home:/opt/rustwide/rustup-home:ro,Z" "-e" "SOURCE_DIR=/opt/rustwide/workdir" "-e" "CARGO_TARGET_DIR=/opt/rustwide/target" "-e" "CARGO_INCREMENTAL=0" "-e" "RUST_BACKTRACE=full" "-e" "RUSTFLAGS=--cap-lints=warn" "-e" "RUSTDOCFLAGS=--cap-lints=warn" "-e" "CARGO_HOME=/opt/rustwide/cargo-home" "-e" "RUSTUP_HOME=/opt/rustwide/rustup-home" "-w" "/opt/rustwide/workdir" "-m" "1610612736" "--user" "0:0" "--network" "none" "ghcr.io/rust-lang/crates-build-env/linux@sha256:5ff2268d62e97bff2cde7d5815dd6ed5b47097566f13b8d0ca110b04b60e07ed" "/opt/rustwide/cargo-home/bin/cargo" "+1.69.0" "doc" "--frozen" "--no-deps" "--document-private-items" "--message-format=json", kill_on_drop: false }`
[INFO] [stdout] 63a228cc48543cbbe64488397be3eb22c4d453ef2dcf1e20837020c829404cfd
[INFO] running `Command { std: "docker" "start" "-a" "63a228cc48543cbbe64488397be3eb22c4d453ef2dcf1e20837020c829404cfd", kill_on_drop: false }`
[INFO] [stderr]    Compiling libc v0.2.142
[INFO] [stderr]    Compiling proc-macro2 v1.0.56
[INFO] [stderr]    Compiling quote v1.0.26
[INFO] [stderr]    Compiling unicode-ident v1.0.8
[INFO] [stderr]    Compiling syn v1.0.109
[INFO] [stderr]     Checking cfg-if v1.0.0
[INFO] [stderr]    Compiling autocfg v1.1.0
[INFO] [stderr]    Compiling log v0.4.17
[INFO] [stderr]    Compiling futures-core v0.3.28
[INFO] [stderr]    Compiling memchr v2.5.0
[INFO] [stderr]     Checking cfg-if v0.1.10
[INFO] [stderr]     Checking bytes v0.5.6
[INFO] [stderr]     Checking fnv v1.0.7
[INFO] [stderr]     Checking lazy_static v1.4.0
[INFO] [stderr]     Checking pin-project-lite v0.1.12
[INFO] [stderr]     Checking pin-project-lite v0.2.9
[INFO] [stderr]     Checking tower-service v0.3.2
[INFO] [stderr]    Compiling pin-project-internal v0.4.30
[INFO] [stderr]    Compiling futures-channel v0.3.28
[INFO] [stderr]    Compiling futures-task v0.3.28
[INFO] [stderr]     Checking futures-sink v0.3.28
[INFO] [stderr]    Compiling anyhow v1.0.71
[INFO] [stderr]    Compiling futures-util v0.3.28
[INFO] [stderr]     Checking pin-utils v0.1.0
[INFO] [stderr]    Compiling either v1.8.1
[INFO] [stderr]     Checking futures-io v0.3.28
[INFO] [stderr]     Checking once_cell v1.17.1
[INFO] [stderr]    Compiling itertools v0.8.2
[INFO] [stderr]     Checking tower-layer v0.3.2
[INFO] [stderr]    Compiling getrandom v0.1.16
[INFO] [stderr]    Compiling io-lifetimes v1.0.10
[INFO] [stderr]    Compiling rustix v0.37.18
[INFO] [stderr]     Checking hashbrown v0.12.3
[INFO] [stderr]    Compiling slab v0.4.8
[INFO] [stderr]    Compiling indexmap v1.9.3
[INFO] [stderr]     Checking itoa v1.0.6
[INFO] [stderr]    Compiling linux-raw-sys v0.3.6
[INFO] [stderr]     Checking tracing-core v0.1.30
[INFO] [stderr]     Checking bitflags v1.3.2
[INFO] [stderr]    Compiling unicode-segmentation v1.10.1
[INFO] [stderr]    Compiling fixedbitset v0.2.0
[INFO] [stderr]     Checking bytes v1.4.0
[INFO] [stderr]    Compiling fastrand v1.9.0
[INFO] [stderr]     Checking ppv-lite86 v0.2.17
[INFO] [stderr]    Compiling httparse v1.8.0
[INFO] [stderr]    Compiling multimap v0.8.3
[INFO] [stderr]    Compiling syn v2.0.15
[INFO] [stderr]     Checking http v0.2.9
[INFO] [stderr]    Compiling heck v0.3.3
[INFO] [stderr]    Compiling async-trait v0.1.68
[INFO] [stderr]    Compiling time-core v0.1.0
[INFO] [stderr]     Checking static_assertions v1.1.0
[INFO] [stderr]     Checking try-lock v0.2.4
[INFO] [stderr]    Compiling time-macros v0.2.8
[INFO] [stderr]     Checking os_str_bytes v6.5.0
[INFO] [stderr]     Checking itoa v0.4.8
[INFO] [stderr]     Checking lazycell v1.3.0
[INFO] [stderr]     Checking want v0.3.0
[INFO] [stderr]     Checking num_threads v0.1.6
[INFO] [stderr]     Checking httpdate v0.3.2
[INFO] [stderr]     Checking same-file v1.0.6
[INFO] [stderr]    Compiling glob v0.3.1
[INFO] [stderr]     Checking clap_lex v0.2.4
[INFO] [stderr]     Checking strsim v0.10.0
[INFO] [stderr]    Compiling petgraph v0.5.1
[INFO] [stderr]     Checking walkdir v2.3.3
[INFO] [stderr]     Checking percent-encoding v2.2.0
[INFO] [stderr]    Compiling which v3.1.1
[INFO] [stderr]     Checking termcolor v1.2.0
[INFO] [stderr]     Checking base64 v0.12.3
[INFO] [stderr]     Checking textwrap v0.16.0
[INFO] [stderr]     Checking net2 v0.2.38
[INFO] [stderr]     Checking iovec v0.1.4
[INFO] [stderr]     Checking atty v0.2.14
[INFO] [stderr]     Checking nix v0.26.2
[INFO] [stderr]     Checking socket2 v0.3.19
[INFO] [stderr]     Checking inotify-sys v0.1.5
[INFO] [stderr]     Checking colored v1.9.3
[INFO] [stderr]    Compiling prost-build v0.6.1
[INFO] [stderr]     Checking filetime v0.2.21
[INFO] [stderr]     Checking getrandom v0.2.9
[INFO] [stderr]     Checking http-body v0.3.1
[INFO] [stderr]     Checking rand_core v0.5.1
[INFO] [stderr]     Checking mio v0.6.23
[INFO] [stderr]     Checking inotify v0.7.1
[INFO] [stderr]     Checking clap v3.2.25
[INFO] [stderr]     Checking rand_chacha v0.2.2
[INFO] [stderr]     Checking rand_pcg v0.2.1
[INFO] [stderr]     Checking uuid v0.8.2
[INFO] [stderr]     Checking rand v0.7.3
[INFO] [stderr] thread 'rustc' panicked at 'assertion failed: pos.get() <= self.position()', compiler/rustc_metadata/src/rmeta/encoder.rs:435:9
[INFO] [stderr] LLVM ERROR: IO failure on output stream: No space left on device
[INFO] [stdout] error: linking with `cc` failed: exit status: 1
[INFO] [stdout]   |
[INFO] [stdout]   = note: LC_ALL="C" PATH="/opt/rustwide/rustup-home/toolchains/1.69.0-x86_64-unknown-linux-gnu/lib/rustlib/x86_64-unknown-linux-gnu/bin:/opt/rustwide/cargo-home/bin:/usr/local/sbin:/usr/local/bin:/usr/sbin:/usr/bin:/sbin:/bin" VSLANG="1033" "cc" "-Wl,--version-script=/tmp/rustcAG2p5L/list" "-m64" "/tmp/rustcAG2p5L/symbols.o" "/opt/rustwide/target/debug/deps/time_macros-f18fe64f83495ad9.time_macros.8c0c113d-cgu.0.rcgu.o" "/opt/rustwide/target/debug/deps/time_macros-f18fe64f83495ad9.time_macros.8c0c113d-cgu.1.rcgu.o" "/opt/rustwide/target/debug/deps/time_macros-f18fe64f83495ad9.time_macros.8c0c113d-cgu.10.rcgu.o" "/opt/rustwide/target/debug/deps/time_macros-f18fe64f83495ad9.time_macros.8c0c113d-cgu.11.rcgu.o" "/opt/rustwide/target/debug/deps/time_macros-f18fe64f83495ad9.time_macros.8c0c113d-cgu.12.rcgu.o" "/opt/rustwide/target/debug/deps/time_macros-f18fe64f83495ad9.time_macros.8c0c113d-cgu.13.rcgu.o" "/opt/rustwide/target/debug/deps/time_macros-f18fe64f83495ad9.time_macros.8c0c113d-cgu.14.rcgu.o" "/opt/rustwide/target/debug/deps/time_macros-f18fe64f83495ad9.time_macros.8c0c113d-cgu.15.rcgu.o" "/opt/rustwide/target/debug/deps/time_macros-f18fe64f83495ad9.time_macros.8c0c113d-cgu.2.rcgu.o" "/opt/rustwide/target/debug/deps/time_macros-f18fe64f83495ad9.time_macros.8c0c113d-cgu.3.rcgu.o" "/opt/rustwide/target/debug/deps/time_macros-f18fe64f83495ad9.time_macros.8c0c113d-cgu.4.rcgu.o" "/opt/rustwide/target/debug/deps/time_macros-f18fe64f83495ad9.time_macros.8c0c113d-cgu.5.rcgu.o" "/opt/rustwide/target/debug/deps/time_macros-f18fe64f83495ad9.time_macros.8c0c113d-cgu.6.rcgu.o" "/opt/rustwide/target/debug/deps/time_macros-f18fe64f83495ad9.time_macros.8c0c113d-cgu.7.rcgu.o" "/opt/rustwide/target/debug/deps/time_macros-f18fe64f83495ad9.time_macros.8c0c113d-cgu.8.rcgu.o" "/opt/rustwide/target/debug/deps/time_macros-f18fe64f83495ad9.time_macros.8c0c113d-cgu.9.rcgu.o" "/opt/rustwide/target/debug/deps/time_macros-f18fe64f83495ad9.58wjfhjqfigjrb50.rcgu.rmeta" "/opt/rustwide/target/debug/deps/time_macros-f18fe64f83495ad9.evy5pgvyhp6okxj.rcgu.o" "-Wl,--as-needed" "-L" "/opt/rustwide/target/debug/deps" "-L" "/opt/rustwide/rustup-home/toolchains/1.69.0-x86_64-unknown-linux-gnu/lib/rustlib/x86_64-unknown-linux-gnu/lib" "-Wl,-Bstatic" "/opt/rustwide/target/debug/deps/libtime_core-38e877f848f97eba.rlib" "/opt/rustwide/rustup-home/toolchains/1.69.0-x86_64-unknown-linux-gnu/lib/rustlib/x86_64-unknown-linux-gnu/lib/libproc_macro-3627dfecd49b0535.rlib" "/opt/rustwide/rustup-home/toolchains/1.69.0-x86_64-unknown-linux-gnu/lib/rustlib/x86_64-unknown-linux-gnu/lib/libstd-89bc084783fdc439.rlib" "/opt/rustwide/rustup-home/toolchains/1.69.0-x86_64-unknown-linux-gnu/lib/rustlib/x86_64-unknown-linux-gnu/lib/libpanic_unwind-8bee4b287d4367c1.rlib" "/opt/rustwide/rustup-home/toolchains/1.69.0-x86_64-unknown-linux-gnu/lib/rustlib/x86_64-unknown-linux-gnu/lib/libobject-d61707aed80694c0.rlib" "/opt/rustwide/rustup-home/toolchains/1.69.0-x86_64-unknown-linux-gnu/lib/rustlib/x86_64-unknown-linux-gnu/lib/libmemchr-d85366256f22345b.rlib" "/opt/rustwide/rustup-home/toolchains/1.69.0-x86_64-unknown-linux-gnu/lib/rustlib/x86_64-unknown-linux-gnu/lib/libaddr2line-96069b86b8a8cae9.rlib" "/opt/rustwide/rustup-home/toolchains/1.69.0-x86_64-unknown-linux-gnu/lib/rustlib/x86_64-unknown-linux-gnu/lib/libgimli-d19d53abf68dfa6c.rlib" "/opt/rustwide/rustup-home/toolchains/1.69.0-x86_64-unknown-linux-gnu/lib/rustlib/x86_64-unknown-linux-gnu/lib/librustc_demangle-787cbccd19d64ac6.rlib" "/opt/rustwide/rustup-home/toolchains/1.69.0-x86_64-unknown-linux-gnu/lib/rustlib/x86_64-unknown-linux-gnu/lib/libstd_detect-b3837a36b830e0d0.rlib" "/opt/rustwide/rustup-home/toolchains/1.69.0-x86_64-unknown-linux-gnu/lib/rustlib/x86_64-unknown-linux-gnu/lib/libhashbrown-e3deb0e7e3f04966.rlib" "/opt/rustwide/rustup-home/toolchains/1.69.0-x86_64-unknown-linux-gnu/lib/rustlib/x86_64-unknown-linux-gnu/lib/libminiz_oxide-dabbb79c9815def4.rlib" "/opt/rustwide/rustup-home/toolchains/1.69.0-x86_64-unknown-linux-gnu/lib/rustlib/x86_64-unknown-linux-gnu/lib/libadler-305b01f34c9409f2.rlib" "/opt/rustwide/rustup-home/toolchains/1.69.0-x86_64-unknown-linux-gnu/lib/rustlib/x86_64-unknown-linux-gnu/lib/librustc_std_workspace_alloc-f833521df6074e73.rlib" "/opt/rustwide/rustup-home/toolchains/1.69.0-x86_64-unknown-linux-gnu/lib/rustlib/x86_64-unknown-linux-gnu/lib/libunwind-9ac333113350d171.rlib" "/opt/rustwide/rustup-home/toolchains/1.69.0-x86_64-unknown-linux-gnu/lib/rustlib/x86_64-unknown-linux-gnu/lib/libcfg_if-1c126114322d0eee.rlib" "/opt/rustwide/rustup-home/toolchains/1.69.0-x86_64-unknown-linux-gnu/lib/rustlib/x86_64-unknown-linux-gnu/lib/liblibc-bad9164fdeeecf92.rlib" "/opt/rustwide/rustup-home/toolchains/1.69.0-x86_64-unknown-linux-gnu/lib/rustlib/x86_64-unknown-linux-gnu/lib/liballoc-f9374b1e480fa681.rlib" "/opt/rustwide/rustup-home/toolchains/1.69.0-x86_64-unknown-linux-gnu/lib/rustlib/x86_64-unknown-linux-gnu/lib/librustc_std_workspace_core-207f06e41d9603af.rlib" "/opt/rustwide/rustup-home/toolchains/1.69.0-x86_64-unknown-linux-gnu/lib/rustlib/x86_64-unknown-linux-gnu/lib/libcore-7e2768e66e984e85.rlib" "/opt/rustwide/rustup-home/toolchains/1.69.0-x86_64-unknown-linux-gnu/lib/rustlib/x86_64-unknown-linux-gnu/lib/libcompiler_builtins-957b4aff41f8cd46.rlib" "-Wl,-Bdynamic" "-lgcc_s" "-lutil" "-lrt" "-lpthread" "-lm" "-ldl" "-lc" "-Wl,--eh-frame-hdr" "-Wl,-z,noexecstack" "-L" "/opt/rustwide/rustup-home/toolchains/1.69.0-x86_64-unknown-linux-gnu/lib/rustlib/x86_64-unknown-linux-gnu/lib" "-o" "/opt/rustwide/target/debug/deps/libtime_macros-f18fe64f83495ad9.so" "-Wl,--gc-sections" "-shared" "-Wl,-z,relro,-z,now" "-nodefaultlibs"
[INFO] [stdout]   = note: /usr/bin/ld: final link failed: No space left on device
[INFO] [stdout]           collect2: error: ld returned 1 exit status
[INFO] [stdout]           
[INFO] [stdout] 
[INFO] [stdout] 
[INFO] [stdout] error: aborting due to previous error
[INFO] [stdout] 
[INFO] [stdout] 
[INFO] [stderr] error: could not compile `petgraph`
[INFO] [stderr] warning: build failed, waiting for other jobs to finish...
[INFO] [stderr] error: could not compile `time-macros` due to 2 previous errors
[INFO] [stderr] error: could not compile `mio`
[INFO] [stderr] thread 'rustc' panicked at 'assertion failed: pos.get() <= self.position()', compiler/rustc_metadata/src/rmeta/encoder.rs:435:9
[INFO] [stderr] error: could not compile `rustix`
[INFO] [stderr] thread 'rustc' panicked at 'assertion failed: pos.get() <= self.position()', compiler/rustc_metadata/src/rmeta/encoder.rs:435:9
[INFO] [stderr] thread 'rustc' panicked at 'assertion failed: pos.get() <= self.position()', compiler/rustc_metadata/src/rmeta/encoder.rs:435:9
[INFO] [stdout] error: couldn't create a temp dir: No space left on device (os error 28) at path "/opt/rustwide/target/debug/deps/rmetaP3U31E"
[INFO] [stdout] 
[INFO] [stdout] 
[INFO] [stderr] error: could not compile `clap` due to previous error
[INFO] [stderr] error: could not compile `syn`
[INFO] [stderr] error: could not compile `syn`
[INFO] running `Command { std: "docker" "inspect" "63a228cc48543cbbe64488397be3eb22c4d453ef2dcf1e20837020c829404cfd", kill_on_drop: false }`
[INFO] running `Command { std: "docker" "rm" "-f" "63a228cc48543cbbe64488397be3eb22c4d453ef2dcf1e20837020c829404cfd", kill_on_drop: false }`
[INFO] [stdout] 63a228cc48543cbbe64488397be3eb22c4d453ef2dcf1e20837020c829404cfd
