[INFO] cloning repository https://github.com/kadeallen123/zero2prod
[INFO] running `Command { std: "git" "-c" "credential.helper=" "-c" "credential.helper=/workspace/cargo-home/bin/git-credential-null" "clone" "--bare" "https://github.com/kadeallen123/zero2prod" "/workspace/cache/git-repos/https%3A%2F%2Fgithub.com%2Fkadeallen123%2Fzero2prod", kill_on_drop: false }`
[INFO] [stderr] Cloning into bare repository '/workspace/cache/git-repos/https%3A%2F%2Fgithub.com%2Fkadeallen123%2Fzero2prod'...
[INFO] running `Command { std: "git" "rev-parse" "HEAD", kill_on_drop: false }`
[INFO] [stdout] 7e4f75ccb0465140ec3851d296d9646e1396eb3b
[INFO] documenting kadeallen123/zero2prod against 1.69.0 for beta-1.70-rustdoc-1
[INFO] running `Command { std: "git" "clone" "/workspace/cache/git-repos/https%3A%2F%2Fgithub.com%2Fkadeallen123%2Fzero2prod" "/workspace/builds/worker-4-tc1/source", kill_on_drop: false }`
[INFO] [stderr] Cloning into '/workspace/builds/worker-4-tc1/source'...
[INFO] [stderr] done.
[INFO] validating manifest of git repo https://github.com/kadeallen123/zero2prod on toolchain 1.69.0
[INFO] running `Command { std: CARGO_HOME="/workspace/cargo-home" RUSTUP_HOME="/workspace/rustup-home" "/workspace/cargo-home/bin/cargo" "+1.69.0" "metadata" "--manifest-path" "Cargo.toml" "--no-deps", kill_on_drop: false }`
[INFO] started tweaking git repo https://github.com/kadeallen123/zero2prod
[INFO] finished tweaking git repo https://github.com/kadeallen123/zero2prod
[INFO] tweaked toml for git repo https://github.com/kadeallen123/zero2prod written to /workspace/builds/worker-4-tc1/source/Cargo.toml
[INFO] crate git repo https://github.com/kadeallen123/zero2prod already has a lockfile, it will not be regenerated
[INFO] running `Command { std: CARGO_HOME="/workspace/cargo-home" RUSTUP_HOME="/workspace/rustup-home" "/workspace/cargo-home/bin/cargo" "+1.69.0" "fetch" "--manifest-path" "Cargo.toml", kill_on_drop: false }`
[INFO] [stderr]  Downloading crates ...
[INFO] [stderr]   Downloaded actix-rt v2.3.0
[INFO] [stderr]   Downloaded actix-tls v3.0.0-beta.7
[INFO] [stderr]   Downloaded actix-service v2.0.1
[INFO] [stderr]   Downloaded actix-server v2.0.0-beta.6
[INFO] [stderr]   Downloaded actix-web-codegen v0.5.0-beta.5
[INFO] running `Command { std: "docker" "create" "-v" "/var/lib/crater-agent-workspace/builds/worker-4-tc1/target:/opt/rustwide/target:rw,Z" "-v" "/var/lib/crater-agent-workspace/builds/worker-4-tc1/source:/opt/rustwide/workdir:ro,Z" "-v" "/var/lib/crater-agent-workspace/cargo-home:/opt/rustwide/cargo-home:ro,Z" "-v" "/var/lib/crater-agent-workspace/rustup-home:/opt/rustwide/rustup-home:ro,Z" "-e" "SOURCE_DIR=/opt/rustwide/workdir" "-e" "CARGO_TARGET_DIR=/opt/rustwide/target" "-e" "CARGO_HOME=/opt/rustwide/cargo-home" "-e" "RUSTUP_HOME=/opt/rustwide/rustup-home" "-w" "/opt/rustwide/workdir" "-m" "1610612736" "--user" "0:0" "--network" "none" "ghcr.io/rust-lang/crates-build-env/linux@sha256:5ff2268d62e97bff2cde7d5815dd6ed5b47097566f13b8d0ca110b04b60e07ed" "/opt/rustwide/cargo-home/bin/cargo" "+1.69.0" "metadata" "--no-deps" "--format-version=1", kill_on_drop: false }`
[INFO] [stdout] 0e1e84d2d1e18388cfa919aa421f22bcffa3dcd05cdcd9706cacccb72f7f26c8
[INFO] running `Command { std: "docker" "start" "-a" "0e1e84d2d1e18388cfa919aa421f22bcffa3dcd05cdcd9706cacccb72f7f26c8", kill_on_drop: false }`
[INFO] running `Command { std: "docker" "inspect" "0e1e84d2d1e18388cfa919aa421f22bcffa3dcd05cdcd9706cacccb72f7f26c8", kill_on_drop: false }`
[INFO] running `Command { std: "docker" "rm" "-f" "0e1e84d2d1e18388cfa919aa421f22bcffa3dcd05cdcd9706cacccb72f7f26c8", kill_on_drop: false }`
[INFO] [stdout] 0e1e84d2d1e18388cfa919aa421f22bcffa3dcd05cdcd9706cacccb72f7f26c8
[INFO] running `Command { std: "docker" "create" "-v" "/var/lib/crater-agent-workspace/builds/worker-4-tc1/target:/opt/rustwide/target:rw,Z" "-v" "/var/lib/crater-agent-workspace/builds/worker-4-tc1/source:/opt/rustwide/workdir:ro,Z" "-v" "/var/lib/crater-agent-workspace/cargo-home:/opt/rustwide/cargo-home:ro,Z" "-v" "/var/lib/crater-agent-workspace/rustup-home:/opt/rustwide/rustup-home:ro,Z" "-e" "SOURCE_DIR=/opt/rustwide/workdir" "-e" "CARGO_TARGET_DIR=/opt/rustwide/target" "-e" "CARGO_INCREMENTAL=0" "-e" "RUST_BACKTRACE=full" "-e" "RUSTFLAGS=--cap-lints=warn" "-e" "RUSTDOCFLAGS=--cap-lints=warn" "-e" "CARGO_HOME=/opt/rustwide/cargo-home" "-e" "RUSTUP_HOME=/opt/rustwide/rustup-home" "-w" "/opt/rustwide/workdir" "-m" "1610612736" "--user" "0:0" "--network" "none" "ghcr.io/rust-lang/crates-build-env/linux@sha256:5ff2268d62e97bff2cde7d5815dd6ed5b47097566f13b8d0ca110b04b60e07ed" "/opt/rustwide/cargo-home/bin/cargo" "+1.69.0" "doc" "--frozen" "--no-deps" "--document-private-items" "--message-format=json", kill_on_drop: false }`
[INFO] [stdout] b54cba467a075b212edbc58d239e773ea804f50943f60c2b5b58f4e70d7fe11e
[INFO] running `Command { std: "docker" "start" "-a" "b54cba467a075b212edbc58d239e773ea804f50943f60c2b5b58f4e70d7fe11e", kill_on_drop: false }`
[INFO] [stderr]    Compiling libc v0.2.106
[INFO] [stderr]    Compiling proc-macro2 v1.0.32
[INFO] [stderr]     Checking cfg-if v1.0.0
[INFO] [stderr]    Compiling unicode-xid v0.2.2
[INFO] [stderr]    Compiling version_check v0.9.3
[INFO] [stderr]    Compiling syn v1.0.81
[INFO] [stderr]    Compiling autocfg v1.0.1
[INFO] [stderr]    Compiling memchr v2.4.1
[INFO] [stderr]    Compiling log v0.4.14
[INFO] [stderr]     Checking pin-project-lite v0.2.7
[INFO] [stderr]    Compiling futures-core v0.3.17
[INFO] [stderr]    Compiling parking_lot_core v0.8.5
[INFO] [stderr]     Checking bytes v1.1.0
[INFO] [stderr]     Checking scopeguard v1.1.0
[INFO] [stderr]    Compiling serde_derive v1.0.130
[INFO] [stderr]     Checking smallvec v1.7.0
[INFO] [stderr]    Compiling serde v1.0.130
[INFO] [stderr]     Checking lock_api v0.4.5
[INFO] [stderr]     Checking once_cell v1.8.0
[INFO] [stderr]     Checking instant v0.1.12
[INFO] [stderr]    Compiling typenum v1.14.0
[INFO] [stderr]    Compiling proc-macro-hack v0.5.19
[INFO] [stderr]     Checking futures-sink v0.3.17
[INFO] [stderr]     Checking itoa v0.4.8
[INFO] [stderr]    Compiling futures-task v0.3.17
[INFO] [stderr]     Checking fnv v1.0.7
[INFO] [stderr]    Compiling tokio v1.13.0
[INFO] [stderr]    Compiling standback v0.2.17
[INFO] [stderr]    Compiling generic-array v0.14.4
[INFO] [stderr]    Compiling futures-util v0.3.17
[INFO] [stderr]     Checking percent-encoding v2.1.0
[INFO] [stderr]     Checking local-waker v0.1.1
[INFO] [stderr]    Compiling const_fn v0.4.8
[INFO] [stderr]     Checking http v0.2.5
[INFO] [stderr]    Compiling time v0.2.27
[INFO] [stderr]    Compiling indexmap v1.7.0
[INFO] [stderr]    Compiling miniz_oxide v0.4.4
[INFO] [stderr]     Checking pin-utils v0.1.0
[INFO] [stderr]    Compiling zstd-safe v3.1.0+zstd.1.4.9
[INFO] [stderr]     Checking tinyvec_macros v0.1.0
[INFO] [stderr]    Compiling paste v1.0.5
[INFO] [stderr]    Compiling ryu v1.0.5
[INFO] [stderr]    Compiling crc32fast v1.2.1
[INFO] [stderr]     Checking lazy_static v1.4.0
[INFO] [stderr]     Checking matches v0.1.9
[INFO] [stderr]    Compiling quote v1.0.10
[INFO] [stderr]     Checking tinyvec v1.5.0
[INFO] [stderr]     Checking tracing-core v0.1.21
[INFO] [stderr]     Checking signal-hook-registry v1.4.0
[INFO] [stderr]     Checking mio v0.7.14
[INFO] [stderr]    Compiling jobserver v0.1.24
[INFO] [stderr]     Checking getrandom v0.2.3
[INFO] [stderr]     Checking parking_lot v0.11.2
[INFO] [stderr]    Compiling aho-corasick v0.7.18
[INFO] [stderr]     Checking rand_core v0.6.3
[INFO] [stderr]    Compiling cc v1.0.71
[INFO] [stderr]     Checking actix-service v2.0.1
[INFO] [stderr]     Checking actix-utils v3.0.0
[INFO] [stderr]    Compiling ahash v0.7.6
[INFO] [stderr]    Compiling regex-syntax v0.6.25
[INFO] [stderr]     Checking ppv-lite86 v0.2.15
[INFO] [stderr]    Compiling convert_case v0.4.0
[INFO] [stderr]     Checking hashbrown v0.11.2
[INFO] [stderr]     Checking adler v1.0.2
[INFO] [stderr]    Compiling encoding_rs v0.8.29
[INFO] [stderr]     Checking bitflags v1.3.2
[INFO] [stderr]    Compiling httparse v1.5.1
[INFO] [stderr]     Checking rand_chacha v0.3.1
[INFO] [stderr]     Checking unicode-normalization v0.1.19
[INFO] [stderr]     Checking digest v0.9.0
[INFO] [stderr]     Checking block-buffer v0.9.0
[INFO] [stdout] error: linking with `cc` failed: exit status: 1
[INFO] [stdout]   |
[INFO] [stdout]   = note: LC_ALL="C" PATH="/opt/rustwide/rustup-home/toolchains/1.69.0-x86_64-unknown-linux-gnu/lib/rustlib/x86_64-unknown-linux-gnu/bin:/opt/rustwide/cargo-home/bin:/usr/local/sbin:/usr/local/bin:/usr/sbin:/usr/bin:/sbin:/bin" VSLANG="1033" "cc" "-m64" "/tmp/rustcLAMRVv/symbols.o" "/opt/rustwide/target/debug/build/httparse-fa671fbbd1a325a0/build_script_build-fa671fbbd1a325a0.build_script_build.475f5d70-cgu.0.rcgu.o" "/opt/rustwide/target/debug/build/httparse-fa671fbbd1a325a0/build_script_build-fa671fbbd1a325a0.build_script_build.475f5d70-cgu.1.rcgu.o" "/opt/rustwide/target/debug/build/httparse-fa671fbbd1a325a0/build_script_build-fa671fbbd1a325a0.build_script_build.475f5d70-cgu.10.rcgu.o" "/opt/rustwide/target/debug/build/httparse-fa671fbbd1a325a0/build_script_build-fa671fbbd1a325a0.build_script_build.475f5d70-cgu.11.rcgu.o" "/opt/rustwide/target/debug/build/httparse-fa671fbbd1a325a0/build_script_build-fa671fbbd1a325a0.build_script_build.475f5d70-cgu.12.rcgu.o" "/opt/rustwide/target/debug/build/httparse-fa671fbbd1a325a0/build_script_build-fa671fbbd1a325a0.build_script_build.475f5d70-cgu.13.rcgu.o" "/opt/rustwide/target/debug/build/httparse-fa671fbbd1a325a0/build_script_build-fa671fbbd1a325a0.build_script_build.475f5d70-cgu.14.rcgu.o" "/opt/rustwide/target/debug/build/httparse-fa671fbbd1a325a0/build_script_build-fa671fbbd1a325a0.build_script_build.475f5d70-cgu.15.rcgu.o" "/opt/rustwide/target/debug/build/httparse-fa671fbbd1a325a0/build_script_build-fa671fbbd1a325a0.build_script_build.475f5d70-cgu.2.rcgu.o" "/opt/rustwide/target/debug/build/httparse-fa671fbbd1a325a0/build_script_build-fa671fbbd1a325a0.build_script_build.475f5d70-cgu.3.rcgu.o" "/opt/rustwide/target/debug/build/httparse-fa671fbbd1a325a0/build_script_build-fa671fbbd1a325a0.build_script_build.475f5d70-cgu.4.rcgu.o" "/opt/rustwide/target/debug/build/httparse-fa671fbbd1a325a0/build_script_build-fa671fbbd1a325a0.build_script_build.475f5d70-cgu.5.rcgu.o" "/opt/rustwide/target/debug/build/httparse-fa671fbbd1a325a0/build_script_build-fa671fbbd1a325a0.build_script_build.475f5d70-cgu.6.rcgu.o" "/opt/rustwide/target/debug/build/httparse-fa671fbbd1a325a0/build_script_build-fa671fbbd1a325a0.build_script_build.475f5d70-cgu.7.rcgu.o" "/opt/rustwide/target/debug/build/httparse-fa671fbbd1a325a0/build_script_build-fa671fbbd1a325a0.build_script_build.475f5d70-cgu.8.rcgu.o" "/opt/rustwide/target/debug/build/httparse-fa671fbbd1a325a0/build_script_build-fa671fbbd1a325a0.build_script_build.475f5d70-cgu.9.rcgu.o" "/opt/rustwide/target/debug/build/httparse-fa671fbbd1a325a0/build_script_build-fa671fbbd1a325a0.k1yb6k6w7n4fbeg.rcgu.o" "-Wl,--as-needed" "-L" "/opt/rustwide/target/debug/deps" "-L" "/opt/rustwide/rustup-home/toolchains/1.69.0-x86_64-unknown-linux-gnu/lib/rustlib/x86_64-unknown-linux-gnu/lib" "-Wl,-Bstatic" "/opt/rustwide/rustup-home/toolchains/1.69.0-x86_64-unknown-linux-gnu/lib/rustlib/x86_64-unknown-linux-gnu/lib/libstd-89bc084783fdc439.rlib" "/opt/rustwide/rustup-home/toolchains/1.69.0-x86_64-unknown-linux-gnu/lib/rustlib/x86_64-unknown-linux-gnu/lib/libpanic_unwind-8bee4b287d4367c1.rlib" "/opt/rustwide/rustup-home/toolchains/1.69.0-x86_64-unknown-linux-gnu/lib/rustlib/x86_64-unknown-linux-gnu/lib/libobject-d61707aed80694c0.rlib" "/opt/rustwide/rustup-home/toolchains/1.69.0-x86_64-unknown-linux-gnu/lib/rustlib/x86_64-unknown-linux-gnu/lib/libmemchr-d85366256f22345b.rlib" "/opt/rustwide/rustup-home/toolchains/1.69.0-x86_64-unknown-linux-gnu/lib/rustlib/x86_64-unknown-linux-gnu/lib/libaddr2line-96069b86b8a8cae9.rlib" "/opt/rustwide/rustup-home/toolchains/1.69.0-x86_64-unknown-linux-gnu/lib/rustlib/x86_64-unknown-linux-gnu/lib/libgimli-d19d53abf68dfa6c.rlib" "/opt/rustwide/rustup-home/toolchains/1.69.0-x86_64-unknown-linux-gnu/lib/rustlib/x86_64-unknown-linux-gnu/lib/librustc_demangle-787cbccd19d64ac6.rlib" "/opt/rustwide/rustup-home/toolchains/1.69.0-x86_64-unknown-linux-gnu/lib/rustlib/x86_64-unknown-linux-gnu/lib/libstd_detect-b3837a36b830e0d0.rlib" "/opt/rustwide/rustup-home/toolchains/1.69.0-x86_64-unknown-linux-gnu/lib/rustlib/x86_64-unknown-linux-gnu/lib/libhashbrown-e3deb0e7e3f04966.rlib" "/opt/rustwide/rustup-home/toolchains/1.69.0-x86_64-unknown-linux-gnu/lib/rustlib/x86_64-unknown-linux-gnu/lib/libminiz_oxide-dabbb79c9815def4.rlib" "/opt/rustwide/rustup-home/toolchains/1.69.0-x86_64-unknown-linux-gnu/lib/rustlib/x86_64-unknown-linux-gnu/lib/libadler-305b01f34c9409f2.rlib" "/opt/rustwide/rustup-home/toolchains/1.69.0-x86_64-unknown-linux-gnu/lib/rustlib/x86_64-unknown-linux-gnu/lib/librustc_std_workspace_alloc-f833521df6074e73.rlib" "/opt/rustwide/rustup-home/toolchains/1.69.0-x86_64-unknown-linux-gnu/lib/rustlib/x86_64-unknown-linux-gnu/lib/libunwind-9ac333113350d171.rlib" "/opt/rustwide/rustup-home/toolchains/1.69.0-x86_64-unknown-linux-gnu/lib/rustlib/x86_64-unknown-linux-gnu/lib/libcfg_if-1c126114322d0eee.rlib" "/opt/rustwide/rustup-home/toolchains/1.69.0-x86_64-unknown-linux-gnu/lib/rustlib/x86_64-unknown-linux-gnu/lib/liblibc-bad9164fdeeecf92.rlib" "/opt/rustwide/rustup-home/toolchains/1.69.0-x86_64-unknown-linux-gnu/lib/rustlib/x86_64-unknown-linux-gnu/lib/liballoc-f9374b1e480fa681.rlib" "/opt/rustwide/rustup-home/toolchains/1.69.0-x86_64-unknown-linux-gnu/lib/rustlib/x86_64-unknown-linux-gnu/lib/librustc_std_workspace_core-207f06e41d9603af.rlib" "/opt/rustwide/rustup-home/toolchains/1.69.0-x86_64-unknown-linux-gnu/lib/rustlib/x86_64-unknown-linux-gnu/lib/libcore-7e2768e66e984e85.rlib" "/opt/rustwide/rustup-home/toolchains/1.69.0-x86_64-unknown-linux-gnu/lib/rustlib/x86_64-unknown-linux-gnu/lib/libcompiler_builtins-957b4aff41f8cd46.rlib" "-Wl,-Bdynamic" "-lgcc_s" "-lutil" "-lrt" "-lpthread" "-lm" "-ldl" "-lc" "-Wl,--eh-frame-hdr" "-Wl,-z,noexecstack" "-L" "/opt/rustwide/rustup-home/toolchains/1.69.0-x86_64-unknown-linux-gnu/lib/rustlib/x86_64-unknown-linux-gnu/lib" "-o" "/opt/rustwide/target/debug/build/httparse-fa671fbbd1a325a0/build_script_build-fa671fbbd1a325a0" "-Wl,--gc-sections" "-pie" "-Wl,-z,relro,-z,now" "-nodefaultlibs"
[INFO] [stdout]   = note: /usr/bin/ld: final link failed: No space left on device
[INFO] [stdout]           collect2: error: ld returned 1 exit status
[INFO] [stdout]           
[INFO] [stdout] 
[INFO] [stdout] 
[INFO] [stdout] error: aborting due to previous error
[INFO] [stdout] 
[INFO] [stdout] 
[INFO] [stderr]     Checking tracing v0.1.29
[INFO] [stderr] error: could not compile `httparse` due to 2 previous errors
[INFO] [stderr] warning: build failed, waiting for other jobs to finish...
[INFO] [stderr] thread 'rustc' panicked at 'assertion failed: pos.get() <= self.position()', compiler/rustc_metadata/src/rmeta/encoder.rs:454:9
[INFO] [stderr] LLVM ERROR: IO failure on output stream: No space left on device
[INFO] [stderr] LLVM ERROR: IO failure on output stream: No space left on device
[INFO] [stderr] error: could not compile `cc`
[INFO] [stderr] error: could not compile `aho-corasick`
[INFO] [stdout] error: couldn't create a temp dir: No space left on device (os error 28) at path "/opt/rustwide/target/debug/deps/rmetah4rbUi"
[INFO] [stdout] 
[INFO] [stdout] 
[INFO] [stderr] error: could not compile `block-buffer` due to previous error
[INFO] [stderr] error: could not compile `crc32fast`
[INFO] [stderr] thread 'rustc' panicked at 'assertion failed: pos.get() <= self.position()', compiler/rustc_metadata/src/rmeta/encoder.rs:435:9
[INFO] [stdout] error: couldn't create a temp dir: No space left on device (os error 28) at path "/opt/rustwide/target/debug/deps/rmetagL0Gfy"
[INFO] [stdout] 
[INFO] [stdout] 
[INFO] [stderr] error: could not compile `indexmap` due to previous error
[INFO] [stderr] thread 'rustc' panicked at 'assertion failed: pos.get() <= self.position()', compiler/rustc_metadata/src/rmeta/encoder.rs:454:9
[INFO] [stderr] error: could not compile `miniz_oxide`
[INFO] [stderr] error: could not compile `tracing`
[INFO] [stderr] thread 'rustc' panicked at 'assertion failed: pos.get() <= self.position()', compiler/rustc_metadata/src/rmeta/encoder.rs:435:9
[INFO] [stderr] error: could not compile `unicode-normalization`
[INFO] [stdout] error: couldn't create a temp dir: No space left on device (os error 28) at path "/opt/rustwide/target/debug/deps/rmetaTkzaMh"
[INFO] [stdout] 
[INFO] [stdout] 
[INFO] [stderr] error: could not compile `regex-syntax` due to previous error
[INFO] [stdout] error: couldn't create a temp dir: No space left on device (os error 28) at path "/opt/rustwide/target/debug/deps/rmetaBWJmi7"
[INFO] [stdout] 
[INFO] [stdout] 
[INFO] [stderr] error: could not compile `futures-util` due to previous error
[INFO] [stdout] error: couldn't create a temp dir: No space left on device (os error 28) at path "/opt/rustwide/target/debug/deps/rmetaKMUSvW"
[INFO] [stdout] 
[INFO] [stdout] 
[INFO] [stderr] error: could not compile `http` due to previous error
[INFO] [stderr] thread 'rustc' panicked at 'assertion failed: pos.get() <= self.position()', compiler/rustc_metadata/src/rmeta/encoder.rs:435:9
[INFO] [stderr] error: could not compile `regex-syntax`
[INFO] [stderr] thread 'rustc' panicked at 'assertion failed: pos.get() <= self.position()', compiler/rustc_metadata/src/rmeta/encoder.rs:435:9
[INFO] [stdout] error: couldn't create a temp dir: No space left on device (os error 28) at path "/opt/rustwide/target/debug/deps/rmetaVS18VC"
[INFO] [stdout] 
[INFO] [stdout] 
[INFO] [stderr] error: could not compile `tokio` due to previous error
[INFO] [stderr] error: could not compile `syn`
[INFO] running `Command { std: "docker" "inspect" "b54cba467a075b212edbc58d239e773ea804f50943f60c2b5b58f4e70d7fe11e", kill_on_drop: false }`
[INFO] running `Command { std: "docker" "rm" "-f" "b54cba467a075b212edbc58d239e773ea804f50943f60c2b5b58f4e70d7fe11e", kill_on_drop: false }`
[INFO] [stdout] b54cba467a075b212edbc58d239e773ea804f50943f60c2b5b58f4e70d7fe11e
