[INFO] cloning repository https://github.com/just-chillin/RustChip8Emulator
[INFO] running `Command { std: "git" "-c" "credential.helper=" "-c" "credential.helper=/workspace/cargo-home/bin/git-credential-null" "clone" "--bare" "https://github.com/just-chillin/RustChip8Emulator" "/workspace/cache/git-repos/https%3A%2F%2Fgithub.com%2Fjust-chillin%2FRustChip8Emulator", kill_on_drop: false }`
[INFO] [stderr] Cloning into bare repository '/workspace/cache/git-repos/https%3A%2F%2Fgithub.com%2Fjust-chillin%2FRustChip8Emulator'...
[INFO] [stderr] error: unable to create temporary file: No space left on device
[INFO] [stderr] fatal: failed to write object
[INFO] [stderr] fatal: unpack-objects failed
[WARN] Retrying crate fetch in 3 seconds (attempt 1)
[INFO] cloning repository https://github.com/just-chillin/RustChip8Emulator
[INFO] running `Command { std: "git" "-c" "credential.helper=" "-c" "credential.helper=/workspace/cargo-home/bin/git-credential-null" "clone" "--bare" "https://github.com/just-chillin/RustChip8Emulator" "/workspace/cache/git-repos/https%3A%2F%2Fgithub.com%2Fjust-chillin%2FRustChip8Emulator", kill_on_drop: false }`
[INFO] [stderr] Cloning into bare repository '/workspace/cache/git-repos/https%3A%2F%2Fgithub.com%2Fjust-chillin%2FRustChip8Emulator'...
[INFO] [stderr] /workspace/cache/git-repos/https%3A%2F%2Fgithub.com%2Fjust-chillin%2FRustChip8Emulator/objects/info: No space left on device
[WARN] Retrying crate fetch in 3 seconds (attempt 2)
[INFO] cloning repository https://github.com/just-chillin/RustChip8Emulator
[INFO] running `Command { std: "git" "-c" "credential.helper=" "-c" "credential.helper=/workspace/cargo-home/bin/git-credential-null" "clone" "--bare" "https://github.com/just-chillin/RustChip8Emulator" "/workspace/cache/git-repos/https%3A%2F%2Fgithub.com%2Fjust-chillin%2FRustChip8Emulator", kill_on_drop: false }`
[INFO] [stderr] Cloning into bare repository '/workspace/cache/git-repos/https%3A%2F%2Fgithub.com%2Fjust-chillin%2FRustChip8Emulator'...
[INFO] [stderr] /workspace/cache/git-repos/https%3A%2F%2Fgithub.com%2Fjust-chillin%2FRustChip8Emulator/objects/pack: No space left on device
[WARN] Retrying crate fetch in 3 seconds (attempt 3)
[INFO] cloning repository https://github.com/just-chillin/RustChip8Emulator
[INFO] running `Command { std: "git" "-c" "credential.helper=" "-c" "credential.helper=/workspace/cargo-home/bin/git-credential-null" "clone" "--bare" "https://github.com/just-chillin/RustChip8Emulator" "/workspace/cache/git-repos/https%3A%2F%2Fgithub.com%2Fjust-chillin%2FRustChip8Emulator", kill_on_drop: false }`
[INFO] [stderr] Cloning into bare repository '/workspace/cache/git-repos/https%3A%2F%2Fgithub.com%2Fjust-chillin%2FRustChip8Emulator'...
[INFO] running `Command { std: "git" "rev-parse" "HEAD", kill_on_drop: false }`
[INFO] [stdout] 780d3b202edc119d4c02f831f66f042e1d59bf08
[INFO] documenting just-chillin/RustChip8Emulator against 1.69.0 for beta-1.70-rustdoc-1
[INFO] running `Command { std: "git" "clone" "/workspace/cache/git-repos/https%3A%2F%2Fgithub.com%2Fjust-chillin%2FRustChip8Emulator" "/workspace/builds/worker-3-tc1/source", kill_on_drop: false }`
[INFO] [stderr] Cloning into '/workspace/builds/worker-3-tc1/source'...
[INFO] [stderr] done.
[INFO] validating manifest of git repo https://github.com/just-chillin/RustChip8Emulator on toolchain 1.69.0
[INFO] running `Command { std: CARGO_HOME="/workspace/cargo-home" RUSTUP_HOME="/workspace/rustup-home" "/workspace/cargo-home/bin/cargo" "+1.69.0" "metadata" "--manifest-path" "Cargo.toml" "--no-deps", kill_on_drop: false }`
[INFO] started tweaking git repo https://github.com/just-chillin/RustChip8Emulator
[INFO] finished tweaking git repo https://github.com/just-chillin/RustChip8Emulator
[INFO] tweaked toml for git repo https://github.com/just-chillin/RustChip8Emulator written to /workspace/builds/worker-3-tc1/source/Cargo.toml
[INFO] crate git repo https://github.com/just-chillin/RustChip8Emulator already has a lockfile, it will not be regenerated
[INFO] running `Command { std: CARGO_HOME="/workspace/cargo-home" RUSTUP_HOME="/workspace/rustup-home" "/workspace/cargo-home/bin/cargo" "+1.69.0" "fetch" "--manifest-path" "Cargo.toml", kill_on_drop: false }`
[INFO] [stderr]  Downloading crates ...
[INFO] [stderr]   Downloaded pixels v0.2.0
[INFO] [stderr]   Downloaded pollster v0.2.1
[INFO] running `Command { std: "docker" "create" "-v" "/var/lib/crater-agent-workspace/builds/worker-3-tc1/target:/opt/rustwide/target:rw,Z" "-v" "/var/lib/crater-agent-workspace/builds/worker-3-tc1/source:/opt/rustwide/workdir:ro,Z" "-v" "/var/lib/crater-agent-workspace/cargo-home:/opt/rustwide/cargo-home:ro,Z" "-v" "/var/lib/crater-agent-workspace/rustup-home:/opt/rustwide/rustup-home:ro,Z" "-e" "SOURCE_DIR=/opt/rustwide/workdir" "-e" "CARGO_TARGET_DIR=/opt/rustwide/target" "-e" "CARGO_HOME=/opt/rustwide/cargo-home" "-e" "RUSTUP_HOME=/opt/rustwide/rustup-home" "-w" "/opt/rustwide/workdir" "-m" "1610612736" "--user" "0:0" "--network" "none" "ghcr.io/rust-lang/crates-build-env/linux@sha256:5ff2268d62e97bff2cde7d5815dd6ed5b47097566f13b8d0ca110b04b60e07ed" "/opt/rustwide/cargo-home/bin/cargo" "+1.69.0" "metadata" "--no-deps" "--format-version=1", kill_on_drop: false }`
[INFO] [stdout] 938467e7a2783c844bf8c0ab23b3ee2bcb1f16598259850919a6f34774b51ac5
[INFO] running `Command { std: "docker" "start" "-a" "938467e7a2783c844bf8c0ab23b3ee2bcb1f16598259850919a6f34774b51ac5", kill_on_drop: false }`
[INFO] running `Command { std: "docker" "inspect" "938467e7a2783c844bf8c0ab23b3ee2bcb1f16598259850919a6f34774b51ac5", kill_on_drop: false }`
[INFO] running `Command { std: "docker" "rm" "-f" "938467e7a2783c844bf8c0ab23b3ee2bcb1f16598259850919a6f34774b51ac5", kill_on_drop: false }`
[INFO] [stdout] 938467e7a2783c844bf8c0ab23b3ee2bcb1f16598259850919a6f34774b51ac5
[INFO] running `Command { std: "docker" "create" "-v" "/var/lib/crater-agent-workspace/builds/worker-3-tc1/target:/opt/rustwide/target:rw,Z" "-v" "/var/lib/crater-agent-workspace/builds/worker-3-tc1/source:/opt/rustwide/workdir:ro,Z" "-v" "/var/lib/crater-agent-workspace/cargo-home:/opt/rustwide/cargo-home:ro,Z" "-v" "/var/lib/crater-agent-workspace/rustup-home:/opt/rustwide/rustup-home:ro,Z" "-e" "SOURCE_DIR=/opt/rustwide/workdir" "-e" "CARGO_TARGET_DIR=/opt/rustwide/target" "-e" "CARGO_INCREMENTAL=0" "-e" "RUST_BACKTRACE=full" "-e" "RUSTFLAGS=--cap-lints=warn" "-e" "RUSTDOCFLAGS=--cap-lints=warn" "-e" "CARGO_HOME=/opt/rustwide/cargo-home" "-e" "RUSTUP_HOME=/opt/rustwide/rustup-home" "-w" "/opt/rustwide/workdir" "-m" "1610612736" "--user" "0:0" "--network" "none" "ghcr.io/rust-lang/crates-build-env/linux@sha256:5ff2268d62e97bff2cde7d5815dd6ed5b47097566f13b8d0ca110b04b60e07ed" "/opt/rustwide/cargo-home/bin/cargo" "+1.69.0" "doc" "--frozen" "--no-deps" "--document-private-items" "--message-format=json", kill_on_drop: false }`
[INFO] [stdout] 543e286855385994d3b9eaba901cf689183580be7e0f27c4c7e615371265b19b
[INFO] running `Command { std: "docker" "start" "-a" "543e286855385994d3b9eaba901cf689183580be7e0f27c4c7e615371265b19b", kill_on_drop: false }`
[INFO] [stderr]    Compiling libc v0.2.84
[INFO] [stderr]     Checking cfg-if v1.0.0
[INFO] [stderr]    Compiling proc-macro2 v1.0.24
[INFO] [stderr]    Compiling unicode-xid v0.2.1
[INFO] [stderr]    Compiling bitflags v1.2.1
[INFO] [stderr]    Compiling pkg-config v0.3.19
[INFO] [stderr]    Compiling log v0.4.14
[INFO] [stderr]     Checking smallvec v1.6.1
[INFO] [stderr]    Compiling memchr v2.3.4
[INFO] [stderr]     Checking once_cell v1.5.2
[INFO] [stderr]    Compiling syn v1.0.60
[INFO] [stderr]     Checking cfg-if v0.1.10
[INFO] [stderr]     Checking slab v0.4.2
[INFO] [stderr]    Compiling xml-rs v0.8.3
[INFO] [stderr]    Compiling nix v0.18.0
[INFO] [stderr]    Compiling proc-macro-hack v0.5.19
[INFO] [stderr]     Checking libloading v0.6.7
[INFO] [stderr]     Checking byteorder v1.4.2
[INFO] [stderr]    Compiling autocfg v1.0.1
[INFO] [stderr]    Compiling proc-macro-nested v0.1.7
[INFO] [stderr]    Compiling version_check v0.9.2
[INFO] [stderr]     Checking dlib v0.4.2
[INFO] [stderr]     Checking pin-project-lite v0.2.4
[INFO] [stderr]     Checking instant v0.1.9
[INFO] [stderr]     Checking futures-sink v0.3.12
[INFO] [stderr]     Checking scopeguard v1.1.0
[INFO] [stderr]     Checking futures-core v0.3.12
[INFO] [stderr]     Checking fxhash v0.2.1
[INFO] [stderr]     Checking lock_api v0.4.2
[INFO] [stderr]     Checking futures-task v0.3.12
[INFO] [stderr]     Checking futures-channel v0.3.12
[INFO] [stderr]     Checking downcast-rs v1.2.0
[INFO] [stderr]    Compiling getrandom v0.2.2
[INFO] [stderr]     Checking pin-utils v0.1.0
[INFO] [stderr]     Checking arrayvec v0.5.2
[INFO] [stderr]    Compiling nom v6.1.0
[INFO] [stderr]     Checking ttf-parser v0.6.2
[INFO] [stderr]     Checking bit-vec v0.6.3
[INFO] [stderr]    Compiling num-traits v0.2.14
[INFO] [stderr]     Checking futures-io v0.3.12
[INFO] [stderr]     Checking scoped-tls v1.0.0
[INFO] [stderr]     Checking ash v0.31.0
[INFO] [stderr]     Checking tracing-core v0.1.17
[INFO] [stderr]    Compiling wayland-sys v0.28.3
[INFO] [stderr]    Compiling x11 v2.18.2
[INFO] [stderr]    Compiling maybe-uninit v2.0.0
[INFO] [stderr]    Compiling wide v0.4.6
[INFO] [stderr]     Checking bit-set v0.5.2
[INFO] [stderr]     Checking same-file v1.0.6
[INFO] [stderr]     Checking ab_glyph_rasterizer v0.1.4
[INFO] [stderr]     Checking inplace_it v0.3.3
[INFO] [stderr]     Checking tracing v0.1.22
[INFO] [stderr]     Checking walkdir v2.3.1
[INFO] [stderr]    Compiling quote v1.0.8
[INFO] [stderr]    Compiling x11-dl v2.18.5
[INFO] [stderr]     Checking wgpu-types v0.6.1
[INFO] [stderr]     Checking xdg v2.2.0
[INFO] [stderr]     Checking bytemuck v1.5.0
[INFO] [stderr]     Checking copyless v0.1.5
[INFO] [stderr]    Compiling wayland-scanner v0.28.3
[INFO] [stderr]     Checking lazycell v1.3.0
[INFO] [stderr]     Checking ppv-lite86 v0.2.10
[INFO] [stderr]     Checking typed-arena v2.0.1
[INFO] [stderr]     Checking percent-encoding v2.1.0
[INFO] [stderr]     Checking pollster v0.2.1
[INFO] [stderr]     Checking raw-window-handle v0.3.3
[INFO] [stderr]     Checking gfx-hal v0.6.0
[INFO] [stderr]     Checking parking_lot_core v0.8.2
[INFO] [stderr]     Checking owned_ttf_parser v0.6.0
[INFO] [stderr]     Checking net2 v0.2.37
[INFO] [stderr]     Checking iovec v0.1.4
[INFO] [stderr]     Checking rusttype v0.9.2
[INFO] [stderr]     Checking memmap2 v0.1.0
[INFO] [stderr]     Checking rand_core v0.6.1
[INFO] [stderr]     Checking ultraviolet v0.4.6
[INFO] [stderr]     Checking parking_lot v0.11.1
[INFO] [stderr]     Checking andrew v0.3.1
[INFO] [stderr]     Checking mio v0.6.23
[INFO] [stderr]     Checking rand_chacha v0.3.0
[INFO] [stderr]     Checking spirv_headers v1.5.0
[INFO] [stderr]     Checking rand v0.8.3
[INFO] [stderr]    Compiling wayland-client v0.28.3
[INFO] [stderr]    Compiling wayland-protocols v0.28.3
[INFO] [stderr]     Checking xcursor v0.3.3
[INFO] [stderr]     Checking mio-extras v2.0.6
[INFO] [stderr]     Checking wayland-commons v0.28.3
[INFO] [stderr]     Checking calloop v0.6.5
[INFO] [stderr]     Checking gfx-memory v0.2.2
[INFO] [stderr]     Checking gfx-descriptor v0.2.0
[INFO] [stderr]     Checking gfx-backend-empty v0.6.0
[INFO] [stderr] thread 'rustc' panicked at 'assertion failed: pos.get() <= self.position()', compiler/rustc_metadata/src/rmeta/encoder.rs:435:9
[INFO] [stderr] LLVM ERROR: IO failure on output stream: No space left on device
[INFO] [stderr] error: could not compile `wayland-client`
[INFO] [stderr] warning: build failed, waiting for other jobs to finish...
[INFO] [stderr] error: could not compile `syn`
[INFO] [stderr] thread 'rustc' panicked at 'assertion failed: pos.get() <= self.position()', compiler/rustc_metadata/src/rmeta/encoder.rs:435:9
[INFO] [stderr] error: could not compile `ash`
[INFO] [stderr] error: failed to run custom build command for `wayland-protocols v0.28.3`
[INFO] [stderr] note: To improve backtraces for build dependencies, set the CARGO_PROFILE_DEV_BUILD_OVERRIDE_DEBUG=true environment variable to enable debug information generation.
[INFO] [stderr] 
[INFO] [stderr] Caused by:
[INFO] [stderr]   process didn't exit successfully: `/opt/rustwide/target/debug/build/wayland-protocols-f2873dfe11218456/build-script-build` (exit status: 101)
[INFO] [stderr]   --- stdout
[INFO] [stderr]   cargo:rerun-if-changed-env=CARGO_FEATURE_CLIENT
[INFO] [stderr]   cargo:rerun-if-changed-env=CARGO_FEATURE_SERVER
[INFO] [stderr]   cargo:rerun-if-changed-env=CARGO_FEATURE_UNSTABLE_PROTOCOLS
[INFO] [stderr]   cargo:rerun-if-changed=./protocols/stable/presentation-time/presentation-time.xml
[INFO] [stderr]   cargo:rerun-if-changed=./protocols/stable/viewporter/viewporter.xml
[INFO] [stderr]   cargo:rerun-if-changed=./protocols/stable/xdg-shell/xdg-shell.xml
[INFO] [stderr]   cargo:rerun-if-changed=./misc/gtk-primary-selection.xml
[INFO] [stderr]   cargo:rerun-if-changed=./protocols/unstable/fullscreen-shell/fullscreen-shell-unstable-v1.xml
[INFO] [stderr]   cargo:rerun-if-changed=./protocols/unstable/idle-inhibit/idle-inhibit-unstable-v1.xml
[INFO] [stderr]   cargo:rerun-if-changed=./protocols/unstable/input-method/input-method-unstable-v1.xml
[INFO] [stderr]   cargo:rerun-if-changed=./protocols/unstable/input-timestamps/input-timestamps-unstable-v1.xml
[INFO] [stderr]   cargo:rerun-if-changed=./protocols/unstable/keyboard-shortcuts-inhibit/keyboard-shortcuts-inhibit-unstable-v1.xml
[INFO] [stderr] 
[INFO] [stderr]   --- stderr
[INFO] [stderr]   error: 'rustfmt' is not installed for the toolchain '1.69.0-x86_64-unknown-linux-gnu'
[INFO] [stderr]   To install, run `rustup component add rustfmt --toolchain 1.69.0-x86_64-unknown-linux-gnu`
[INFO] [stderr]   error: 'rustfmt' is not installed for the toolchain '1.69.0-x86_64-unknown-linux-gnu'
[INFO] [stderr]   To install, run `rustup component add rustfmt --toolchain 1.69.0-x86_64-unknown-linux-gnu`
[INFO] [stderr]   error: 'rustfmt' is not installed for the toolchain '1.69.0-x86_64-unknown-linux-gnu'
[INFO] [stderr]   To install, run `rustup component add rustfmt --toolchain 1.69.0-x86_64-unknown-linux-gnu`
[INFO] [stderr]   error: 'rustfmt' is not installed for the toolchain '1.69.0-x86_64-unknown-linux-gnu'
[INFO] [stderr]   To install, run `rustup component add rustfmt --toolchain 1.69.0-x86_64-unknown-linux-gnu`
[INFO] [stderr]   error: 'rustfmt' is not installed for the toolchain '1.69.0-x86_64-unknown-linux-gnu'
[INFO] [stderr]   To install, run `rustup component add rustfmt --toolchain 1.69.0-x86_64-unknown-linux-gnu`
[INFO] [stderr]   error: 'rustfmt' is not installed for the toolchain '1.69.0-x86_64-unknown-linux-gnu'
[INFO] [stderr]   To install, run `rustup component add rustfmt --toolchain 1.69.0-x86_64-unknown-linux-gnu`
[INFO] [stderr]   error: 'rustfmt' is not installed for the toolchain '1.69.0-x86_64-unknown-linux-gnu'
[INFO] [stderr]   To install, run `rustup component add rustfmt --toolchain 1.69.0-x86_64-unknown-linux-gnu`
[INFO] [stderr]   error: 'rustfmt' is not installed for the toolchain '1.69.0-x86_64-unknown-linux-gnu'
[INFO] [stderr]   To install, run `rustup component add rustfmt --toolchain 1.69.0-x86_64-unknown-linux-gnu`
[INFO] [stderr]   thread 'main' panicked at 'called `Result::unwrap()` on an `Err` value: Os { code: 28, kind: StorageFull, message: "No space left on device" }', /opt/rustwide/cargo-home/registry/src/github.com-1ecc6299db9ec823/wayland-scanner-0.28.3/src/lib.rs:156:40
[INFO] [stderr]   stack backtrace:
[INFO] [stderr]      0:     0x5579b43ce06a - std::backtrace_rs::backtrace::libunwind::trace::ha9053a9a07ca49cb
[INFO] [stderr]                                  at /rustc/84c898d65adf2f39a5a98507f1fe0ce10a2b8dbc/library/std/src/../../backtrace/src/backtrace/libunwind.rs:93:5
[INFO] [stderr]      1:     0x5579b43ce06a - std::backtrace_rs::backtrace::trace_unsynchronized::h9c2852a457ad564e
[INFO] [stderr]                                  at /rustc/84c898d65adf2f39a5a98507f1fe0ce10a2b8dbc/library/std/src/../../backtrace/src/backtrace/mod.rs:66:5
[INFO] [stderr]      2:     0x5579b43ce06a - std::sys_common::backtrace::_print_fmt::h457936fbfaa0070f
[INFO] [stderr]                                  at /rustc/84c898d65adf2f39a5a98507f1fe0ce10a2b8dbc/library/std/src/sys_common/backtrace.rs:65:5
[INFO] [stderr]      3:     0x5579b43ce06a - <std::sys_common::backtrace::_print::DisplayBacktrace as core::fmt::Display>::fmt::h5779d7bf7f70cb0c
[INFO] [stderr]                                  at /rustc/84c898d65adf2f39a5a98507f1fe0ce10a2b8dbc/library/std/src/sys_common/backtrace.rs:44:22
[INFO] [stderr]      4:     0x5579b43ec04e - core::fmt::write::h5a4baaff1bcd3eb5
[INFO] [stderr]                                  at /rustc/84c898d65adf2f39a5a98507f1fe0ce10a2b8dbc/library/core/src/fmt/mod.rs:1232:17
[INFO] [stderr]      5:     0x5579b43cbdd5 - std::io::Write::write_fmt::h4bc1f301cb9e9cce
[INFO] [stderr]                                  at /rustc/84c898d65adf2f39a5a98507f1fe0ce10a2b8dbc/library/std/src/io/mod.rs:1684:15
[INFO] [stderr]      6:     0x5579b43cde35 - std::sys_common::backtrace::_print::h5fcdc36060f177e8
[INFO] [stderr]                                  at /rustc/84c898d65adf2f39a5a98507f1fe0ce10a2b8dbc/library/std/src/sys_common/backtrace.rs:47:5
[INFO] [stderr]      7:     0x5579b43cde35 - std::sys_common::backtrace::print::h54ca9458b876c8bf
[INFO] [stderr]                                  at /rustc/84c898d65adf2f39a5a98507f1fe0ce10a2b8dbc/library/std/src/sys_common/backtrace.rs:34:9
[INFO] [stderr]      8:     0x5579b43cf7df - std::panicking::default_hook::{{closure}}::hbe471161c7664ed6
[INFO] [stderr]                                  at /rustc/84c898d65adf2f39a5a98507f1fe0ce10a2b8dbc/library/std/src/panicking.rs:271:22
[INFO] [stderr]      9:     0x5579b43cf51b - std::panicking::default_hook::ha3500da57aa4ac4f
[INFO] [stderr]                                  at /rustc/84c898d65adf2f39a5a98507f1fe0ce10a2b8dbc/library/std/src/panicking.rs:290:9
[INFO] [stderr]     10:     0x5579b43cfd88 - std::panicking::rust_panic_with_hook::h50c09d000dc561d2
[INFO] [stderr]                                  at /rustc/84c898d65adf2f39a5a98507f1fe0ce10a2b8dbc/library/std/src/panicking.rs:692:13
[INFO] [stderr]     11:     0x5579b43cfc89 - std::panicking::begin_panic_handler::{{closure}}::h9e2b2176e00e0d9c
[INFO] [stderr]                                  at /rustc/84c898d65adf2f39a5a98507f1fe0ce10a2b8dbc/library/std/src/panicking.rs:583:13
[INFO] [stderr]     12:     0x5579b43ce4d6 - std::sys_common::backtrace::__rust_end_short_backtrace::h5739b8e512c09d02
[INFO] [stderr]                                  at /rustc/84c898d65adf2f39a5a98507f1fe0ce10a2b8dbc/library/std/src/sys_common/backtrace.rs:150:18
[INFO] [stderr]     13:     0x5579b43cf992 - rust_begin_unwind
[INFO] [stderr]                                  at /rustc/84c898d65adf2f39a5a98507f1fe0ce10a2b8dbc/library/std/src/panicking.rs:579:5
[INFO] [stderr]     14:     0x5579b42fef53 - core::panicking::panic_fmt::hf33a1475b4dc5c3e
[INFO] [stderr]                                  at /rustc/84c898d65adf2f39a5a98507f1fe0ce10a2b8dbc/library/core/src/panicking.rs:64:14
[INFO] [stderr]     15:     0x5579b42ff343 - core::result::unwrap_failed::hdff5465d74574b44
[INFO] [stderr]                                  at /rustc/84c898d65adf2f39a5a98507f1fe0ce10a2b8dbc/library/core/src/result.rs:1750:5
[INFO] [stderr]     16:     0x5579b430ed1b - core::result::Result<T,E>::unwrap::hdd6508e1779414d6
[INFO] [stderr]     17:     0x5579b431224d - wayland_scanner::generate_code_with_destructor_events::h8eb7cd0bd658f3d6
[INFO] [stderr]     18:     0x5579b430452d - build_script_build::generate_protocol::hdd77ebb22b757445
[INFO] [stderr]     19:     0x5579b43058ce - build_script_build::main::hc21f6bf03d2c6a0f
[INFO] [stderr]     20:     0x5579b4310663 - core::ops::function::FnOnce::call_once::heff8698dafc3ae09
[INFO] [stderr]     21:     0x5579b4303b59 - std::sys_common::backtrace::__rust_begin_short_backtrace::h014af7d63480abd6
[INFO] [stderr]     22:     0x5579b43024c9 - std::rt::lang_start::{{closure}}::hfe60d173cc8fa9a7
[INFO] [stderr]     23:     0x5579b43c8dfc - core::ops::function::impls::<impl core::ops::function::FnOnce<A> for &F>::call_once::hd6efcd3bec896f2c
[INFO] [stderr]                                  at /rustc/84c898d65adf2f39a5a98507f1fe0ce10a2b8dbc/library/core/src/ops/function.rs:287:13
[INFO] [stderr]     24:     0x5579b43c8dfc - std::panicking::try::do_call::hce04e543bb1f4cbb
[INFO] [stderr]                                  at /rustc/84c898d65adf2f39a5a98507f1fe0ce10a2b8dbc/library/std/src/panicking.rs:487:40
[INFO] [stderr]     25:     0x5579b43c8dfc - std::panicking::try::h3342dd4e1f680968
[INFO] [stderr]                                  at /rustc/84c898d65adf2f39a5a98507f1fe0ce10a2b8dbc/library/std/src/panicking.rs:451:19
[INFO] [stderr]     26:     0x5579b43c8dfc - std::panic::catch_unwind::h148ce1e59ac0cee7
[INFO] [stderr]                                  at /rustc/84c898d65adf2f39a5a98507f1fe0ce10a2b8dbc/library/std/src/panic.rs:140:14
[INFO] [stderr]     27:     0x5579b43c8dfc - std::rt::lang_start_internal::{{closure}}::h25f9dda2057a67fe
[INFO] [stderr]                                  at /rustc/84c898d65adf2f39a5a98507f1fe0ce10a2b8dbc/library/std/src/rt.rs:148:48
[INFO] [stderr]     28:     0x5579b43c8dfc - std::panicking::try::do_call::h7caaaeaf9401650b
[INFO] [stderr]                                  at /rustc/84c898d65adf2f39a5a98507f1fe0ce10a2b8dbc/library/std/src/panicking.rs:487:40
[INFO] [stderr]     29:     0x5579b43c8dfc - std::panicking::try::he7d15285746cbbc2
[INFO] [stderr]                                  at /rustc/84c898d65adf2f39a5a98507f1fe0ce10a2b8dbc/library/std/src/panicking.rs:451:19
[INFO] [stderr]     30:     0x5579b43c8dfc - std::panic::catch_unwind::h89fb4f50c0301fe0
[INFO] [stderr]                                  at /rustc/84c898d65adf2f39a5a98507f1fe0ce10a2b8dbc/library/std/src/panic.rs:140:14
[INFO] [stderr]     31:     0x5579b43c8dfc - std::rt::lang_start_internal::h078acd489417d3c1
[INFO] [stderr]                                  at /rustc/84c898d65adf2f39a5a98507f1fe0ce10a2b8dbc/library/std/src/rt.rs:148:20
[INFO] [stderr]     32:     0x5579b43024a7 - std::rt::lang_start::h1988f02e8aeb0337
[INFO] [stderr]     33:     0x5579b4305e75 - main
[INFO] [stderr]     34:     0x7fba60733d90 - <unknown>
[INFO] [stderr]     35:     0x7fba60733e40 - __libc_start_main
[INFO] [stderr]     36:     0x5579b42ff525 - _start
[INFO] [stderr]     37:                0x0 - <unknown>
[INFO] running `Command { std: "docker" "inspect" "543e286855385994d3b9eaba901cf689183580be7e0f27c4c7e615371265b19b", kill_on_drop: false }`
[INFO] running `Command { std: "docker" "rm" "-f" "543e286855385994d3b9eaba901cf689183580be7e0f27c4c7e615371265b19b", kill_on_drop: false }`
[INFO] [stdout] 543e286855385994d3b9eaba901cf689183580be7e0f27c4c7e615371265b19b
