[INFO] cloning repository https://github.com/joeyjoejoejr/wasm-example
[INFO] running `Command { std: "git" "-c" "credential.helper=" "-c" "credential.helper=/workspace/cargo-home/bin/git-credential-null" "clone" "--bare" "https://github.com/joeyjoejoejr/wasm-example" "/workspace/cache/git-repos/https%3A%2F%2Fgithub.com%2Fjoeyjoejoejr%2Fwasm-example", kill_on_drop: false }`
[INFO] [stderr] Cloning into bare repository '/workspace/cache/git-repos/https%3A%2F%2Fgithub.com%2Fjoeyjoejoejr%2Fwasm-example'...
[INFO] running `Command { std: "git" "rev-parse" "HEAD", kill_on_drop: false }`
[INFO] [stdout] c8c365fea811d712c36704984ddddc500228cbf7
[INFO] documenting joeyjoejoejr/wasm-example against 1.69.0 for beta-1.70-rustdoc-1
[INFO] running `Command { std: "git" "clone" "/workspace/cache/git-repos/https%3A%2F%2Fgithub.com%2Fjoeyjoejoejr%2Fwasm-example" "/workspace/builds/worker-2-tc1/source", kill_on_drop: false }`
[INFO] [stderr] Cloning into '/workspace/builds/worker-2-tc1/source'...
[INFO] [stderr] done.
[INFO] validating manifest of git repo https://github.com/joeyjoejoejr/wasm-example on toolchain 1.69.0
[INFO] running `Command { std: CARGO_HOME="/workspace/cargo-home" RUSTUP_HOME="/workspace/rustup-home" "/workspace/cargo-home/bin/cargo" "+1.69.0" "metadata" "--manifest-path" "Cargo.toml" "--no-deps", kill_on_drop: false }`
[INFO] started tweaking git repo https://github.com/joeyjoejoejr/wasm-example
[INFO] finished tweaking git repo https://github.com/joeyjoejoejr/wasm-example
[INFO] tweaked toml for git repo https://github.com/joeyjoejoejr/wasm-example written to /workspace/builds/worker-2-tc1/source/Cargo.toml
[INFO] crate git repo https://github.com/joeyjoejoejr/wasm-example already has a lockfile, it will not be regenerated
[INFO] running `Command { std: CARGO_HOME="/workspace/cargo-home" RUSTUP_HOME="/workspace/rustup-home" "/workspace/cargo-home/bin/cargo" "+1.69.0" "fetch" "--manifest-path" "Cargo.toml", kill_on_drop: false }`
[INFO] [stderr]  Downloading crates ...
[INFO] [stderr]   Downloaded kiss3d v0.22.1
[INFO] running `Command { std: "docker" "create" "-v" "/var/lib/crater-agent-workspace/builds/worker-2-tc1/target:/opt/rustwide/target:rw,Z" "-v" "/var/lib/crater-agent-workspace/builds/worker-2-tc1/source:/opt/rustwide/workdir:ro,Z" "-v" "/var/lib/crater-agent-workspace/cargo-home:/opt/rustwide/cargo-home:ro,Z" "-v" "/var/lib/crater-agent-workspace/rustup-home:/opt/rustwide/rustup-home:ro,Z" "-e" "SOURCE_DIR=/opt/rustwide/workdir" "-e" "CARGO_TARGET_DIR=/opt/rustwide/target" "-e" "CARGO_HOME=/opt/rustwide/cargo-home" "-e" "RUSTUP_HOME=/opt/rustwide/rustup-home" "-w" "/opt/rustwide/workdir" "-m" "1610612736" "--user" "0:0" "--network" "none" "ghcr.io/rust-lang/crates-build-env/linux@sha256:5ff2268d62e97bff2cde7d5815dd6ed5b47097566f13b8d0ca110b04b60e07ed" "/opt/rustwide/cargo-home/bin/cargo" "+1.69.0" "metadata" "--no-deps" "--format-version=1", kill_on_drop: false }`
[INFO] [stdout] 629c432fc768a46ef1dc9fa20ac020f2185c782468f168783d01bf65ac85a69d
[INFO] running `Command { std: "docker" "start" "-a" "629c432fc768a46ef1dc9fa20ac020f2185c782468f168783d01bf65ac85a69d", kill_on_drop: false }`
[INFO] running `Command { std: "docker" "inspect" "629c432fc768a46ef1dc9fa20ac020f2185c782468f168783d01bf65ac85a69d", kill_on_drop: false }`
[INFO] running `Command { std: "docker" "rm" "-f" "629c432fc768a46ef1dc9fa20ac020f2185c782468f168783d01bf65ac85a69d", kill_on_drop: false }`
[INFO] [stdout] 629c432fc768a46ef1dc9fa20ac020f2185c782468f168783d01bf65ac85a69d
[INFO] running `Command { std: "docker" "create" "-v" "/var/lib/crater-agent-workspace/builds/worker-2-tc1/target:/opt/rustwide/target:rw,Z" "-v" "/var/lib/crater-agent-workspace/builds/worker-2-tc1/source:/opt/rustwide/workdir:ro,Z" "-v" "/var/lib/crater-agent-workspace/cargo-home:/opt/rustwide/cargo-home:ro,Z" "-v" "/var/lib/crater-agent-workspace/rustup-home:/opt/rustwide/rustup-home:ro,Z" "-e" "SOURCE_DIR=/opt/rustwide/workdir" "-e" "CARGO_TARGET_DIR=/opt/rustwide/target" "-e" "CARGO_INCREMENTAL=0" "-e" "RUST_BACKTRACE=full" "-e" "RUSTFLAGS=--cap-lints=warn" "-e" "RUSTDOCFLAGS=--cap-lints=warn" "-e" "CARGO_HOME=/opt/rustwide/cargo-home" "-e" "RUSTUP_HOME=/opt/rustwide/rustup-home" "-w" "/opt/rustwide/workdir" "-m" "1610612736" "--user" "0:0" "--network" "none" "ghcr.io/rust-lang/crates-build-env/linux@sha256:5ff2268d62e97bff2cde7d5815dd6ed5b47097566f13b8d0ca110b04b60e07ed" "/opt/rustwide/cargo-home/bin/cargo" "+1.69.0" "doc" "--frozen" "--no-deps" "--document-private-items" "--message-format=json", kill_on_drop: false }`
[INFO] [stdout] 24203250784edafdf066759ffeb1dcf8b33d244c273ccd1382cd270766c90522
[INFO] running `Command { std: "docker" "start" "-a" "24203250784edafdf066759ffeb1dcf8b33d244c273ccd1382cd270766c90522", kill_on_drop: false }`
[INFO] [stderr]    Compiling autocfg v0.1.7
[INFO] [stderr]    Compiling libc v0.2.66
[INFO] [stderr]     Checking cfg-if v0.1.10
[INFO] [stderr]    Compiling semver-parser v0.7.0
[INFO] [stderr]     Checking lazy_static v1.4.0
[INFO] [stderr]    Compiling proc-macro2 v0.4.30
[INFO] [stderr]    Compiling unicode-xid v0.1.0
[INFO] [stderr]    Compiling xml-rs v0.8.0
[INFO] [stderr]    Compiling byteorder v1.3.2
[INFO] [stderr]    Compiling bitflags v1.2.1
[INFO] [stderr]     Checking rand_core v0.4.2
[INFO] [stderr]     Checking scopeguard v1.0.0
[INFO] [stderr]    Compiling log v0.4.8
[INFO] [stderr]    Compiling cc v1.0.48
[INFO] [stderr]    Compiling proc-macro2 v1.0.6
[INFO] [stderr]    Compiling serde v1.0.104
[INFO] [stderr]    Compiling khronos_api v3.1.0
[INFO] [stderr]    Compiling maybe-uninit v2.0.0
[INFO] [stderr]    Compiling unicode-xid v0.2.0
[INFO] [stderr]    Compiling getrandom v0.1.13
[INFO] [stderr]    Compiling semver v0.9.0
[INFO] [stderr]     Checking rand_core v0.3.1
[INFO] [stderr]    Compiling syn v1.0.11
[INFO] [stderr]    Compiling num-traits v0.2.10
[INFO] [stderr]    Compiling crossbeam-utils v0.7.0
[INFO] [stderr]    Compiling rustc_version v0.2.3
[INFO] [stderr]    Compiling crossbeam-epoch v0.8.0
[INFO] [stderr]    Compiling num-integer v0.1.41
[INFO] [stderr]    Compiling num-bigint v0.2.3
[INFO] [stderr]    Compiling nix v0.14.1
[INFO] [stderr]    Compiling rand_pcg v0.1.2
[INFO] [stderr]    Compiling memoffset v0.5.3
[INFO] [stderr]    Compiling num-rational v0.2.2
[INFO] [stderr]     Checking stb_truetype v0.3.1
[INFO] [stderr]     Checking rustc-hash v1.0.1
[INFO] [stderr]    Compiling rand_chacha v0.1.1
[INFO] [stderr]    Compiling num-complex v0.2.3
[INFO] [stderr]     Checking linked-hash-map v0.5.2
[INFO] [stderr]    Compiling quote v0.6.13
[INFO] [stderr]    Compiling quote v1.0.2
[INFO] [stderr]    Compiling syn v0.15.44
[INFO] [stderr]     Checking num_cpus v1.11.1
[INFO] [stderr]     Checking arrayvec v0.5.1
[INFO] [stderr]     Checking void v1.0.2
[INFO] [stderr]    Compiling libloading v0.5.2
[INFO] [stderr]    Compiling wayland-scanner v0.21.13
[INFO] [stderr]    Compiling rand v0.6.5
[INFO] [stderr]     Checking ppv-lite86 v0.2.6
[INFO] [stderr]    Compiling ryu v1.0.2
[INFO] [stderr]     Checking downcast-rs v1.1.1
[INFO] [stderr]     Checking rand_core v0.5.1
[INFO] [stderr]     Checking rand_os v0.1.3
[INFO] [stderr]    Compiling parking_lot_core v0.4.0
[INFO] [stderr]     Checking crossbeam-deque v0.7.2
[INFO] [stderr]     Checking smallvec v0.6.13
[INFO] [stderr]    Compiling num-iter v0.1.39
[INFO] [stderr]     Checking rand_isaac v0.1.1
[INFO] [stderr]     Checking rand_xorshift v0.1.1
[INFO] [stderr]     Checking rand_hc v0.1.0
[INFO] [stderr]     Checking approx v0.3.2
[INFO] [stderr]     Checking ordered-float v1.0.2
[INFO] [stderr]     Checking rand_jitter v0.1.4
[INFO] [stderr]     Checking dlib v0.4.1
[INFO] [stderr]     Checking c2-chacha v0.2.3
[INFO] [stderr]    Compiling rayon-core v1.6.1
[INFO] [stderr]    Compiling libm v0.1.4
[INFO] [stderr]     Checking stable_deref_trait v1.1.1
[INFO] [stderr]    Compiling pkg-config v0.3.17
[INFO] [stderr]     Checking wayland-sys v0.21.13
[INFO] [stderr]    Compiling typenum v1.11.2
[INFO] [stderr]     Checking same-file v1.0.5
[INFO] [stderr]     Checking rusttype v0.8.2
[INFO] [stderr]     Checking owning_ref v0.4.0
[INFO] [stderr]     Checking rand_chacha v0.2.1
[INFO] [stderr]     Checking walkdir v2.2.9
[INFO] [stderr]     Checking line_drawing v0.7.0
[INFO] [stderr]     Checking crossbeam-queue v0.2.0
[INFO] [stderr]     Checking fixedbitset v0.1.9
[INFO] [stderr]    Compiling num-derive v0.2.5
[INFO] [stderr]    Compiling crc32fast v1.2.0
[INFO] [stderr]     Checking xdg v2.2.0
[INFO] [stderr]     Checking rusttype v0.7.9
[INFO] [stderr]     Checking ordermap v0.3.5
[INFO] [stderr]     Checking adler32 v1.0.4
[INFO] [stderr]     Checking either v1.5.3
[INFO] [stderr]     Checking scopeguard v0.3.3
[INFO] [stderr]    Compiling x11-dl v2.18.4
[INFO] [stderr]     Checking lock_api v0.1.5
[INFO] [stderr]     Checking andrew v0.2.1
[INFO] [stderr]     Checking petgraph v0.4.13
[INFO] [stderr]     Checking rand v0.7.2
[INFO] [stderr]     Checking memmap v0.7.0
[INFO] [stderr]    Compiling gl_generator v0.14.0
[INFO] [stderr]    Compiling gl_generator v0.10.0
[INFO] [stderr]     Checking piston-float v0.3.0
[INFO] [stderr]     Checking rawpointer v0.2.1
[INFO] [stderr]     Checking lzw v0.10.0
[INFO] [stderr]    Compiling wayland-client v0.21.13
[INFO] [stderr]    Compiling wayland-protocols v0.21.13
[INFO] [stderr]     Checking generic-array v0.13.2
[INFO] [stderr]     Checking matrixmultiply v0.2.3
[INFO] [stderr]     Checking alga v0.9.2
[INFO] [stderr]     Checking parking_lot v0.7.1
[INFO] [stderr]     Checking piston-viewport v0.5.0
[INFO] [stderr]     Checking rayon v1.2.1
[INFO] [stderr] thread 'rustc' panicked at 'assertion failed: pos.get() <= self.position()', compiler/rustc_metadata/src/rmeta/encoder.rs:435:9
[INFO] [stderr] error: could not parse/generate dep info at: /opt/rustwide/target/debug/deps/parking_lot-f53421b591c390a5.d
[INFO] [stderr] 
[INFO] [stderr] Caused by:
[INFO] [stderr]   failed to write `/opt/rustwide/target/debug/.fingerprint/parking_lot-f53421b591c390a5/dep-lib-parking_lot`
[INFO] [stderr] 
[INFO] [stderr] Caused by:
[INFO] [stderr]   No space left on device (os error 28)
[INFO] [stderr] warning: build failed, waiting for other jobs to finish...
[INFO] [stderr] LLVM ERROR: IO failure on output stream: No space left on device
[INFO] [stderr] error: could not compile `gl_generator`
[INFO] [stderr] LLVM ERROR: IO failure on output stream: No space left on device
[INFO] [stderr] error: could not compile `gl_generator`
[INFO] [stdout] error: couldn't create a temp dir: No space left on device (os error 28) at path "/opt/rustwide/target/debug/deps/rmetaKXd793"
[INFO] [stdout] 
[INFO] [stdout] 
[INFO] [stderr] error: could not compile `crc32fast` due to previous error
[INFO] [stderr] error: could not compile `rand`
[INFO] [stdout] error: linking with `cc` failed: exit status: 1
[INFO] [stdout]   |
[INFO] [stdout]   = note: LC_ALL="C" PATH="/opt/rustwide/rustup-home/toolchains/1.69.0-x86_64-unknown-linux-gnu/lib/rustlib/x86_64-unknown-linux-gnu/bin:/opt/rustwide/cargo-home/bin:/usr/local/sbin:/usr/local/bin:/usr/sbin:/usr/bin:/sbin:/bin" VSLANG="1033" "cc" "-m64" "/tmp/rustc0EPemM/symbols.o" "/opt/rustwide/target/debug/build/wayland-protocols-a1fe9a77be1ee8c6/build_script_build-a1fe9a77be1ee8c6.build_script_build.5fe27151-cgu.0.rcgu.o" "/opt/rustwide/target/debug/build/wayland-protocols-a1fe9a77be1ee8c6/build_script_build-a1fe9a77be1ee8c6.build_script_build.5fe27151-cgu.1.rcgu.o" "/opt/rustwide/target/debug/build/wayland-protocols-a1fe9a77be1ee8c6/build_script_build-a1fe9a77be1ee8c6.build_script_build.5fe27151-cgu.10.rcgu.o" "/opt/rustwide/target/debug/build/wayland-protocols-a1fe9a77be1ee8c6/build_script_build-a1fe9a77be1ee8c6.build_script_build.5fe27151-cgu.11.rcgu.o" "/opt/rustwide/target/debug/build/wayland-protocols-a1fe9a77be1ee8c6/build_script_build-a1fe9a77be1ee8c6.build_script_build.5fe27151-cgu.12.rcgu.o" "/opt/rustwide/target/debug/build/wayland-protocols-a1fe9a77be1ee8c6/build_script_build-a1fe9a77be1ee8c6.build_script_build.5fe27151-cgu.13.rcgu.o" "/opt/rustwide/target/debug/build/wayland-protocols-a1fe9a77be1ee8c6/build_script_build-a1fe9a77be1ee8c6.build_script_build.5fe27151-cgu.14.rcgu.o" "/opt/rustwide/target/debug/build/wayland-protocols-a1fe9a77be1ee8c6/build_script_build-a1fe9a77be1ee8c6.build_script_build.5fe27151-cgu.15.rcgu.o" "/opt/rustwide/target/debug/build/wayland-protocols-a1fe9a77be1ee8c6/build_script_build-a1fe9a77be1ee8c6.build_script_build.5fe27151-cgu.2.rcgu.o" "/opt/rustwide/target/debug/build/wayland-protocols-a1fe9a77be1ee8c6/build_script_build-a1fe9a77be1ee8c6.build_script_build.5fe27151-cgu.3.rcgu.o" "/opt/rustwide/target/debug/build/wayland-protocols-a1fe9a77be1ee8c6/build_script_build-a1fe9a77be1ee8c6.build_script_build.5fe27151-cgu.4.rcgu.o" "/opt/rustwide/target/debug/build/wayland-protocols-a1fe9a77be1ee8c6/build_script_build-a1fe9a77be1ee8c6.build_script_build.5fe27151-cgu.5.rcgu.o" "/opt/rustwide/target/debug/build/wayland-protocols-a1fe9a77be1ee8c6/build_script_build-a1fe9a77be1ee8c6.build_script_build.5fe27151-cgu.6.rcgu.o" "/opt/rustwide/target/debug/build/wayland-protocols-a1fe9a77be1ee8c6/build_script_build-a1fe9a77be1ee8c6.build_script_build.5fe27151-cgu.7.rcgu.o" "/opt/rustwide/target/debug/build/wayland-protocols-a1fe9a77be1ee8c6/build_script_build-a1fe9a77be1ee8c6.build_script_build.5fe27151-cgu.8.rcgu.o" "/opt/rustwide/target/debug/build/wayland-protocols-a1fe9a77be1ee8c6/build_script_build-a1fe9a77be1ee8c6.build_script_build.5fe27151-cgu.9.rcgu.o" "/opt/rustwide/target/debug/build/wayland-protocols-a1fe9a77be1ee8c6/build_script_build-a1fe9a77be1ee8c6.qrfz0z1rlul9uyc.rcgu.o" "-Wl,--as-needed" "-L" "/opt/rustwide/target/debug/deps" "-L" "/opt/rustwide/rustup-home/toolchains/1.69.0-x86_64-unknown-linux-gnu/lib/rustlib/x86_64-unknown-linux-gnu/lib" "-Wl,-Bstatic" "/opt/rustwide/target/debug/deps/libwayland_scanner-4aa9d3d37974c0f0.rlib" "/opt/rustwide/target/debug/deps/libxml-cdf7eced78099d60.rlib" "/opt/rustwide/target/debug/deps/libquote-0ced2807704a787a.rlib" "/opt/rustwide/target/debug/deps/libproc_macro2-0fccd25f405ab2f5.rlib" "/opt/rustwide/target/debug/deps/libunicode_xid-d9678ef7bb9870d6.rlib" "/opt/rustwide/rustup-home/toolchains/1.69.0-x86_64-unknown-linux-gnu/lib/rustlib/x86_64-unknown-linux-gnu/lib/libproc_macro-3627dfecd49b0535.rlib" "/opt/rustwide/rustup-home/toolchains/1.69.0-x86_64-unknown-linux-gnu/lib/rustlib/x86_64-unknown-linux-gnu/lib/libstd-89bc084783fdc439.rlib" "/opt/rustwide/rustup-home/toolchains/1.69.0-x86_64-unknown-linux-gnu/lib/rustlib/x86_64-unknown-linux-gnu/lib/libpanic_unwind-8bee4b287d4367c1.rlib" "/opt/rustwide/rustup-home/toolchains/1.69.0-x86_64-unknown-linux-gnu/lib/rustlib/x86_64-unknown-linux-gnu/lib/libobject-d61707aed80694c0.rlib" "/opt/rustwide/rustup-home/toolchains/1.69.0-x86_64-unknown-linux-gnu/lib/rustlib/x86_64-unknown-linux-gnu/lib/libmemchr-d85366256f22345b.rlib" "/opt/rustwide/rustup-home/toolchains/1.69.0-x86_64-unknown-linux-gnu/lib/rustlib/x86_64-unknown-linux-gnu/lib/libaddr2line-96069b86b8a8cae9.rlib" "/opt/rustwide/rustup-home/toolchains/1.69.0-x86_64-unknown-linux-gnu/lib/rustlib/x86_64-unknown-linux-gnu/lib/libgimli-d19d53abf68dfa6c.rlib" "/opt/rustwide/rustup-home/toolchains/1.69.0-x86_64-unknown-linux-gnu/lib/rustlib/x86_64-unknown-linux-gnu/lib/librustc_demangle-787cbccd19d64ac6.rlib" "/opt/rustwide/rustup-home/toolchains/1.69.0-x86_64-unknown-linux-gnu/lib/rustlib/x86_64-unknown-linux-gnu/lib/libstd_detect-b3837a36b830e0d0.rlib" "/opt/rustwide/rustup-home/toolchains/1.69.0-x86_64-unknown-linux-gnu/lib/rustlib/x86_64-unknown-linux-gnu/lib/libhashbrown-e3deb0e7e3f04966.rlib" "/opt/rustwide/rustup-home/toolchains/1.69.0-x86_64-unknown-linux-gnu/lib/rustlib/x86_64-unknown-linux-gnu/lib/libminiz_oxide-dabbb79c9815def4.rlib" "/opt/rustwide/rustup-home/toolchains/1.69.0-x86_64-unknown-linux-gnu/lib/rustlib/x86_64-unknown-linux-gnu/lib/libadler-305b01f34c9409f2.rlib" "/opt/rustwide/rustup-home/toolchains/1.69.0-x86_64-unknown-linux-gnu/lib/rustlib/x86_64-unknown-linux-gnu/lib/librustc_std_workspace_alloc-f833521df6074e73.rlib" "/opt/rustwide/rustup-home/toolchains/1.69.0-x86_64-unknown-linux-gnu/lib/rustlib/x86_64-unknown-linux-gnu/lib/libunwind-9ac333113350d171.rlib" "/opt/rustwide/rustup-home/toolchains/1.69.0-x86_64-unknown-linux-gnu/lib/rustlib/x86_64-unknown-linux-gnu/lib/libcfg_if-1c126114322d0eee.rlib" "/opt/rustwide/rustup-home/toolchains/1.69.0-x86_64-unknown-linux-gnu/lib/rustlib/x86_64-unknown-linux-gnu/lib/liblibc-bad9164fdeeecf92.rlib" "/opt/rustwide/rustup-home/toolchains/1.69.0-x86_64-unknown-linux-gnu/lib/rustlib/x86_64-unknown-linux-gnu/lib/liballoc-f9374b1e480fa681.rlib" "/opt/rustwide/rustup-home/toolchains/1.69.0-x86_64-unknown-linux-gnu/lib/rustlib/x86_64-unknown-linux-gnu/lib/librustc_std_workspace_core-207f06e41d9603af.rlib" "/opt/rustwide/rustup-home/toolchains/1.69.0-x86_64-unknown-linux-gnu/lib/rustlib/x86_64-unknown-linux-gnu/lib/libcore-7e2768e66e984e85.rlib" "/opt/rustwide/rustup-home/toolchains/1.69.0-x86_64-unknown-linux-gnu/lib/rustlib/x86_64-unknown-linux-gnu/lib/libcompiler_builtins-957b4aff41f8cd46.rlib" "-Wl,-Bdynamic" "-lgcc_s" "-lutil" "-lrt" "-lpthread" "-lm" "-ldl" "-lc" "-Wl,--eh-frame-hdr" "-Wl,-z,noexecstack" "-L" "/opt/rustwide/rustup-home/toolchains/1.69.0-x86_64-unknown-linux-gnu/lib/rustlib/x86_64-unknown-linux-gnu/lib" "-o" "/opt/rustwide/target/debug/build/wayland-protocols-a1fe9a77be1ee8c6/build_script_build-a1fe9a77be1ee8c6" "-Wl,--gc-sections" "-pie" "-Wl,-z,relro,-z,now" "-nodefaultlibs"
[INFO] [stdout]   = note: /usr/bin/ld: final link failed: No space left on device
[INFO] [stdout]           collect2: error: ld returned 1 exit status
[INFO] [stdout]           
[INFO] [stdout] 
[INFO] [stdout] 
[INFO] [stdout] error: aborting due to previous error
[INFO] [stdout] 
[INFO] [stdout] 
[INFO] [stderr] error: could not compile `wayland-protocols` due to 2 previous errors
[INFO] [stderr] thread 'rustc' panicked at 'assertion failed: pos.get() <= self.position()', compiler/rustc_metadata/src/rmeta/encoder.rs:435:9
[INFO] [stdout] error: linking with `cc` failed: exit status: 1
[INFO] [stdout]   |
[INFO] [stdout]   = note: LC_ALL="C" PATH="/opt/rustwide/rustup-home/toolchains/1.69.0-x86_64-unknown-linux-gnu/lib/rustlib/x86_64-unknown-linux-gnu/bin:/opt/rustwide/cargo-home/bin:/usr/local/sbin:/usr/local/bin:/usr/sbin:/usr/bin:/sbin:/bin" VSLANG="1033" "cc" "-m64" "/tmp/rustcdosrPH/symbols.o" "/opt/rustwide/target/debug/build/wayland-client-7f776e76cae73d44/build_script_build-7f776e76cae73d44.build_script_build.c3735f30-cgu.0.rcgu.o" "/opt/rustwide/target/debug/build/wayland-client-7f776e76cae73d44/build_script_build-7f776e76cae73d44.build_script_build.c3735f30-cgu.1.rcgu.o" "/opt/rustwide/target/debug/build/wayland-client-7f776e76cae73d44/build_script_build-7f776e76cae73d44.build_script_build.c3735f30-cgu.10.rcgu.o" "/opt/rustwide/target/debug/build/wayland-client-7f776e76cae73d44/build_script_build-7f776e76cae73d44.build_script_build.c3735f30-cgu.11.rcgu.o" "/opt/rustwide/target/debug/build/wayland-client-7f776e76cae73d44/build_script_build-7f776e76cae73d44.build_script_build.c3735f30-cgu.12.rcgu.o" "/opt/rustwide/target/debug/build/wayland-client-7f776e76cae73d44/build_script_build-7f776e76cae73d44.build_script_build.c3735f30-cgu.13.rcgu.o" "/opt/rustwide/target/debug/build/wayland-client-7f776e76cae73d44/build_script_build-7f776e76cae73d44.build_script_build.c3735f30-cgu.14.rcgu.o" "/opt/rustwide/target/debug/build/wayland-client-7f776e76cae73d44/build_script_build-7f776e76cae73d44.build_script_build.c3735f30-cgu.15.rcgu.o" "/opt/rustwide/target/debug/build/wayland-client-7f776e76cae73d44/build_script_build-7f776e76cae73d44.build_script_build.c3735f30-cgu.2.rcgu.o" "/opt/rustwide/target/debug/build/wayland-client-7f776e76cae73d44/build_script_build-7f776e76cae73d44.build_script_build.c3735f30-cgu.3.rcgu.o" "/opt/rustwide/target/debug/build/wayland-client-7f776e76cae73d44/build_script_build-7f776e76cae73d44.build_script_build.c3735f30-cgu.4.rcgu.o" "/opt/rustwide/target/debug/build/wayland-client-7f776e76cae73d44/build_script_build-7f776e76cae73d44.build_script_build.c3735f30-cgu.5.rcgu.o" "/opt/rustwide/target/debug/build/wayland-client-7f776e76cae73d44/build_script_build-7f776e76cae73d44.build_script_build.c3735f30-cgu.6.rcgu.o" "/opt/rustwide/target/debug/build/wayland-client-7f776e76cae73d44/build_script_build-7f776e76cae73d44.build_script_build.c3735f30-cgu.7.rcgu.o" "/opt/rustwide/target/debug/build/wayland-client-7f776e76cae73d44/build_script_build-7f776e76cae73d44.build_script_build.c3735f30-cgu.8.rcgu.o" "/opt/rustwide/target/debug/build/wayland-client-7f776e76cae73d44/build_script_build-7f776e76cae73d44.build_script_build.c3735f30-cgu.9.rcgu.o" "/opt/rustwide/target/debug/build/wayland-client-7f776e76cae73d44/build_script_build-7f776e76cae73d44.4plpc58ab36jr546.rcgu.o" "-Wl,--as-needed" "-L" "/opt/rustwide/target/debug/deps" "-L" "/opt/rustwide/rustup-home/toolchains/1.69.0-x86_64-unknown-linux-gnu/lib/rustlib/x86_64-unknown-linux-gnu/lib" "-Wl,-Bstatic" "/opt/rustwide/target/debug/deps/libwayland_scanner-4aa9d3d37974c0f0.rlib" "/opt/rustwide/target/debug/deps/libxml-cdf7eced78099d60.rlib" "/opt/rustwide/target/debug/deps/libquote-0ced2807704a787a.rlib" "/opt/rustwide/target/debug/deps/libproc_macro2-0fccd25f405ab2f5.rlib" "/opt/rustwide/target/debug/deps/libunicode_xid-d9678ef7bb9870d6.rlib" "/opt/rustwide/rustup-home/toolchains/1.69.0-x86_64-unknown-linux-gnu/lib/rustlib/x86_64-unknown-linux-gnu/lib/libproc_macro-3627dfecd49b0535.rlib" "/opt/rustwide/rustup-home/toolchains/1.69.0-x86_64-unknown-linux-gnu/lib/rustlib/x86_64-unknown-linux-gnu/lib/libstd-89bc084783fdc439.rlib" "/opt/rustwide/rustup-home/toolchains/1.69.0-x86_64-unknown-linux-gnu/lib/rustlib/x86_64-unknown-linux-gnu/lib/libpanic_unwind-8bee4b287d4367c1.rlib" "/opt/rustwide/rustup-home/toolchains/1.69.0-x86_64-unknown-linux-gnu/lib/rustlib/x86_64-unknown-linux-gnu/lib/libobject-d61707aed80694c0.rlib" "/opt/rustwide/rustup-home/toolchains/1.69.0-x86_64-unknown-linux-gnu/lib/rustlib/x86_64-unknown-linux-gnu/lib/libmemchr-d85366256f22345b.rlib" "/opt/rustwide/rustup-home/toolchains/1.69.0-x86_64-unknown-linux-gnu/lib/rustlib/x86_64-unknown-linux-gnu/lib/libaddr2line-96069b86b8a8cae9.rlib" "/opt/rustwide/rustup-home/toolchains/1.69.0-x86_64-unknown-linux-gnu/lib/rustlib/x86_64-unknown-linux-gnu/lib/libgimli-d19d53abf68dfa6c.rlib" "/opt/rustwide/rustup-home/toolchains/1.69.0-x86_64-unknown-linux-gnu/lib/rustlib/x86_64-unknown-linux-gnu/lib/librustc_demangle-787cbccd19d64ac6.rlib" "/opt/rustwide/rustup-home/toolchains/1.69.0-x86_64-unknown-linux-gnu/lib/rustlib/x86_64-unknown-linux-gnu/lib/libstd_detect-b3837a36b830e0d0.rlib" "/opt/rustwide/rustup-home/toolchains/1.69.0-x86_64-unknown-linux-gnu/lib/rustlib/x86_64-unknown-linux-gnu/lib/libhashbrown-e3deb0e7e3f04966.rlib" "/opt/rustwide/rustup-home/toolchains/1.69.0-x86_64-unknown-linux-gnu/lib/rustlib/x86_64-unknown-linux-gnu/lib/libminiz_oxide-dabbb79c9815def4.rlib" "/opt/rustwide/rustup-home/toolchains/1.69.0-x86_64-unknown-linux-gnu/lib/rustlib/x86_64-unknown-linux-gnu/lib/libadler-305b01f34c9409f2.rlib" "/opt/rustwide/rustup-home/toolchains/1.69.0-x86_64-unknown-linux-gnu/lib/rustlib/x86_64-unknown-linux-gnu/lib/librustc_std_workspace_alloc-f833521df6074e73.rlib" "/opt/rustwide/rustup-home/toolchains/1.69.0-x86_64-unknown-linux-gnu/lib/rustlib/x86_64-unknown-linux-gnu/lib/libunwind-9ac333113350d171.rlib" "/opt/rustwide/rustup-home/toolchains/1.69.0-x86_64-unknown-linux-gnu/lib/rustlib/x86_64-unknown-linux-gnu/lib/libcfg_if-1c126114322d0eee.rlib" "/opt/rustwide/rustup-home/toolchains/1.69.0-x86_64-unknown-linux-gnu/lib/rustlib/x86_64-unknown-linux-gnu/lib/liblibc-bad9164fdeeecf92.rlib" "/opt/rustwide/rustup-home/toolchains/1.69.0-x86_64-unknown-linux-gnu/lib/rustlib/x86_64-unknown-linux-gnu/lib/liballoc-f9374b1e480fa681.rlib" "/opt/rustwide/rustup-home/toolchains/1.69.0-x86_64-unknown-linux-gnu/lib/rustlib/x86_64-unknown-linux-gnu/lib/librustc_std_workspace_core-207f06e41d9603af.rlib" "/opt/rustwide/rustup-home/toolchains/1.69.0-x86_64-unknown-linux-gnu/lib/rustlib/x86_64-unknown-linux-gnu/lib/libcore-7e2768e66e984e85.rlib" "/opt/rustwide/rustup-home/toolchains/1.69.0-x86_64-unknown-linux-gnu/lib/rustlib/x86_64-unknown-linux-gnu/lib/libcompiler_builtins-957b4aff41f8cd46.rlib" "-Wl,-Bdynamic" "-lgcc_s" "-lutil" "-lrt" "-lpthread" "-lm" "-ldl" "-lc" "-Wl,--eh-frame-hdr" "-Wl,-z,noexecstack" "-L" "/opt/rustwide/rustup-home/toolchains/1.69.0-x86_64-unknown-linux-gnu/lib/rustlib/x86_64-unknown-linux-gnu/lib" "-o" "/opt/rustwide/target/debug/build/wayland-client-7f776e76cae73d44/build_script_build-7f776e76cae73d44" "-Wl,--gc-sections" "-pie" "-Wl,-z,relro,-z,now" "-nodefaultlibs"
[INFO] [stdout]   = note: /usr/bin/ld: final link failed: No space left on device
[INFO] [stdout]           collect2: error: ld returned 1 exit status
[INFO] [stdout]           
[INFO] [stdout] 
[INFO] [stdout] 
[INFO] [stdout] error: aborting due to previous error
[INFO] [stdout] 
[INFO] [stdout] 
[INFO] [stderr] error: could not compile `wayland-client` due to 2 previous errors
[INFO] [stderr] error: could not compile `nix`
[INFO] [stderr] thread 'rustc' panicked at 'assertion failed: pos.get() <= self.position()', compiler/rustc_metadata/src/rmeta/encoder.rs:435:9
[INFO] [stdout] error: couldn't create a temp dir: No space left on device (os error 28) at path "/opt/rustwide/target/debug/deps/rmetaqspdWw"
[INFO] [stdout] 
[INFO] [stdout] 
[INFO] [stdout] error: couldn't create a temp dir: No space left on device (os error 28) at path "/opt/rustwide/target/debug/deps/rmetaoUwtQ6"
[INFO] [stdout] 
[INFO] [stdout] 
[INFO] [stderr] error: could not compile `petgraph` due to previous error
[INFO] [stderr] error: could not compile `alga` due to previous error
[INFO] [stderr] error: could not compile `syn`
[INFO] [stderr] thread 'rustc' panicked at 'assertion failed: pos.get() <= self.position()', compiler/rustc_metadata/src/rmeta/encoder.rs:435:9
[INFO] [stderr] thread 'rustc' panicked at 'assertion failed: pos.get() <= self.position()', compiler/rustc_metadata/src/rmeta/encoder.rs:435:9
[INFO] [stderr] error: could not compile `x11-dl`
[INFO] [stderr] error: could not compile `syn`
[INFO] [stderr] thread 'rustc' panicked at 'assertion failed: pos.get() <= self.position()', compiler/rustc_metadata/src/rmeta/encoder.rs:435:9
[INFO] [stdout] error: couldn't create a temp dir: No space left on device (os error 28) at path "/opt/rustwide/target/debug/deps/rmetaLBccf0"
[INFO] [stdout] 
[INFO] [stdout] 
[INFO] [stderr] error: could not compile `rayon`
[INFO] [stderr] error: could not compile `serde` due to previous error
[INFO] [stdout] error: couldn't create a temp dir: No space left on device (os error 28) at path "/opt/rustwide/target/debug/deps/rmetaXBcMiZ"
[INFO] [stdout] 
[INFO] [stdout] 
[INFO] [stderr] error: could not compile `serde` due to previous error
[INFO] running `Command { std: "docker" "inspect" "24203250784edafdf066759ffeb1dcf8b33d244c273ccd1382cd270766c90522", kill_on_drop: false }`
[INFO] running `Command { std: "docker" "rm" "-f" "24203250784edafdf066759ffeb1dcf8b33d244c273ccd1382cd270766c90522", kill_on_drop: false }`
[INFO] [stdout] 24203250784edafdf066759ffeb1dcf8b33d244c273ccd1382cd270766c90522
