[INFO] cloning repository https://github.com/dodadoa/metamorphosis
[INFO] running `Command { std: "git" "-c" "credential.helper=" "-c" "credential.helper=/workspace/cargo-home/bin/git-credential-null" "clone" "--bare" "https://github.com/dodadoa/metamorphosis" "/workspace/cache/git-repos/https%3A%2F%2Fgithub.com%2Fdodadoa%2Fmetamorphosis", kill_on_drop: false }`
[INFO] [stderr] Cloning into bare repository '/workspace/cache/git-repos/https%3A%2F%2Fgithub.com%2Fdodadoa%2Fmetamorphosis'...
[INFO] running `Command { std: "git" "rev-parse" "HEAD", kill_on_drop: false }`
[INFO] [stdout] 7b26c2ffe8a6001335c4e3098b910cfc20154449
[INFO] documenting dodadoa/metamorphosis against 1.69.0 for beta-1.70-rustdoc-1
[INFO] running `Command { std: "git" "clone" "/workspace/cache/git-repos/https%3A%2F%2Fgithub.com%2Fdodadoa%2Fmetamorphosis" "/workspace/builds/worker-7-tc1/source", kill_on_drop: false }`
[INFO] [stderr] Cloning into '/workspace/builds/worker-7-tc1/source'...
[INFO] [stderr] done.
[INFO] validating manifest of git repo https://github.com/dodadoa/metamorphosis on toolchain 1.69.0
[INFO] running `Command { std: CARGO_HOME="/workspace/cargo-home" RUSTUP_HOME="/workspace/rustup-home" "/workspace/cargo-home/bin/cargo" "+1.69.0" "metadata" "--manifest-path" "Cargo.toml" "--no-deps", kill_on_drop: false }`
[INFO] removed /workspace/builds/worker-7-tc1/source/rust-toolchain
[INFO] started tweaking git repo https://github.com/dodadoa/metamorphosis
[INFO] finished tweaking git repo https://github.com/dodadoa/metamorphosis
[INFO] tweaked toml for git repo https://github.com/dodadoa/metamorphosis written to /workspace/builds/worker-7-tc1/source/Cargo.toml
[INFO] crate git repo https://github.com/dodadoa/metamorphosis already has a lockfile, it will not be regenerated
[INFO] running `Command { std: CARGO_HOME="/workspace/cargo-home" RUSTUP_HOME="/workspace/rustup-home" "/workspace/cargo-home/bin/cargo" "+1.69.0" "fetch" "--manifest-path" "Cargo.toml", kill_on_drop: false }`
[INFO] [stderr]     Updating git repository `https://github.com/tikv/client-rust.git`
[INFO] [stderr]  Downloading crates ...
[INFO] [stderr]   Downloaded protobuf v2.24.1
[INFO] [stderr]   Downloaded grpcio v0.9.0
[INFO] [stderr]   Downloaded grpcio-sys v0.9.0+1.38.0
[INFO] running `Command { std: "docker" "create" "-v" "/var/lib/crater-agent-workspace/builds/worker-7-tc1/target:/opt/rustwide/target:rw,Z" "-v" "/var/lib/crater-agent-workspace/builds/worker-7-tc1/source:/opt/rustwide/workdir:ro,Z" "-v" "/var/lib/crater-agent-workspace/cargo-home:/opt/rustwide/cargo-home:ro,Z" "-v" "/var/lib/crater-agent-workspace/rustup-home:/opt/rustwide/rustup-home:ro,Z" "-e" "SOURCE_DIR=/opt/rustwide/workdir" "-e" "CARGO_TARGET_DIR=/opt/rustwide/target" "-e" "CARGO_HOME=/opt/rustwide/cargo-home" "-e" "RUSTUP_HOME=/opt/rustwide/rustup-home" "-w" "/opt/rustwide/workdir" "-m" "1610612736" "--user" "0:0" "--network" "none" "ghcr.io/rust-lang/crates-build-env/linux@sha256:5ff2268d62e97bff2cde7d5815dd6ed5b47097566f13b8d0ca110b04b60e07ed" "/opt/rustwide/cargo-home/bin/cargo" "+1.69.0" "metadata" "--no-deps" "--format-version=1", kill_on_drop: false }`
[INFO] [stdout] 25d76135513e93ac7787841ad6953ab93f48c4efa95aa72d60140b17e44f4d77
[INFO] running `Command { std: "docker" "start" "-a" "25d76135513e93ac7787841ad6953ab93f48c4efa95aa72d60140b17e44f4d77", kill_on_drop: false }`
[INFO] running `Command { std: "docker" "inspect" "25d76135513e93ac7787841ad6953ab93f48c4efa95aa72d60140b17e44f4d77", kill_on_drop: false }`
[INFO] running `Command { std: "docker" "rm" "-f" "25d76135513e93ac7787841ad6953ab93f48c4efa95aa72d60140b17e44f4d77", kill_on_drop: false }`
[INFO] [stdout] 25d76135513e93ac7787841ad6953ab93f48c4efa95aa72d60140b17e44f4d77
[INFO] running `Command { std: "docker" "create" "-v" "/var/lib/crater-agent-workspace/builds/worker-7-tc1/target:/opt/rustwide/target:rw,Z" "-v" "/var/lib/crater-agent-workspace/builds/worker-7-tc1/source:/opt/rustwide/workdir:ro,Z" "-v" "/var/lib/crater-agent-workspace/cargo-home:/opt/rustwide/cargo-home:ro,Z" "-v" "/var/lib/crater-agent-workspace/rustup-home:/opt/rustwide/rustup-home:ro,Z" "-e" "SOURCE_DIR=/opt/rustwide/workdir" "-e" "CARGO_TARGET_DIR=/opt/rustwide/target" "-e" "CARGO_INCREMENTAL=0" "-e" "RUST_BACKTRACE=full" "-e" "RUSTFLAGS=--cap-lints=warn" "-e" "RUSTDOCFLAGS=--cap-lints=warn" "-e" "CARGO_HOME=/opt/rustwide/cargo-home" "-e" "RUSTUP_HOME=/opt/rustwide/rustup-home" "-w" "/opt/rustwide/workdir" "-m" "1610612736" "--user" "0:0" "--network" "none" "ghcr.io/rust-lang/crates-build-env/linux@sha256:5ff2268d62e97bff2cde7d5815dd6ed5b47097566f13b8d0ca110b04b60e07ed" "/opt/rustwide/cargo-home/bin/cargo" "+1.69.0" "doc" "--frozen" "--no-deps" "--document-private-items" "--message-format=json", kill_on_drop: false }`
[INFO] [stdout] 6f0e9150702712075e16f3c0fe4611bc959594b6f2182d4016c006690d7592c7
[INFO] running `Command { std: "docker" "start" "-a" "6f0e9150702712075e16f3c0fe4611bc959594b6f2182d4016c006690d7592c7", kill_on_drop: false }`
[INFO] [stderr]    Compiling libc v0.2.97
[INFO] [stderr]    Compiling autocfg v1.0.1
[INFO] [stderr]     Checking cfg-if v1.0.0
[INFO] [stderr]    Compiling proc-macro2 v1.0.27
[INFO] [stderr]    Compiling unicode-xid v0.2.2
[INFO] [stderr]    Compiling syn v1.0.73
[INFO] [stderr]    Compiling memchr v2.4.0
[INFO] [stderr]    Compiling log v0.4.14
[INFO] [stderr]    Compiling cc v1.0.68
[INFO] [stderr]    Compiling bitflags v1.2.1
[INFO] [stderr]    Compiling pkg-config v0.3.19
[INFO] [stderr]    Compiling either v1.6.1
[INFO] [stderr]     Checking pin-project-lite v0.2.6
[INFO] [stderr]    Compiling futures-core v0.3.15
[INFO] [stderr]    Compiling proc-macro-hack v0.5.19
[INFO] [stderr]    Compiling anyhow v1.0.41
[INFO] [stderr]     Checking bytes v1.0.1
[INFO] [stderr]     Checking slab v0.4.3
[INFO] [stderr]    Compiling proc-macro-nested v0.1.7
[INFO] [stderr]     Checking futures-sink v0.3.15
[INFO] [stderr]    Compiling futures-channel v0.3.15
[INFO] [stderr]    Compiling futures-task v0.3.15
[INFO] [stderr]    Compiling indexmap v1.6.2
[INFO] [stderr]    Compiling openssl-src v111.15.0+1.1.1k
[INFO] [stderr]    Compiling futures-macro v0.3.15
[INFO] [stderr]    Compiling futures-util v0.3.15
[INFO] [stderr]    Compiling itertools v0.9.0
[INFO] [stderr]     Checking lazy_static v1.4.0
[INFO] [stderr]    Compiling glob v0.3.0
[INFO] [stderr]     Checking futures v0.1.31
[INFO] [stderr]     Checking futures-io v0.3.15
[INFO] [stderr]    Compiling quote v1.0.9
[INFO] [stderr]    Compiling version_check v0.9.3
[INFO] [stderr]     Checking pin-utils v0.1.0
[INFO] [stderr]    Compiling ppv-lite86 v0.2.10
[INFO] [stderr]    Compiling hashbrown v0.9.1
[INFO] [stderr]    Compiling libloading v0.7.0
[INFO] [stderr]    Compiling remove_dir_all v0.5.3
[INFO] [stderr]     Checking num_cpus v1.13.0
[INFO] [stderr]    Compiling openssl-sys v0.9.65
[INFO] [stderr]    Compiling getrandom v0.2.3
[INFO] [stderr]    Compiling clang-sys v1.2.0
[INFO] [stderr]    Compiling which v4.1.0
[INFO] [stderr]    Compiling aho-corasick v0.7.18
[INFO] [stderr]    Compiling nom v5.1.2
[INFO] [stderr]    Compiling bindgen v0.57.0
[INFO] [stderr]    Compiling unicode-segmentation v1.7.1
[INFO] [stderr]    Compiling rand_core v0.6.3
[INFO] [stderr]    Compiling regex-syntax v0.6.25
[INFO] [stderr]    Compiling fixedbitset v0.2.0
[INFO] [stderr]    Compiling libz-sys v1.1.3
[INFO] [stderr]    Compiling rand_chacha v0.3.1
[INFO] [stderr]    Compiling prost-build v0.7.0
[INFO] [stderr]    Compiling tokio v1.7.1
[INFO] [stderr]    Compiling cmake v0.1.45
[INFO] [stderr]    Compiling rand v0.8.4
[INFO] [stderr]    Compiling heck v0.3.3
[INFO] [stderr]    Compiling petgraph v0.5.1
[INFO] [stderr]    Compiling shlex v0.1.1
[INFO] [stderr]    Compiling rustc-hash v1.1.0
[INFO] [stderr]    Compiling multimap v0.8.3
[INFO] [stderr]    Compiling same-file v1.0.6
[INFO] [stderr]    Compiling lazycell v1.3.0
[INFO] [stderr]    Compiling peeking_take_while v0.1.2
[INFO] [stderr]    Compiling boringssl-src v0.3.0+688fc5c
[INFO] [stderr]     Checking mio v0.7.13
[INFO] [stderr]    Compiling walkdir v2.3.2
[INFO] [stderr]     Checking instant v0.1.9
[INFO] [stderr]     Checking itoa v0.4.7
[INFO] [stderr]     Checking scopeguard v1.1.0
[INFO] [stderr]     Checking smallvec v1.6.1
[INFO] [stderr]     Checking fnv v1.0.7
[INFO] [stderr]     Checking foreign-types-shared v0.1.1
[INFO] [stderr]     Checking lock_api v0.4.4
[INFO] [stderr]     Checking matches v0.1.8
[INFO] [stderr]    Compiling protobuf v2.24.1
[INFO] [stderr]     Checking parking_lot_core v0.8.3
[INFO] [stderr]    Compiling openssl v0.10.35
[INFO] [stderr]     Checking foreign-types v0.3.2
[INFO] [stderr]    Compiling tempfile v3.2.0
[INFO] [stderr]     Checking http v0.2.4
[INFO] [stderr]     Checking tracing-core v0.1.18
[INFO] [stderr]    Compiling native-tls v0.2.7
[INFO] [stderr]     Checking parking_lot v0.11.1
[INFO] [stderr]    Compiling httparse v1.4.1
[INFO] [stderr]     Checking tinyvec_macros v0.1.0
[INFO] [stderr]    Compiling getrandom v0.1.16
[INFO] [stderr]     Checking once_cell v1.8.0
[INFO] [stderr]     Checking tracing v0.1.26
[INFO] [stderr]     Checking tinyvec v1.2.0
[INFO] [stderr]    Compiling miniz_oxide v0.4.4
[INFO] [stderr]     Checking openssl-probe v0.1.4
[INFO] [stderr]    Compiling regex v1.5.4
[INFO] [stderr]    Compiling crc32fast v1.2.1
[INFO] [stderr]     Checking percent-encoding v2.1.0
[INFO] [stderr]     Checking try-lock v0.2.3
[INFO] [stderr]    Compiling serde v1.0.126
[INFO] [stderr]    Compiling cexpr v0.4.0
[INFO] [stderr]    Compiling ryu v1.0.5
[INFO] [stderr]     Checking form_urlencoded v1.0.1
[INFO] [stderr]     Checking want v0.3.0
[INFO] [stderr]     Checking unicode-normalization v0.1.19
[INFO] [stderr]     Checking unicode-bidi v0.3.5
[INFO] [stderr]     Checking socket2 v0.4.0
[INFO] [stderr]     Checking httpdate v1.0.1
[INFO] [stderr]     Checking http-body v0.4.2
[INFO] [stderr]     Checking tower-service v0.3.1
[INFO] [stderr]    Compiling async-trait v0.1.50
[INFO] [stderr]    Compiling encoding_rs v0.8.28
[INFO] [stderr]     Checking adler v1.0.2
[INFO] [stderr]     Checking rand_core v0.5.1
[INFO] [stderr]     Checking cfg-if v0.1.10
[INFO] [stderr]     Checking idna v0.2.3
[INFO] [stderr]     Checking iovec v0.1.4
[INFO] [stderr]     Checking net2 v0.2.37
[INFO] [stderr]     Checking rand_chacha v0.2.2
[INFO] [stderr]     Checking flate2 v1.0.20
[INFO] [stderr]     Checking byteorder v1.4.3
[INFO] [stderr]    Compiling serde_derive v1.0.126
[INFO] [stderr]     Checking hex v0.4.3
[INFO] [stderr]     Checking ipnet v2.3.1
[INFO] [stderr]     Checking mime v0.3.16
[INFO] [stderr]     Checking url v2.2.2
[INFO] [stderr]     Checking base64 v0.13.0
[INFO] [stderr]    Compiling prometheus v0.12.0
[INFO] [stderr]     Checking procfs v0.9.1
[INFO] [stderr]     Checking mio v0.6.23
[INFO] [stderr]     Checking rand v0.7.3
[INFO] [stderr]     Checking signal-hook-registry v1.4.0
[INFO] [stderr]     Checking futures-timer v3.0.2
[INFO] [stderr]     Checking bytes v0.5.6
[INFO] [stderr]     Checking pin-project-lite v0.1.12
[INFO] [stderr]     Checking tokio-util v0.6.7
[INFO] [stderr]     Checking mio-uds v0.6.8
[INFO] [stderr]     Checking fail v0.4.0
[INFO] [stdout] error: couldn't create a temp dir: No space left on device (os error 28) at path "/opt/rustwide/target/debug/deps/rmetarztpEX"
[INFO] [stdout] 
[INFO] [stdout] 
[INFO] [stderr] LLVM ERROR: IO failure on output stream: No space left on device
[INFO] [stderr] error: could not compile `bindgen` due to previous error
[INFO] [stderr] warning: build failed, waiting for other jobs to finish...
[INFO] [stderr] error: could not compile `syn`
[INFO] [stderr] error: failed to run custom build command for `openssl-sys v0.9.65`
[INFO] [stderr] note: To improve backtraces for build dependencies, set the CARGO_PROFILE_DEV_BUILD_OVERRIDE_DEBUG=true environment variable to enable debug information generation.
[INFO] [stderr] 
[INFO] [stderr] Caused by:
[INFO] [stderr]   process didn't exit successfully: `/opt/rustwide/target/debug/build/openssl-sys-1537110e125fb35f/build-script-main` (exit status: 101)
[INFO] [stderr]   --- stdout
[INFO] [stderr]   cargo:rustc-cfg=const_fn
[INFO] [stderr]   cargo:rerun-if-env-changed=X86_64_UNKNOWN_LINUX_GNU_OPENSSL_NO_VENDOR
[INFO] [stderr]   X86_64_UNKNOWN_LINUX_GNU_OPENSSL_NO_VENDOR unset
[INFO] [stderr]   cargo:rerun-if-env-changed=OPENSSL_NO_VENDOR
[INFO] [stderr]   OPENSSL_NO_VENDOR unset
[INFO] [stderr]   CC_x86_64-unknown-linux-gnu = None
[INFO] [stderr]   CC_x86_64_unknown_linux_gnu = None
[INFO] [stderr]   HOST_CC = None
[INFO] [stderr]   CC = None
[INFO] [stderr]   CFLAGS_x86_64-unknown-linux-gnu = None
[INFO] [stderr]   CFLAGS_x86_64_unknown_linux_gnu = None
[INFO] [stderr]   HOST_CFLAGS = None
[INFO] [stderr]   CFLAGS = None
[INFO] [stderr]   CRATE_CC_NO_DEFAULTS = None
[INFO] [stderr]   DEBUG = Some("true")
[INFO] [stderr]   CARGO_CFG_TARGET_FEATURE = Some("fxsr,sse,sse2")
[INFO] [stderr]   running cd "/opt/rustwide/target/debug/build/openssl-sys-c18cb5a66144eb61/out/openssl-build/build/src" && CC="cc" "perl" "./Configure" "--prefix=/opt/rustwide/target/debug/build/openssl-sys-c18cb5a66144eb61/out/openssl-build/install" "no-dso" "no-shared" "no-ssl3" "no-unit-test" "no-comp" "no-zlib" "no-zlib-dynamic" "no-md2" "no-rc5" "no-weak-ssl-ciphers" "no-camellia" "no-idea" "no-seed" "linux-x86_64" "-O2" "-ffunction-sections" "-fdata-sections" "-fPIC" "-g" "-fno-omit-frame-pointer" "-m64"
[INFO] [stderr]   Configuring OpenSSL version 1.1.1k (0x101010bfL) for linux-x86_64
[INFO] [stderr]   Using os-specific seed configuration
[INFO] [stderr]   Creating configdata.pm
[INFO] [stderr]   Creating Makefile
[INFO] [stderr] 
[INFO] [stderr]   **********************************************************************
[INFO] [stderr]   ***                                                                ***
[INFO] [stderr]   ***   OpenSSL has been successfully configured                     ***
[INFO] [stderr]   ***                                                                ***
[INFO] [stderr]   ***   If you encounter a problem while building, please open an    ***
[INFO] [stderr]   ***   issue on GitHub <https://github.com/openssl/openssl/issues>  ***
[INFO] [stderr]   ***   and include the output from the following command:           ***
[INFO] [stderr]   ***                                                                ***
[INFO] [stderr]   ***       perl configdata.pm --dump                                ***
[INFO] [stderr]   ***                                                                ***
[INFO] [stderr]   ***   (If you are new to OpenSSL, you might want to consult the    ***
[INFO] [stderr]   ***   'Troubleshooting' section in the INSTALL file first)         ***
[INFO] [stderr]   ***                                                                ***
[INFO] [stderr]   **********************************************************************
[INFO] [stderr]   running cd "/opt/rustwide/target/debug/build/openssl-sys-c18cb5a66144eb61/out/openssl-build/build/src" && "make" "depend"
[INFO] [stderr]   running cd "/opt/rustwide/target/debug/build/openssl-sys-c18cb5a66144eb61/out/openssl-build/build/src" && MAKEFLAGS="-j --jobserver-fds=12,13 --jobserver-auth=12,13" "make" "build_libs"
[INFO] [stderr]   /usr/bin/perl "-I." -Mconfigdata "util/dofile.pl" \
[INFO] [stderr]       "-oMakefile" include/crypto/bn_conf.h.in > include/crypto/bn_conf.h
[INFO] [stderr]   /usr/bin/perl "-I." -Mconfigdata "util/dofile.pl" \
[INFO] [stderr]       "-oMakefile" include/crypto/dso_conf.h.in > include/crypto/dso_conf.h
[INFO] [stderr]   /usr/bin/perl "-I." -Mconfigdata "util/dofile.pl" \
[INFO] [stderr]       "-oMakefile" include/openssl/opensslconf.h.in > include/openssl/opensslconf.h
[INFO] [stderr]   make depend && make _build_libs
[INFO] [stderr]   make[1]: Entering directory '/opt/rustwide/target/debug/build/openssl-sys-c18cb5a66144eb61/out/openssl-build/build/src'
[INFO] [stderr]   make[1]: Leaving directory '/opt/rustwide/target/debug/build/openssl-sys-c18cb5a66144eb61/out/openssl-build/build/src'
[INFO] [stderr]   make[1]: Entering directory '/opt/rustwide/target/debug/build/openssl-sys-c18cb5a66144eb61/out/openssl-build/build/src'
[INFO] [stderr]   cc  -I. -Iinclude -fPIC -pthread -m64 -Wa,--noexecstack -Wall -O3 -O2 -ffunction-sections -fdata-sections -fPIC -g -fno-omit-frame-pointer -m64 -DOPENSSL_USE_NODELETE -DL_ENDIAN -DOPENSSL_PIC -DOPENSSL_CPUID_OBJ -DOPENSSL_IA32_SSE2 -DOPENSSL_BN_ASM_MONT -DOPENSSL_BN_ASM_MONT5 -DOPENSSL_BN_ASM_GF2m -DSHA1_ASM -DSHA256_ASM -DSHA512_ASM -DKECCAK1600_ASM -DRC4_ASM -DMD5_ASM -DAESNI_ASM -DVPAES_ASM -DGHASH_ASM -DECP_NISTZ256_ASM -DX25519_ASM -DPOLY1305_ASM -DOPENSSLDIR="\"/opt/rustwide/target/debug/build/openssl-sys-c18cb5a66144eb61/out/openssl-build/install/ssl\"" -DENGINESDIR="\"/opt/rustwide/target/debug/build/openssl-sys-c18cb5a66144eb61/out/openssl-build/install/lib/engines-1.1\"" -DNDEBUG  -MMD -MF apps/app_rand.d.tmp -MT apps/app_rand.o -c -o apps/app_rand.o apps/app_rand.c
[INFO] [stderr]   cc  -I. -Iinclude -fPIC -pthread -m64 -Wa,--noexecstack -Wall -O3 -O2 -ffunction-sections -fdata-sections -fPIC -g -fno-omit-frame-pointer -m64 -DOPENSSL_USE_NODELETE -DL_ENDIAN -DOPENSSL_PIC -DOPENSSL_CPUID_OBJ -DOPENSSL_IA32_SSE2 -DOPENSSL_BN_ASM_MONT -DOPENSSL_BN_ASM_MONT5 -DOPENSSL_BN_ASM_GF2m -DSHA1_ASM -DSHA256_ASM -DSHA512_ASM -DKECCAK1600_ASM -DRC4_ASM -DMD5_ASM -DAESNI_ASM -DVPAES_ASM -DGHASH_ASM -DECP_NISTZ256_ASM -DX25519_ASM -DPOLY1305_ASM -DOPENSSLDIR="\"/opt/rustwide/target/debug/build/openssl-sys-c18cb5a66144eb61/out/openssl-build/install/ssl\"" -DENGINESDIR="\"/opt/rustwide/target/debug/build/openssl-sys-c18cb5a66144eb61/out/openssl-build/install/lib/engines-1.1\"" -DNDEBUG  -MMD -MF apps/apps.d.tmp -MT apps/apps.o -c -o apps/apps.o apps/apps.c
[INFO] [stderr]   cc  -I. -Iinclude -fPIC -pthread -m64 -Wa,--noexecstack -Wall -O3 -O2 -ffunction-sections -fdata-sections -fPIC -g -fno-omit-frame-pointer -m64 -DOPENSSL_USE_NODELETE -DL_ENDIAN -DOPENSSL_PIC -DOPENSSL_CPUID_OBJ -DOPENSSL_IA32_SSE2 -DOPENSSL_BN_ASM_MONT -DOPENSSL_BN_ASM_MONT5 -DOPENSSL_BN_ASM_GF2m -DSHA1_ASM -DSHA256_ASM -DSHA512_ASM -DKECCAK1600_ASM -DRC4_ASM -DMD5_ASM -DAESNI_ASM -DVPAES_ASM -DGHASH_ASM -DECP_NISTZ256_ASM -DX25519_ASM -DPOLY1305_ASM -DOPENSSLDIR="\"/opt/rustwide/target/debug/build/openssl-sys-c18cb5a66144eb61/out/openssl-build/install/ssl\"" -DENGINESDIR="\"/opt/rustwide/target/debug/build/openssl-sys-c18cb5a66144eb61/out/openssl-build/install/lib/engines-1.1\"" -DNDEBUG  -MMD -MF apps/bf_prefix.d.tmp -MT apps/bf_prefix.o -c -o apps/bf_prefix.o apps/bf_prefix.c
[INFO] [stderr]   cc  -I. -Iinclude -fPIC -pthread -m64 -Wa,--noexecstack -Wall -O3 -O2 -ffunction-sections -fdata-sections -fPIC -g -fno-omit-frame-pointer -m64 -DOPENSSL_USE_NODELETE -DL_ENDIAN -DOPENSSL_PIC -DOPENSSL_CPUID_OBJ -DOPENSSL_IA32_SSE2 -DOPENSSL_BN_ASM_MONT -DOPENSSL_BN_ASM_MONT5 -DOPENSSL_BN_ASM_GF2m -DSHA1_ASM -DSHA256_ASM -DSHA512_ASM -DKECCAK1600_ASM -DRC4_ASM -DMD5_ASM -DAESNI_ASM -DVPAES_ASM -DGHASH_ASM -DECP_NISTZ256_ASM -DX25519_ASM -DPOLY1305_ASM -DOPENSSLDIR="\"/opt/rustwide/target/debug/build/openssl-sys-c18cb5a66144eb61/out/openssl-build/install/ssl\"" -DENGINESDIR="\"/opt/rustwide/target/debug/build/openssl-sys-c18cb5a66144eb61/out/openssl-build/install/lib/engines-1.1\"" -DNDEBUG  -MMD -MF apps/opt.d.tmp -MT apps/opt.o -c -o apps/opt.o apps/opt.c
[INFO] [stderr]   cc  -I. -Iinclude -fPIC -pthread -m64 -Wa,--noexecstack -Wall -O3 -O2 -ffunction-sections -fdata-sections -fPIC -g -fno-omit-frame-pointer -m64 -DOPENSSL_USE_NODELETE -DL_ENDIAN -DOPENSSL_PIC -DOPENSSL_CPUID_OBJ -DOPENSSL_IA32_SSE2 -DOPENSSL_BN_ASM_MONT -DOPENSSL_BN_ASM_MONT5 -DOPENSSL_BN_ASM_GF2m -DSHA1_ASM -DSHA256_ASM -DSHA512_ASM -DKECCAK1600_ASM -DRC4_ASM -DMD5_ASM -DAESNI_ASM -DVPAES_ASM -DGHASH_ASM -DECP_NISTZ256_ASM -DX25519_ASM -DPOLY1305_ASM -DOPENSSLDIR="\"/opt/rustwide/target/debug/build/openssl-sys-c18cb5a66144eb61/out/openssl-build/install/ssl\"" -DENGINESDIR="\"/opt/rustwide/target/debug/build/openssl-sys-c18cb5a66144eb61/out/openssl-build/install/lib/engines-1.1\"" -DNDEBUG  -MMD -MF apps/s_cb.d.tmp -MT apps/s_cb.o -c -o apps/s_cb.o apps/s_cb.c
[INFO] [stderr]   cc  -I. -Iinclude -fPIC -pthread -m64 -Wa,--noexecstack -Wall -O3 -O2 -ffunction-sections -fdata-sections -fPIC -g -fno-omit-frame-pointer -m64 -DOPENSSL_USE_NODELETE -DL_ENDIAN -DOPENSSL_PIC -DOPENSSL_CPUID_OBJ -DOPENSSL_IA32_SSE2 -DOPENSSL_BN_ASM_MONT -DOPENSSL_BN_ASM_MONT5 -DOPENSSL_BN_ASM_GF2m -DSHA1_ASM -DSHA256_ASM -DSHA512_ASM -DKECCAK1600_ASM -DRC4_ASM -DMD5_ASM -DAESNI_ASM -DVPAES_ASM -DGHASH_ASM -DECP_NISTZ256_ASM -DX25519_ASM -DPOLY1305_ASM -DOPENSSLDIR="\"/opt/rustwide/target/debug/build/openssl-sys-c18cb5a66144eb61/out/openssl-build/install/ssl\"" -DENGINESDIR="\"/opt/rustwide/target/debug/build/openssl-sys-c18cb5a66144eb61/out/openssl-build/install/lib/engines-1.1\"" -DNDEBUG  -MMD -MF apps/s_socket.d.tmp -MT apps/s_socket.o -c -o apps/s_socket.o apps/s_socket.c
[INFO] [stderr]   cc  -I. -Iinclude -fPIC -pthread -m64 -Wa,--noexecstack -Wall -O3 -O2 -ffunction-sections -fdata-sections -fPIC -g -fno-omit-frame-pointer -m64 -DOPENSSL_USE_NODELETE -DL_ENDIAN -DOPENSSL_PIC -DOPENSSL_CPUID_OBJ -DOPENSSL_IA32_SSE2 -DOPENSSL_BN_ASM_MONT -DOPENSSL_BN_ASM_MONT5 -DOPENSSL_BN_ASM_GF2m -DSHA1_ASM -DSHA256_ASM -DSHA512_ASM -DKECCAK1600_ASM -DRC4_ASM -DMD5_ASM -DAESNI_ASM -DVPAES_ASM -DGHASH_ASM -DECP_NISTZ256_ASM -DX25519_ASM -DPOLY1305_ASM -DOPENSSLDIR="\"/opt/rustwide/target/debug/build/openssl-sys-c18cb5a66144eb61/out/openssl-build/install/ssl\"" -DENGINESDIR="\"/opt/rustwide/target/debug/build/openssl-sys-c18cb5a66144eb61/out/openssl-build/install/lib/engines-1.1\"" -DNDEBUG  -MMD -MF crypto/aes/aes_cbc.d.tmp -MT crypto/aes/aes_cbc.o -c -o crypto/aes/aes_cbc.o crypto/aes/aes_cbc.c
[INFO] [stderr]   cc  -I. -Iinclude -fPIC -pthread -m64 -Wa,--noexecstack -Wall -O3 -O2 -ffunction-sections -fdata-sections -fPIC -g -fno-omit-frame-pointer -m64 -DOPENSSL_USE_NODELETE -DL_ENDIAN -DOPENSSL_PIC -DOPENSSL_CPUID_OBJ -DOPENSSL_IA32_SSE2 -DOPENSSL_BN_ASM_MONT -DOPENSSL_BN_ASM_MONT5 -DOPENSSL_BN_ASM_GF2m -DSHA1_ASM -DSHA256_ASM -DSHA512_ASM -DKECCAK1600_ASM -DRC4_ASM -DMD5_ASM -DAESNI_ASM -DVPAES_ASM -DGHASH_ASM -DECP_NISTZ256_ASM -DX25519_ASM -DPOLY1305_ASM -DOPENSSLDIR="\"/opt/rustwide/target/debug/build/openssl-sys-c18cb5a66144eb61/out/openssl-build/install/ssl\"" -DENGINESDIR="\"/opt/rustwide/target/debug/build/openssl-sys-c18cb5a66144eb61/out/openssl-build/install/lib/engines-1.1\"" -DNDEBUG  -MMD -MF crypto/aes/aes_cfb.d.tmp -MT crypto/aes/aes_cfb.o -c -o crypto/aes/aes_cfb.o crypto/aes/aes_cfb.c
[INFO] [stderr]   cc  -I. -Iinclude -fPIC -pthread -m64 -Wa,--noexecstack -Wall -O3 -O2 -ffunction-sections -fdata-sections -fPIC -g -fno-omit-frame-pointer -m64 -DOPENSSL_USE_NODELETE -DL_ENDIAN -DOPENSSL_PIC -DOPENSSL_CPUID_OBJ -DOPENSSL_IA32_SSE2 -DOPENSSL_BN_ASM_MONT -DOPENSSL_BN_ASM_MONT5 -DOPENSSL_BN_ASM_GF2m -DSHA1_ASM -DSHA256_ASM -DSHA512_ASM -DKECCAK1600_ASM -DRC4_ASM -DMD5_ASM -DAESNI_ASM -DVPAES_ASM -DGHASH_ASM -DECP_NISTZ256_ASM -DX25519_ASM -DPOLY1305_ASM -DOPENSSLDIR="\"/opt/rustwide/target/debug/build/openssl-sys-c18cb5a66144eb61/out/openssl-build/install/ssl\"" -DENGINESDIR="\"/opt/rustwide/target/debug/build/openssl-sys-c18cb5a66144eb61/out/openssl-build/install/lib/engines-1.1\"" -DNDEBUG  -MMD -MF crypto/aes/aes_core.d.tmp -MT crypto/aes/aes_core.o -c -o crypto/aes/aes_core.o crypto/aes/aes_core.c
[INFO] [stderr]   cc  -I. -Iinclude -fPIC -pthread -m64 -Wa,--noexecstack -Wall -O3 -O2 -ffunction-sections -fdata-sections -fPIC -g -fno-omit-frame-pointer -m64 -DOPENSSL_USE_NODELETE -DL_ENDIAN -DOPENSSL_PIC -DOPENSSL_CPUID_OBJ -DOPENSSL_IA32_SSE2 -DOPENSSL_BN_ASM_MONT -DOPENSSL_BN_ASM_MONT5 -DOPENSSL_BN_ASM_GF2m -DSHA1_ASM -DSHA256_ASM -DSHA512_ASM -DKECCAK1600_ASM -DRC4_ASM -DMD5_ASM -DAESNI_ASM -DVPAES_ASM -DGHASH_ASM -DECP_NISTZ256_ASM -DX25519_ASM -DPOLY1305_ASM -DOPENSSLDIR="\"/opt/rustwide/target/debug/build/openssl-sys-c18cb5a66144eb61/out/openssl-build/install/ssl\"" -DENGINESDIR="\"/opt/rustwide/target/debug/build/openssl-sys-c18cb5a66144eb61/out/openssl-build/install/lib/engines-1.1\"" -DNDEBUG  -MMD -MF crypto/aes/aes_ecb.d.tmp -MT crypto/aes/aes_ecb.o -c -o crypto/aes/aes_ecb.o crypto/aes/aes_ecb.c
[INFO] [stderr]   cc  -I. -Iinclude -fPIC -pthread -m64 -Wa,--noexecstack -Wall -O3 -O2 -ffunction-sections -fdata-sections -fPIC -g -fno-omit-frame-pointer -m64 -DOPENSSL_USE_NODELETE -DL_ENDIAN -DOPENSSL_PIC -DOPENSSL_CPUID_OBJ -DOPENSSL_IA32_SSE2 -DOPENSSL_BN_ASM_MONT -DOPENSSL_BN_ASM_MONT5 -DOPENSSL_BN_ASM_GF2m -DSHA1_ASM -DSHA256_ASM -DSHA512_ASM -DKECCAK1600_ASM -DRC4_ASM -DMD5_ASM -DAESNI_ASM -DVPAES_ASM -DGHASH_ASM -DECP_NISTZ256_ASM -DX25519_ASM -DPOLY1305_ASM -DOPENSSLDIR="\"/opt/rustwide/target/debug/build/openssl-sys-c18cb5a66144eb61/out/openssl-build/install/ssl\"" -DENGINESDIR="\"/opt/rustwide/target/debug/build/openssl-sys-c18cb5a66144eb61/out/openssl-build/install/lib/engines-1.1\"" -DNDEBUG  -MMD -MF crypto/aes/aes_ige.d.tmp -MT crypto/aes/aes_ige.o -c -o crypto/aes/aes_ige.o crypto/aes/aes_ige.c
[INFO] [stderr]   cc  -I. -Iinclude -fPIC -pthread -m64 -Wa,--noexecstack -Wall -O3 -O2 -ffunction-sections -fdata-sections -fPIC -g -fno-omit-frame-pointer -m64 -DOPENSSL_USE_NODELETE -DL_ENDIAN -DOPENSSL_PIC -DOPENSSL_CPUID_OBJ -DOPENSSL_IA32_SSE2 -DOPENSSL_BN_ASM_MONT -DOPENSSL_BN_ASM_MONT5 -DOPENSSL_BN_ASM_GF2m -DSHA1_ASM -DSHA256_ASM -DSHA512_ASM -DKECCAK1600_ASM -DRC4_ASM -DMD5_ASM -DAESNI_ASM -DVPAES_ASM -DGHASH_ASM -DECP_NISTZ256_ASM -DX25519_ASM -DPOLY1305_ASM -DOPENSSLDIR="\"/opt/rustwide/target/debug/build/openssl-sys-c18cb5a66144eb61/out/openssl-build/install/ssl\"" -DENGINESDIR="\"/opt/rustwide/target/debug/build/openssl-sys-c18cb5a66144eb61/out/openssl-build/install/lib/engines-1.1\"" -DNDEBUG  -MMD -MF crypto/aes/aes_misc.d.tmp -MT crypto/aes/aes_misc.o -c -o crypto/aes/aes_misc.o crypto/aes/aes_misc.c
[INFO] [stderr]   cc  -I. -Iinclude -fPIC -pthread -m64 -Wa,--noexecstack -Wall -O3 -O2 -ffunction-sections -fdata-sections -fPIC -g -fno-omit-frame-pointer -m64 -DOPENSSL_USE_NODELETE -DL_ENDIAN -DOPENSSL_PIC -DOPENSSL_CPUID_OBJ -DOPENSSL_IA32_SSE2 -DOPENSSL_BN_ASM_MONT -DOPENSSL_BN_ASM_MONT5 -DOPENSSL_BN_ASM_GF2m -DSHA1_ASM -DSHA256_ASM -DSHA512_ASM -DKECCAK1600_ASM -DRC4_ASM -DMD5_ASM -DAESNI_ASM -DVPAES_ASM -DGHASH_ASM -DECP_NISTZ256_ASM -DX25519_ASM -DPOLY1305_ASM -DOPENSSLDIR="\"/opt/rustwide/target/debug/build/openssl-sys-c18cb5a66144eb61/out/openssl-build/install/ssl\"" -DENGINESDIR="\"/opt/rustwide/target/debug/build/openssl-sys-c18cb5a66144eb61/out/openssl-build/install/lib/engines-1.1\"" -DNDEBUG  -MMD -MF crypto/aes/aes_ofb.d.tmp -MT crypto/aes/aes_ofb.o -c -o crypto/aes/aes_ofb.o crypto/aes/aes_ofb.c
[INFO] [stderr]   cc  -I. -Iinclude -fPIC -pthread -m64 -Wa,--noexecstack -Wall -O3 -O2 -ffunction-sections -fdata-sections -fPIC -g -fno-omit-frame-pointer -m64 -DOPENSSL_USE_NODELETE -DL_ENDIAN -DOPENSSL_PIC -DOPENSSL_CPUID_OBJ -DOPENSSL_IA32_SSE2 -DOPENSSL_BN_ASM_MONT -DOPENSSL_BN_ASM_MONT5 -DOPENSSL_BN_ASM_GF2m -DSHA1_ASM -DSHA256_ASM -DSHA512_ASM -DKECCAK1600_ASM -DRC4_ASM -DMD5_ASM -DAESNI_ASM -DVPAES_ASM -DGHASH_ASM -DECP_NISTZ256_ASM -DX25519_ASM -DPOLY1305_ASM -DOPENSSLDIR="\"/opt/rustwide/target/debug/build/openssl-sys-c18cb5a66144eb61/out/openssl-build/install/ssl\"" -DENGINESDIR="\"/opt/rustwide/target/debug/build/openssl-sys-c18cb5a66144eb61/out/openssl-build/install/lib/engines-1.1\"" -DNDEBUG  -MMD -MF crypto/aes/aes_wrap.d.tmp -MT crypto/aes/aes_wrap.o -c -o crypto/aes/aes_wrap.o crypto/aes/aes_wrap.c
[INFO] [stderr]   CC="cc" /usr/bin/perl crypto/aes/asm/aesni-mb-x86_64.pl elf crypto/aes/aesni-mb-x86_64.s
[INFO] [stderr]   CC="cc" /usr/bin/perl crypto/aes/asm/aesni-sha1-x86_64.pl elf crypto/aes/aesni-sha1-x86_64.s
[INFO] [stderr]   CC="cc" /usr/bin/perl crypto/aes/asm/aesni-sha256-x86_64.pl elf crypto/aes/aesni-sha256-x86_64.s
[INFO] [stderr]   CC="cc" /usr/bin/perl crypto/aes/asm/aesni-x86_64.pl elf crypto/aes/aesni-x86_64.s
[INFO] [stderr]   CC="cc" /usr/bin/perl crypto/aes/asm/vpaes-x86_64.pl elf crypto/aes/vpaes-x86_64.s
[INFO] [stderr]   cc  -I. -Iinclude -fPIC -pthread -m64 -Wa,--noexecstack -Wall -O3 -O2 -ffunction-sections -fdata-sections -fPIC -g -fno-omit-frame-pointer -m64 -DOPENSSL_USE_NODELETE -DL_ENDIAN -DOPENSSL_PIC -DOPENSSL_CPUID_OBJ -DOPENSSL_IA32_SSE2 -DOPENSSL_BN_ASM_MONT -DOPENSSL_BN_ASM_MONT5 -DOPENSSL_BN_ASM_GF2m -DSHA1_ASM -DSHA256_ASM -DSHA512_ASM -DKECCAK1600_ASM -DRC4_ASM -DMD5_ASM -DAESNI_ASM -DVPAES_ASM -DGHASH_ASM -DECP_NISTZ256_ASM -DX25519_ASM -DPOLY1305_ASM -DOPENSSLDIR="\"/opt/rustwide/target/debug/build/openssl-sys-c18cb5a66144eb61/out/openssl-build/install/ssl\"" -DENGINESDIR="\"/opt/rustwide/target/debug/build/openssl-sys-c18cb5a66144eb61/out/openssl-build/install/lib/engines-1.1\"" -DNDEBUG  -MMD -MF crypto/aria/aria.d.tmp -MT crypto/aria/aria.o -c -o crypto/aria/aria.o crypto/aria/aria.c
[INFO] [stderr]   cc  -I. -Iinclude -fPIC -pthread -m64 -Wa,--noexecstack -Wall -O3 -O2 -ffunction-sections -fdata-sections -fPIC -g -fno-omit-frame-pointer -m64 -DOPENSSL_USE_NODELETE -DL_ENDIAN -DOPENSSL_PIC -DOPENSSL_CPUID_OBJ -DOPENSSL_IA32_SSE2 -DOPENSSL_BN_ASM_MONT -DOPENSSL_BN_ASM_MONT5 -DOPENSSL_BN_ASM_GF2m -DSHA1_ASM -DSHA256_ASM -DSHA512_ASM -DKECCAK1600_ASM -DRC4_ASM -DMD5_ASM -DAESNI_ASM -DVPAES_ASM -DGHASH_ASM -DECP_NISTZ256_ASM -DX25519_ASM -DPOLY1305_ASM -DOPENSSLDIR="\"/opt/rustwide/target/debug/build/openssl-sys-c18cb5a66144eb61/out/openssl-build/install/ssl\"" -DENGINESDIR="\"/opt/rustwide/target/debug/build/openssl-sys-c18cb5a66144eb61/out/openssl-build/install/lib/engines-1.1\"" -DNDEBUG  -MMD -MF crypto/asn1/a_bitstr.d.tmp -MT crypto/asn1/a_bitstr.o -c -o crypto/asn1/a_bitstr.o crypto/asn1/a_bitstr.c
[INFO] [stderr]   cc  -I. -Iinclude -fPIC -pthread -m64 -Wa,--noexecstack -Wall -O3 -O2 -ffunction-sections -fdata-sections -fPIC -g -fno-omit-frame-pointer -m64 -DOPENSSL_USE_NODELETE -DL_ENDIAN -DOPENSSL_PIC -DOPENSSL_CPUID_OBJ -DOPENSSL_IA32_SSE2 -DOPENSSL_BN_ASM_MONT -DOPENSSL_BN_ASM_MONT5 -DOPENSSL_BN_ASM_GF2m -DSHA1_ASM -DSHA256_ASM -DSHA512_ASM -DKECCAK1600_ASM -DRC4_ASM -DMD5_ASM -DAESNI_ASM -DVPAES_ASM -DGHASH_ASM -DECP_NISTZ256_ASM -DX25519_ASM -DPOLY1305_ASM -DOPENSSLDIR="\"/opt/rustwide/target/debug/build/openssl-sys-c18cb5a66144eb61/out/openssl-build/install/ssl\"" -DENGINESDIR="\"/opt/rustwide/target/debug/build/openssl-sys-c18cb5a66144eb61/out/openssl-build/install/lib/engines-1.1\"" -DNDEBUG  -MMD -MF crypto/asn1/a_d2i_fp.d.tmp -MT crypto/asn1/a_d2i_fp.o -c -o crypto/asn1/a_d2i_fp.o crypto/asn1/a_d2i_fp.c
[INFO] [stderr]   cc  -I. -Iinclude -fPIC -pthread -m64 -Wa,--noexecstack -Wall -O3 -O2 -ffunction-sections -fdata-sections -fPIC -g -fno-omit-frame-pointer -m64 -DOPENSSL_USE_NODELETE -DL_ENDIAN -DOPENSSL_PIC -DOPENSSL_CPUID_OBJ -DOPENSSL_IA32_SSE2 -DOPENSSL_BN_ASM_MONT -DOPENSSL_BN_ASM_MONT5 -DOPENSSL_BN_ASM_GF2m -DSHA1_ASM -DSHA256_ASM -DSHA512_ASM -DKECCAK1600_ASM -DRC4_ASM -DMD5_ASM -DAESNI_ASM -DVPAES_ASM -DGHASH_ASM -DECP_NISTZ256_ASM -DX25519_ASM -DPOLY1305_ASM -DOPENSSLDIR="\"/opt/rustwide/target/debug/build/openssl-sys-c18cb5a66144eb61/out/openssl-build/install/ssl\"" -DENGINESDIR="\"/opt/rustwide/target/debug/build/openssl-sys-c18cb5a66144eb61/out/openssl-build/install/lib/engines-1.1\"" -DNDEBUG  -MMD -MF crypto/asn1/a_digest.d.tmp -MT crypto/asn1/a_digest.o -c -o crypto/asn1/a_digest.o crypto/asn1/a_digest.c
[INFO] [stderr]   cc  -I. -Iinclude -fPIC -pthread -m64 -Wa,--noexecstack -Wall -O3 -O2 -ffunction-sections -fdata-sections -fPIC -g -fno-omit-frame-pointer -m64 -DOPENSSL_USE_NODELETE -DL_ENDIAN -DOPENSSL_PIC -DOPENSSL_CPUID_OBJ -DOPENSSL_IA32_SSE2 -DOPENSSL_BN_ASM_MONT -DOPENSSL_BN_ASM_MONT5 -DOPENSSL_BN_ASM_GF2m -DSHA1_ASM -DSHA256_ASM -DSHA512_ASM -DKECCAK1600_ASM -DRC4_ASM -DMD5_ASM -DAESNI_ASM -DVPAES_ASM -DGHASH_ASM -DECP_NISTZ256_ASM -DX25519_ASM -DPOLY1305_ASM -DOPENSSLDIR="\"/opt/rustwide/target/debug/build/openssl-sys-c18cb5a66144eb61/out/openssl-build/install/ssl\"" -DENGINESDIR="\"/opt/rustwide/target/debug/build/openssl-sys-c18cb5a66144eb61/out/openssl-build/install/lib/engines-1.1\"" -DNDEBUG  -MMD -MF crypto/asn1/a_dup.d.tmp -MT crypto/asn1/a_dup.o -c -o crypto/asn1/a_dup.o crypto/asn1/a_dup.c
[INFO] [stderr]   cc  -I. -Iinclude -fPIC -pthread -m64 -Wa,--noexecstack -Wall -O3 -O2 -ffunction-sections -fdata-sections -fPIC -g -fno-omit-frame-pointer -m64 -DOPENSSL_USE_NODELETE -DL_ENDIAN -DOPENSSL_PIC -DOPENSSL_CPUID_OBJ -DOPENSSL_IA32_SSE2 -DOPENSSL_BN_ASM_MONT -DOPENSSL_BN_ASM_MONT5 -DOPENSSL_BN_ASM_GF2m -DSHA1_ASM -DSHA256_ASM -DSHA512_ASM -DKECCAK1600_ASM -DRC4_ASM -DMD5_ASM -DAESNI_ASM -DVPAES_ASM -DGHASH_ASM -DECP_NISTZ256_ASM -DX25519_ASM -DPOLY1305_ASM -DOPENSSLDIR="\"/opt/rustwide/target/debug/build/openssl-sys-c18cb5a66144eb61/out/openssl-build/install/ssl\"" -DENGINESDIR="\"/opt/rustwide/target/debug/build/openssl-sys-c18cb5a66144eb61/out/openssl-build/install/lib/engines-1.1\"" -DNDEBUG  -MMD -MF crypto/asn1/a_gentm.d.tmp -MT crypto/asn1/a_gentm.o -c -o crypto/asn1/a_gentm.o crypto/asn1/a_gentm.c
[INFO] [stderr]   cc  -I. -Iinclude -fPIC -pthread -m64 -Wa,--noexecstack -Wall -O3 -O2 -ffunction-sections -fdata-sections -fPIC -g -fno-omit-frame-pointer -m64 -DOPENSSL_USE_NODELETE -DL_ENDIAN -DOPENSSL_PIC -DOPENSSL_CPUID_OBJ -DOPENSSL_IA32_SSE2 -DOPENSSL_BN_ASM_MONT -DOPENSSL_BN_ASM_MONT5 -DOPENSSL_BN_ASM_GF2m -DSHA1_ASM -DSHA256_ASM -DSHA512_ASM -DKECCAK1600_ASM -DRC4_ASM -DMD5_ASM -DAESNI_ASM -DVPAES_ASM -DGHASH_ASM -DECP_NISTZ256_ASM -DX25519_ASM -DPOLY1305_ASM -DOPENSSLDIR="\"/opt/rustwide/target/debug/build/openssl-sys-c18cb5a66144eb61/out/openssl-build/install/ssl\"" -DENGINESDIR="\"/opt/rustwide/target/debug/build/openssl-sys-c18cb5a66144eb61/out/openssl-build/install/lib/engines-1.1\"" -DNDEBUG  -MMD -MF crypto/asn1/a_i2d_fp.d.tmp -MT crypto/asn1/a_i2d_fp.o -c -o crypto/asn1/a_i2d_fp.o crypto/asn1/a_i2d_fp.c
[INFO] [stderr]   cc  -I. -Iinclude -fPIC -pthread -m64 -Wa,--noexecstack -Wall -O3 -O2 -ffunction-sections -fdata-sections -fPIC -g -fno-omit-frame-pointer -m64 -DOPENSSL_USE_NODELETE -DL_ENDIAN -DOPENSSL_PIC -DOPENSSL_CPUID_OBJ -DOPENSSL_IA32_SSE2 -DOPENSSL_BN_ASM_MONT -DOPENSSL_BN_ASM_MONT5 -DOPENSSL_BN_ASM_GF2m -DSHA1_ASM -DSHA256_ASM -DSHA512_ASM -DKECCAK1600_ASM -DRC4_ASM -DMD5_ASM -DAESNI_ASM -DVPAES_ASM -DGHASH_ASM -DECP_NISTZ256_ASM -DX25519_ASM -DPOLY1305_ASM -DOPENSSLDIR="\"/opt/rustwide/target/debug/build/openssl-sys-c18cb5a66144eb61/out/openssl-build/install/ssl\"" -DENGINESDIR="\"/opt/rustwide/target/debug/build/openssl-sys-c18cb5a66144eb61/out/openssl-build/install/lib/engines-1.1\"" -DNDEBUG  -MMD -MF crypto/asn1/a_int.d.tmp -MT crypto/asn1/a_int.o -c -o crypto/asn1/a_int.o crypto/asn1/a_int.c
[INFO] [stderr]   cc  -I. -Iinclude -fPIC -pthread -m64 -Wa,--noexecstack -Wall -O3 -O2 -ffunction-sections -fdata-sections -fPIC -g -fno-omit-frame-pointer -m64 -DOPENSSL_USE_NODELETE -DL_ENDIAN -DOPENSSL_PIC -DOPENSSL_CPUID_OBJ -DOPENSSL_IA32_SSE2 -DOPENSSL_BN_ASM_MONT -DOPENSSL_BN_ASM_MONT5 -DOPENSSL_BN_ASM_GF2m -DSHA1_ASM -DSHA256_ASM -DSHA512_ASM -DKECCAK1600_ASM -DRC4_ASM -DMD5_ASM -DAESNI_ASM -DVPAES_ASM -DGHASH_ASM -DECP_NISTZ256_ASM -DX25519_ASM -DPOLY1305_ASM -DOPENSSLDIR="\"/opt/rustwide/target/debug/build/openssl-sys-c18cb5a66144eb61/out/openssl-build/install/ssl\"" -DENGINESDIR="\"/opt/rustwide/target/debug/build/openssl-sys-c18cb5a66144eb61/out/openssl-build/install/lib/engines-1.1\"" -DNDEBUG  -MMD -MF crypto/asn1/a_mbstr.d.tmp -MT crypto/asn1/a_mbstr.o -c -o crypto/asn1/a_mbstr.o crypto/asn1/a_mbstr.c
[INFO] [stderr]   cc  -I. -Iinclude -fPIC -pthread -m64 -Wa,--noexecstack -Wall -O3 -O2 -ffunction-sections -fdata-sections -fPIC -g -fno-omit-frame-pointer -m64 -DOPENSSL_USE_NODELETE -DL_ENDIAN -DOPENSSL_PIC -DOPENSSL_CPUID_OBJ -DOPENSSL_IA32_SSE2 -DOPENSSL_BN_ASM_MONT -DOPENSSL_BN_ASM_MONT5 -DOPENSSL_BN_ASM_GF2m -DSHA1_ASM -DSHA256_ASM -DSHA512_ASM -DKECCAK1600_ASM -DRC4_ASM -DMD5_ASM -DAESNI_ASM -DVPAES_ASM -DGHASH_ASM -DECP_NISTZ256_ASM -DX25519_ASM -DPOLY1305_ASM -DOPENSSLDIR="\"/opt/rustwide/target/debug/build/openssl-sys-c18cb5a66144eb61/out/openssl-build/install/ssl\"" -DENGINESDIR="\"/opt/rustwide/target/debug/build/openssl-sys-c18cb5a66144eb61/out/openssl-build/install/lib/engines-1.1\"" -DNDEBUG  -MMD -MF crypto/asn1/a_object.d.tmp -MT crypto/asn1/a_object.o -c -o crypto/asn1/a_object.o crypto/asn1/a_object.c
[INFO] [stderr]   cc  -I. -Iinclude -fPIC -pthread -m64 -Wa,--noexecstack -Wall -O3 -O2 -ffunction-sections -fdata-sections -fPIC -g -fno-omit-frame-pointer -m64 -DOPENSSL_USE_NODELETE -DL_ENDIAN -DOPENSSL_PIC -DOPENSSL_CPUID_OBJ -DOPENSSL_IA32_SSE2 -DOPENSSL_BN_ASM_MONT -DOPENSSL_BN_ASM_MONT5 -DOPENSSL_BN_ASM_GF2m -DSHA1_ASM -DSHA256_ASM -DSHA512_ASM -DKECCAK1600_ASM -DRC4_ASM -DMD5_ASM -DAESNI_ASM -DVPAES_ASM -DGHASH_ASM -DECP_NISTZ256_ASM -DX25519_ASM -DPOLY1305_ASM -DOPENSSLDIR="\"/opt/rustwide/target/debug/build/openssl-sys-c18cb5a66144eb61/out/openssl-build/install/ssl\"" -DENGINESDIR="\"/opt/rustwide/target/debug/build/openssl-sys-c18cb5a66144eb61/out/openssl-build/install/lib/engines-1.1\"" -DNDEBUG  -MMD -MF crypto/asn1/a_octet.d.tmp -MT crypto/asn1/a_octet.o -c -o crypto/asn1/a_octet.o crypto/asn1/a_octet.c
[INFO] [stderr]   cc  -I. -Iinclude -fPIC -pthread -m64 -Wa,--noexecstack -Wall -O3 -O2 -ffunction-sections -fdata-sections -fPIC -g -fno-omit-frame-pointer -m64 -DOPENSSL_USE_NODELETE -DL_ENDIAN -DOPENSSL_PIC -DOPENSSL_CPUID_OBJ -DOPENSSL_IA32_SSE2 -DOPENSSL_BN_ASM_MONT -DOPENSSL_BN_ASM_MONT5 -DOPENSSL_BN_ASM_GF2m -DSHA1_ASM -DSHA256_ASM -DSHA512_ASM -DKECCAK1600_ASM -DRC4_ASM -DMD5_ASM -DAESNI_ASM -DVPAES_ASM -DGHASH_ASM -DECP_NISTZ256_ASM -DX25519_ASM -DPOLY1305_ASM -DOPENSSLDIR="\"/opt/rustwide/target/debug/build/openssl-sys-c18cb5a66144eb61/out/openssl-build/install/ssl\"" -DENGINESDIR="\"/opt/rustwide/target/debug/build/openssl-sys-c18cb5a66144eb61/out/openssl-build/install/lib/engines-1.1\"" -DNDEBUG  -MMD -MF crypto/asn1/a_print.d.tmp -MT crypto/asn1/a_print.o -c -o crypto/asn1/a_print.o crypto/asn1/a_print.c
[INFO] [stderr]   cc  -I. -Iinclude -fPIC -pthread -m64 -Wa,--noexecstack -Wall -O3 -O2 -ffunction-sections -fdata-sections -fPIC -g -fno-omit-frame-pointer -m64 -DOPENSSL_USE_NODELETE -DL_ENDIAN -DOPENSSL_PIC -DOPENSSL_CPUID_OBJ -DOPENSSL_IA32_SSE2 -DOPENSSL_BN_ASM_MONT -DOPENSSL_BN_ASM_MONT5 -DOPENSSL_BN_ASM_GF2m -DSHA1_ASM -DSHA256_ASM -DSHA512_ASM -DKECCAK1600_ASM -DRC4_ASM -DMD5_ASM -DAESNI_ASM -DVPAES_ASM -DGHASH_ASM -DECP_NISTZ256_ASM -DX25519_ASM -DPOLY1305_ASM -DOPENSSLDIR="\"/opt/rustwide/target/debug/build/openssl-sys-c18cb5a66144eb61/out/openssl-build/install/ssl\"" -DENGINESDIR="\"/opt/rustwide/target/debug/build/openssl-sys-c18cb5a66144eb61/out/openssl-build/install/lib/engines-1.1\"" -DNDEBUG  -MMD -MF crypto/asn1/a_sign.d.tmp -MT crypto/asn1/a_sign.o -c -o crypto/asn1/a_sign.o crypto/asn1/a_sign.c
[INFO] [stderr]   cc  -I. -Iinclude -fPIC -pthread -m64 -Wa,--noexecstack -Wall -O3 -O2 -ffunction-sections -fdata-sections -fPIC -g -fno-omit-frame-pointer -m64 -DOPENSSL_USE_NODELETE -DL_ENDIAN -DOPENSSL_PIC -DOPENSSL_CPUID_OBJ -DOPENSSL_IA32_SSE2 -DOPENSSL_BN_ASM_MONT -DOPENSSL_BN_ASM_MONT5 -DOPENSSL_BN_ASM_GF2m -DSHA1_ASM -DSHA256_ASM -DSHA512_ASM -DKECCAK1600_ASM -DRC4_ASM -DMD5_ASM -DAESNI_ASM -DVPAES_ASM -DGHASH_ASM -DECP_NISTZ256_ASM -DX25519_ASM -DPOLY1305_ASM -DOPENSSLDIR="\"/opt/rustwide/target/debug/build/openssl-sys-c18cb5a66144eb61/out/openssl-build/install/ssl\"" -DENGINESDIR="\"/opt/rustwide/target/debug/build/openssl-sys-c18cb5a66144eb61/out/openssl-build/install/lib/engines-1.1\"" -DNDEBUG  -MMD -MF crypto/asn1/a_strex.d.tmp -MT crypto/asn1/a_strex.o -c -o crypto/asn1/a_strex.o crypto/asn1/a_strex.c
[INFO] [stderr]   cc  -I. -Iinclude -fPIC -pthread -m64 -Wa,--noexecstack -Wall -O3 -O2 -ffunction-sections -fdata-sections -fPIC -g -fno-omit-frame-pointer -m64 -DOPENSSL_USE_NODELETE -DL_ENDIAN -DOPENSSL_PIC -DOPENSSL_CPUID_OBJ -DOPENSSL_IA32_SSE2 -DOPENSSL_BN_ASM_MONT -DOPENSSL_BN_ASM_MONT5 -DOPENSSL_BN_ASM_GF2m -DSHA1_ASM -DSHA256_ASM -DSHA512_ASM -DKECCAK1600_ASM -DRC4_ASM -DMD5_ASM -DAESNI_ASM -DVPAES_ASM -DGHASH_ASM -DECP_NISTZ256_ASM -DX25519_ASM -DPOLY1305_ASM -DOPENSSLDIR="\"/opt/rustwide/target/debug/build/openssl-sys-c18cb5a66144eb61/out/openssl-build/install/ssl\"" -DENGINESDIR="\"/opt/rustwide/target/debug/build/openssl-sys-c18cb5a66144eb61/out/openssl-build/install/lib/engines-1.1\"" -DNDEBUG  -MMD -MF crypto/asn1/a_strnid.d.tmp -MT crypto/asn1/a_strnid.o -c -o crypto/asn1/a_strnid.o crypto/asn1/a_strnid.c
[INFO] [stderr]   cc  -I. -Iinclude -fPIC -pthread -m64 -Wa,--noexecstack -Wall -O3 -O2 -ffunction-sections -fdata-sections -fPIC -g -fno-omit-frame-pointer -m64 -DOPENSSL_USE_NODELETE -DL_ENDIAN -DOPENSSL_PIC -DOPENSSL_CPUID_OBJ -DOPENSSL_IA32_SSE2 -DOPENSSL_BN_ASM_MONT -DOPENSSL_BN_ASM_MONT5 -DOPENSSL_BN_ASM_GF2m -DSHA1_ASM -DSHA256_ASM -DSHA512_ASM -DKECCAK1600_ASM -DRC4_ASM -DMD5_ASM -DAESNI_ASM -DVPAES_ASM -DGHASH_ASM -DECP_NISTZ256_ASM -DX25519_ASM -DPOLY1305_ASM -DOPENSSLDIR="\"/opt/rustwide/target/debug/build/openssl-sys-c18cb5a66144eb61/out/openssl-build/install/ssl\"" -DENGINESDIR="\"/opt/rustwide/target/debug/build/openssl-sys-c18cb5a66144eb61/out/openssl-build/install/lib/engines-1.1\"" -DNDEBUG  -MMD -MF crypto/asn1/a_time.d.tmp -MT crypto/asn1/a_time.o -c -o crypto/asn1/a_time.o crypto/asn1/a_time.c
[INFO] [stderr]   cc  -I. -Iinclude -fPIC -pthread -m64 -Wa,--noexecstack -Wall -O3 -O2 -ffunction-sections -fdata-sections -fPIC -g -fno-omit-frame-pointer -m64 -DOPENSSL_USE_NODELETE -DL_ENDIAN -DOPENSSL_PIC -DOPENSSL_CPUID_OBJ -DOPENSSL_IA32_SSE2 -DOPENSSL_BN_ASM_MONT -DOPENSSL_BN_ASM_MONT5 -DOPENSSL_BN_ASM_GF2m -DSHA1_ASM -DSHA256_ASM -DSHA512_ASM -DKECCAK1600_ASM -DRC4_ASM -DMD5_ASM -DAESNI_ASM -DVPAES_ASM -DGHASH_ASM -DECP_NISTZ256_ASM -DX25519_ASM -DPOLY1305_ASM -DOPENSSLDIR="\"/opt/rustwide/target/debug/build/openssl-sys-c18cb5a66144eb61/out/openssl-build/install/ssl\"" -DENGINESDIR="\"/opt/rustwide/target/debug/build/openssl-sys-c18cb5a66144eb61/out/openssl-build/install/lib/engines-1.1\"" -DNDEBUG  -MMD -MF crypto/asn1/a_type.d.tmp -MT crypto/asn1/a_type.o -c -o crypto/asn1/a_type.o crypto/asn1/a_type.c
[INFO] [stderr]   cc  -I. -Iinclude -fPIC -pthread -m64 -Wa,--noexecstack -Wall -O3 -O2 -ffunction-sections -fdata-sections -fPIC -g -fno-omit-frame-pointer -m64 -DOPENSSL_USE_NODELETE -DL_ENDIAN -DOPENSSL_PIC -DOPENSSL_CPUID_OBJ -DOPENSSL_IA32_SSE2 -DOPENSSL_BN_ASM_MONT -DOPENSSL_BN_ASM_MONT5 -DOPENSSL_BN_ASM_GF2m -DSHA1_ASM -DSHA256_ASM -DSHA512_ASM -DKECCAK1600_ASM -DRC4_ASM -DMD5_ASM -DAESNI_ASM -DVPAES_ASM -DGHASH_ASM -DECP_NISTZ256_ASM -DX25519_ASM -DPOLY1305_ASM -DOPENSSLDIR="\"/opt/rustwide/target/debug/build/openssl-sys-c18cb5a66144eb61/out/openssl-build/install/ssl\"" -DENGINESDIR="\"/opt/rustwide/target/debug/build/openssl-sys-c18cb5a66144eb61/out/openssl-build/install/lib/engines-1.1\"" -DNDEBUG  -MMD -MF crypto/asn1/a_utctm.d.tmp -MT crypto/asn1/a_utctm.o -c -o crypto/asn1/a_utctm.o crypto/asn1/a_utctm.c
[INFO] [stderr]   cc  -I. -Iinclude -fPIC -pthread -m64 -Wa,--noexecstack -Wall -O3 -O2 -ffunction-sections -fdata-sections -fPIC -g -fno-omit-frame-pointer -m64 -DOPENSSL_USE_NODELETE -DL_ENDIAN -DOPENSSL_PIC -DOPENSSL_CPUID_OBJ -DOPENSSL_IA32_SSE2 -DOPENSSL_BN_ASM_MONT -DOPENSSL_BN_ASM_MONT5 -DOPENSSL_BN_ASM_GF2m -DSHA1_ASM -DSHA256_ASM -DSHA512_ASM -DKECCAK1600_ASM -DRC4_ASM -DMD5_ASM -DAESNI_ASM -DVPAES_ASM -DGHASH_ASM -DECP_NISTZ256_ASM -DX25519_ASM -DPOLY1305_ASM -DOPENSSLDIR="\"/opt/rustwide/target/debug/build/openssl-sys-c18cb5a66144eb61/out/openssl-build/install/ssl\"" -DENGINESDIR="\"/opt/rustwide/target/debug/build/openssl-sys-c18cb5a66144eb61/out/openssl-build/install/lib/engines-1.1\"" -DNDEBUG  -MMD -MF crypto/asn1/a_utf8.d.tmp -MT crypto/asn1/a_utf8.o -c -o crypto/asn1/a_utf8.o crypto/asn1/a_utf8.c
[INFO] [stderr]   cc  -I. -Iinclude -fPIC -pthread -m64 -Wa,--noexecstack -Wall -O3 -O2 -ffunction-sections -fdata-sections -fPIC -g -fno-omit-frame-pointer -m64 -DOPENSSL_USE_NODELETE -DL_ENDIAN -DOPENSSL_PIC -DOPENSSL_CPUID_OBJ -DOPENSSL_IA32_SSE2 -DOPENSSL_BN_ASM_MONT -DOPENSSL_BN_ASM_MONT5 -DOPENSSL_BN_ASM_GF2m -DSHA1_ASM -DSHA256_ASM -DSHA512_ASM -DKECCAK1600_ASM -DRC4_ASM -DMD5_ASM -DAESNI_ASM -DVPAES_ASM -DGHASH_ASM -DECP_NISTZ256_ASM -DX25519_ASM -DPOLY1305_ASM -DOPENSSLDIR="\"/opt/rustwide/target/debug/build/openssl-sys-c18cb5a66144eb61/out/openssl-build/install/ssl\"" -DENGINESDIR="\"/opt/rustwide/target/debug/build/openssl-sys-c18cb5a66144eb61/out/openssl-build/install/lib/engines-1.1\"" -DNDEBUG  -MMD -MF crypto/asn1/a_verify.d.tmp -MT crypto/asn1/a_verify.o -c -o crypto/asn1/a_verify.o crypto/asn1/a_verify.c
[INFO] [stderr]   cc  -I. -Iinclude -fPIC -pthread -m64 -Wa,--noexecstack -Wall -O3 -O2 -ffunction-sections -fdata-sections -fPIC -g -fno-omit-frame-pointer -m64 -DOPENSSL_USE_NODELETE -DL_ENDIAN -DOPENSSL_PIC -DOPENSSL_CPUID_OBJ -DOPENSSL_IA32_SSE2 -DOPENSSL_BN_ASM_MONT -DOPENSSL_BN_ASM_MONT5 -DOPENSSL_BN_ASM_GF2m -DSHA1_ASM -DSHA256_ASM -DSHA512_ASM -DKECCAK1600_ASM -DRC4_ASM -DMD5_ASM -DAESNI_ASM -DVPAES_ASM -DGHASH_ASM -DECP_NISTZ256_ASM -DX25519_ASM -DPOLY1305_ASM -DOPENSSLDIR="\"/opt/rustwide/target/debug/build/openssl-sys-c18cb5a66144eb61/out/openssl-build/install/ssl\"" -DENGINESDIR="\"/opt/rustwide/target/debug/build/openssl-sys-c18cb5a66144eb61/out/openssl-build/install/lib/engines-1.1\"" -DNDEBUG  -MMD -MF crypto/asn1/ameth_lib.d.tmp -MT crypto/asn1/ameth_lib.o -c -o crypto/asn1/ameth_lib.o crypto/asn1/ameth_lib.c
[INFO] [stderr]   cc  -I. -Iinclude -fPIC -pthread -m64 -Wa,--noexecstack -Wall -O3 -O2 -ffunction-sections -fdata-sections -fPIC -g -fno-omit-frame-pointer -m64 -DOPENSSL_USE_NODELETE -DL_ENDIAN -DOPENSSL_PIC -DOPENSSL_CPUID_OBJ -DOPENSSL_IA32_SSE2 -DOPENSSL_BN_ASM_MONT -DOPENSSL_BN_ASM_MONT5 -DOPENSSL_BN_ASM_GF2m -DSHA1_ASM -DSHA256_ASM -DSHA512_ASM -DKECCAK1600_ASM -DRC4_ASM -DMD5_ASM -DAESNI_ASM -DVPAES_ASM -DGHASH_ASM -DECP_NISTZ256_ASM -DX25519_ASM -DPOLY1305_ASM -DOPENSSLDIR="\"/opt/rustwide/target/debug/build/openssl-sys-c18cb5a66144eb61/out/openssl-build/install/ssl\"" -DENGINESDIR="\"/opt/rustwide/target/debug/build/openssl-sys-c18cb5a66144eb61/out/openssl-build/install/lib/engines-1.1\"" -DNDEBUG  -MMD -MF crypto/asn1/asn1_err.d.tmp -MT crypto/asn1/asn1_err.o -c -o crypto/asn1/asn1_err.o crypto/asn1/asn1_err.c
[INFO] [stderr]   cc  -I. -Iinclude -fPIC -pthread -m64 -Wa,--noexecstack -Wall -O3 -O2 -ffunction-sections -fdata-sections -fPIC -g -fno-omit-frame-pointer -m64 -DOPENSSL_USE_NODELETE -DL_ENDIAN -DOPENSSL_PIC -DOPENSSL_CPUID_OBJ -DOPENSSL_IA32_SSE2 -DOPENSSL_BN_ASM_MONT -DOPENSSL_BN_ASM_MONT5 -DOPENSSL_BN_ASM_GF2m -DSHA1_ASM -DSHA256_ASM -DSHA512_ASM -DKECCAK1600_ASM -DRC4_ASM -DMD5_ASM -DAESNI_ASM -DVPAES_ASM -DGHASH_ASM -DECP_NISTZ256_ASM -DX25519_ASM -DPOLY1305_ASM -DOPENSSLDIR="\"/opt/rustwide/target/debug/build/openssl-sys-c18cb5a66144eb61/out/openssl-build/install/ssl\"" -DENGINESDIR="\"/opt/rustwide/target/debug/build/openssl-sys-c18cb5a66144eb61/out/openssl-build/install/lib/engines-1.1\"" -DNDEBUG  -MMD -MF crypto/asn1/asn1_gen.d.tmp -MT crypto/asn1/asn1_gen.o -c -o crypto/asn1/asn1_gen.o crypto/asn1/asn1_gen.c
[INFO] [stderr]   cc  -I. -Iinclude -fPIC -pthread -m64 -Wa,--noexecstack -Wall -O3 -O2 -ffunction-sections -fdata-sections -fPIC -g -fno-omit-frame-pointer -m64 -DOPENSSL_USE_NODELETE -DL_ENDIAN -DOPENSSL_PIC -DOPENSSL_CPUID_OBJ -DOPENSSL_IA32_SSE2 -DOPENSSL_BN_ASM_MONT -DOPENSSL_BN_ASM_MONT5 -DOPENSSL_BN_ASM_GF2m -DSHA1_ASM -DSHA256_ASM -DSHA512_ASM -DKECCAK1600_ASM -DRC4_ASM -DMD5_ASM -DAESNI_ASM -DVPAES_ASM -DGHASH_ASM -DECP_NISTZ256_ASM -DX25519_ASM -DPOLY1305_ASM -DOPENSSLDIR="\"/opt/rustwide/target/debug/build/openssl-sys-c18cb5a66144eb61/out/openssl-build/install/ssl\"" -DENGINESDIR="\"/opt/rustwide/target/debug/build/openssl-sys-c18cb5a66144eb61/out/openssl-build/install/lib/engines-1.1\"" -DNDEBUG  -MMD -MF crypto/asn1/asn1_item_list.d.tmp -MT crypto/asn1/asn1_item_list.o -c -o crypto/asn1/asn1_item_list.o crypto/asn1/asn1_item_list.c
[INFO] [stderr]   cc  -I. -Iinclude -fPIC -pthread -m64 -Wa,--noexecstack -Wall -O3 -O2 -ffunction-sections -fdata-sections -fPIC -g -fno-omit-frame-pointer -m64 -DOPENSSL_USE_NODELETE -DL_ENDIAN -DOPENSSL_PIC -DOPENSSL_CPUID_OBJ -DOPENSSL_IA32_SSE2 -DOPENSSL_BN_ASM_MONT -DOPENSSL_BN_ASM_MONT5 -DOPENSSL_BN_ASM_GF2m -DSHA1_ASM -DSHA256_ASM -DSHA512_ASM -DKECCAK1600_ASM -DRC4_ASM -DMD5_ASM -DAESNI_ASM -DVPAES_ASM -DGHASH_ASM -DECP_NISTZ256_ASM -DX25519_ASM -DPOLY1305_ASM -DOPENSSLDIR="\"/opt/rustwide/target/debug/build/openssl-sys-c18cb5a66144eb61/out/openssl-build/install/ssl\"" -DENGINESDIR="\"/opt/rustwide/target/debug/build/openssl-sys-c18cb5a66144eb61/out/openssl-build/install/lib/engines-1.1\"" -DNDEBUG  -MMD -MF crypto/asn1/asn1_lib.d.tmp -MT crypto/asn1/asn1_lib.o -c -o crypto/asn1/asn1_lib.o crypto/asn1/asn1_lib.c
[INFO] [stderr]   cc  -I. -Iinclude -fPIC -pthread -m64 -Wa,--noexecstack -Wall -O3 -O2 -ffunction-sections -fdata-sections -fPIC -g -fno-omit-frame-pointer -m64 -DOPENSSL_USE_NODELETE -DL_ENDIAN -DOPENSSL_PIC -DOPENSSL_CPUID_OBJ -DOPENSSL_IA32_SSE2 -DOPENSSL_BN_ASM_MONT -DOPENSSL_BN_ASM_MONT5 -DOPENSSL_BN_ASM_GF2m -DSHA1_ASM -DSHA256_ASM -DSHA512_ASM -DKECCAK1600_ASM -DRC4_ASM -DMD5_ASM -DAESNI_ASM -DVPAES_ASM -DGHASH_ASM -DECP_NISTZ256_ASM -DX25519_ASM -DPOLY1305_ASM -DOPENSSLDIR="\"/opt/rustwide/target/debug/build/openssl-sys-c18cb5a66144eb61/out/openssl-build/install/ssl\"" -DENGINESDIR="\"/opt/rustwide/target/debug/build/openssl-sys-c18cb5a66144eb61/out/openssl-build/install/lib/engines-1.1\"" -DNDEBUG  -MMD -MF crypto/asn1/asn1_par.d.tmp -MT crypto/asn1/asn1_par.o -c -o crypto/asn1/asn1_par.o crypto/asn1/asn1_par.c
[INFO] [stderr]   cc  -I. -Iinclude -fPIC -pthread -m64 -Wa,--noexecstack -Wall -O3 -O2 -ffunction-sections -fdata-sections -fPIC -g -fno-omit-frame-pointer -m64 -DOPENSSL_USE_NODELETE -DL_ENDIAN -DOPENSSL_PIC -DOPENSSL_CPUID_OBJ -DOPENSSL_IA32_SSE2 -DOPENSSL_BN_ASM_MONT -DOPENSSL_BN_ASM_MONT5 -DOPENSSL_BN_ASM_GF2m -DSHA1_ASM -DSHA256_ASM -DSHA512_ASM -DKECCAK1600_ASM -DRC4_ASM -DMD5_ASM -DAESNI_ASM -DVPAES_ASM -DGHASH_ASM -DECP_NISTZ256_ASM -DX25519_ASM -DPOLY1305_ASM -DOPENSSLDIR="\"/opt/rustwide/target/debug/build/openssl-sys-c18cb5a66144eb61/out/openssl-build/install/ssl\"" -DENGINESDIR="\"/opt/rustwide/target/debug/build/openssl-sys-c18cb5a66144eb61/out/openssl-build/install/lib/engines-1.1\"" -DNDEBUG  -MMD -MF crypto/asn1/asn_mime.d.tmp -MT crypto/asn1/asn_mime.o -c -o crypto/asn1/asn_mime.o crypto/asn1/asn_mime.c
[INFO] [stderr]   cc  -I. -Iinclude -fPIC -pthread -m64 -Wa,--noexecstack -Wall -O3 -O2 -ffunction-sections -fdata-sections -fPIC -g -fno-omit-frame-pointer -m64 -DOPENSSL_USE_NODELETE -DL_ENDIAN -DOPENSSL_PIC -DOPENSSL_CPUID_OBJ -DOPENSSL_IA32_SSE2 -DOPENSSL_BN_ASM_MONT -DOPENSSL_BN_ASM_MONT5 -DOPENSSL_BN_ASM_GF2m -DSHA1_ASM -DSHA256_ASM -DSHA512_ASM -DKECCAK1600_ASM -DRC4_ASM -DMD5_ASM -DAESNI_ASM -DVPAES_ASM -DGHASH_ASM -DECP_NISTZ256_ASM -DX25519_ASM -DPOLY1305_ASM -DOPENSSLDIR="\"/opt/rustwide/target/debug/build/openssl-sys-c18cb5a66144eb61/out/openssl-build/install/ssl\"" -DENGINESDIR="\"/opt/rustwide/target/debug/build/openssl-sys-c18cb5a66144eb61/out/openssl-build/install/lib/engines-1.1\"" -DNDEBUG  -MMD -MF crypto/asn1/asn_moid.d.tmp -MT crypto/asn1/asn_moid.o -c -o crypto/asn1/asn_moid.o crypto/asn1/asn_moid.c
[INFO] [stderr]   cc  -I. -Iinclude -fPIC -pthread -m64 -Wa,--noexecstack -Wall -O3 -O2 -ffunction-sections -fdata-sections -fPIC -g -fno-omit-frame-pointer -m64 -DOPENSSL_USE_NODELETE -DL_ENDIAN -DOPENSSL_PIC -DOPENSSL_CPUID_OBJ -DOPENSSL_IA32_SSE2 -DOPENSSL_BN_ASM_MONT -DOPENSSL_BN_ASM_MONT5 -DOPENSSL_BN_ASM_GF2m -DSHA1_ASM -DSHA256_ASM -DSHA512_ASM -DKECCAK1600_ASM -DRC4_ASM -DMD5_ASM -DAESNI_ASM -DVPAES_ASM -DGHASH_ASM -DECP_NISTZ256_ASM -DX25519_ASM -DPOLY1305_ASM -DOPENSSLDIR="\"/opt/rustwide/target/debug/build/openssl-sys-c18cb5a66144eb61/out/openssl-build/install/ssl\"" -DENGINESDIR="\"/opt/rustwide/target/debug/build/openssl-sys-c18cb5a66144eb61/out/openssl-build/install/lib/engines-1.1\"" -DNDEBUG  -MMD -MF crypto/asn1/asn_mstbl.d.tmp -MT crypto/asn1/asn_mstbl.o -c -o crypto/asn1/asn_mstbl.o crypto/asn1/asn_mstbl.c
[INFO] [stderr]   cc  -I. -Iinclude -fPIC -pthread -m64 -Wa,--noexecstack -Wall -O3 -O2 -ffunction-sections -fdata-sections -fPIC -g -fno-omit-frame-pointer -m64 -DOPENSSL_USE_NODELETE -DL_ENDIAN -DOPENSSL_PIC -DOPENSSL_CPUID_OBJ -DOPENSSL_IA32_SSE2 -DOPENSSL_BN_ASM_MONT -DOPENSSL_BN_ASM_MONT5 -DOPENSSL_BN_ASM_GF2m -DSHA1_ASM -DSHA256_ASM -DSHA512_ASM -DKECCAK1600_ASM -DRC4_ASM -DMD5_ASM -DAESNI_ASM -DVPAES_ASM -DGHASH_ASM -DECP_NISTZ256_ASM -DX25519_ASM -DPOLY1305_ASM -DOPENSSLDIR="\"/opt/rustwide/target/debug/build/openssl-sys-c18cb5a66144eb61/out/openssl-build/install/ssl\"" -DENGINESDIR="\"/opt/rustwide/target/debug/build/openssl-sys-c18cb5a66144eb61/out/openssl-build/install/lib/engines-1.1\"" -DNDEBUG  -MMD -MF crypto/asn1/asn_pack.d.tmp -MT crypto/asn1/asn_pack.o -c -o crypto/asn1/asn_pack.o crypto/asn1/asn_pack.c
[INFO] [stderr]   cc  -I. -Iinclude -fPIC -pthread -m64 -Wa,--noexecstack -Wall -O3 -O2 -ffunction-sections -fdata-sections -fPIC -g -fno-omit-frame-pointer -m64 -DOPENSSL_USE_NODELETE -DL_ENDIAN -DOPENSSL_PIC -DOPENSSL_CPUID_OBJ -DOPENSSL_IA32_SSE2 -DOPENSSL_BN_ASM_MONT -DOPENSSL_BN_ASM_MONT5 -DOPENSSL_BN_ASM_GF2m -DSHA1_ASM -DSHA256_ASM -DSHA512_ASM -DKECCAK1600_ASM -DRC4_ASM -DMD5_ASM -DAESNI_ASM -DVPAES_ASM -DGHASH_ASM -DECP_NISTZ256_ASM -DX25519_ASM -DPOLY1305_ASM -DOPENSSLDIR="\"/opt/rustwide/target/debug/build/openssl-sys-c18cb5a66144eb61/out/openssl-build/install/ssl\"" -DENGINESDIR="\"/opt/rustwide/target/debug/build/openssl-sys-c18cb5a66144eb61/out/openssl-build/install/lib/engines-1.1\"" -DNDEBUG  -MMD -MF crypto/asn1/bio_asn1.d.tmp -MT crypto/asn1/bio_asn1.o -c -o crypto/asn1/bio_asn1.o crypto/asn1/bio_asn1.c
[INFO] [stderr]   cc  -I. -Iinclude -fPIC -pthread -m64 -Wa,--noexecstack -Wall -O3 -O2 -ffunction-sections -fdata-sections -fPIC -g -fno-omit-frame-pointer -m64 -DOPENSSL_USE_NODELETE -DL_ENDIAN -DOPENSSL_PIC -DOPENSSL_CPUID_OBJ -DOPENSSL_IA32_SSE2 -DOPENSSL_BN_ASM_MONT -DOPENSSL_BN_ASM_MONT5 -DOPENSSL_BN_ASM_GF2m -DSHA1_ASM -DSHA256_ASM -DSHA512_ASM -DKECCAK1600_ASM -DRC4_ASM -DMD5_ASM -DAESNI_ASM -DVPAES_ASM -DGHASH_ASM -DECP_NISTZ256_ASM -DX25519_ASM -DPOLY1305_ASM -DOPENSSLDIR="\"/opt/rustwide/target/debug/build/openssl-sys-c18cb5a66144eb61/out/openssl-build/install/ssl\"" -DENGINESDIR="\"/opt/rustwide/target/debug/build/openssl-sys-c18cb5a66144eb61/out/openssl-build/install/lib/engines-1.1\"" -DNDEBUG  -MMD -MF crypto/asn1/bio_ndef.d.tmp -MT crypto/asn1/bio_ndef.o -c -o crypto/asn1/bio_ndef.o crypto/asn1/bio_ndef.c
[INFO] [stderr]   cc  -I. -Iinclude -fPIC -pthread -m64 -Wa,--noexecstack -Wall -O3 -O2 -ffunction-sections -fdata-sections -fPIC -g -fno-omit-frame-pointer -m64 -DOPENSSL_USE_NODELETE -DL_ENDIAN -DOPENSSL_PIC -DOPENSSL_CPUID_OBJ -DOPENSSL_IA32_SSE2 -DOPENSSL_BN_ASM_MONT -DOPENSSL_BN_ASM_MONT5 -DOPENSSL_BN_ASM_GF2m -DSHA1_ASM -DSHA256_ASM -DSHA512_ASM -DKECCAK1600_ASM -DRC4_ASM -DMD5_ASM -DAESNI_ASM -DVPAES_ASM -DGHASH_ASM -DECP_NISTZ256_ASM -DX25519_ASM -DPOLY1305_ASM -DOPENSSLDIR="\"/opt/rustwide/target/debug/build/openssl-sys-c18cb5a66144eb61/out/openssl-build/install/ssl\"" -DENGINESDIR="\"/opt/rustwide/target/debug/build/openssl-sys-c18cb5a66144eb61/out/openssl-build/install/lib/engines-1.1\"" -DNDEBUG  -MMD -MF crypto/asn1/d2i_pr.d.tmp -MT crypto/asn1/d2i_pr.o -c -o crypto/asn1/d2i_pr.o crypto/asn1/d2i_pr.c
[INFO] [stderr]   cc  -I. -Iinclude -fPIC -pthread -m64 -Wa,--noexecstack -Wall -O3 -O2 -ffunction-sections -fdata-sections -fPIC -g -fno-omit-frame-pointer -m64 -DOPENSSL_USE_NODELETE -DL_ENDIAN -DOPENSSL_PIC -DOPENSSL_CPUID_OBJ -DOPENSSL_IA32_SSE2 -DOPENSSL_BN_ASM_MONT -DOPENSSL_BN_ASM_MONT5 -DOPENSSL_BN_ASM_GF2m -DSHA1_ASM -DSHA256_ASM -DSHA512_ASM -DKECCAK1600_ASM -DRC4_ASM -DMD5_ASM -DAESNI_ASM -DVPAES_ASM -DGHASH_ASM -DECP_NISTZ256_ASM -DX25519_ASM -DPOLY1305_ASM -DOPENSSLDIR="\"/opt/rustwide/target/debug/build/openssl-sys-c18cb5a66144eb61/out/openssl-build/install/ssl\"" -DENGINESDIR="\"/opt/rustwide/target/debug/build/openssl-sys-c18cb5a66144eb61/out/openssl-build/install/lib/engines-1.1\"" -DNDEBUG  -MMD -MF crypto/asn1/d2i_pu.d.tmp -MT crypto/asn1/d2i_pu.o -c -o crypto/asn1/d2i_pu.o crypto/asn1/d2i_pu.c
[INFO] [stderr]   cc  -I. -Iinclude -fPIC -pthread -m64 -Wa,--noexecstack -Wall -O3 -O2 -ffunction-sections -fdata-sections -fPIC -g -fno-omit-frame-pointer -m64 -DOPENSSL_USE_NODELETE -DL_ENDIAN -DOPENSSL_PIC -DOPENSSL_CPUID_OBJ -DOPENSSL_IA32_SSE2 -DOPENSSL_BN_ASM_MONT -DOPENSSL_BN_ASM_MONT5 -DOPENSSL_BN_ASM_GF2m -DSHA1_ASM -DSHA256_ASM -DSHA512_ASM -DKECCAK1600_ASM -DRC4_ASM -DMD5_ASM -DAESNI_ASM -DVPAES_ASM -DGHASH_ASM -DECP_NISTZ256_ASM -DX25519_ASM -DPOLY1305_ASM -DOPENSSLDIR="\"/opt/rustwide/target/debug/build/openssl-sys-c18cb5a66144eb61/out/openssl-build/install/ssl\"" -DENGINESDIR="\"/opt/rustwide/target/debug/build/openssl-sys-c18cb5a66144eb61/out/openssl-build/install/lib/engines-1.1\"" -DNDEBUG  -MMD -MF crypto/asn1/evp_asn1.d.tmp -MT crypto/asn1/evp_asn1.o -c -o crypto/asn1/evp_asn1.o crypto/asn1/evp_asn1.c
[INFO] [stderr]   cc  -I. -Iinclude -fPIC -pthread -m64 -Wa,--noexecstack -Wall -O3 -O2 -ffunction-sections -fdata-sections -fPIC -g -fno-omit-frame-pointer -m64 -DOPENSSL_USE_NODELETE -DL_ENDIAN -DOPENSSL_PIC -DOPENSSL_CPUID_OBJ -DOPENSSL_IA32_SSE2 -DOPENSSL_BN_ASM_MONT -DOPENSSL_BN_ASM_MONT5 -DOPENSSL_BN_ASM_GF2m -DSHA1_ASM -DSHA256_ASM -DSHA512_ASM -DKECCAK1600_ASM -DRC4_ASM -DMD5_ASM -DAESNI_ASM -DVPAES_ASM -DGHASH_ASM -DECP_NISTZ256_ASM -DX25519_ASM -DPOLY1305_ASM -DOPENSSLDIR="\"/opt/rustwide/target/debug/build/openssl-sys-c18cb5a66144eb61/out/openssl-build/install/ssl\"" -DENGINESDIR="\"/opt/rustwide/target/debug/build/openssl-sys-c18cb5a66144eb61/out/openssl-build/install/lib/engines-1.1\"" -DNDEBUG  -MMD -MF crypto/asn1/f_int.d.tmp -MT crypto/asn1/f_int.o -c -o crypto/asn1/f_int.o crypto/asn1/f_int.c
[INFO] [stderr]   cc  -I. -Iinclude -fPIC -pthread -m64 -Wa,--noexecstack -Wall -O3 -O2 -ffunction-sections -fdata-sections -fPIC -g -fno-omit-frame-pointer -m64 -DOPENSSL_USE_NODELETE -DL_ENDIAN -DOPENSSL_PIC -DOPENSSL_CPUID_OBJ -DOPENSSL_IA32_SSE2 -DOPENSSL_BN_ASM_MONT -DOPENSSL_BN_ASM_MONT5 -DOPENSSL_BN_ASM_GF2m -DSHA1_ASM -DSHA256_ASM -DSHA512_ASM -DKECCAK1600_ASM -DRC4_ASM -DMD5_ASM -DAESNI_ASM -DVPAES_ASM -DGHASH_ASM -DECP_NISTZ256_ASM -DX25519_ASM -DPOLY1305_ASM -DOPENSSLDIR="\"/opt/rustwide/target/debug/build/openssl-sys-c18cb5a66144eb61/out/openssl-build/install/ssl\"" -DENGINESDIR="\"/opt/rustwide/target/debug/build/openssl-sys-c18cb5a66144eb61/out/openssl-build/install/lib/engines-1.1\"" -DNDEBUG  -MMD -MF crypto/asn1/f_string.d.tmp -MT crypto/asn1/f_string.o -c -o crypto/asn1/f_string.o crypto/asn1/f_string.c
[INFO] [stderr]   cc  -I. -Iinclude -fPIC -pthread -m64 -Wa,--noexecstack -Wall -O3 -O2 -ffunction-sections -fdata-sections -fPIC -g -fno-omit-frame-pointer -m64 -DOPENSSL_USE_NODELETE -DL_ENDIAN -DOPENSSL_PIC -DOPENSSL_CPUID_OBJ -DOPENSSL_IA32_SSE2 -DOPENSSL_BN_ASM_MONT -DOPENSSL_BN_ASM_MONT5 -DOPENSSL_BN_ASM_GF2m -DSHA1_ASM -DSHA256_ASM -DSHA512_ASM -DKECCAK1600_ASM -DRC4_ASM -DMD5_ASM -DAESNI_ASM -DVPAES_ASM -DGHASH_ASM -DECP_NISTZ256_ASM -DX25519_ASM -DPOLY1305_ASM -DOPENSSLDIR="\"/opt/rustwide/target/debug/build/openssl-sys-c18cb5a66144eb61/out/openssl-build/install/ssl\"" -DENGINESDIR="\"/opt/rustwide/target/debug/build/openssl-sys-c18cb5a66144eb61/out/openssl-build/install/lib/engines-1.1\"" -DNDEBUG  -MMD -MF crypto/asn1/i2d_pr.d.tmp -MT crypto/asn1/i2d_pr.o -c -o crypto/asn1/i2d_pr.o crypto/asn1/i2d_pr.c
[INFO] [stderr]   cc  -I. -Iinclude -fPIC -pthread -m64 -Wa,--noexecstack -Wall -O3 -O2 -ffunction-sections -fdata-sections -fPIC -g -fno-omit-frame-pointer -m64 -DOPENSSL_USE_NODELETE -DL_ENDIAN -DOPENSSL_PIC -DOPENSSL_CPUID_OBJ -DOPENSSL_IA32_SSE2 -DOPENSSL_BN_ASM_MONT -DOPENSSL_BN_ASM_MONT5 -DOPENSSL_BN_ASM_GF2m -DSHA1_ASM -DSHA256_ASM -DSHA512_ASM -DKECCAK1600_ASM -DRC4_ASM -DMD5_ASM -DAESNI_ASM -DVPAES_ASM -DGHASH_ASM -DECP_NISTZ256_ASM -DX25519_ASM -DPOLY1305_ASM -DOPENSSLDIR="\"/opt/rustwide/target/debug/build/openssl-sys-c18cb5a66144eb61/out/openssl-build/install/ssl\"" -DENGINESDIR="\"/opt/rustwide/target/debug/build/openssl-sys-c18cb5a66144eb61/out/openssl-build/install/lib/engines-1.1\"" -DNDEBUG  -MMD -MF crypto/asn1/i2d_pu.d.tmp -MT crypto/asn1/i2d_pu.o -c -o crypto/asn1/i2d_pu.o crypto/asn1/i2d_pu.c
[INFO] [stderr]   cc  -I. -Iinclude -fPIC -pthread -m64 -Wa,--noexecstack -Wall -O3 -O2 -ffunction-sections -fdata-sections -fPIC -g -fno-omit-frame-pointer -m64 -DOPENSSL_USE_NODELETE -DL_ENDIAN -DOPENSSL_PIC -DOPENSSL_CPUID_OBJ -DOPENSSL_IA32_SSE2 -DOPENSSL_BN_ASM_MONT -DOPENSSL_BN_ASM_MONT5 -DOPENSSL_BN_ASM_GF2m -DSHA1_ASM -DSHA256_ASM -DSHA512_ASM -DKECCAK1600_ASM -DRC4_ASM -DMD5_ASM -DAESNI_ASM -DVPAES_ASM -DGHASH_ASM -DECP_NISTZ256_ASM -DX25519_ASM -DPOLY1305_ASM -DOPENSSLDIR="\"/opt/rustwide/target/debug/build/openssl-sys-c18cb5a66144eb61/out/openssl-build/install/ssl\"" -DENGINESDIR="\"/opt/rustwide/target/debug/build/openssl-sys-c18cb5a66144eb61/out/openssl-build/install/lib/engines-1.1\"" -DNDEBUG  -MMD -MF crypto/asn1/n_pkey.d.tmp -MT crypto/asn1/n_pkey.o -c -o crypto/asn1/n_pkey.o crypto/asn1/n_pkey.c
[INFO] [stderr]   cc  -I. -Iinclude -fPIC -pthread -m64 -Wa,--noexecstack -Wall -O3 -O2 -ffunction-sections -fdata-sections -fPIC -g -fno-omit-frame-pointer -m64 -DOPENSSL_USE_NODELETE -DL_ENDIAN -DOPENSSL_PIC -DOPENSSL_CPUID_OBJ -DOPENSSL_IA32_SSE2 -DOPENSSL_BN_ASM_MONT -DOPENSSL_BN_ASM_MONT5 -DOPENSSL_BN_ASM_GF2m -DSHA1_ASM -DSHA256_ASM -DSHA512_ASM -DKECCAK1600_ASM -DRC4_ASM -DMD5_ASM -DAESNI_ASM -DVPAES_ASM -DGHASH_ASM -DECP_NISTZ256_ASM -DX25519_ASM -DPOLY1305_ASM -DOPENSSLDIR="\"/opt/rustwide/target/debug/build/openssl-sys-c18cb5a66144eb61/out/openssl-build/install/ssl\"" -DENGINESDIR="\"/opt/rustwide/target/debug/build/openssl-sys-c18cb5a66144eb61/out/openssl-build/install/lib/engines-1.1\"" -DNDEBUG  -MMD -MF crypto/asn1/nsseq.d.tmp -MT crypto/asn1/nsseq.o -c -o crypto/asn1/nsseq.o crypto/asn1/nsseq.c
[INFO] [stderr]   cc  -I. -Iinclude -fPIC -pthread -m64 -Wa,--noexecstack -Wall -O3 -O2 -ffunction-sections -fdata-sections -fPIC -g -fno-omit-frame-pointer -m64 -DOPENSSL_USE_NODELETE -DL_ENDIAN -DOPENSSL_PIC -DOPENSSL_CPUID_OBJ -DOPENSSL_IA32_SSE2 -DOPENSSL_BN_ASM_MONT -DOPENSSL_BN_ASM_MONT5 -DOPENSSL_BN_ASM_GF2m -DSHA1_ASM -DSHA256_ASM -DSHA512_ASM -DKECCAK1600_ASM -DRC4_ASM -DMD5_ASM -DAESNI_ASM -DVPAES_ASM -DGHASH_ASM -DECP_NISTZ256_ASM -DX25519_ASM -DPOLY1305_ASM -DOPENSSLDIR="\"/opt/rustwide/target/debug/build/openssl-sys-c18cb5a66144eb61/out/openssl-build/install/ssl\"" -DENGINESDIR="\"/opt/rustwide/target/debug/build/openssl-sys-c18cb5a66144eb61/out/openssl-build/install/lib/engines-1.1\"" -DNDEBUG  -MMD -MF crypto/asn1/p5_pbe.d.tmp -MT crypto/asn1/p5_pbe.o -c -o crypto/asn1/p5_pbe.o crypto/asn1/p5_pbe.c
[INFO] [stderr]   make[1]: Leaving directory '/opt/rustwide/target/debug/build/openssl-sys-c18cb5a66144eb61/out/openssl-build/build/src'
[INFO] [stderr] 
[INFO] [stderr]   --- stderr
[INFO] [stderr]   crypto/asn1/d2i_pu.c:77:1: fatal error: error writing to /tmp/ccBQ1G6J.s: No space left on device
[INFO] [stderr]      77 | }
[INFO] [stderr]         | ^
[INFO] [stderr]   compilation terminated.
[INFO] [stderr]   make[1]: *** [Makefile:1079: crypto/asn1/d2i_pu.o] Error 1
[INFO] [stderr]   make[1]: *** Waiting for unfinished jobs....
[INFO] [stderr]   crypto/asn1/d2i_pr.c:127:1: fatal error: error writing to /tmp/ccB9Tkia.s: No space left on device
[INFO] [stderr]     127 | }
[INFO] [stderr]         | ^
[INFO] [stderr]   compilation terminated.
[INFO] [stderr]   make[1]: *** [Makefile:1071: crypto/asn1/d2i_pr.o] Error 1
[INFO] [stderr]   crypto/asn1/bio_asn1.c:444:1: fatal error: error writing to /tmp/ccBgeZC1.s: No space left on device
[INFO] [stderr]     444 | }
[INFO] [stderr]         | ^
[INFO] [stderr]   compilation terminated.
[INFO] [stderr]   make[1]: *** [Makefile:1055: crypto/asn1/bio_asn1.o] Error 1
[INFO] [stderr]   crypto/asn1/f_string.c:136:1: fatal error: error writing to /tmp/ccjHnwcV.s: No space left on device
[INFO] [stderr]     136 | }
[INFO] [stderr]         | ^
[INFO] [stderr]   compilation terminated.
[INFO] [stderr]   make[1]: *** [Makefile:1103: crypto/asn1/f_string.o] Error 1
[INFO] [stderr]   crypto/asn1/f_int.c:156:1: fatal error: error writing to /tmp/ccreSmsu.s: No space left on device
[INFO] [stderr]     156 | }
[INFO] [stderr]         | ^
[INFO] [stderr]   compilation terminated.
[INFO] [stderr]   make[1]: *** [Makefile:1095: crypto/asn1/f_int.o] Error 1
[INFO] [stderr]   crypto/asn1/asn_mime.c:971:1: fatal error: error writing to /tmp/cchox5EP.s: No space left on device
[INFO] [stderr]     971 | }
[INFO] [stderr]         | ^
[INFO] [stderr]   compilation terminated.
[INFO] [stderr]   make[1]: *** [Makefile:1023: crypto/asn1/asn_mime.o] Error 1
[INFO] [stderr]   make: *** [Makefile:177: build_libs] Error 2
[INFO] [stderr]   thread 'main' panicked at '
[INFO] [stderr] 
[INFO] [stderr] 
[INFO] [stderr]   Error building OpenSSL:
[INFO] [stderr]       Command: cd "/opt/rustwide/target/debug/build/openssl-sys-c18cb5a66144eb61/out/openssl-build/build/src" && MAKEFLAGS="-j --jobserver-fds=12,13 --jobserver-auth=12,13" "make" "build_libs"
[INFO] [stderr]       Exit status: exit status: 2
[INFO] [stderr] 
[INFO] [stderr] 
[INFO] [stderr]       ', /opt/rustwide/cargo-home/registry/src/github.com-1ecc6299db9ec823/openssl-src-111.15.0+1.1.1k/src/lib.rs:471:13
[INFO] [stderr]   stack backtrace:
[INFO] [stderr]      0:     0x5628fef0725a - std::backtrace_rs::backtrace::libunwind::trace::ha9053a9a07ca49cb
[INFO] [stderr]                                  at /rustc/84c898d65adf2f39a5a98507f1fe0ce10a2b8dbc/library/std/src/../../backtrace/src/backtrace/libunwind.rs:93:5
[INFO] [stderr]      1:     0x5628fef0725a - std::backtrace_rs::backtrace::trace_unsynchronized::h9c2852a457ad564e
[INFO] [stderr]                                  at /rustc/84c898d65adf2f39a5a98507f1fe0ce10a2b8dbc/library/std/src/../../backtrace/src/backtrace/mod.rs:66:5
[INFO] [stderr]      2:     0x5628fef0725a - std::sys_common::backtrace::_print_fmt::h457936fbfaa0070f
[INFO] [stderr]                                  at /rustc/84c898d65adf2f39a5a98507f1fe0ce10a2b8dbc/library/std/src/sys_common/backtrace.rs:65:5
[INFO] [stderr]      3:     0x5628fef0725a - <std::sys_common::backtrace::_print::DisplayBacktrace as core::fmt::Display>::fmt::h5779d7bf7f70cb0c
[INFO] [stderr]                                  at /rustc/84c898d65adf2f39a5a98507f1fe0ce10a2b8dbc/library/std/src/sys_common/backtrace.rs:44:22
[INFO] [stderr]      4:     0x5628fef28a1e - core::fmt::write::h5a4baaff1bcd3eb5
[INFO] [stderr]                                  at /rustc/84c898d65adf2f39a5a98507f1fe0ce10a2b8dbc/library/core/src/fmt/mod.rs:1232:17
[INFO] [stderr]      5:     0x5628fef040c5 - std::io::Write::write_fmt::h4bc1f301cb9e9cce
[INFO] [stderr]                                  at /rustc/84c898d65adf2f39a5a98507f1fe0ce10a2b8dbc/library/std/src/io/mod.rs:1684:15
[INFO] [stderr]      6:     0x5628fef07025 - std::sys_common::backtrace::_print::h5fcdc36060f177e8
[INFO] [stderr]                                  at /rustc/84c898d65adf2f39a5a98507f1fe0ce10a2b8dbc/library/std/src/sys_common/backtrace.rs:47:5
[INFO] [stderr]      7:     0x5628fef07025 - std::sys_common::backtrace::print::h54ca9458b876c8bf
[INFO] [stderr]                                  at /rustc/84c898d65adf2f39a5a98507f1fe0ce10a2b8dbc/library/std/src/sys_common/backtrace.rs:34:9
[INFO] [stderr]      8:     0x5628fef0902f - std::panicking::default_hook::{{closure}}::hbe471161c7664ed6
[INFO] [stderr]                                  at /rustc/84c898d65adf2f39a5a98507f1fe0ce10a2b8dbc/library/std/src/panicking.rs:271:22
[INFO] [stderr]      9:     0x5628fef08d6b - std::panicking::default_hook::ha3500da57aa4ac4f
[INFO] [stderr]                                  at /rustc/84c898d65adf2f39a5a98507f1fe0ce10a2b8dbc/library/std/src/panicking.rs:290:9
[INFO] [stderr]     10:     0x5628fef095d8 - std::panicking::rust_panic_with_hook::h50c09d000dc561d2
[INFO] [stderr]                                  at /rustc/84c898d65adf2f39a5a98507f1fe0ce10a2b8dbc/library/std/src/panicking.rs:692:13
[INFO] [stderr]     11:     0x5628fef094d9 - std::panicking::begin_panic_handler::{{closure}}::h9e2b2176e00e0d9c
[INFO] [stderr]                                  at /rustc/84c898d65adf2f39a5a98507f1fe0ce10a2b8dbc/library/std/src/panicking.rs:583:13
[INFO] [stderr]     12:     0x5628fef076c6 - std::sys_common::backtrace::__rust_end_short_backtrace::h5739b8e512c09d02
[INFO] [stderr]                                  at /rustc/84c898d65adf2f39a5a98507f1fe0ce10a2b8dbc/library/std/src/sys_common/backtrace.rs:150:18
[INFO] [stderr]     13:     0x5628fef091e2 - rust_begin_unwind
[INFO] [stderr]                                  at /rustc/84c898d65adf2f39a5a98507f1fe0ce10a2b8dbc/library/std/src/panicking.rs:579:5
[INFO] [stderr]     14:     0x5628fee5db73 - core::panicking::panic_fmt::hf33a1475b4dc5c3e
[INFO] [stderr]                                  at /rustc/84c898d65adf2f39a5a98507f1fe0ce10a2b8dbc/library/core/src/panicking.rs:64:14
[INFO] [stderr]     15:     0x5628fee8e48d - openssl_src::Build::run_command::hd0dec7937f08da45
[INFO] [stderr]     16:     0x5628fee8da6e - openssl_src::Build::build::h3cf59f35ee84a190
[INFO] [stderr]     17:     0x5628fee693f3 - build_script_main::find_vendored::get_openssl::hd5544cc0c81a5351
[INFO] [stderr]     18:     0x5628fee639d8 - build_script_main::find_openssl::h90ba36a114366651
[INFO] [stderr]     19:     0x5628fee63b2d - build_script_main::main::h31d66ceb5f60c2e9
[INFO] [stderr]     20:     0x5628fee628c3 - core::ops::function::FnOnce::call_once::h90a40df8aab5790a
[INFO] [stderr]     21:     0x5628fee622c9 - std::sys_common::backtrace::__rust_begin_short_backtrace::hd31cd9e206fd7cbf
[INFO] [stderr]     22:     0x5628fee62349 - std::rt::lang_start::{{closure}}::h5b5424398d31fbb1
[INFO] [stderr]     23:     0x5628feeff8ec - core::ops::function::impls::<impl core::ops::function::FnOnce<A> for &F>::call_once::hd6efcd3bec896f2c
[INFO] [stderr]                                  at /rustc/84c898d65adf2f39a5a98507f1fe0ce10a2b8dbc/library/core/src/ops/function.rs:287:13
[INFO] [stderr]     24:     0x5628feeff8ec - std::panicking::try::do_call::hce04e543bb1f4cbb
[INFO] [stderr]                                  at /rustc/84c898d65adf2f39a5a98507f1fe0ce10a2b8dbc/library/std/src/panicking.rs:487:40
[INFO] [stderr]     25:     0x5628feeff8ec - std::panicking::try::h3342dd4e1f680968
[INFO] [stderr]                                  at /rustc/84c898d65adf2f39a5a98507f1fe0ce10a2b8dbc/library/std/src/panicking.rs:451:19
[INFO] [stderr]     26:     0x5628feeff8ec - std::panic::catch_unwind::h148ce1e59ac0cee7
[INFO] [stderr]                                  at /rustc/84c898d65adf2f39a5a98507f1fe0ce10a2b8dbc/library/std/src/panic.rs:140:14
[INFO] [stderr]     27:     0x5628feeff8ec - std::rt::lang_start_internal::{{closure}}::h25f9dda2057a67fe
[INFO] [stderr]                                  at /rustc/84c898d65adf2f39a5a98507f1fe0ce10a2b8dbc/library/std/src/rt.rs:148:48
[INFO] [stderr]     28:     0x5628feeff8ec - std::panicking::try::do_call::h7caaaeaf9401650b
[INFO] [stderr]                                  at /rustc/84c898d65adf2f39a5a98507f1fe0ce10a2b8dbc/library/std/src/panicking.rs:487:40
[INFO] [stderr]     29:     0x5628feeff8ec - std::panicking::try::he7d15285746cbbc2
[INFO] [stderr]                                  at /rustc/84c898d65adf2f39a5a98507f1fe0ce10a2b8dbc/library/std/src/panicking.rs:451:19
[INFO] [stderr]     30:     0x5628feeff8ec - std::panic::catch_unwind::h89fb4f50c0301fe0
[INFO] [stderr]                                  at /rustc/84c898d65adf2f39a5a98507f1fe0ce10a2b8dbc/library/std/src/panic.rs:140:14
[INFO] [stderr]     31:     0x5628feeff8ec - std::rt::lang_start_internal::h078acd489417d3c1
[INFO] [stderr]                                  at /rustc/84c898d65adf2f39a5a98507f1fe0ce10a2b8dbc/library/std/src/rt.rs:148:20
[INFO] [stderr]     32:     0x5628fee62327 - std::rt::lang_start::h754256de0661926f
[INFO] [stderr]     33:     0x5628fee66f65 - main
[INFO] [stderr]     34:     0x7ffa1973cd90 - <unknown>
[INFO] [stderr]     35:     0x7ffa1973ce40 - __libc_start_main
[INFO] [stderr]     36:     0x5628fee5e0f5 - _start
[INFO] [stderr]     37:                0x0 - <unknown>
[INFO] [stderr] thread 'rustc' panicked at 'assertion failed: pos.get() <= self.position()', compiler/rustc_metadata/src/rmeta/encoder.rs:454:9
[INFO] [stderr] error: could not parse/generate dep info at: /opt/rustwide/target/debug/deps/procfs-4578a8639142526b.d
[INFO] [stderr] 
[INFO] [stderr] Caused by:
[INFO] [stderr]   failed to write `/opt/rustwide/target/debug/.fingerprint/procfs-4578a8639142526b/dep-lib-procfs`
[INFO] [stderr] 
[INFO] [stderr] Caused by:
[INFO] [stderr]   No space left on device (os error 28)
[INFO] [stderr] error: could not compile `serde`
[INFO] running `Command { std: "docker" "inspect" "6f0e9150702712075e16f3c0fe4611bc959594b6f2182d4016c006690d7592c7", kill_on_drop: false }`
[INFO] running `Command { std: "docker" "rm" "-f" "6f0e9150702712075e16f3c0fe4611bc959594b6f2182d4016c006690d7592c7", kill_on_drop: false }`
[INFO] [stdout] 6f0e9150702712075e16f3c0fe4611bc959594b6f2182d4016c006690d7592c7
