[INFO] cloning repository https://github.com/Redoxee/OctogonalChecker
[INFO] running `Command { std: "git" "-c" "credential.helper=" "-c" "credential.helper=/workspace/cargo-home/bin/git-credential-null" "clone" "--bare" "https://github.com/Redoxee/OctogonalChecker" "/workspace/cache/git-repos/https%3A%2F%2Fgithub.com%2FRedoxee%2FOctogonalChecker", kill_on_drop: false }`
[INFO] [stderr] Cloning into bare repository '/workspace/cache/git-repos/https%3A%2F%2Fgithub.com%2FRedoxee%2FOctogonalChecker'...
[INFO] running `Command { std: "git" "rev-parse" "HEAD", kill_on_drop: false }`
[INFO] [stdout] 12c0aca40279232211d36d29d13135bec6e72f0b
[INFO] documenting Redoxee/OctogonalChecker against 1.69.0 for beta-1.70-rustdoc-1
[INFO] running `Command { std: "git" "clone" "/workspace/cache/git-repos/https%3A%2F%2Fgithub.com%2FRedoxee%2FOctogonalChecker" "/workspace/builds/worker-7-tc1/source", kill_on_drop: false }`
[INFO] [stderr] Cloning into '/workspace/builds/worker-7-tc1/source'...
[INFO] [stderr] done.
[INFO] validating manifest of git repo https://github.com/Redoxee/OctogonalChecker on toolchain 1.69.0
[INFO] running `Command { std: CARGO_HOME="/workspace/cargo-home" RUSTUP_HOME="/workspace/rustup-home" "/workspace/cargo-home/bin/cargo" "+1.69.0" "metadata" "--manifest-path" "Cargo.toml" "--no-deps", kill_on_drop: false }`
[INFO] started tweaking git repo https://github.com/Redoxee/OctogonalChecker
[INFO] finished tweaking git repo https://github.com/Redoxee/OctogonalChecker
[INFO] tweaked toml for git repo https://github.com/Redoxee/OctogonalChecker written to /workspace/builds/worker-7-tc1/source/Cargo.toml
[INFO] crate git repo https://github.com/Redoxee/OctogonalChecker already has a lockfile, it will not be regenerated
[INFO] running `Command { std: CARGO_HOME="/workspace/cargo-home" RUSTUP_HOME="/workspace/rustup-home" "/workspace/cargo-home/bin/cargo" "+1.69.0" "fetch" "--manifest-path" "Cargo.toml", kill_on_drop: false }`
[INFO] [stderr] warning: unused manifest key: dependencies.glam.feature
[INFO] [stderr]  Downloading crates ...
[INFO] [stderr]   Downloaded ab_glyph_rasterizer v0.1.6
[INFO] [stderr]   Downloaded glutin_glx_sys v0.1.8
[INFO] [stderr]   Downloaded glutin_egl_sys v0.1.6
[INFO] [stderr]   Downloaded old_school_gfx_glutin_ext v0.27.0
[INFO] [stderr]   Downloaded aseprite v0.1.3
[INFO] [stderr]   Downloaded fixed v1.19.0
[INFO] [stderr]   Downloaded ordered-float v3.0.0
[INFO] [stderr]   Downloaded ggez v0.7.0
[INFO] [stderr]   Downloaded fixed_trigonometry v0.3.6
[INFO] [stderr]   Downloaded mixed-num v0.1.9
[INFO] running `Command { std: "docker" "create" "-v" "/var/lib/crater-agent-workspace/builds/worker-7-tc1/target:/opt/rustwide/target:rw,Z" "-v" "/var/lib/crater-agent-workspace/builds/worker-7-tc1/source:/opt/rustwide/workdir:ro,Z" "-v" "/var/lib/crater-agent-workspace/cargo-home:/opt/rustwide/cargo-home:ro,Z" "-v" "/var/lib/crater-agent-workspace/rustup-home:/opt/rustwide/rustup-home:ro,Z" "-e" "SOURCE_DIR=/opt/rustwide/workdir" "-e" "CARGO_TARGET_DIR=/opt/rustwide/target" "-e" "CARGO_HOME=/opt/rustwide/cargo-home" "-e" "RUSTUP_HOME=/opt/rustwide/rustup-home" "-w" "/opt/rustwide/workdir" "-m" "1610612736" "--user" "0:0" "--network" "none" "ghcr.io/rust-lang/crates-build-env/linux@sha256:97d61d7686bf65f8ecb15491ab51835e82dc9176a96a831f143a431b191fc501" "/opt/rustwide/cargo-home/bin/cargo" "+1.69.0" "metadata" "--no-deps" "--format-version=1", kill_on_drop: false }`
[INFO] [stdout] 7cb3c70999f2d5c33b974e2dde7efd9b9741dc357fa674ba681cfa962dbca34c
[INFO] running `Command { std: "docker" "start" "-a" "7cb3c70999f2d5c33b974e2dde7efd9b9741dc357fa674ba681cfa962dbca34c", kill_on_drop: false }`
[INFO] running `Command { std: "docker" "inspect" "7cb3c70999f2d5c33b974e2dde7efd9b9741dc357fa674ba681cfa962dbca34c", kill_on_drop: false }`
[INFO] running `Command { std: "docker" "rm" "-f" "7cb3c70999f2d5c33b974e2dde7efd9b9741dc357fa674ba681cfa962dbca34c", kill_on_drop: false }`
[INFO] [stdout] 7cb3c70999f2d5c33b974e2dde7efd9b9741dc357fa674ba681cfa962dbca34c
[INFO] running `Command { std: "docker" "create" "-v" "/var/lib/crater-agent-workspace/builds/worker-7-tc1/target:/opt/rustwide/target:rw,Z" "-v" "/var/lib/crater-agent-workspace/builds/worker-7-tc1/source:/opt/rustwide/workdir:ro,Z" "-v" "/var/lib/crater-agent-workspace/cargo-home:/opt/rustwide/cargo-home:ro,Z" "-v" "/var/lib/crater-agent-workspace/rustup-home:/opt/rustwide/rustup-home:ro,Z" "-e" "SOURCE_DIR=/opt/rustwide/workdir" "-e" "CARGO_TARGET_DIR=/opt/rustwide/target" "-e" "CARGO_INCREMENTAL=0" "-e" "RUST_BACKTRACE=full" "-e" "RUSTFLAGS=--cap-lints=warn" "-e" "RUSTDOCFLAGS=--cap-lints=warn" "-e" "CARGO_HOME=/opt/rustwide/cargo-home" "-e" "RUSTUP_HOME=/opt/rustwide/rustup-home" "-w" "/opt/rustwide/workdir" "-m" "1610612736" "--user" "0:0" "--network" "none" "ghcr.io/rust-lang/crates-build-env/linux@sha256:97d61d7686bf65f8ecb15491ab51835e82dc9176a96a831f143a431b191fc501" "/opt/rustwide/cargo-home/bin/cargo" "+1.69.0" "doc" "--frozen" "--no-deps" "--document-private-items" "--message-format=json", kill_on_drop: false }`
[INFO] [stdout] 564a1f1542bfb02e5d21cda6befe86f02464b7432ab7f10c393324cca9fc1a62
[INFO] running `Command { std: "docker" "start" "-a" "564a1f1542bfb02e5d21cda6befe86f02464b7432ab7f10c393324cca9fc1a62", kill_on_drop: false }`
[INFO] [stderr] warning: unused manifest key: dependencies.glam.feature
[INFO] [stderr]    Compiling autocfg v1.1.0
[INFO] [stderr]    Compiling libc v0.2.132
[INFO] [stderr]     Checking cfg-if v1.0.0
[INFO] [stderr]    Compiling proc-macro2 v1.0.43
[INFO] [stderr]    Compiling unicode-ident v1.0.3
[INFO] [stderr]    Compiling quote v1.0.21
[INFO] [stderr]    Compiling pkg-config v0.3.25
[INFO] [stderr]    Compiling log v0.4.17
[INFO] [stderr]     Checking bitflags v1.3.2
[INFO] [stderr]    Compiling xml-rs v0.8.4
[INFO] [stderr]     Checking once_cell v1.14.0
[INFO] [stderr]    Compiling syn v1.0.99
[INFO] [stderr]    Compiling khronos_api v3.1.0
[INFO] [stderr]     Checking scopeguard v1.1.0
[INFO] [stderr]    Compiling crossbeam-utils v0.8.11
[INFO] [stderr]     Checking lazy_static v1.4.0
[INFO] [stderr]     Checking smallvec v1.9.0
[INFO] [stderr]    Compiling serde_derive v1.0.144
[INFO] [stderr]     Checking libloading v0.7.3
[INFO] [stderr]    Compiling serde v1.0.144
[INFO] [stderr]    Compiling version_check v0.9.4
[INFO] [stderr]    Compiling cc v1.0.73
[INFO] [stderr]     Checking dlib v0.5.0
[INFO] [stderr]     Checking ab_glyph_rasterizer v0.1.6
[INFO] [stderr] LLVM ERROR: IO failure on output stream: No space left on device
[INFO] [stderr] error: could not compile `autocfg`
[INFO] [stderr] warning: build failed, waiting for other jobs to finish...
[INFO] [stdout] error: linking with `cc` failed: exit status: 1
[INFO] [stdout]   |
[INFO] [stdout]   = note: LC_ALL="C" PATH="/opt/rustwide/rustup-home/toolchains/1.69.0-x86_64-unknown-linux-gnu/lib/rustlib/x86_64-unknown-linux-gnu/bin:/opt/rustwide/cargo-home/bin:/usr/local/sbin:/usr/local/bin:/usr/sbin:/usr/bin:/sbin:/bin" VSLANG="1033" "cc" "-m64" "/tmp/rustcv1o1cu/symbols.o" "/opt/rustwide/target/debug/build/syn-c6806f31f351c3e4/build_script_build-c6806f31f351c3e4.build_script_build.681f1545-cgu.0.rcgu.o" "/opt/rustwide/target/debug/build/syn-c6806f31f351c3e4/build_script_build-c6806f31f351c3e4.build_script_build.681f1545-cgu.1.rcgu.o" "/opt/rustwide/target/debug/build/syn-c6806f31f351c3e4/build_script_build-c6806f31f351c3e4.build_script_build.681f1545-cgu.10.rcgu.o" "/opt/rustwide/target/debug/build/syn-c6806f31f351c3e4/build_script_build-c6806f31f351c3e4.build_script_build.681f1545-cgu.11.rcgu.o" "/opt/rustwide/target/debug/build/syn-c6806f31f351c3e4/build_script_build-c6806f31f351c3e4.build_script_build.681f1545-cgu.12.rcgu.o" "/opt/rustwide/target/debug/build/syn-c6806f31f351c3e4/build_script_build-c6806f31f351c3e4.build_script_build.681f1545-cgu.13.rcgu.o" "/opt/rustwide/target/debug/build/syn-c6806f31f351c3e4/build_script_build-c6806f31f351c3e4.build_script_build.681f1545-cgu.14.rcgu.o" "/opt/rustwide/target/debug/build/syn-c6806f31f351c3e4/build_script_build-c6806f31f351c3e4.build_script_build.681f1545-cgu.15.rcgu.o" "/opt/rustwide/target/debug/build/syn-c6806f31f351c3e4/build_script_build-c6806f31f351c3e4.build_script_build.681f1545-cgu.2.rcgu.o" "/opt/rustwide/target/debug/build/syn-c6806f31f351c3e4/build_script_build-c6806f31f351c3e4.build_script_build.681f1545-cgu.3.rcgu.o" "/opt/rustwide/target/debug/build/syn-c6806f31f351c3e4/build_script_build-c6806f31f351c3e4.build_script_build.681f1545-cgu.4.rcgu.o" "/opt/rustwide/target/debug/build/syn-c6806f31f351c3e4/build_script_build-c6806f31f351c3e4.build_script_build.681f1545-cgu.5.rcgu.o" "/opt/rustwide/target/debug/build/syn-c6806f31f351c3e4/build_script_build-c6806f31f351c3e4.build_script_build.681f1545-cgu.6.rcgu.o" "/opt/rustwide/target/debug/build/syn-c6806f31f351c3e4/build_script_build-c6806f31f351c3e4.build_script_build.681f1545-cgu.7.rcgu.o" "/opt/rustwide/target/debug/build/syn-c6806f31f351c3e4/build_script_build-c6806f31f351c3e4.build_script_build.681f1545-cgu.8.rcgu.o" "/opt/rustwide/target/debug/build/syn-c6806f31f351c3e4/build_script_build-c6806f31f351c3e4.build_script_build.681f1545-cgu.9.rcgu.o" "/opt/rustwide/target/debug/build/syn-c6806f31f351c3e4/build_script_build-c6806f31f351c3e4.427euapd2aqeocsj.rcgu.o" "-Wl,--as-needed" "-L" "/opt/rustwide/target/debug/deps" "-L" "/opt/rustwide/rustup-home/toolchains/1.69.0-x86_64-unknown-linux-gnu/lib/rustlib/x86_64-unknown-linux-gnu/lib" "-Wl,-Bstatic" "/opt/rustwide/rustup-home/toolchains/1.69.0-x86_64-unknown-linux-gnu/lib/rustlib/x86_64-unknown-linux-gnu/lib/libstd-89bc084783fdc439.rlib" "/opt/rustwide/rustup-home/toolchains/1.69.0-x86_64-unknown-linux-gnu/lib/rustlib/x86_64-unknown-linux-gnu/lib/libpanic_unwind-8bee4b287d4367c1.rlib" "/opt/rustwide/rustup-home/toolchains/1.69.0-x86_64-unknown-linux-gnu/lib/rustlib/x86_64-unknown-linux-gnu/lib/libobject-d61707aed80694c0.rlib" "/opt/rustwide/rustup-home/toolchains/1.69.0-x86_64-unknown-linux-gnu/lib/rustlib/x86_64-unknown-linux-gnu/lib/libmemchr-d85366256f22345b.rlib" "/opt/rustwide/rustup-home/toolchains/1.69.0-x86_64-unknown-linux-gnu/lib/rustlib/x86_64-unknown-linux-gnu/lib/libaddr2line-96069b86b8a8cae9.rlib" "/opt/rustwide/rustup-home/toolchains/1.69.0-x86_64-unknown-linux-gnu/lib/rustlib/x86_64-unknown-linux-gnu/lib/libgimli-d19d53abf68dfa6c.rlib" "/opt/rustwide/rustup-home/toolchains/1.69.0-x86_64-unknown-linux-gnu/lib/rustlib/x86_64-unknown-linux-gnu/lib/librustc_demangle-787cbccd19d64ac6.rlib" "/opt/rustwide/rustup-home/toolchains/1.69.0-x86_64-unknown-linux-gnu/lib/rustlib/x86_64-unknown-linux-gnu/lib/libstd_detect-b3837a36b830e0d0.rlib" "/opt/rustwide/rustup-home/toolchains/1.69.0-x86_64-unknown-linux-gnu/lib/rustlib/x86_64-unknown-linux-gnu/lib/libhashbrown-e3deb0e7e3f04966.rlib" "/opt/rustwide/rustup-home/toolchains/1.69.0-x86_64-unknown-linux-gnu/lib/rustlib/x86_64-unknown-linux-gnu/lib/libminiz_oxide-dabbb79c9815def4.rlib" "/opt/rustwide/rustup-home/toolchains/1.69.0-x86_64-unknown-linux-gnu/lib/rustlib/x86_64-unknown-linux-gnu/lib/libadler-305b01f34c9409f2.rlib" "/opt/rustwide/rustup-home/toolchains/1.69.0-x86_64-unknown-linux-gnu/lib/rustlib/x86_64-unknown-linux-gnu/lib/librustc_std_workspace_alloc-f833521df6074e73.rlib" "/opt/rustwide/rustup-home/toolchains/1.69.0-x86_64-unknown-linux-gnu/lib/rustlib/x86_64-unknown-linux-gnu/lib/libunwind-9ac333113350d171.rlib" "/opt/rustwide/rustup-home/toolchains/1.69.0-x86_64-unknown-linux-gnu/lib/rustlib/x86_64-unknown-linux-gnu/lib/libcfg_if-1c126114322d0eee.rlib" "/opt/rustwide/rustup-home/toolchains/1.69.0-x86_64-unknown-linux-gnu/lib/rustlib/x86_64-unknown-linux-gnu/lib/liblibc-bad9164fdeeecf92.rlib" "/opt/rustwide/rustup-home/toolchains/1.69.0-x86_64-unknown-linux-gnu/lib/rustlib/x86_64-unknown-linux-gnu/lib/liballoc-f9374b1e480fa681.rlib" "/opt/rustwide/rustup-home/toolchains/1.69.0-x86_64-unknown-linux-gnu/lib/rustlib/x86_64-unknown-linux-gnu/lib/librustc_std_workspace_core-207f06e41d9603af.rlib" "/opt/rustwide/rustup-home/toolchains/1.69.0-x86_64-unknown-linux-gnu/lib/rustlib/x86_64-unknown-linux-gnu/lib/libcore-7e2768e66e984e85.rlib" "/opt/rustwide/rustup-home/toolchains/1.69.0-x86_64-unknown-linux-gnu/lib/rustlib/x86_64-unknown-linux-gnu/lib/libcompiler_builtins-957b4aff41f8cd46.rlib" "-Wl,-Bdynamic" "-lgcc_s" "-lutil" "-lrt" "-lpthread" "-lm" "-ldl" "-lc" "-Wl,--eh-frame-hdr" "-Wl,-z,noexecstack" "-L" "/opt/rustwide/rustup-home/toolchains/1.69.0-x86_64-unknown-linux-gnu/lib/rustlib/x86_64-unknown-linux-gnu/lib" "-o" "/opt/rustwide/target/debug/build/syn-c6806f31f351c3e4/build_script_build-c6806f31f351c3e4" "-Wl,--gc-sections" "-pie" "-Wl,-z,relro,-z,now" "-nodefaultlibs"
[INFO] [stdout]   = note: /usr/bin/ld: final link failed: No space left on device
[INFO] [stdout]           collect2: error: ld returned 1 exit status
[INFO] [stdout]           
[INFO] [stdout] 
[INFO] [stdout] 
[INFO] [stdout] error: aborting due to previous error
[INFO] [stdout] 
[INFO] [stdout] 
[INFO] [stderr] error: could not compile `syn` due to 2 previous errors
[INFO] [stderr] error: could not parse/generate dep info at: /opt/rustwide/target/debug/build/libc-a5a10744e49dffa7/build_script_build-a5a10744e49dffa7.d
[INFO] [stderr] 
[INFO] [stderr] Caused by:
[INFO] [stderr]   failed to write `/opt/rustwide/target/debug/.fingerprint/libc-a5a10744e49dffa7/dep-build-script-build-script-build`
[INFO] [stderr] 
[INFO] [stderr] Caused by:
[INFO] [stderr]   No space left on device (os error 28)
[INFO] [stdout] error: linking with `cc` failed: exit status: 1
[INFO] [stdout]   |
[INFO] [stdout]   = note: LC_ALL="C" PATH="/opt/rustwide/rustup-home/toolchains/1.69.0-x86_64-unknown-linux-gnu/lib/rustlib/x86_64-unknown-linux-gnu/bin:/opt/rustwide/cargo-home/bin:/usr/local/sbin:/usr/local/bin:/usr/sbin:/usr/bin:/sbin:/bin" VSLANG="1033" "cc" "-m64" "/tmp/rustcqkWatS/symbols.o" "/opt/rustwide/target/debug/build/serde_derive-ef7bf0df5c992b7d/build_script_build-ef7bf0df5c992b7d.build_script_build.3e964870-cgu.0.rcgu.o" "/opt/rustwide/target/debug/build/serde_derive-ef7bf0df5c992b7d/build_script_build-ef7bf0df5c992b7d.build_script_build.3e964870-cgu.1.rcgu.o" "/opt/rustwide/target/debug/build/serde_derive-ef7bf0df5c992b7d/build_script_build-ef7bf0df5c992b7d.build_script_build.3e964870-cgu.10.rcgu.o" "/opt/rustwide/target/debug/build/serde_derive-ef7bf0df5c992b7d/build_script_build-ef7bf0df5c992b7d.build_script_build.3e964870-cgu.11.rcgu.o" "/opt/rustwide/target/debug/build/serde_derive-ef7bf0df5c992b7d/build_script_build-ef7bf0df5c992b7d.build_script_build.3e964870-cgu.12.rcgu.o" "/opt/rustwide/target/debug/build/serde_derive-ef7bf0df5c992b7d/build_script_build-ef7bf0df5c992b7d.build_script_build.3e964870-cgu.13.rcgu.o" "/opt/rustwide/target/debug/build/serde_derive-ef7bf0df5c992b7d/build_script_build-ef7bf0df5c992b7d.build_script_build.3e964870-cgu.14.rcgu.o" "/opt/rustwide/target/debug/build/serde_derive-ef7bf0df5c992b7d/build_script_build-ef7bf0df5c992b7d.build_script_build.3e964870-cgu.15.rcgu.o" "/opt/rustwide/target/debug/build/serde_derive-ef7bf0df5c992b7d/build_script_build-ef7bf0df5c992b7d.build_script_build.3e964870-cgu.2.rcgu.o" "/opt/rustwide/target/debug/build/serde_derive-ef7bf0df5c992b7d/build_script_build-ef7bf0df5c992b7d.build_script_build.3e964870-cgu.3.rcgu.o" "/opt/rustwide/target/debug/build/serde_derive-ef7bf0df5c992b7d/build_script_build-ef7bf0df5c992b7d.build_script_build.3e964870-cgu.4.rcgu.o" "/opt/rustwide/target/debug/build/serde_derive-ef7bf0df5c992b7d/build_script_build-ef7bf0df5c992b7d.build_script_build.3e964870-cgu.5.rcgu.o" "/opt/rustwide/target/debug/build/serde_derive-ef7bf0df5c992b7d/build_script_build-ef7bf0df5c992b7d.build_script_build.3e964870-cgu.6.rcgu.o" "/opt/rustwide/target/debug/build/serde_derive-ef7bf0df5c992b7d/build_script_build-ef7bf0df5c992b7d.build_script_build.3e964870-cgu.7.rcgu.o" "/opt/rustwide/target/debug/build/serde_derive-ef7bf0df5c992b7d/build_script_build-ef7bf0df5c992b7d.build_script_build.3e964870-cgu.8.rcgu.o" "/opt/rustwide/target/debug/build/serde_derive-ef7bf0df5c992b7d/build_script_build-ef7bf0df5c992b7d.build_script_build.3e964870-cgu.9.rcgu.o" "/opt/rustwide/target/debug/build/serde_derive-ef7bf0df5c992b7d/build_script_build-ef7bf0df5c992b7d.4t2xrg5vtw3ps9da.rcgu.o" "-Wl,--as-needed" "-L" "/opt/rustwide/target/debug/deps" "-L" "/opt/rustwide/rustup-home/toolchains/1.69.0-x86_64-unknown-linux-gnu/lib/rustlib/x86_64-unknown-linux-gnu/lib" "-Wl,-Bstatic" "/opt/rustwide/rustup-home/toolchains/1.69.0-x86_64-unknown-linux-gnu/lib/rustlib/x86_64-unknown-linux-gnu/lib/libstd-89bc084783fdc439.rlib" "/opt/rustwide/rustup-home/toolchains/1.69.0-x86_64-unknown-linux-gnu/lib/rustlib/x86_64-unknown-linux-gnu/lib/libpanic_unwind-8bee4b287d4367c1.rlib" "/opt/rustwide/rustup-home/toolchains/1.69.0-x86_64-unknown-linux-gnu/lib/rustlib/x86_64-unknown-linux-gnu/lib/libobject-d61707aed80694c0.rlib" "/opt/rustwide/rustup-home/toolchains/1.69.0-x86_64-unknown-linux-gnu/lib/rustlib/x86_64-unknown-linux-gnu/lib/libmemchr-d85366256f22345b.rlib" "/opt/rustwide/rustup-home/toolchains/1.69.0-x86_64-unknown-linux-gnu/lib/rustlib/x86_64-unknown-linux-gnu/lib/libaddr2line-96069b86b8a8cae9.rlib" "/opt/rustwide/rustup-home/toolchains/1.69.0-x86_64-unknown-linux-gnu/lib/rustlib/x86_64-unknown-linux-gnu/lib/libgimli-d19d53abf68dfa6c.rlib" "/opt/rustwide/rustup-home/toolchains/1.69.0-x86_64-unknown-linux-gnu/lib/rustlib/x86_64-unknown-linux-gnu/lib/librustc_demangle-787cbccd19d64ac6.rlib" "/opt/rustwide/rustup-home/toolchains/1.69.0-x86_64-unknown-linux-gnu/lib/rustlib/x86_64-unknown-linux-gnu/lib/libstd_detect-b3837a36b830e0d0.rlib" "/opt/rustwide/rustup-home/toolchains/1.69.0-x86_64-unknown-linux-gnu/lib/rustlib/x86_64-unknown-linux-gnu/lib/libhashbrown-e3deb0e7e3f04966.rlib" "/opt/rustwide/rustup-home/toolchains/1.69.0-x86_64-unknown-linux-gnu/lib/rustlib/x86_64-unknown-linux-gnu/lib/libminiz_oxide-dabbb79c9815def4.rlib" "/opt/rustwide/rustup-home/toolchains/1.69.0-x86_64-unknown-linux-gnu/lib/rustlib/x86_64-unknown-linux-gnu/lib/libadler-305b01f34c9409f2.rlib" "/opt/rustwide/rustup-home/toolchains/1.69.0-x86_64-unknown-linux-gnu/lib/rustlib/x86_64-unknown-linux-gnu/lib/librustc_std_workspace_alloc-f833521df6074e73.rlib" "/opt/rustwide/rustup-home/toolchains/1.69.0-x86_64-unknown-linux-gnu/lib/rustlib/x86_64-unknown-linux-gnu/lib/libunwind-9ac333113350d171.rlib" "/opt/rustwide/rustup-home/toolchains/1.69.0-x86_64-unknown-linux-gnu/lib/rustlib/x86_64-unknown-linux-gnu/lib/libcfg_if-1c126114322d0eee.rlib" "/opt/rustwide/rustup-home/toolchains/1.69.0-x86_64-unknown-linux-gnu/lib/rustlib/x86_64-unknown-linux-gnu/lib/liblibc-bad9164fdeeecf92.rlib" "/opt/rustwide/rustup-home/toolchains/1.69.0-x86_64-unknown-linux-gnu/lib/rustlib/x86_64-unknown-linux-gnu/lib/liballoc-f9374b1e480fa681.rlib" "/opt/rustwide/rustup-home/toolchains/1.69.0-x86_64-unknown-linux-gnu/lib/rustlib/x86_64-unknown-linux-gnu/lib/librustc_std_workspace_core-207f06e41d9603af.rlib" "/opt/rustwide/rustup-home/toolchains/1.69.0-x86_64-unknown-linux-gnu/lib/rustlib/x86_64-unknown-linux-gnu/lib/libcore-7e2768e66e984e85.rlib" "/opt/rustwide/rustup-home/toolchains/1.69.0-x86_64-unknown-linux-gnu/lib/rustlib/x86_64-unknown-linux-gnu/lib/libcompiler_builtins-957b4aff41f8cd46.rlib" "-Wl,-Bdynamic" "-lgcc_s" "-lutil" "-lrt" "-lpthread" "-lm" "-ldl" "-lc" "-Wl,--eh-frame-hdr" "-Wl,-z,noexecstack" "-L" "/opt/rustwide/rustup-home/toolchains/1.69.0-x86_64-unknown-linux-gnu/lib/rustlib/x86_64-unknown-linux-gnu/lib" "-o" "/opt/rustwide/target/debug/build/serde_derive-ef7bf0df5c992b7d/build_script_build-ef7bf0df5c992b7d" "-Wl,--gc-sections" "-pie" "-Wl,-z,relro,-z,now" "-nodefaultlibs"
[INFO] [stdout]   = note: /usr/bin/ld: final link failed: No space left on device
[INFO] [stdout]           collect2: error: ld returned 1 exit status
[INFO] [stdout]           
[INFO] [stdout] 
[INFO] [stdout] 
[INFO] [stdout] error: aborting due to previous error
[INFO] [stdout] 
[INFO] [stdout] 
[INFO] [stdout] error: linking with `cc` failed: exit status: 1
[INFO] [stdout]   |
[INFO] [stdout]   = note: LC_ALL="C" PATH="/opt/rustwide/rustup-home/toolchains/1.69.0-x86_64-unknown-linux-gnu/lib/rustlib/x86_64-unknown-linux-gnu/bin:/opt/rustwide/cargo-home/bin:/usr/local/sbin:/usr/local/bin:/usr/sbin:/usr/bin:/sbin:/bin" VSLANG="1033" "cc" "-m64" "/tmp/rustcNd5iSE/symbols.o" "/opt/rustwide/target/debug/build/proc-macro2-7fbcdeb76b2abe17/build_script_build-7fbcdeb76b2abe17.build_script_build.7d15ad1f-cgu.0.rcgu.o" "/opt/rustwide/target/debug/build/proc-macro2-7fbcdeb76b2abe17/build_script_build-7fbcdeb76b2abe17.build_script_build.7d15ad1f-cgu.1.rcgu.o" "/opt/rustwide/target/debug/build/proc-macro2-7fbcdeb76b2abe17/build_script_build-7fbcdeb76b2abe17.build_script_build.7d15ad1f-cgu.10.rcgu.o" "/opt/rustwide/target/debug/build/proc-macro2-7fbcdeb76b2abe17/build_script_build-7fbcdeb76b2abe17.build_script_build.7d15ad1f-cgu.11.rcgu.o" "/opt/rustwide/target/debug/build/proc-macro2-7fbcdeb76b2abe17/build_script_build-7fbcdeb76b2abe17.build_script_build.7d15ad1f-cgu.12.rcgu.o" "/opt/rustwide/target/debug/build/proc-macro2-7fbcdeb76b2abe17/build_script_build-7fbcdeb76b2abe17.build_script_build.7d15ad1f-cgu.13.rcgu.o" "/opt/rustwide/target/debug/build/proc-macro2-7fbcdeb76b2abe17/build_script_build-7fbcdeb76b2abe17.build_script_build.7d15ad1f-cgu.14.rcgu.o" "/opt/rustwide/target/debug/build/proc-macro2-7fbcdeb76b2abe17/build_script_build-7fbcdeb76b2abe17.build_script_build.7d15ad1f-cgu.15.rcgu.o" "/opt/rustwide/target/debug/build/proc-macro2-7fbcdeb76b2abe17/build_script_build-7fbcdeb76b2abe17.build_script_build.7d15ad1f-cgu.2.rcgu.o" "/opt/rustwide/target/debug/build/proc-macro2-7fbcdeb76b2abe17/build_script_build-7fbcdeb76b2abe17.build_script_build.7d15ad1f-cgu.3.rcgu.o" "/opt/rustwide/target/debug/build/proc-macro2-7fbcdeb76b2abe17/build_script_build-7fbcdeb76b2abe17.build_script_build.7d15ad1f-cgu.4.rcgu.o" "/opt/rustwide/target/debug/build/proc-macro2-7fbcdeb76b2abe17/build_script_build-7fbcdeb76b2abe17.build_script_build.7d15ad1f-cgu.5.rcgu.o" "/opt/rustwide/target/debug/build/proc-macro2-7fbcdeb76b2abe17/build_script_build-7fbcdeb76b2abe17.build_script_build.7d15ad1f-cgu.6.rcgu.o" "/opt/rustwide/target/debug/build/proc-macro2-7fbcdeb76b2abe17/build_script_build-7fbcdeb76b2abe17.build_script_build.7d15ad1f-cgu.7.rcgu.o" "/opt/rustwide/target/debug/build/proc-macro2-7fbcdeb76b2abe17/build_script_build-7fbcdeb76b2abe17.build_script_build.7d15ad1f-cgu.8.rcgu.o" "/opt/rustwide/target/debug/build/proc-macro2-7fbcdeb76b2abe17/build_script_build-7fbcdeb76b2abe17.build_script_build.7d15ad1f-cgu.9.rcgu.o" "/opt/rustwide/target/debug/build/proc-macro2-7fbcdeb76b2abe17/build_script_build-7fbcdeb76b2abe17.21a0dq3ab8hx2i53.rcgu.o" "-Wl,--as-needed" "-L" "/opt/rustwide/target/debug/deps" "-L" "/opt/rustwide/rustup-home/toolchains/1.69.0-x86_64-unknown-linux-gnu/lib/rustlib/x86_64-unknown-linux-gnu/lib" "-Wl,-Bstatic" "/opt/rustwide/rustup-home/toolchains/1.69.0-x86_64-unknown-linux-gnu/lib/rustlib/x86_64-unknown-linux-gnu/lib/libstd-89bc084783fdc439.rlib" "/opt/rustwide/rustup-home/toolchains/1.69.0-x86_64-unknown-linux-gnu/lib/rustlib/x86_64-unknown-linux-gnu/lib/libpanic_unwind-8bee4b287d4367c1.rlib" "/opt/rustwide/rustup-home/toolchains/1.69.0-x86_64-unknown-linux-gnu/lib/rustlib/x86_64-unknown-linux-gnu/lib/libobject-d61707aed80694c0.rlib" "/opt/rustwide/rustup-home/toolchains/1.69.0-x86_64-unknown-linux-gnu/lib/rustlib/x86_64-unknown-linux-gnu/lib/libmemchr-d85366256f22345b.rlib" "/opt/rustwide/rustup-home/toolchains/1.69.0-x86_64-unknown-linux-gnu/lib/rustlib/x86_64-unknown-linux-gnu/lib/libaddr2line-96069b86b8a8cae9.rlib" "/opt/rustwide/rustup-home/toolchains/1.69.0-x86_64-unknown-linux-gnu/lib/rustlib/x86_64-unknown-linux-gnu/lib/libgimli-d19d53abf68dfa6c.rlib" "/opt/rustwide/rustup-home/toolchains/1.69.0-x86_64-unknown-linux-gnu/lib/rustlib/x86_64-unknown-linux-gnu/lib/librustc_demangle-787cbccd19d64ac6.rlib" "/opt/rustwide/rustup-home/toolchains/1.69.0-x86_64-unknown-linux-gnu/lib/rustlib/x86_64-unknown-linux-gnu/lib/libstd_detect-b3837a36b830e0d0.rlib" "/opt/rustwide/rustup-home/toolchains/1.69.0-x86_64-unknown-linux-gnu/lib/rustlib/x86_64-unknown-linux-gnu/lib/libhashbrown-e3deb0e7e3f04966.rlib" "/opt/rustwide/rustup-home/toolchains/1.69.0-x86_64-unknown-linux-gnu/lib/rustlib/x86_64-unknown-linux-gnu/lib/libminiz_oxide-dabbb79c9815def4.rlib" "/opt/rustwide/rustup-home/toolchains/1.69.0-x86_64-unknown-linux-gnu/lib/rustlib/x86_64-unknown-linux-gnu/lib/libadler-305b01f34c9409f2.rlib" "/opt/rustwide/rustup-home/toolchains/1.69.0-x86_64-unknown-linux-gnu/lib/rustlib/x86_64-unknown-linux-gnu/lib/librustc_std_workspace_alloc-f833521df6074e73.rlib" "/opt/rustwide/rustup-home/toolchains/1.69.0-x86_64-unknown-linux-gnu/lib/rustlib/x86_64-unknown-linux-gnu/lib/libunwind-9ac333113350d171.rlib" "/opt/rustwide/rustup-home/toolchains/1.69.0-x86_64-unknown-linux-gnu/lib/rustlib/x86_64-unknown-linux-gnu/lib/libcfg_if-1c126114322d0eee.rlib" "/opt/rustwide/rustup-home/toolchains/1.69.0-x86_64-unknown-linux-gnu/lib/rustlib/x86_64-unknown-linux-gnu/lib/liblibc-bad9164fdeeecf92.rlib" "/opt/rustwide/rustup-home/toolchains/1.69.0-x86_64-unknown-linux-gnu/lib/rustlib/x86_64-unknown-linux-gnu/lib/liballoc-f9374b1e480fa681.rlib" "/opt/rustwide/rustup-home/toolchains/1.69.0-x86_64-unknown-linux-gnu/lib/rustlib/x86_64-unknown-linux-gnu/lib/librustc_std_workspace_core-207f06e41d9603af.rlib" "/opt/rustwide/rustup-home/toolchains/1.69.0-x86_64-unknown-linux-gnu/lib/rustlib/x86_64-unknown-linux-gnu/lib/libcore-7e2768e66e984e85.rlib" "/opt/rustwide/rustup-home/toolchains/1.69.0-x86_64-unknown-linux-gnu/lib/rustlib/x86_64-unknown-linux-gnu/lib/libcompiler_builtins-957b4aff41f8cd46.rlib" "-Wl,-Bdynamic" "-lgcc_s" "-lutil" "-lrt" "-lpthread" "-lm" "-ldl" "-lc" "-Wl,--eh-frame-hdr" "-Wl,-z,noexecstack" "-L" "/opt/rustwide/rustup-home/toolchains/1.69.0-x86_64-unknown-linux-gnu/lib/rustlib/x86_64-unknown-linux-gnu/lib" "-o" "/opt/rustwide/target/debug/build/proc-macro2-7fbcdeb76b2abe17/build_script_build-7fbcdeb76b2abe17" "-Wl,--gc-sections" "-pie" "-Wl,-z,relro,-z,now" "-nodefaultlibs"
[INFO] [stdout]   = note: /usr/bin/ld: final link failed: No space left on device
[INFO] [stdout]           collect2: error: ld returned 1 exit status
[INFO] [stdout]           
[INFO] [stdout] 
[INFO] [stdout] 
[INFO] [stdout] error: aborting due to previous error
[INFO] [stdout] 
[INFO] [stdout] 
[INFO] [stderr] error: could not compile `proc-macro2` due to 2 previous errors
[INFO] [stderr] error: could not compile `serde_derive` due to 2 previous errors
[INFO] [stderr] thread 'rustc' panicked at 'assertion failed: pos.get() <= self.position()', compiler/rustc_metadata/src/rmeta/encoder.rs:435:9
[INFO] [stderr] LLVM ERROR: IO failure on output stream: No space left on device
[INFO] [stderr] LLVM ERROR: IO failure on output stream: No space left on device
[INFO] [stderr] thread 'rustc' panicked at 'assertion failed: pos.get() <= self.position()', compiler/rustc_metadata/src/rmeta/encoder.rs:454:9
[INFO] [stderr] error: could not compile `version_check`
[INFO] [stderr] error: could not compile `pkg-config`
[INFO] [stdout] error: couldn't create a temp dir: No space left on device (os error 28) at path "/opt/rustwide/target/debug/deps/rmetaeugROu"
[INFO] [stdout] 
[INFO] [stdout] 
[INFO] [stderr] error: could not compile `log` due to previous error
[INFO] [stdout] error: couldn't create a temp dir: No space left on device (os error 28) at path "/opt/rustwide/target/debug/deps/rmetaqJDjLY"
[INFO] [stdout] 
[INFO] [stdout] 
[INFO] [stderr] error: could not compile `ab_glyph_rasterizer` due to previous error
[INFO] [stdout] error: linking with `cc` failed: exit status: 1
[INFO] [stdout]   |
[INFO] [stdout]   = note: LC_ALL="C" PATH="/opt/rustwide/rustup-home/toolchains/1.69.0-x86_64-unknown-linux-gnu/lib/rustlib/x86_64-unknown-linux-gnu/bin:/opt/rustwide/cargo-home/bin:/usr/local/sbin:/usr/local/bin:/usr/sbin:/usr/bin:/sbin:/bin" VSLANG="1033" "cc" "-m64" "/tmp/rustcQ23ezy/symbols.o" "/opt/rustwide/target/debug/build/serde-57e2566c92263ddb/build_script_build-57e2566c92263ddb.build_script_build.cee1b2e5-cgu.0.rcgu.o" "/opt/rustwide/target/debug/build/serde-57e2566c92263ddb/build_script_build-57e2566c92263ddb.build_script_build.cee1b2e5-cgu.1.rcgu.o" "/opt/rustwide/target/debug/build/serde-57e2566c92263ddb/build_script_build-57e2566c92263ddb.build_script_build.cee1b2e5-cgu.10.rcgu.o" "/opt/rustwide/target/debug/build/serde-57e2566c92263ddb/build_script_build-57e2566c92263ddb.build_script_build.cee1b2e5-cgu.11.rcgu.o" "/opt/rustwide/target/debug/build/serde-57e2566c92263ddb/build_script_build-57e2566c92263ddb.build_script_build.cee1b2e5-cgu.12.rcgu.o" "/opt/rustwide/target/debug/build/serde-57e2566c92263ddb/build_script_build-57e2566c92263ddb.build_script_build.cee1b2e5-cgu.13.rcgu.o" "/opt/rustwide/target/debug/build/serde-57e2566c92263ddb/build_script_build-57e2566c92263ddb.build_script_build.cee1b2e5-cgu.14.rcgu.o" "/opt/rustwide/target/debug/build/serde-57e2566c92263ddb/build_script_build-57e2566c92263ddb.build_script_build.cee1b2e5-cgu.15.rcgu.o" "/opt/rustwide/target/debug/build/serde-57e2566c92263ddb/build_script_build-57e2566c92263ddb.build_script_build.cee1b2e5-cgu.2.rcgu.o" "/opt/rustwide/target/debug/build/serde-57e2566c92263ddb/build_script_build-57e2566c92263ddb.build_script_build.cee1b2e5-cgu.3.rcgu.o" "/opt/rustwide/target/debug/build/serde-57e2566c92263ddb/build_script_build-57e2566c92263ddb.build_script_build.cee1b2e5-cgu.4.rcgu.o" "/opt/rustwide/target/debug/build/serde-57e2566c92263ddb/build_script_build-57e2566c92263ddb.build_script_build.cee1b2e5-cgu.5.rcgu.o" "/opt/rustwide/target/debug/build/serde-57e2566c92263ddb/build_script_build-57e2566c92263ddb.build_script_build.cee1b2e5-cgu.6.rcgu.o" "/opt/rustwide/target/debug/build/serde-57e2566c92263ddb/build_script_build-57e2566c92263ddb.build_script_build.cee1b2e5-cgu.7.rcgu.o" "/opt/rustwide/target/debug/build/serde-57e2566c92263ddb/build_script_build-57e2566c92263ddb.build_script_build.cee1b2e5-cgu.8.rcgu.o" "/opt/rustwide/target/debug/build/serde-57e2566c92263ddb/build_script_build-57e2566c92263ddb.build_script_build.cee1b2e5-cgu.9.rcgu.o" "/opt/rustwide/target/debug/build/serde-57e2566c92263ddb/build_script_build-57e2566c92263ddb.176vvsm43lzhd1mm.rcgu.o" "-Wl,--as-needed" "-L" "/opt/rustwide/target/debug/deps" "-L" "/opt/rustwide/rustup-home/toolchains/1.69.0-x86_64-unknown-linux-gnu/lib/rustlib/x86_64-unknown-linux-gnu/lib" "-Wl,-Bstatic" "/opt/rustwide/rustup-home/toolchains/1.69.0-x86_64-unknown-linux-gnu/lib/rustlib/x86_64-unknown-linux-gnu/lib/libstd-89bc084783fdc439.rlib" "/opt/rustwide/rustup-home/toolchains/1.69.0-x86_64-unknown-linux-gnu/lib/rustlib/x86_64-unknown-linux-gnu/lib/libpanic_unwind-8bee4b287d4367c1.rlib" "/opt/rustwide/rustup-home/toolchains/1.69.0-x86_64-unknown-linux-gnu/lib/rustlib/x86_64-unknown-linux-gnu/lib/libobject-d61707aed80694c0.rlib" "/opt/rustwide/rustup-home/toolchains/1.69.0-x86_64-unknown-linux-gnu/lib/rustlib/x86_64-unknown-linux-gnu/lib/libmemchr-d85366256f22345b.rlib" "/opt/rustwide/rustup-home/toolchains/1.69.0-x86_64-unknown-linux-gnu/lib/rustlib/x86_64-unknown-linux-gnu/lib/libaddr2line-96069b86b8a8cae9.rlib" "/opt/rustwide/rustup-home/toolchains/1.69.0-x86_64-unknown-linux-gnu/lib/rustlib/x86_64-unknown-linux-gnu/lib/libgimli-d19d53abf68dfa6c.rlib" "/opt/rustwide/rustup-home/toolchains/1.69.0-x86_64-unknown-linux-gnu/lib/rustlib/x86_64-unknown-linux-gnu/lib/librustc_demangle-787cbccd19d64ac6.rlib" "/opt/rustwide/rustup-home/toolchains/1.69.0-x86_64-unknown-linux-gnu/lib/rustlib/x86_64-unknown-linux-gnu/lib/libstd_detect-b3837a36b830e0d0.rlib" "/opt/rustwide/rustup-home/toolchains/1.69.0-x86_64-unknown-linux-gnu/lib/rustlib/x86_64-unknown-linux-gnu/lib/libhashbrown-e3deb0e7e3f04966.rlib" "/opt/rustwide/rustup-home/toolchains/1.69.0-x86_64-unknown-linux-gnu/lib/rustlib/x86_64-unknown-linux-gnu/lib/libminiz_oxide-dabbb79c9815def4.rlib" "/opt/rustwide/rustup-home/toolchains/1.69.0-x86_64-unknown-linux-gnu/lib/rustlib/x86_64-unknown-linux-gnu/lib/libadler-305b01f34c9409f2.rlib" "/opt/rustwide/rustup-home/toolchains/1.69.0-x86_64-unknown-linux-gnu/lib/rustlib/x86_64-unknown-linux-gnu/lib/librustc_std_workspace_alloc-f833521df6074e73.rlib" "/opt/rustwide/rustup-home/toolchains/1.69.0-x86_64-unknown-linux-gnu/lib/rustlib/x86_64-unknown-linux-gnu/lib/libunwind-9ac333113350d171.rlib" "/opt/rustwide/rustup-home/toolchains/1.69.0-x86_64-unknown-linux-gnu/lib/rustlib/x86_64-unknown-linux-gnu/lib/libcfg_if-1c126114322d0eee.rlib" "/opt/rustwide/rustup-home/toolchains/1.69.0-x86_64-unknown-linux-gnu/lib/rustlib/x86_64-unknown-linux-gnu/lib/liblibc-bad9164fdeeecf92.rlib" "/opt/rustwide/rustup-home/toolchains/1.69.0-x86_64-unknown-linux-gnu/lib/rustlib/x86_64-unknown-linux-gnu/lib/liballoc-f9374b1e480fa681.rlib" "/opt/rustwide/rustup-home/toolchains/1.69.0-x86_64-unknown-linux-gnu/lib/rustlib/x86_64-unknown-linux-gnu/lib/librustc_std_workspace_core-207f06e41d9603af.rlib" "/opt/rustwide/rustup-home/toolchains/1.69.0-x86_64-unknown-linux-gnu/lib/rustlib/x86_64-unknown-linux-gnu/lib/libcore-7e2768e66e984e85.rlib" "/opt/rustwide/rustup-home/toolchains/1.69.0-x86_64-unknown-linux-gnu/lib/rustlib/x86_64-unknown-linux-gnu/lib/libcompiler_builtins-957b4aff41f8cd46.rlib" "-Wl,-Bdynamic" "-lgcc_s" "-lutil" "-lrt" "-lpthread" "-lm" "-ldl" "-lc" "-Wl,--eh-frame-hdr" "-Wl,-z,noexecstack" "-L" "/opt/rustwide/rustup-home/toolchains/1.69.0-x86_64-unknown-linux-gnu/lib/rustlib/x86_64-unknown-linux-gnu/lib" "-o" "/opt/rustwide/target/debug/build/serde-57e2566c92263ddb/build_script_build-57e2566c92263ddb" "-Wl,--gc-sections" "-pie" "-Wl,-z,relro,-z,now" "-nodefaultlibs"
[INFO] [stdout]   = note: /usr/bin/ld: final link failed: No space left on device
[INFO] [stdout]           collect2: error: ld returned 1 exit status
[INFO] [stdout]           
[INFO] [stdout] 
[INFO] [stdout] 
[INFO] [stdout] error: aborting due to previous error
[INFO] [stdout] 
[INFO] [stdout] 
[INFO] [stderr] error: could not compile `serde` due to 2 previous errors
[INFO] [stderr] error: could not compile `xml-rs`
[INFO] [stderr] error: could not compile `log`
[INFO] [stdout] error: couldn't create a temp dir: No space left on device (os error 28) at path "/opt/rustwide/target/debug/deps/rmetakgrHjY"
[INFO] [stdout] 
[INFO] [stdout] 
[INFO] [stderr] error: could not compile `crossbeam-utils` due to previous error
[INFO] [stderr] thread 'rustc' panicked at 'assertion failed: pos.get() <= self.position()', compiler/rustc_metadata/src/rmeta/encoder.rs:435:9
[INFO] [stderr] error: could not compile `cc`
[INFO] running `Command { std: "docker" "inspect" "564a1f1542bfb02e5d21cda6befe86f02464b7432ab7f10c393324cca9fc1a62", kill_on_drop: false }`
[INFO] running `Command { std: "docker" "rm" "-f" "564a1f1542bfb02e5d21cda6befe86f02464b7432ab7f10c393324cca9fc1a62", kill_on_drop: false }`
[INFO] [stdout] 564a1f1542bfb02e5d21cda6befe86f02464b7432ab7f10c393324cca9fc1a62
