[INFO] cloning repository https://github.com/ROki1988/kinesis-proxy
[INFO] running `Command { std: "git" "-c" "credential.helper=" "-c" "credential.helper=/workspace/cargo-home/bin/git-credential-null" "clone" "--bare" "https://github.com/ROki1988/kinesis-proxy" "/workspace/cache/git-repos/https%3A%2F%2Fgithub.com%2FROki1988%2Fkinesis-proxy", kill_on_drop: false }`
[INFO] [stderr] Cloning into bare repository '/workspace/cache/git-repos/https%3A%2F%2Fgithub.com%2FROki1988%2Fkinesis-proxy'...
[INFO] running `Command { std: "git" "rev-parse" "HEAD", kill_on_drop: false }`
[INFO] [stdout] 3019c600a0d201be2541fd02bfaa706a40aa2072
[INFO] documenting ROki1988/kinesis-proxy against 1.69.0 for beta-1.70-rustdoc-1
[INFO] running `Command { std: "git" "clone" "/workspace/cache/git-repos/https%3A%2F%2Fgithub.com%2FROki1988%2Fkinesis-proxy" "/workspace/builds/worker-6-tc1/source", kill_on_drop: false }`
[INFO] [stderr] Cloning into '/workspace/builds/worker-6-tc1/source'...
[INFO] [stderr] done.
[INFO] validating manifest of git repo https://github.com/ROki1988/kinesis-proxy on toolchain 1.69.0
[INFO] running `Command { std: CARGO_HOME="/workspace/cargo-home" RUSTUP_HOME="/workspace/rustup-home" "/workspace/cargo-home/bin/cargo" "+1.69.0" "metadata" "--manifest-path" "Cargo.toml" "--no-deps", kill_on_drop: false }`
[INFO] started tweaking git repo https://github.com/ROki1988/kinesis-proxy
[INFO] finished tweaking git repo https://github.com/ROki1988/kinesis-proxy
[INFO] tweaked toml for git repo https://github.com/ROki1988/kinesis-proxy written to /workspace/builds/worker-6-tc1/source/Cargo.toml
[INFO] crate git repo https://github.com/ROki1988/kinesis-proxy already has a lockfile, it will not be regenerated
[INFO] running `Command { std: CARGO_HOME="/workspace/cargo-home" RUSTUP_HOME="/workspace/rustup-home" "/workspace/cargo-home/bin/cargo" "+1.69.0" "fetch" "--manifest-path" "Cargo.toml", kill_on_drop: false }`
[INFO] [stderr]  Downloading crates ...
[INFO] [stderr]   Downloaded tokio-timer v0.2.8
[INFO] [stderr]   Downloaded security-framework-sys v0.2.2
[INFO] [stderr]   Downloaded openssl-sys v0.9.40
[INFO] [stderr]   Downloaded openssl v0.10.16
[INFO] [stderr]   Downloaded libc v0.2.46
[INFO] [stderr]   Downloaded arc-swap v0.3.7
[INFO] [stderr]   Downloaded tokio v0.1.14
[INFO] [stderr]   Downloaded tokio-threadpool v0.1.10
[INFO] [stderr]   Downloaded md5 v0.3.8
[INFO] [stderr]   Downloaded memchr v2.1.2
[INFO] [stderr]   Downloaded h2 v0.1.14
[INFO] [stderr]   Downloaded schannel v0.1.14
[INFO] [stderr]   Downloaded crc32fast v1.1.2
[INFO] [stderr]   Downloaded mime v0.3.12
[INFO] [stderr]   Downloaded crypto-mac v0.5.2
[INFO] [stderr]   Downloaded hmac v0.5.0
[INFO] [stderr]   Downloaded rusoto_core v0.36.0
[INFO] [stderr]   Downloaded miniz_oxide v0.2.0
[INFO] [stderr]   Downloaded flate2 v1.0.6
[INFO] [stderr]   Downloaded unicase v2.2.0
[INFO] [stderr]   Downloaded MacTypes-sys v1.3.0
[INFO] [stderr]   Downloaded tempfile v3.0.5
[INFO] [stderr]   Downloaded rand v0.4.5
[INFO] [stderr]   Downloaded string v0.1.2
[INFO] [stderr]   Downloaded http v0.1.14
[INFO] [stderr]   Downloaded hyper v0.12.20
[INFO] [stderr]   Downloaded rusoto_credential v0.15.0
[INFO] [stderr]   Downloaded crossbeam-epoch v0.7.0
[INFO] [stderr]   Downloaded crossbeam-channel v0.3.6
[INFO] [stderr]   Downloaded zipkin-types v0.1.0
[INFO] [stderr]   Downloaded crossbeam-utils v0.6.3
[INFO] [stderr]   Downloaded serde_json v1.0.36
[INFO] [stderr]   Downloaded serde_derive v1.0.84
[INFO] [stderr]   Downloaded signal-hook v0.1.7
[INFO] [stderr]   Downloaded trust-dns-proto v0.6.1
[INFO] [stderr]   Downloaded trust-dns-resolver v0.10.2
[INFO] [stderr]   Downloaded askama_escape v0.1.0
[INFO] [stderr]   Downloaded base64 v0.10.0
[INFO] [stderr]   Downloaded miniz_oxide_c_api v0.2.0
[INFO] [stderr]   Downloaded actix-web v0.7.17
[INFO] [stderr]   Downloaded rusoto_kinesis v0.36.0
[INFO] running `Command { std: "docker" "create" "-v" "/var/lib/crater-agent-workspace/builds/worker-6-tc1/target:/opt/rustwide/target:rw,Z" "-v" "/var/lib/crater-agent-workspace/builds/worker-6-tc1/source:/opt/rustwide/workdir:ro,Z" "-v" "/var/lib/crater-agent-workspace/cargo-home:/opt/rustwide/cargo-home:ro,Z" "-v" "/var/lib/crater-agent-workspace/rustup-home:/opt/rustwide/rustup-home:ro,Z" "-e" "SOURCE_DIR=/opt/rustwide/workdir" "-e" "CARGO_TARGET_DIR=/opt/rustwide/target" "-e" "CARGO_HOME=/opt/rustwide/cargo-home" "-e" "RUSTUP_HOME=/opt/rustwide/rustup-home" "-w" "/opt/rustwide/workdir" "-m" "1610612736" "--user" "0:0" "--network" "none" "ghcr.io/rust-lang/crates-build-env/linux@sha256:97d61d7686bf65f8ecb15491ab51835e82dc9176a96a831f143a431b191fc501" "/opt/rustwide/cargo-home/bin/cargo" "+1.69.0" "metadata" "--no-deps" "--format-version=1", kill_on_drop: false }`
[INFO] [stdout] e79a9388748e8f42ec1cb6f02d720d13e57392e2578e1dc30667c397b53c88da
[INFO] running `Command { std: "docker" "start" "-a" "e79a9388748e8f42ec1cb6f02d720d13e57392e2578e1dc30667c397b53c88da", kill_on_drop: false }`
[INFO] running `Command { std: "docker" "inspect" "e79a9388748e8f42ec1cb6f02d720d13e57392e2578e1dc30667c397b53c88da", kill_on_drop: false }`
[INFO] running `Command { std: "docker" "rm" "-f" "e79a9388748e8f42ec1cb6f02d720d13e57392e2578e1dc30667c397b53c88da", kill_on_drop: false }`
[INFO] [stdout] e79a9388748e8f42ec1cb6f02d720d13e57392e2578e1dc30667c397b53c88da
[INFO] running `Command { std: "docker" "create" "-v" "/var/lib/crater-agent-workspace/builds/worker-6-tc1/target:/opt/rustwide/target:rw,Z" "-v" "/var/lib/crater-agent-workspace/builds/worker-6-tc1/source:/opt/rustwide/workdir:ro,Z" "-v" "/var/lib/crater-agent-workspace/cargo-home:/opt/rustwide/cargo-home:ro,Z" "-v" "/var/lib/crater-agent-workspace/rustup-home:/opt/rustwide/rustup-home:ro,Z" "-e" "SOURCE_DIR=/opt/rustwide/workdir" "-e" "CARGO_TARGET_DIR=/opt/rustwide/target" "-e" "CARGO_INCREMENTAL=0" "-e" "RUST_BACKTRACE=full" "-e" "RUSTFLAGS=--cap-lints=warn" "-e" "RUSTDOCFLAGS=--cap-lints=warn" "-e" "CARGO_HOME=/opt/rustwide/cargo-home" "-e" "RUSTUP_HOME=/opt/rustwide/rustup-home" "-w" "/opt/rustwide/workdir" "-m" "1610612736" "--user" "0:0" "--network" "none" "ghcr.io/rust-lang/crates-build-env/linux@sha256:97d61d7686bf65f8ecb15491ab51835e82dc9176a96a831f143a431b191fc501" "/opt/rustwide/cargo-home/bin/cargo" "+1.69.0" "doc" "--frozen" "--no-deps" "--document-private-items" "--message-format=json", kill_on_drop: false }`
[INFO] [stdout] 599907e2418d0c4afb480619a876f08f4377d6824c5e9c41b44a9519adf0f2cb
[INFO] running `Command { std: "docker" "start" "-a" "599907e2418d0c4afb480619a876f08f4377d6824c5e9c41b44a9519adf0f2cb", kill_on_drop: false }`
[INFO] [stderr]    Compiling libc v0.2.46
[INFO] [stderr]     Checking cfg-if v0.1.6
[INFO] [stderr]    Compiling semver-parser v0.7.0
[INFO] [stderr]    Compiling autocfg v0.1.1
[INFO] [stderr]    Compiling cc v1.0.28
[INFO] [stderr]     Checking rand_core v0.3.0
[INFO] [stderr]     Checking futures v0.1.25
[INFO] [stderr]    Compiling version_check v0.1.5
[INFO] [stderr]     Checking lazy_static v1.2.0
[INFO] [stderr]     Checking byteorder v1.2.7
[INFO] [stderr]     Checking void v1.0.2
[INFO] [stderr]     Checking scopeguard v0.3.3
[INFO] [stderr]     Checking stable_deref_trait v1.1.1
[INFO] [stderr]    Compiling proc-macro2 v0.4.24
[INFO] [stderr]    Compiling unicode-xid v0.1.0
[INFO] [stderr]     Checking slab v0.4.1
[INFO] [stderr]     Checking crossbeam-utils v0.6.3
[INFO] [stderr]     Checking log v0.4.6
[INFO] [stderr]     Checking unreachable v1.0.0
[INFO] [stderr]     Checking owning_ref v0.4.0
[INFO] [stderr]     Checking lazycell v1.2.1
[INFO] [stderr]     Checking encoding_index_tests v0.1.4
[INFO] [stderr]    Compiling arrayvec v0.4.10
[INFO] [stderr]     Checking rand_xorshift v0.1.1
[INFO] [stderr]     Checking rand_hc v0.1.0
[INFO] [stderr]    Compiling semver v0.9.0
[INFO] [stderr]     Checking rand_isaac v0.1.1
[INFO] [stderr]     Checking smallvec v0.6.7
[INFO] [stderr]     Checking nodrop v0.1.13
[INFO] [stderr]     Checking lock_api v0.1.5
[INFO] [stderr]     Checking memoffset v0.2.1
[INFO] [stderr]     Checking matches v0.1.8
[INFO] [stderr]    Compiling unicase v1.4.2
[INFO] [stderr]     Checking encoding-index-japanese v1.20141219.5
[INFO] [stderr]     Checking unicode-bidi v0.3.4
[INFO] [stderr]     Checking encoding-index-simpchinese v1.20141219.5
[INFO] [stderr]     Checking encoding-index-singlebyte v1.20141219.5
[INFO] [stderr]     Checking encoding-index-korean v1.20141219.5
[INFO] [stderr]    Compiling rand_chacha v0.1.1
[INFO] [stderr]    Compiling rand v0.6.4
[INFO] [stderr]    Compiling rustc_version v0.2.3
[INFO] [stderr]     Checking encoding-index-tradchinese v1.20141219.5
[INFO] [stderr]     Checking unicode-normalization v0.1.7
[INFO] [stderr]     Checking percent-encoding v1.0.1
[INFO] [stderr]    Compiling serde v1.0.85
[INFO] [stderr]    Compiling pkg-config v0.3.14
[INFO] [stderr]     Checking itoa v0.4.3
[INFO] [stderr]     Checking fnv v1.0.6
[INFO] [stderr]    Compiling backtrace v0.3.13
[INFO] [stderr]     Checking bitflags v1.0.4
[INFO] [stderr]    Compiling typenum v1.10.0
[INFO] [stderr]    Compiling failure_derive v0.1.5
[INFO] [stderr]    Compiling rand_pcg v0.1.1
[INFO] [stderr]    Compiling parking_lot_core v0.4.0
[INFO] [stderr]     Checking encoding v0.2.33
[INFO] [stderr]     Checking iovec v0.1.2
[INFO] [stderr] LLVM ERROR: IO failure on output stream: No space left on device
[INFO] [stdout] error: linking with `cc` failed: exit status: 1
[INFO] [stdout]   |
[INFO] [stdout]   = note: LC_ALL="C" PATH="/opt/rustwide/rustup-home/toolchains/1.69.0-x86_64-unknown-linux-gnu/lib/rustlib/x86_64-unknown-linux-gnu/bin:/opt/rustwide/cargo-home/bin:/usr/local/sbin:/usr/local/bin:/usr/sbin:/usr/bin:/sbin:/bin" VSLANG="1033" "cc" "-m64" "/tmp/rustcO4sG7P/symbols.o" "/opt/rustwide/target/debug/build/serde-97dc551f38b3bca9/build_script_build-97dc551f38b3bca9.build_script_build.548b1a71-cgu.0.rcgu.o" "/opt/rustwide/target/debug/build/serde-97dc551f38b3bca9/build_script_build-97dc551f38b3bca9.build_script_build.548b1a71-cgu.1.rcgu.o" "/opt/rustwide/target/debug/build/serde-97dc551f38b3bca9/build_script_build-97dc551f38b3bca9.build_script_build.548b1a71-cgu.10.rcgu.o" "/opt/rustwide/target/debug/build/serde-97dc551f38b3bca9/build_script_build-97dc551f38b3bca9.build_script_build.548b1a71-cgu.11.rcgu.o" "/opt/rustwide/target/debug/build/serde-97dc551f38b3bca9/build_script_build-97dc551f38b3bca9.build_script_build.548b1a71-cgu.12.rcgu.o" "/opt/rustwide/target/debug/build/serde-97dc551f38b3bca9/build_script_build-97dc551f38b3bca9.build_script_build.548b1a71-cgu.13.rcgu.o" "/opt/rustwide/target/debug/build/serde-97dc551f38b3bca9/build_script_build-97dc551f38b3bca9.build_script_build.548b1a71-cgu.14.rcgu.o" "/opt/rustwide/target/debug/build/serde-97dc551f38b3bca9/build_script_build-97dc551f38b3bca9.build_script_build.548b1a71-cgu.15.rcgu.o" "/opt/rustwide/target/debug/build/serde-97dc551f38b3bca9/build_script_build-97dc551f38b3bca9.build_script_build.548b1a71-cgu.2.rcgu.o" "/opt/rustwide/target/debug/build/serde-97dc551f38b3bca9/build_script_build-97dc551f38b3bca9.build_script_build.548b1a71-cgu.3.rcgu.o" "/opt/rustwide/target/debug/build/serde-97dc551f38b3bca9/build_script_build-97dc551f38b3bca9.build_script_build.548b1a71-cgu.4.rcgu.o" "/opt/rustwide/target/debug/build/serde-97dc551f38b3bca9/build_script_build-97dc551f38b3bca9.build_script_build.548b1a71-cgu.5.rcgu.o" "/opt/rustwide/target/debug/build/serde-97dc551f38b3bca9/build_script_build-97dc551f38b3bca9.build_script_build.548b1a71-cgu.6.rcgu.o" "/opt/rustwide/target/debug/build/serde-97dc551f38b3bca9/build_script_build-97dc551f38b3bca9.build_script_build.548b1a71-cgu.7.rcgu.o" "/opt/rustwide/target/debug/build/serde-97dc551f38b3bca9/build_script_build-97dc551f38b3bca9.build_script_build.548b1a71-cgu.8.rcgu.o" "/opt/rustwide/target/debug/build/serde-97dc551f38b3bca9/build_script_build-97dc551f38b3bca9.build_script_build.548b1a71-cgu.9.rcgu.o" "/opt/rustwide/target/debug/build/serde-97dc551f38b3bca9/build_script_build-97dc551f38b3bca9.4ko4uokf1wy8h71m.rcgu.o" "-Wl,--as-needed" "-L" "/opt/rustwide/target/debug/deps" "-L" "/opt/rustwide/rustup-home/toolchains/1.69.0-x86_64-unknown-linux-gnu/lib/rustlib/x86_64-unknown-linux-gnu/lib" "-Wl,-Bstatic" "/opt/rustwide/rustup-home/toolchains/1.69.0-x86_64-unknown-linux-gnu/lib/rustlib/x86_64-unknown-linux-gnu/lib/libstd-89bc084783fdc439.rlib" "/opt/rustwide/rustup-home/toolchains/1.69.0-x86_64-unknown-linux-gnu/lib/rustlib/x86_64-unknown-linux-gnu/lib/libpanic_unwind-8bee4b287d4367c1.rlib" "/opt/rustwide/rustup-home/toolchains/1.69.0-x86_64-unknown-linux-gnu/lib/rustlib/x86_64-unknown-linux-gnu/lib/libobject-d61707aed80694c0.rlib" "/opt/rustwide/rustup-home/toolchains/1.69.0-x86_64-unknown-linux-gnu/lib/rustlib/x86_64-unknown-linux-gnu/lib/libmemchr-d85366256f22345b.rlib" "/opt/rustwide/rustup-home/toolchains/1.69.0-x86_64-unknown-linux-gnu/lib/rustlib/x86_64-unknown-linux-gnu/lib/libaddr2line-96069b86b8a8cae9.rlib" "/opt/rustwide/rustup-home/toolchains/1.69.0-x86_64-unknown-linux-gnu/lib/rustlib/x86_64-unknown-linux-gnu/lib/libgimli-d19d53abf68dfa6c.rlib" "/opt/rustwide/rustup-home/toolchains/1.69.0-x86_64-unknown-linux-gnu/lib/rustlib/x86_64-unknown-linux-gnu/lib/librustc_demangle-787cbccd19d64ac6.rlib" "/opt/rustwide/rustup-home/toolchains/1.69.0-x86_64-unknown-linux-gnu/lib/rustlib/x86_64-unknown-linux-gnu/lib/libstd_detect-b3837a36b830e0d0.rlib" "/opt/rustwide/rustup-home/toolchains/1.69.0-x86_64-unknown-linux-gnu/lib/rustlib/x86_64-unknown-linux-gnu/lib/libhashbrown-e3deb0e7e3f04966.rlib" "/opt/rustwide/rustup-home/toolchains/1.69.0-x86_64-unknown-linux-gnu/lib/rustlib/x86_64-unknown-linux-gnu/lib/libminiz_oxide-dabbb79c9815def4.rlib" "/opt/rustwide/rustup-home/toolchains/1.69.0-x86_64-unknown-linux-gnu/lib/rustlib/x86_64-unknown-linux-gnu/lib/libadler-305b01f34c9409f2.rlib" "/opt/rustwide/rustup-home/toolchains/1.69.0-x86_64-unknown-linux-gnu/lib/rustlib/x86_64-unknown-linux-gnu/lib/librustc_std_workspace_alloc-f833521df6074e73.rlib" "/opt/rustwide/rustup-home/toolchains/1.69.0-x86_64-unknown-linux-gnu/lib/rustlib/x86_64-unknown-linux-gnu/lib/libunwind-9ac333113350d171.rlib" "/opt/rustwide/rustup-home/toolchains/1.69.0-x86_64-unknown-linux-gnu/lib/rustlib/x86_64-unknown-linux-gnu/lib/libcfg_if-1c126114322d0eee.rlib" "/opt/rustwide/rustup-home/toolchains/1.69.0-x86_64-unknown-linux-gnu/lib/rustlib/x86_64-unknown-linux-gnu/lib/liblibc-bad9164fdeeecf92.rlib" "/opt/rustwide/rustup-home/toolchains/1.69.0-x86_64-unknown-linux-gnu/lib/rustlib/x86_64-unknown-linux-gnu/lib/liballoc-f9374b1e480fa681.rlib" "/opt/rustwide/rustup-home/toolchains/1.69.0-x86_64-unknown-linux-gnu/lib/rustlib/x86_64-unknown-linux-gnu/lib/librustc_std_workspace_core-207f06e41d9603af.rlib" "/opt/rustwide/rustup-home/toolchains/1.69.0-x86_64-unknown-linux-gnu/lib/rustlib/x86_64-unknown-linux-gnu/lib/libcore-7e2768e66e984e85.rlib" "/opt/rustwide/rustup-home/toolchains/1.69.0-x86_64-unknown-linux-gnu/lib/rustlib/x86_64-unknown-linux-gnu/lib/libcompiler_builtins-957b4aff41f8cd46.rlib" "-Wl,-Bdynamic" "-lgcc_s" "-lutil" "-lrt" "-lpthread" "-lm" "-ldl" "-lc" "-Wl,--eh-frame-hdr" "-Wl,-z,noexecstack" "-L" "/opt/rustwide/rustup-home/toolchains/1.69.0-x86_64-unknown-linux-gnu/lib/rustlib/x86_64-unknown-linux-gnu/lib" "-o" "/opt/rustwide/target/debug/build/serde-97dc551f38b3bca9/build_script_build-97dc551f38b3bca9" "-Wl,--gc-sections" "-pie" "-Wl,-z,relro,-z,now" "-nodefaultlibs"
[INFO] [stdout]   = note: /usr/bin/ld: final link failed: No space left on device
[INFO] [stdout]           collect2: error: ld returned 1 exit status
[INFO] [stdout]           
[INFO] [stdout] 
[INFO] [stdout] 
[INFO] [stderr] error: could not compile `failure_derive`
[INFO] [stderr] warning: build failed, waiting for other jobs to finish...
[INFO] [stdout] error: aborting due to previous error
[INFO] [stdout] 
[INFO] [stdout] 
[INFO] [stdout] error: linking with `cc` failed: exit status: 1
[INFO] [stdout]   |
[INFO] [stdout]   = note: LC_ALL="C" PATH="/opt/rustwide/rustup-home/toolchains/1.69.0-x86_64-unknown-linux-gnu/lib/rustlib/x86_64-unknown-linux-gnu/bin:/opt/rustwide/cargo-home/bin:/usr/local/sbin:/usr/local/bin:/usr/sbin:/usr/bin:/sbin:/bin" VSLANG="1033" "cc" "-m64" "/tmp/rustc5jAgAz/symbols.o" "/opt/rustwide/target/debug/build/backtrace-a37ca592caabce8a/build_script_build-a37ca592caabce8a.build_script_build.8aa5f835-cgu.0.rcgu.o" "/opt/rustwide/target/debug/build/backtrace-a37ca592caabce8a/build_script_build-a37ca592caabce8a.build_script_build.8aa5f835-cgu.1.rcgu.o" "/opt/rustwide/target/debug/build/backtrace-a37ca592caabce8a/build_script_build-a37ca592caabce8a.build_script_build.8aa5f835-cgu.2.rcgu.o" "/opt/rustwide/target/debug/build/backtrace-a37ca592caabce8a/build_script_build-a37ca592caabce8a.build_script_build.8aa5f835-cgu.3.rcgu.o" "/opt/rustwide/target/debug/build/backtrace-a37ca592caabce8a/build_script_build-a37ca592caabce8a.build_script_build.8aa5f835-cgu.4.rcgu.o" "/opt/rustwide/target/debug/build/backtrace-a37ca592caabce8a/build_script_build-a37ca592caabce8a.build_script_build.8aa5f835-cgu.5.rcgu.o" "/opt/rustwide/target/debug/build/backtrace-a37ca592caabce8a/build_script_build-a37ca592caabce8a.2694bi3dyna8cknz.rcgu.o" "-Wl,--as-needed" "-L" "/opt/rustwide/target/debug/deps" "-L" "/opt/rustwide/rustup-home/toolchains/1.69.0-x86_64-unknown-linux-gnu/lib/rustlib/x86_64-unknown-linux-gnu/lib" "-Wl,-Bstatic" "/opt/rustwide/target/debug/deps/libautocfg-4a712645b42898f4.rlib" "/opt/rustwide/rustup-home/toolchains/1.69.0-x86_64-unknown-linux-gnu/lib/rustlib/x86_64-unknown-linux-gnu/lib/libstd-89bc084783fdc439.rlib" "/opt/rustwide/rustup-home/toolchains/1.69.0-x86_64-unknown-linux-gnu/lib/rustlib/x86_64-unknown-linux-gnu/lib/libpanic_unwind-8bee4b287d4367c1.rlib" "/opt/rustwide/rustup-home/toolchains/1.69.0-x86_64-unknown-linux-gnu/lib/rustlib/x86_64-unknown-linux-gnu/lib/libobject-d61707aed80694c0.rlib" "/opt/rustwide/rustup-home/toolchains/1.69.0-x86_64-unknown-linux-gnu/lib/rustlib/x86_64-unknown-linux-gnu/lib/libmemchr-d85366256f22345b.rlib" "/opt/rustwide/rustup-home/toolchains/1.69.0-x86_64-unknown-linux-gnu/lib/rustlib/x86_64-unknown-linux-gnu/lib/libaddr2line-96069b86b8a8cae9.rlib" "/opt/rustwide/rustup-home/toolchains/1.69.0-x86_64-unknown-linux-gnu/lib/rustlib/x86_64-unknown-linux-gnu/lib/libgimli-d19d53abf68dfa6c.rlib" "/opt/rustwide/rustup-home/toolchains/1.69.0-x86_64-unknown-linux-gnu/lib/rustlib/x86_64-unknown-linux-gnu/lib/librustc_demangle-787cbccd19d64ac6.rlib" "/opt/rustwide/rustup-home/toolchains/1.69.0-x86_64-unknown-linux-gnu/lib/rustlib/x86_64-unknown-linux-gnu/lib/libstd_detect-b3837a36b830e0d0.rlib" "/opt/rustwide/rustup-home/toolchains/1.69.0-x86_64-unknown-linux-gnu/lib/rustlib/x86_64-unknown-linux-gnu/lib/libhashbrown-e3deb0e7e3f04966.rlib" "/opt/rustwide/rustup-home/toolchains/1.69.0-x86_64-unknown-linux-gnu/lib/rustlib/x86_64-unknown-linux-gnu/lib/libminiz_oxide-dabbb79c9815def4.rlib" "/opt/rustwide/rustup-home/toolchains/1.69.0-x86_64-unknown-linux-gnu/lib/rustlib/x86_64-unknown-linux-gnu/lib/libadler-305b01f34c9409f2.rlib" "/opt/rustwide/rustup-home/toolchains/1.69.0-x86_64-unknown-linux-gnu/lib/rustlib/x86_64-unknown-linux-gnu/lib/librustc_std_workspace_alloc-f833521df6074e73.rlib" "/opt/rustwide/rustup-home/toolchains/1.69.0-x86_64-unknown-linux-gnu/lib/rustlib/x86_64-unknown-linux-gnu/lib/libunwind-9ac333113350d171.rlib" "/opt/rustwide/rustup-home/toolchains/1.69.0-x86_64-unknown-linux-gnu/lib/rustlib/x86_64-unknown-linux-gnu/lib/libcfg_if-1c126114322d0eee.rlib" "/opt/rustwide/rustup-home/toolchains/1.69.0-x86_64-unknown-linux-gnu/lib/rustlib/x86_64-unknown-linux-gnu/lib/liblibc-bad9164fdeeecf92.rlib" "/opt/rustwide/rustup-home/toolchains/1.69.0-x86_64-unknown-linux-gnu/lib/rustlib/x86_64-unknown-linux-gnu/lib/liballoc-f9374b1e480fa681.rlib" "/opt/rustwide/rustup-home/toolchains/1.69.0-x86_64-unknown-linux-gnu/lib/rustlib/x86_64-unknown-linux-gnu/lib/librustc_std_workspace_core-207f06e41d9603af.rlib" "/opt/rustwide/rustup-home/toolchains/1.69.0-x86_64-unknown-linux-gnu/lib/rustlib/x86_64-unknown-linux-gnu/lib/libcore-7e2768e66e984e85.rlib" "/opt/rustwide/rustup-home/toolchains/1.69.0-x86_64-unknown-linux-gnu/lib/rustlib/x86_64-unknown-linux-gnu/lib/libcompiler_builtins-957b4aff41f8cd46.rlib" "-Wl,-Bdynamic" "-lgcc_s" "-lutil" "-lrt" "-lpthread" "-lm" "-ldl" "-lc" "-Wl,--eh-frame-hdr" "-Wl,-z,noexecstack" "-L" "/opt/rustwide/rustup-home/toolchains/1.69.0-x86_64-unknown-linux-gnu/lib/rustlib/x86_64-unknown-linux-gnu/lib" "-o" "/opt/rustwide/target/debug/build/backtrace-a37ca592caabce8a/build_script_build-a37ca592caabce8a" "-Wl,--gc-sections" "-pie" "-Wl,-z,relro,-z,now" "-nodefaultlibs"
[INFO] [stdout]   = note: /usr/bin/ld: final link failed: No space left on device
[INFO] [stdout]           collect2: error: ld returned 1 exit status
[INFO] [stdout]           
[INFO] [stdout] 
[INFO] [stdout] 
[INFO] [stdout] error: aborting due to previous error
[INFO] [stdout] 
[INFO] [stdout] 
[INFO] [stderr] error: could not compile `serde` due to 2 previous errors
[INFO] [stderr] LLVM ERROR: IO failure on output stream: No space left on device
[INFO] [stderr] LLVM ERROR: IO failure on output stream: No space left on device
[INFO] [stderr] error: could not compile `backtrace` due to 2 previous errors
[INFO] [stderr] error: could not parse/generate dep info at: /opt/rustwide/target/debug/deps/rand_chacha-44a6987491086c33.d
[INFO] [stderr] 
[INFO] [stderr] Caused by:
[INFO] [stderr]   failed to write `/opt/rustwide/target/debug/.fingerprint/rand_chacha-44a6987491086c33/dep-lib-rand_chacha`
[INFO] [stderr] 
[INFO] [stderr] Caused by:
[INFO] [stderr]   No space left on device (os error 28)
[INFO] [stderr] error: could not compile `parking_lot_core`
[INFO] [stdout] error: couldn't create a temp dir: No space left on device (os error 28) at path "/opt/rustwide/target/debug/build/typenum-d91e01f08a8a1d93/rmetaRy8Gko"
[INFO] [stdout] 
[INFO] [stdout] 
[INFO] [stderr] error: could not compile `pkg-config`
[INFO] [stderr] error: could not compile `typenum` due to previous error
[INFO] [stderr] LLVM ERROR: IO failure on output stream: No space left on device
[INFO] [stderr] error: could not compile `cc`
[INFO] [stderr] thread 'rustc' panicked at 'assertion failed: pos.get() <= self.position()', compiler/rustc_metadata/src/rmeta/encoder.rs:435:9
[INFO] [stdout] error: couldn't create a temp dir: No space left on device (os error 28) at path "/opt/rustwide/target/debug/deps/rmetaos2aOQ"
[INFO] [stdout] 
[INFO] [stdout] 
[INFO] [stderr] error: could not compile `arrayvec` due to previous error
[INFO] [stdout] error: couldn't create a temp dir: No space left on device (os error 28) at path "/opt/rustwide/target/debug/deps/rmetanGWZp3"
[INFO] [stdout] 
[INFO] [stdout] 
[INFO] [stderr] error: could not compile `iovec` due to previous error
[INFO] [stdout] error: linking with `cc` failed: exit status: 1
[INFO] [stdout]   |
[INFO] [stdout]   = note: LC_ALL="C" PATH="/opt/rustwide/rustup-home/toolchains/1.69.0-x86_64-unknown-linux-gnu/lib/rustlib/x86_64-unknown-linux-gnu/bin:/opt/rustwide/cargo-home/bin:/usr/local/sbin:/usr/local/bin:/usr/sbin:/usr/bin:/sbin:/bin" VSLANG="1033" "cc" "-m64" "/tmp/rustc3H9Hl2/symbols.o" "/opt/rustwide/target/debug/build/rand_pcg-6cf6ccfd218f0d79/build_script_build-6cf6ccfd218f0d79.build_script_build.65d7514a-cgu.0.rcgu.o" "/opt/rustwide/target/debug/build/rand_pcg-6cf6ccfd218f0d79/build_script_build-6cf6ccfd218f0d79.build_script_build.65d7514a-cgu.1.rcgu.o" "/opt/rustwide/target/debug/build/rand_pcg-6cf6ccfd218f0d79/build_script_build-6cf6ccfd218f0d79.build_script_build.65d7514a-cgu.2.rcgu.o" "/opt/rustwide/target/debug/build/rand_pcg-6cf6ccfd218f0d79/build_script_build-6cf6ccfd218f0d79.build_script_build.65d7514a-cgu.3.rcgu.o" "/opt/rustwide/target/debug/build/rand_pcg-6cf6ccfd218f0d79/build_script_build-6cf6ccfd218f0d79.build_script_build.65d7514a-cgu.4.rcgu.o" "/opt/rustwide/target/debug/build/rand_pcg-6cf6ccfd218f0d79/build_script_build-6cf6ccfd218f0d79.build_script_build.65d7514a-cgu.5.rcgu.o" "/opt/rustwide/target/debug/build/rand_pcg-6cf6ccfd218f0d79/build_script_build-6cf6ccfd218f0d79.build_script_build.65d7514a-cgu.6.rcgu.o" "/opt/rustwide/target/debug/build/rand_pcg-6cf6ccfd218f0d79/build_script_build-6cf6ccfd218f0d79.build_script_build.65d7514a-cgu.7.rcgu.o" "/opt/rustwide/target/debug/build/rand_pcg-6cf6ccfd218f0d79/build_script_build-6cf6ccfd218f0d79.s7ffpobidznych9.rcgu.o" "-Wl,--as-needed" "-L" "/opt/rustwide/target/debug/deps" "-L" "/opt/rustwide/rustup-home/toolchains/1.69.0-x86_64-unknown-linux-gnu/lib/rustlib/x86_64-unknown-linux-gnu/lib" "-Wl,-Bstatic" "/opt/rustwide/target/debug/deps/librustc_version-32573b1d8dbb2074.rlib" "/opt/rustwide/target/debug/deps/libsemver-db73a6812aca8063.rlib" "/opt/rustwide/target/debug/deps/libsemver_parser-1e42fb66cba1efa6.rlib" "/opt/rustwide/rustup-home/toolchains/1.69.0-x86_64-unknown-linux-gnu/lib/rustlib/x86_64-unknown-linux-gnu/lib/libstd-89bc084783fdc439.rlib" "/opt/rustwide/rustup-home/toolchains/1.69.0-x86_64-unknown-linux-gnu/lib/rustlib/x86_64-unknown-linux-gnu/lib/libpanic_unwind-8bee4b287d4367c1.rlib" "/opt/rustwide/rustup-home/toolchains/1.69.0-x86_64-unknown-linux-gnu/lib/rustlib/x86_64-unknown-linux-gnu/lib/libobject-d61707aed80694c0.rlib" "/opt/rustwide/rustup-home/toolchains/1.69.0-x86_64-unknown-linux-gnu/lib/rustlib/x86_64-unknown-linux-gnu/lib/libmemchr-d85366256f22345b.rlib" "/opt/rustwide/rustup-home/toolchains/1.69.0-x86_64-unknown-linux-gnu/lib/rustlib/x86_64-unknown-linux-gnu/lib/libaddr2line-96069b86b8a8cae9.rlib" "/opt/rustwide/rustup-home/toolchains/1.69.0-x86_64-unknown-linux-gnu/lib/rustlib/x86_64-unknown-linux-gnu/lib/libgimli-d19d53abf68dfa6c.rlib" "/opt/rustwide/rustup-home/toolchains/1.69.0-x86_64-unknown-linux-gnu/lib/rustlib/x86_64-unknown-linux-gnu/lib/librustc_demangle-787cbccd19d64ac6.rlib" "/opt/rustwide/rustup-home/toolchains/1.69.0-x86_64-unknown-linux-gnu/lib/rustlib/x86_64-unknown-linux-gnu/lib/libstd_detect-b3837a36b830e0d0.rlib" "/opt/rustwide/rustup-home/toolchains/1.69.0-x86_64-unknown-linux-gnu/lib/rustlib/x86_64-unknown-linux-gnu/lib/libhashbrown-e3deb0e7e3f04966.rlib" "/opt/rustwide/rustup-home/toolchains/1.69.0-x86_64-unknown-linux-gnu/lib/rustlib/x86_64-unknown-linux-gnu/lib/libminiz_oxide-dabbb79c9815def4.rlib" "/opt/rustwide/rustup-home/toolchains/1.69.0-x86_64-unknown-linux-gnu/lib/rustlib/x86_64-unknown-linux-gnu/lib/libadler-305b01f34c9409f2.rlib" "/opt/rustwide/rustup-home/toolchains/1.69.0-x86_64-unknown-linux-gnu/lib/rustlib/x86_64-unknown-linux-gnu/lib/librustc_std_workspace_alloc-f833521df6074e73.rlib" "/opt/rustwide/rustup-home/toolchains/1.69.0-x86_64-unknown-linux-gnu/lib/rustlib/x86_64-unknown-linux-gnu/lib/libunwind-9ac333113350d171.rlib" "/opt/rustwide/rustup-home/toolchains/1.69.0-x86_64-unknown-linux-gnu/lib/rustlib/x86_64-unknown-linux-gnu/lib/libcfg_if-1c126114322d0eee.rlib" "/opt/rustwide/rustup-home/toolchains/1.69.0-x86_64-unknown-linux-gnu/lib/rustlib/x86_64-unknown-linux-gnu/lib/liblibc-bad9164fdeeecf92.rlib" "/opt/rustwide/rustup-home/toolchains/1.69.0-x86_64-unknown-linux-gnu/lib/rustlib/x86_64-unknown-linux-gnu/lib/liballoc-f9374b1e480fa681.rlib" "/opt/rustwide/rustup-home/toolchains/1.69.0-x86_64-unknown-linux-gnu/lib/rustlib/x86_64-unknown-linux-gnu/lib/librustc_std_workspace_core-207f06e41d9603af.rlib" "/opt/rustwide/rustup-home/toolchains/1.69.0-x86_64-unknown-linux-gnu/lib/rustlib/x86_64-unknown-linux-gnu/lib/libcore-7e2768e66e984e85.rlib" "/opt/rustwide/rustup-home/toolchains/1.69.0-x86_64-unknown-linux-gnu/lib/rustlib/x86_64-unknown-linux-gnu/lib/libcompiler_builtins-957b4aff41f8cd46.rlib" "-Wl,-Bdynamic" "-lgcc_s" "-lutil" "-lrt" "-lpthread" "-lm" "-ldl" "-lc" "-Wl,--eh-frame-hdr" "-Wl,-z,noexecstack" "-L" "/opt/rustwide/rustup-home/toolchains/1.69.0-x86_64-unknown-linux-gnu/lib/rustlib/x86_64-unknown-linux-gnu/lib" "-o" "/opt/rustwide/target/debug/build/rand_pcg-6cf6ccfd218f0d79/build_script_build-6cf6ccfd218f0d79" "-Wl,--gc-sections" "-pie" "-Wl,-z,relro,-z,now" "-nodefaultlibs"
[INFO] [stdout]   = note: /usr/bin/ld: final link failed: No space left on device
[INFO] [stdout]           collect2: error: ld returned 1 exit status
[INFO] [stdout]           
[INFO] [stdout] 
[INFO] [stdout] 
[INFO] [stdout] error: aborting due to previous error
[INFO] [stdout] 
[INFO] [stdout] 
[INFO] [stderr] error: could not compile `rand_pcg` due to 2 previous errors
[INFO] [stderr] error: could not compile `proc-macro2`
[INFO] [stderr] thread 'rustc' panicked at 'assertion failed: pos.get() <= self.position()', compiler/rustc_metadata/src/rmeta/encoder.rs:435:9
[INFO] [stderr] error: could not compile `futures`
[INFO] [stderr] thread 'rustc' panicked at 'assertion failed: pos.get() <= self.position()', compiler/rustc_metadata/src/rmeta/encoder.rs:435:9
[INFO] [stderr] thread 'rustc' panicked at 'assertion failed: pos.get() <= self.position()', compiler/rustc_metadata/src/rmeta/encoder.rs:435:9
[INFO] [stderr] error: could not compile `encoding`
[INFO] [stderr] error: could not compile `libc`
[INFO] running `Command { std: "docker" "inspect" "599907e2418d0c4afb480619a876f08f4377d6824c5e9c41b44a9519adf0f2cb", kill_on_drop: false }`
[INFO] running `Command { std: "docker" "rm" "-f" "599907e2418d0c4afb480619a876f08f4377d6824c5e9c41b44a9519adf0f2cb", kill_on_drop: false }`
[INFO] [stdout] 599907e2418d0c4afb480619a876f08f4377d6824c5e9c41b44a9519adf0f2cb
