[INFO] cloning repository https://github.com/Menschenkindlein/jump-n-shoot
[INFO] running `Command { std: "git" "-c" "credential.helper=" "-c" "credential.helper=/workspace/cargo-home/bin/git-credential-null" "clone" "--bare" "https://github.com/Menschenkindlein/jump-n-shoot" "/workspace/cache/git-repos/https%3A%2F%2Fgithub.com%2FMenschenkindlein%2Fjump-n-shoot", kill_on_drop: false }`
[INFO] [stderr] Cloning into bare repository '/workspace/cache/git-repos/https%3A%2F%2Fgithub.com%2FMenschenkindlein%2Fjump-n-shoot'...
[INFO] running `Command { std: "git" "rev-parse" "HEAD", kill_on_drop: false }`
[INFO] [stdout] 4b456f6236153d29ee2e52ee1184ffd8995bd97f
[INFO] documenting Menschenkindlein/jump-n-shoot against 1.69.0 for beta-1.70-rustdoc-1
[INFO] running `Command { std: "git" "clone" "/workspace/cache/git-repos/https%3A%2F%2Fgithub.com%2FMenschenkindlein%2Fjump-n-shoot" "/workspace/builds/worker-2-tc1/source", kill_on_drop: false }`
[INFO] [stderr] Cloning into '/workspace/builds/worker-2-tc1/source'...
[INFO] [stderr] done.
[INFO] validating manifest of git repo https://github.com/Menschenkindlein/jump-n-shoot on toolchain 1.69.0
[INFO] running `Command { std: CARGO_HOME="/workspace/cargo-home" RUSTUP_HOME="/workspace/rustup-home" "/workspace/cargo-home/bin/cargo" "+1.69.0" "metadata" "--manifest-path" "Cargo.toml" "--no-deps", kill_on_drop: false }`
[INFO] started tweaking git repo https://github.com/Menschenkindlein/jump-n-shoot
[INFO] finished tweaking git repo https://github.com/Menschenkindlein/jump-n-shoot
[INFO] tweaked toml for git repo https://github.com/Menschenkindlein/jump-n-shoot written to /workspace/builds/worker-2-tc1/source/Cargo.toml
[INFO] crate git repo https://github.com/Menschenkindlein/jump-n-shoot already has a lockfile, it will not be regenerated
[INFO] running `Command { std: CARGO_HOME="/workspace/cargo-home" RUSTUP_HOME="/workspace/rustup-home" "/workspace/cargo-home/bin/cargo" "+1.69.0" "fetch" "--manifest-path" "Cargo.toml", kill_on_drop: false }`
[INFO] [stderr]  Downloading crates ...
[INFO] [stderr]   Downloaded token_store v0.1.2
[INFO] [stderr]   Downloaded quote v0.6.6
[INFO] [stderr]   Downloaded interpolation v0.1.0
[INFO] [stderr]   Downloaded log v0.4.4
[INFO] [stderr]   Downloaded piston2d-graphics v0.26.0
[INFO] [stderr]   Downloaded piston v0.37.0
[INFO] [stderr]   Downloaded wayland-client v0.12.5
[INFO] [stderr]   Downloaded gl v0.10.0
[INFO] [stderr]   Downloaded pistoncore-window v0.32.0
[INFO] [stderr]   Downloaded wayland-sys v0.12.5
[INFO] [stderr]   Downloaded pistoncore-event_loop v0.37.0
[INFO] [stderr]   Downloaded proc-macro2 v0.4.13
[INFO] [stderr]   Downloaded wayland-scanner v0.12.5
[INFO] [stderr]   Downloaded cocoa v0.14.0
[INFO] [stderr]   Downloaded core-graphics v0.13.0
[INFO] [stderr]   Downloaded wayland-window v0.13.3
[INFO] [stderr]   Downloaded pistoncore-input v0.21.0
[INFO] [stderr]   Downloaded rusttype v0.4.3
[INFO] [stderr]   Downloaded wayland-kbd v0.13.1
[INFO] [stderr]   Downloaded wayland-protocols v0.12.5
[INFO] [stderr]   Downloaded syn v0.14.8
[INFO] [stderr]   Downloaded piston2d-gfx_graphics v0.51.0
[INFO] [stderr]   Downloaded piston_window v0.80.0
[INFO] [stderr]   Downloaded glutin v0.14.0
[INFO] [stderr]   Downloaded piston-gfx_texture v0.32.0
[INFO] [stderr]   Downloaded pistoncore-glutin_window v0.47.0
[INFO] [stderr]   Downloaded winit v0.12.0
[INFO] running `Command { std: "docker" "create" "-v" "/var/lib/crater-agent-workspace/builds/worker-2-tc1/target:/opt/rustwide/target:rw,Z" "-v" "/var/lib/crater-agent-workspace/builds/worker-2-tc1/source:/opt/rustwide/workdir:ro,Z" "-v" "/var/lib/crater-agent-workspace/cargo-home:/opt/rustwide/cargo-home:ro,Z" "-v" "/var/lib/crater-agent-workspace/rustup-home:/opt/rustwide/rustup-home:ro,Z" "-e" "SOURCE_DIR=/opt/rustwide/workdir" "-e" "CARGO_TARGET_DIR=/opt/rustwide/target" "-e" "CARGO_HOME=/opt/rustwide/cargo-home" "-e" "RUSTUP_HOME=/opt/rustwide/rustup-home" "-w" "/opt/rustwide/workdir" "-m" "1610612736" "--user" "0:0" "--network" "none" "ghcr.io/rust-lang/crates-build-env/linux@sha256:97d61d7686bf65f8ecb15491ab51835e82dc9176a96a831f143a431b191fc501" "/opt/rustwide/cargo-home/bin/cargo" "+1.69.0" "metadata" "--no-deps" "--format-version=1", kill_on_drop: false }`
[INFO] [stdout] 6f3e02b913251f88d1fa4b248a0ef3221a7620084469fcbad95a84c46a765e62
[INFO] running `Command { std: "docker" "start" "-a" "6f3e02b913251f88d1fa4b248a0ef3221a7620084469fcbad95a84c46a765e62", kill_on_drop: false }`
[INFO] running `Command { std: "docker" "inspect" "6f3e02b913251f88d1fa4b248a0ef3221a7620084469fcbad95a84c46a765e62", kill_on_drop: false }`
[INFO] running `Command { std: "docker" "rm" "-f" "6f3e02b913251f88d1fa4b248a0ef3221a7620084469fcbad95a84c46a765e62", kill_on_drop: false }`
[INFO] [stdout] 6f3e02b913251f88d1fa4b248a0ef3221a7620084469fcbad95a84c46a765e62
[INFO] running `Command { std: "docker" "create" "-v" "/var/lib/crater-agent-workspace/builds/worker-2-tc1/target:/opt/rustwide/target:rw,Z" "-v" "/var/lib/crater-agent-workspace/builds/worker-2-tc1/source:/opt/rustwide/workdir:ro,Z" "-v" "/var/lib/crater-agent-workspace/cargo-home:/opt/rustwide/cargo-home:ro,Z" "-v" "/var/lib/crater-agent-workspace/rustup-home:/opt/rustwide/rustup-home:ro,Z" "-e" "SOURCE_DIR=/opt/rustwide/workdir" "-e" "CARGO_TARGET_DIR=/opt/rustwide/target" "-e" "CARGO_INCREMENTAL=0" "-e" "RUST_BACKTRACE=full" "-e" "RUSTFLAGS=--cap-lints=warn" "-e" "RUSTDOCFLAGS=--cap-lints=warn" "-e" "CARGO_HOME=/opt/rustwide/cargo-home" "-e" "RUSTUP_HOME=/opt/rustwide/rustup-home" "-w" "/opt/rustwide/workdir" "-m" "1610612736" "--user" "0:0" "--network" "none" "ghcr.io/rust-lang/crates-build-env/linux@sha256:97d61d7686bf65f8ecb15491ab51835e82dc9176a96a831f143a431b191fc501" "/opt/rustwide/cargo-home/bin/cargo" "+1.69.0" "doc" "--frozen" "--no-deps" "--document-private-items" "--message-format=json", kill_on_drop: false }`
[INFO] [stdout] e77fca302e3a0bcc25743aaa168573efebee77cf0af5569566008cffef7ae746
[INFO] running `Command { std: "docker" "start" "-a" "e77fca302e3a0bcc25743aaa168573efebee77cf0af5569566008cffef7ae746", kill_on_drop: false }`
[INFO] [stderr]    Compiling bitflags v1.0.3
[INFO] [stderr]    Compiling version_check v0.1.4
[INFO] [stderr]     Checking libc v0.2.43
[INFO] [stderr]    Compiling num-traits v0.2.5
[INFO] [stderr]    Compiling khronos_api v2.2.0
[INFO] [stderr]    Compiling proc-macro2 v0.4.13
[INFO] [stderr]    Compiling unicode-xid v0.1.0
[INFO] [stderr]     Checking cfg-if v0.1.5
[INFO] [stderr]    Compiling cc v1.0.18
[INFO] [stderr]     Checking nodrop v0.1.12
[INFO] [stderr]     Checking piston-float v0.3.0
[INFO] [stderr]     Checking byteorder v1.2.4
[INFO] [stderr]    Compiling num-integer v0.1.39
[INFO] [stderr]     Checking memoffset v0.2.1
[INFO] [stderr]    Compiling xml-rs v0.7.0
[INFO] [stderr]    Compiling log v0.4.4
[INFO] [stderr]     Checking crossbeam-utils v0.2.2
[INFO] [stderr]     Checking scopeguard v0.3.3
[INFO] [stderr]     Checking arrayvec v0.4.7
[INFO] [stderr]    Compiling rayon-core v1.4.1
[INFO] [stderr]     Checking piston-viewport v0.3.0
[INFO] [stderr]    Compiling unicode-xid v0.0.4
[INFO] [stderr]    Compiling quote v0.3.15
[INFO] [stderr]    Compiling either v1.5.0
[INFO] [stderr]     Checking token_store v0.1.2
[INFO] [stderr]    Compiling serde v1.0.71
[INFO] [stderr]     Checking adler32 v1.0.3
[INFO] [stderr] LLVM ERROR: IO failure on output stream: No space left on device
[INFO] [stdout] error: couldn't create a temp dir: No space left on device (os error 28) at path "/opt/rustwide/target/debug/build/serde-1980b47000ab0a09/rmetaJQ5VhH"
[INFO] [stdout] 
[INFO] [stdout] 
[INFO] [stdout] error: couldn't create a temp dir: No space left on device (os error 28) at path "/opt/rustwide/target/debug/deps/rmetaswdTFL"
[INFO] [stdout] 
[INFO] [stdout] 
[INFO] [stdout] error: aborting due to previous error
[INFO] [stdout] 
[INFO] [stdout] 
[INFO] [stdout] error: aborting due to previous error
[INFO] [stdout] 
[INFO] [stdout] 
[INFO] [stderr] error: could not compile `log`
[INFO] [stderr] warning: build failed, waiting for other jobs to finish...
[INFO] [stdout] error: linking with `cc` failed: exit status: 1
[INFO] [stdout]   |
[INFO] [stdout]   = note: LC_ALL="C" PATH="/opt/rustwide/rustup-home/toolchains/1.69.0-x86_64-unknown-linux-gnu/lib/rustlib/x86_64-unknown-linux-gnu/bin:/opt/rustwide/cargo-home/bin:/usr/local/sbin:/usr/local/bin:/usr/sbin:/usr/bin:/sbin:/bin" VSLANG="1033" "cc" "-m64" "/tmp/rustcgrwbWu/symbols.o" "/opt/rustwide/target/debug/build/rayon-core-e31cce7e7e57f745/build_script_build-e31cce7e7e57f745.build_script_build.10831899-cgu.0.rcgu.o" "/opt/rustwide/target/debug/build/rayon-core-e31cce7e7e57f745/build_script_build-e31cce7e7e57f745.build_script_build.10831899-cgu.1.rcgu.o" "/opt/rustwide/target/debug/build/rayon-core-e31cce7e7e57f745/build_script_build-e31cce7e7e57f745.build_script_build.10831899-cgu.2.rcgu.o" "/opt/rustwide/target/debug/build/rayon-core-e31cce7e7e57f745/build_script_build-e31cce7e7e57f745.build_script_build.10831899-cgu.3.rcgu.o" "/opt/rustwide/target/debug/build/rayon-core-e31cce7e7e57f745/build_script_build-e31cce7e7e57f745.build_script_build.10831899-cgu.4.rcgu.o" "/opt/rustwide/target/debug/build/rayon-core-e31cce7e7e57f745/build_script_build-e31cce7e7e57f745.build_script_build.10831899-cgu.5.rcgu.o" "/opt/rustwide/target/debug/build/rayon-core-e31cce7e7e57f745/build_script_build-e31cce7e7e57f745.4kde7x8bmqkra42m.rcgu.o" "-Wl,--as-needed" "-L" "/opt/rustwide/target/debug/deps" "-L" "/opt/rustwide/rustup-home/toolchains/1.69.0-x86_64-unknown-linux-gnu/lib/rustlib/x86_64-unknown-linux-gnu/lib" "-Wl,-Bstatic" "/opt/rustwide/rustup-home/toolchains/1.69.0-x86_64-unknown-linux-gnu/lib/rustlib/x86_64-unknown-linux-gnu/lib/libstd-89bc084783fdc439.rlib" "/opt/rustwide/rustup-home/toolchains/1.69.0-x86_64-unknown-linux-gnu/lib/rustlib/x86_64-unknown-linux-gnu/lib/libpanic_unwind-8bee4b287d4367c1.rlib" "/opt/rustwide/rustup-home/toolchains/1.69.0-x86_64-unknown-linux-gnu/lib/rustlib/x86_64-unknown-linux-gnu/lib/libobject-d61707aed80694c0.rlib" "/opt/rustwide/rustup-home/toolchains/1.69.0-x86_64-unknown-linux-gnu/lib/rustlib/x86_64-unknown-linux-gnu/lib/libmemchr-d85366256f22345b.rlib" "/opt/rustwide/rustup-home/toolchains/1.69.0-x86_64-unknown-linux-gnu/lib/rustlib/x86_64-unknown-linux-gnu/lib/libaddr2line-96069b86b8a8cae9.rlib" "/opt/rustwide/rustup-home/toolchains/1.69.0-x86_64-unknown-linux-gnu/lib/rustlib/x86_64-unknown-linux-gnu/lib/libgimli-d19d53abf68dfa6c.rlib" "/opt/rustwide/rustup-home/toolchains/1.69.0-x86_64-unknown-linux-gnu/lib/rustlib/x86_64-unknown-linux-gnu/lib/librustc_demangle-787cbccd19d64ac6.rlib" "/opt/rustwide/rustup-home/toolchains/1.69.0-x86_64-unknown-linux-gnu/lib/rustlib/x86_64-unknown-linux-gnu/lib/libstd_detect-b3837a36b830e0d0.rlib" "/opt/rustwide/rustup-home/toolchains/1.69.0-x86_64-unknown-linux-gnu/lib/rustlib/x86_64-unknown-linux-gnu/lib/libhashbrown-e3deb0e7e3f04966.rlib" "/opt/rustwide/rustup-home/toolchains/1.69.0-x86_64-unknown-linux-gnu/lib/rustlib/x86_64-unknown-linux-gnu/lib/libminiz_oxide-dabbb79c9815def4.rlib" "/opt/rustwide/rustup-home/toolchains/1.69.0-x86_64-unknown-linux-gnu/lib/rustlib/x86_64-unknown-linux-gnu/lib/libadler-305b01f34c9409f2.rlib" "/opt/rustwide/rustup-home/toolchains/1.69.0-x86_64-unknown-linux-gnu/lib/rustlib/x86_64-unknown-linux-gnu/lib/librustc_std_workspace_alloc-f833521df6074e73.rlib" "/opt/rustwide/rustup-home/toolchains/1.69.0-x86_64-unknown-linux-gnu/lib/rustlib/x86_64-unknown-linux-gnu/lib/libunwind-9ac333113350d171.rlib" "/opt/rustwide/rustup-home/toolchains/1.69.0-x86_64-unknown-linux-gnu/lib/rustlib/x86_64-unknown-linux-gnu/lib/libcfg_if-1c126114322d0eee.rlib" "/opt/rustwide/rustup-home/toolchains/1.69.0-x86_64-unknown-linux-gnu/lib/rustlib/x86_64-unknown-linux-gnu/lib/liblibc-bad9164fdeeecf92.rlib" "/opt/rustwide/rustup-home/toolchains/1.69.0-x86_64-unknown-linux-gnu/lib/rustlib/x86_64-unknown-linux-gnu/lib/liballoc-f9374b1e480fa681.rlib" "/opt/rustwide/rustup-home/toolchains/1.69.0-x86_64-unknown-linux-gnu/lib/rustlib/x86_64-unknown-linux-gnu/lib/librustc_std_workspace_core-207f06e41d9603af.rlib" "/opt/rustwide/rustup-home/toolchains/1.69.0-x86_64-unknown-linux-gnu/lib/rustlib/x86_64-unknown-linux-gnu/lib/libcore-7e2768e66e984e85.rlib" "/opt/rustwide/rustup-home/toolchains/1.69.0-x86_64-unknown-linux-gnu/lib/rustlib/x86_64-unknown-linux-gnu/lib/libcompiler_builtins-957b4aff41f8cd46.rlib" "-Wl,-Bdynamic" "-lgcc_s" "-lutil" "-lrt" "-lpthread" "-lm" "-ldl" "-lc" "-Wl,--eh-frame-hdr" "-Wl,-z,noexecstack" "-L" "/opt/rustwide/rustup-home/toolchains/1.69.0-x86_64-unknown-linux-gnu/lib/rustlib/x86_64-unknown-linux-gnu/lib" "-o" "/opt/rustwide/target/debug/build/rayon-core-e31cce7e7e57f745/build_script_build-e31cce7e7e57f745" "-Wl,--gc-sections" "-pie" "-Wl,-z,relro,-z,now" "-nodefaultlibs"
[INFO] [stdout]   = note: /usr/bin/ld: final link failed: No space left on device
[INFO] [stdout]           collect2: error: ld returned 1 exit status
[INFO] [stdout]           
[INFO] [stdout] 
[INFO] [stdout] 
[INFO] [stdout] error: aborting due to previous error
[INFO] [stdout] 
[INFO] [stdout] 
[INFO] [stderr] error: could not compile `either` due to 2 previous errors
[INFO] [stdout] error: linking with `cc` failed: exit status: 1
[INFO] [stdout]   |
[INFO] [stdout]   = note: LC_ALL="C" PATH="/opt/rustwide/rustup-home/toolchains/1.69.0-x86_64-unknown-linux-gnu/lib/rustlib/x86_64-unknown-linux-gnu/bin:/opt/rustwide/cargo-home/bin:/usr/local/sbin:/usr/local/bin:/usr/sbin:/usr/bin:/sbin:/bin" VSLANG="1033" "cc" "-m64" "/tmp/rustcxmLTF1/symbols.o" "/opt/rustwide/target/debug/build/khronos_api-7b1f1d772a9f3bce/build_script_build-7b1f1d772a9f3bce.build_script_build.9a976bb0-cgu.0.rcgu.o" "/opt/rustwide/target/debug/build/khronos_api-7b1f1d772a9f3bce/build_script_build-7b1f1d772a9f3bce.build_script_build.9a976bb0-cgu.1.rcgu.o" "/opt/rustwide/target/debug/build/khronos_api-7b1f1d772a9f3bce/build_script_build-7b1f1d772a9f3bce.build_script_build.9a976bb0-cgu.10.rcgu.o" "/opt/rustwide/target/debug/build/khronos_api-7b1f1d772a9f3bce/build_script_build-7b1f1d772a9f3bce.build_script_build.9a976bb0-cgu.11.rcgu.o" "/opt/rustwide/target/debug/build/khronos_api-7b1f1d772a9f3bce/build_script_build-7b1f1d772a9f3bce.build_script_build.9a976bb0-cgu.12.rcgu.o" "/opt/rustwide/target/debug/build/khronos_api-7b1f1d772a9f3bce/build_script_build-7b1f1d772a9f3bce.build_script_build.9a976bb0-cgu.13.rcgu.o" "/opt/rustwide/target/debug/build/khronos_api-7b1f1d772a9f3bce/build_script_build-7b1f1d772a9f3bce.build_script_build.9a976bb0-cgu.14.rcgu.o" "/opt/rustwide/target/debug/build/khronos_api-7b1f1d772a9f3bce/build_script_build-7b1f1d772a9f3bce.build_script_build.9a976bb0-cgu.15.rcgu.o" "/opt/rustwide/target/debug/build/khronos_api-7b1f1d772a9f3bce/build_script_build-7b1f1d772a9f3bce.build_script_build.9a976bb0-cgu.2.rcgu.o" "/opt/rustwide/target/debug/build/khronos_api-7b1f1d772a9f3bce/build_script_build-7b1f1d772a9f3bce.build_script_build.9a976bb0-cgu.3.rcgu.o" "/opt/rustwide/target/debug/build/khronos_api-7b1f1d772a9f3bce/build_script_build-7b1f1d772a9f3bce.build_script_build.9a976bb0-cgu.4.rcgu.o" "/opt/rustwide/target/debug/build/khronos_api-7b1f1d772a9f3bce/build_script_build-7b1f1d772a9f3bce.build_script_build.9a976bb0-cgu.5.rcgu.o" "/opt/rustwide/target/debug/build/khronos_api-7b1f1d772a9f3bce/build_script_build-7b1f1d772a9f3bce.build_script_build.9a976bb0-cgu.6.rcgu.o" "/opt/rustwide/target/debug/build/khronos_api-7b1f1d772a9f3bce/build_script_build-7b1f1d772a9f3bce.build_script_build.9a976bb0-cgu.7.rcgu.o" "/opt/rustwide/target/debug/build/khronos_api-7b1f1d772a9f3bce/build_script_build-7b1f1d772a9f3bce.build_script_build.9a976bb0-cgu.8.rcgu.o" "/opt/rustwide/target/debug/build/khronos_api-7b1f1d772a9f3bce/build_script_build-7b1f1d772a9f3bce.build_script_build.9a976bb0-cgu.9.rcgu.o" "/opt/rustwide/target/debug/build/khronos_api-7b1f1d772a9f3bce/build_script_build-7b1f1d772a9f3bce.55vqihd6vus7kpbl.rcgu.o" "-Wl,--as-needed" "-L" "/opt/rustwide/target/debug/deps" "-L" "/opt/rustwide/rustup-home/toolchains/1.69.0-x86_64-unknown-linux-gnu/lib/rustlib/x86_64-unknown-linux-gnu/lib" "-Wl,-Bstatic" "/opt/rustwide/rustup-home/toolchains/1.69.0-x86_64-unknown-linux-gnu/lib/rustlib/x86_64-unknown-linux-gnu/lib/libstd-89bc084783fdc439.rlib" "/opt/rustwide/rustup-home/toolchains/1.69.0-x86_64-unknown-linux-gnu/lib/rustlib/x86_64-unknown-linux-gnu/lib/libpanic_unwind-8bee4b287d4367c1.rlib" "/opt/rustwide/rustup-home/toolchains/1.69.0-x86_64-unknown-linux-gnu/lib/rustlib/x86_64-unknown-linux-gnu/lib/libobject-d61707aed80694c0.rlib" "/opt/rustwide/rustup-home/toolchains/1.69.0-x86_64-unknown-linux-gnu/lib/rustlib/x86_64-unknown-linux-gnu/lib/libmemchr-d85366256f22345b.rlib" "/opt/rustwide/rustup-home/toolchains/1.69.0-x86_64-unknown-linux-gnu/lib/rustlib/x86_64-unknown-linux-gnu/lib/libaddr2line-96069b86b8a8cae9.rlib" "/opt/rustwide/rustup-home/toolchains/1.69.0-x86_64-unknown-linux-gnu/lib/rustlib/x86_64-unknown-linux-gnu/lib/libgimli-d19d53abf68dfa6c.rlib" "/opt/rustwide/rustup-home/toolchains/1.69.0-x86_64-unknown-linux-gnu/lib/rustlib/x86_64-unknown-linux-gnu/lib/librustc_demangle-787cbccd19d64ac6.rlib" "/opt/rustwide/rustup-home/toolchains/1.69.0-x86_64-unknown-linux-gnu/lib/rustlib/x86_64-unknown-linux-gnu/lib/libstd_detect-b3837a36b830e0d0.rlib" "/opt/rustwide/rustup-home/toolchains/1.69.0-x86_64-unknown-linux-gnu/lib/rustlib/x86_64-unknown-linux-gnu/lib/libhashbrown-e3deb0e7e3f04966.rlib" "/opt/rustwide/rustup-home/toolchains/1.69.0-x86_64-unknown-linux-gnu/lib/rustlib/x86_64-unknown-linux-gnu/lib/libminiz_oxide-dabbb79c9815def4.rlib" "/opt/rustwide/rustup-home/toolchains/1.69.0-x86_64-unknown-linux-gnu/lib/rustlib/x86_64-unknown-linux-gnu/lib/libadler-305b01f34c9409f2.rlib" "/opt/rustwide/rustup-home/toolchains/1.69.0-x86_64-unknown-linux-gnu/lib/rustlib/x86_64-unknown-linux-gnu/lib/librustc_std_workspace_alloc-f833521df6074e73.rlib" "/opt/rustwide/rustup-home/toolchains/1.69.0-x86_64-unknown-linux-gnu/lib/rustlib/x86_64-unknown-linux-gnu/lib/libunwind-9ac333113350d171.rlib" "/opt/rustwide/rustup-home/toolchains/1.69.0-x86_64-unknown-linux-gnu/lib/rustlib/x86_64-unknown-linux-gnu/lib/libcfg_if-1c126114322d0eee.rlib" "/opt/rustwide/rustup-home/toolchains/1.69.0-x86_64-unknown-linux-gnu/lib/rustlib/x86_64-unknown-linux-gnu/lib/liblibc-bad9164fdeeecf92.rlib" "/opt/rustwide/rustup-home/toolchains/1.69.0-x86_64-unknown-linux-gnu/lib/rustlib/x86_64-unknown-linux-gnu/lib/liballoc-f9374b1e480fa681.rlib" "/opt/rustwide/rustup-home/toolchains/1.69.0-x86_64-unknown-linux-gnu/lib/rustlib/x86_64-unknown-linux-gnu/lib/librustc_std_workspace_core-207f06e41d9603af.rlib" "/opt/rustwide/rustup-home/toolchains/1.69.0-x86_64-unknown-linux-gnu/lib/rustlib/x86_64-unknown-linux-gnu/lib/libcore-7e2768e66e984e85.rlib" "/opt/rustwide/rustup-home/toolchains/1.69.0-x86_64-unknown-linux-gnu/lib/rustlib/x86_64-unknown-linux-gnu/lib/libcompiler_builtins-957b4aff41f8cd46.rlib" "-Wl,-Bdynamic" "-lgcc_s" "-lutil" "-lrt" "-lpthread" "-lm" "-ldl" "-lc" "-Wl,--eh-frame-hdr" "-Wl,-z,noexecstack" "-L" "/opt/rustwide/rustup-home/toolchains/1.69.0-x86_64-unknown-linux-gnu/lib/rustlib/x86_64-unknown-linux-gnu/lib" "-o" "/opt/rustwide/target/debug/build/khronos_api-7b1f1d772a9f3bce/build_script_build-7b1f1d772a9f3bce" "-Wl,--gc-sections" "-pie" "-Wl,-z,relro,-z,now" "-nodefaultlibs"
[INFO] [stdout]   = note: /usr/bin/ld: final link failed: No space left on device
[INFO] [stdout]           collect2: error: ld returned 1 exit status
[INFO] [stdout]           
[INFO] [stdout] 
[INFO] [stdout] 
[INFO] [stdout] error: aborting due to previous error
[INFO] [stdout] 
[INFO] [stdout] 
[INFO] [stderr] error: could not compile `serde` due to 2 previous errors
[INFO] [stderr] error: could not compile `rayon-core` due to 2 previous errors
[INFO] [stderr] error: could not compile `khronos_api` due to 2 previous errors
[INFO] [stdout] error: linking with `cc` failed: exit status: 1
[INFO] [stdout]   |
[INFO] [stdout]   = note: LC_ALL="C" PATH="/opt/rustwide/rustup-home/toolchains/1.69.0-x86_64-unknown-linux-gnu/lib/rustlib/x86_64-unknown-linux-gnu/bin:/opt/rustwide/cargo-home/bin:/usr/local/sbin:/usr/local/bin:/usr/sbin:/usr/bin:/sbin:/bin" VSLANG="1033" "cc" "-m64" "/tmp/rustcgTi0Vf/symbols.o" "/opt/rustwide/target/debug/build/num-integer-853af06b436bd74d/build_script_build-853af06b436bd74d.build_script_build.6335a021-cgu.0.rcgu.o" "/opt/rustwide/target/debug/build/num-integer-853af06b436bd74d/build_script_build-853af06b436bd74d.build_script_build.6335a021-cgu.1.rcgu.o" "/opt/rustwide/target/debug/build/num-integer-853af06b436bd74d/build_script_build-853af06b436bd74d.build_script_build.6335a021-cgu.10.rcgu.o" "/opt/rustwide/target/debug/build/num-integer-853af06b436bd74d/build_script_build-853af06b436bd74d.build_script_build.6335a021-cgu.11.rcgu.o" "/opt/rustwide/target/debug/build/num-integer-853af06b436bd74d/build_script_build-853af06b436bd74d.build_script_build.6335a021-cgu.12.rcgu.o" "/opt/rustwide/target/debug/build/num-integer-853af06b436bd74d/build_script_build-853af06b436bd74d.build_script_build.6335a021-cgu.13.rcgu.o" "/opt/rustwide/target/debug/build/num-integer-853af06b436bd74d/build_script_build-853af06b436bd74d.build_script_build.6335a021-cgu.14.rcgu.o" "/opt/rustwide/target/debug/build/num-integer-853af06b436bd74d/build_script_build-853af06b436bd74d.build_script_build.6335a021-cgu.15.rcgu.o" "/opt/rustwide/target/debug/build/num-integer-853af06b436bd74d/build_script_build-853af06b436bd74d.build_script_build.6335a021-cgu.2.rcgu.o" "/opt/rustwide/target/debug/build/num-integer-853af06b436bd74d/build_script_build-853af06b436bd74d.build_script_build.6335a021-cgu.3.rcgu.o" "/opt/rustwide/target/debug/build/num-integer-853af06b436bd74d/build_script_build-853af06b436bd74d.build_script_build.6335a021-cgu.4.rcgu.o" "/opt/rustwide/target/debug/build/num-integer-853af06b436bd74d/build_script_build-853af06b436bd74d.build_script_build.6335a021-cgu.5.rcgu.o" "/opt/rustwide/target/debug/build/num-integer-853af06b436bd74d/build_script_build-853af06b436bd74d.build_script_build.6335a021-cgu.6.rcgu.o" "/opt/rustwide/target/debug/build/num-integer-853af06b436bd74d/build_script_build-853af06b436bd74d.build_script_build.6335a021-cgu.7.rcgu.o" "/opt/rustwide/target/debug/build/num-integer-853af06b436bd74d/build_script_build-853af06b436bd74d.build_script_build.6335a021-cgu.8.rcgu.o" "/opt/rustwide/target/debug/build/num-integer-853af06b436bd74d/build_script_build-853af06b436bd74d.build_script_build.6335a021-cgu.9.rcgu.o" "/opt/rustwide/target/debug/build/num-integer-853af06b436bd74d/build_script_build-853af06b436bd74d.ybw1x296iute9lu.rcgu.o" "-Wl,--as-needed" "-L" "/opt/rustwide/target/debug/deps" "-L" "/opt/rustwide/rustup-home/toolchains/1.69.0-x86_64-unknown-linux-gnu/lib/rustlib/x86_64-unknown-linux-gnu/lib" "-Wl,-Bstatic" "/opt/rustwide/rustup-home/toolchains/1.69.0-x86_64-unknown-linux-gnu/lib/rustlib/x86_64-unknown-linux-gnu/lib/libstd-89bc084783fdc439.rlib" "/opt/rustwide/rustup-home/toolchains/1.69.0-x86_64-unknown-linux-gnu/lib/rustlib/x86_64-unknown-linux-gnu/lib/libpanic_unwind-8bee4b287d4367c1.rlib" "/opt/rustwide/rustup-home/toolchains/1.69.0-x86_64-unknown-linux-gnu/lib/rustlib/x86_64-unknown-linux-gnu/lib/libobject-d61707aed80694c0.rlib" "/opt/rustwide/rustup-home/toolchains/1.69.0-x86_64-unknown-linux-gnu/lib/rustlib/x86_64-unknown-linux-gnu/lib/libmemchr-d85366256f22345b.rlib" "/opt/rustwide/rustup-home/toolchains/1.69.0-x86_64-unknown-linux-gnu/lib/rustlib/x86_64-unknown-linux-gnu/lib/libaddr2line-96069b86b8a8cae9.rlib" "/opt/rustwide/rustup-home/toolchains/1.69.0-x86_64-unknown-linux-gnu/lib/rustlib/x86_64-unknown-linux-gnu/lib/libgimli-d19d53abf68dfa6c.rlib" "/opt/rustwide/rustup-home/toolchains/1.69.0-x86_64-unknown-linux-gnu/lib/rustlib/x86_64-unknown-linux-gnu/lib/librustc_demangle-787cbccd19d64ac6.rlib" "/opt/rustwide/rustup-home/toolchains/1.69.0-x86_64-unknown-linux-gnu/lib/rustlib/x86_64-unknown-linux-gnu/lib/libstd_detect-b3837a36b830e0d0.rlib" "/opt/rustwide/rustup-home/toolchains/1.69.0-x86_64-unknown-linux-gnu/lib/rustlib/x86_64-unknown-linux-gnu/lib/libhashbrown-e3deb0e7e3f04966.rlib" "/opt/rustwide/rustup-home/toolchains/1.69.0-x86_64-unknown-linux-gnu/lib/rustlib/x86_64-unknown-linux-gnu/lib/libminiz_oxide-dabbb79c9815def4.rlib" "/opt/rustwide/rustup-home/toolchains/1.69.0-x86_64-unknown-linux-gnu/lib/rustlib/x86_64-unknown-linux-gnu/lib/libadler-305b01f34c9409f2.rlib" "/opt/rustwide/rustup-home/toolchains/1.69.0-x86_64-unknown-linux-gnu/lib/rustlib/x86_64-unknown-linux-gnu/lib/librustc_std_workspace_alloc-f833521df6074e73.rlib" "/opt/rustwide/rustup-home/toolchains/1.69.0-x86_64-unknown-linux-gnu/lib/rustlib/x86_64-unknown-linux-gnu/lib/libunwind-9ac333113350d171.rlib" "/opt/rustwide/rustup-home/toolchains/1.69.0-x86_64-unknown-linux-gnu/lib/rustlib/x86_64-unknown-linux-gnu/lib/libcfg_if-1c126114322d0eee.rlib" "/opt/rustwide/rustup-home/toolchains/1.69.0-x86_64-unknown-linux-gnu/lib/rustlib/x86_64-unknown-linux-gnu/lib/liblibc-bad9164fdeeecf92.rlib" "/opt/rustwide/rustup-home/toolchains/1.69.0-x86_64-unknown-linux-gnu/lib/rustlib/x86_64-unknown-linux-gnu/lib/liballoc-f9374b1e480fa681.rlib" "/opt/rustwide/rustup-home/toolchains/1.69.0-x86_64-unknown-linux-gnu/lib/rustlib/x86_64-unknown-linux-gnu/lib/librustc_std_workspace_core-207f06e41d9603af.rlib" "/opt/rustwide/rustup-home/toolchains/1.69.0-x86_64-unknown-linux-gnu/lib/rustlib/x86_64-unknown-linux-gnu/lib/libcore-7e2768e66e984e85.rlib" "/opt/rustwide/rustup-home/toolchains/1.69.0-x86_64-unknown-linux-gnu/lib/rustlib/x86_64-unknown-linux-gnu/lib/libcompiler_builtins-957b4aff41f8cd46.rlib" "-Wl,-Bdynamic" "-lgcc_s" "-lutil" "-lrt" "-lpthread" "-lm" "-ldl" "-lc" "-Wl,--eh-frame-hdr" "-Wl,-z,noexecstack" "-L" "/opt/rustwide/rustup-home/toolchains/1.69.0-x86_64-unknown-linux-gnu/lib/rustlib/x86_64-unknown-linux-gnu/lib" "-o" "/opt/rustwide/target/debug/build/num-integer-853af06b436bd74d/build_script_build-853af06b436bd74d" "-Wl,--gc-sections" "-pie" "-Wl,-z,relro,-z,now" "-nodefaultlibs"
[INFO] [stdout]   = note: /usr/bin/ld: final link failed: No space left on device
[INFO] [stdout]           collect2: error: ld returned 1 exit status
[INFO] [stdout]           
[INFO] [stdout] 
[INFO] [stdout] 
[INFO] [stdout] error: aborting due to previous error
[INFO] [stdout] 
[INFO] [stdout] 
[INFO] [stderr] error: could not compile `num-integer` due to 2 previous errors
[INFO] [stderr] LLVM ERROR: IO failure on output stream: No space left on device
[INFO] [stderr] error: could not compile `cc`
[INFO] [stderr] thread 'rustc' panicked at 'assertion failed: pos.get() <= self.position()', compiler/rustc_metadata/src/rmeta/encoder.rs:454:9
[INFO] [stderr] error: could not compile `xml-rs`
[INFO] running `Command { std: "docker" "inspect" "e77fca302e3a0bcc25743aaa168573efebee77cf0af5569566008cffef7ae746", kill_on_drop: false }`
[INFO] running `Command { std: "docker" "rm" "-f" "e77fca302e3a0bcc25743aaa168573efebee77cf0af5569566008cffef7ae746", kill_on_drop: false }`
[INFO] [stdout] e77fca302e3a0bcc25743aaa168573efebee77cf0af5569566008cffef7ae746
