[INFO] cloning repository https://github.com/MallabaevAzamat/ffgui
[INFO] running `Command { std: "git" "-c" "credential.helper=" "-c" "credential.helper=/workspace/cargo-home/bin/git-credential-null" "clone" "--bare" "https://github.com/MallabaevAzamat/ffgui" "/workspace/cache/git-repos/https%3A%2F%2Fgithub.com%2FMallabaevAzamat%2Fffgui", kill_on_drop: false }`
[INFO] [stderr] Cloning into bare repository '/workspace/cache/git-repos/https%3A%2F%2Fgithub.com%2FMallabaevAzamat%2Fffgui'...
[INFO] running `Command { std: "git" "rev-parse" "HEAD", kill_on_drop: false }`
[INFO] [stdout] f700bf148ed1e18cffdda6c560e4709c15d76a11
[INFO] documenting MallabaevAzamat/ffgui against 1.69.0 for beta-1.70-rustdoc-1
[INFO] running `Command { std: "git" "clone" "/workspace/cache/git-repos/https%3A%2F%2Fgithub.com%2FMallabaevAzamat%2Fffgui" "/workspace/builds/worker-2-tc1/source", kill_on_drop: false }`
[INFO] [stderr] Cloning into '/workspace/builds/worker-2-tc1/source'...
[INFO] [stderr] done.
[INFO] validating manifest of git repo https://github.com/MallabaevAzamat/ffgui on toolchain 1.69.0
[INFO] running `Command { std: CARGO_HOME="/workspace/cargo-home" RUSTUP_HOME="/workspace/rustup-home" "/workspace/cargo-home/bin/cargo" "+1.69.0" "metadata" "--manifest-path" "Cargo.toml" "--no-deps", kill_on_drop: false }`
[INFO] started tweaking git repo https://github.com/MallabaevAzamat/ffgui
[INFO] finished tweaking git repo https://github.com/MallabaevAzamat/ffgui
[INFO] tweaked toml for git repo https://github.com/MallabaevAzamat/ffgui written to /workspace/builds/worker-2-tc1/source/Cargo.toml
[INFO] crate git repo https://github.com/MallabaevAzamat/ffgui already has a lockfile, it will not be regenerated
[INFO] running `Command { std: CARGO_HOME="/workspace/cargo-home" RUSTUP_HOME="/workspace/rustup-home" "/workspace/cargo-home/bin/cargo" "+1.69.0" "fetch" "--manifest-path" "Cargo.toml", kill_on_drop: false }`
[INFO] [stderr]  Downloading crates ...
[INFO] [stderr]   Downloaded eframe v0.11.0
[INFO] [stderr]   Downloaded egui_glium v0.11.0
[INFO] [stderr]   Downloaded egui_web v0.11.0
[INFO] [stderr]   Downloaded wayland-egl v0.28.5
[INFO] [stderr]   Downloaded ureq v2.0.2
[INFO] [stderr]   Downloaded x11-clipboard v0.5.1
[INFO] [stderr]   Downloaded emath v0.11.0
[INFO] [stderr]   Downloaded epi v0.11.0
[INFO] [stderr]   Downloaded ordered-float v2.1.1
[INFO] [stderr]   Downloaded egui v0.11.0
[INFO] [stderr]   Downloaded once_cell v1.7.0
[INFO] [stderr]   Downloaded epaint v0.11.0
[INFO] running `Command { std: "docker" "create" "-v" "/var/lib/crater-agent-workspace/builds/worker-2-tc1/target:/opt/rustwide/target:rw,Z" "-v" "/var/lib/crater-agent-workspace/builds/worker-2-tc1/source:/opt/rustwide/workdir:ro,Z" "-v" "/var/lib/crater-agent-workspace/cargo-home:/opt/rustwide/cargo-home:ro,Z" "-v" "/var/lib/crater-agent-workspace/rustup-home:/opt/rustwide/rustup-home:ro,Z" "-e" "SOURCE_DIR=/opt/rustwide/workdir" "-e" "CARGO_TARGET_DIR=/opt/rustwide/target" "-e" "CARGO_HOME=/opt/rustwide/cargo-home" "-e" "RUSTUP_HOME=/opt/rustwide/rustup-home" "-w" "/opt/rustwide/workdir" "-m" "1610612736" "--user" "0:0" "--network" "none" "ghcr.io/rust-lang/crates-build-env/linux@sha256:97d61d7686bf65f8ecb15491ab51835e82dc9176a96a831f143a431b191fc501" "/opt/rustwide/cargo-home/bin/cargo" "+1.69.0" "metadata" "--no-deps" "--format-version=1", kill_on_drop: false }`
[INFO] [stdout] cf18dae040e6859ce9046b2a2560c66fc116cfa94497e38a4119da986a912790
[INFO] running `Command { std: "docker" "start" "-a" "cf18dae040e6859ce9046b2a2560c66fc116cfa94497e38a4119da986a912790", kill_on_drop: false }`
[INFO] running `Command { std: "docker" "inspect" "cf18dae040e6859ce9046b2a2560c66fc116cfa94497e38a4119da986a912790", kill_on_drop: false }`
[INFO] running `Command { std: "docker" "rm" "-f" "cf18dae040e6859ce9046b2a2560c66fc116cfa94497e38a4119da986a912790", kill_on_drop: false }`
[INFO] [stdout] cf18dae040e6859ce9046b2a2560c66fc116cfa94497e38a4119da986a912790
[INFO] running `Command { std: "docker" "create" "-v" "/var/lib/crater-agent-workspace/builds/worker-2-tc1/target:/opt/rustwide/target:rw,Z" "-v" "/var/lib/crater-agent-workspace/builds/worker-2-tc1/source:/opt/rustwide/workdir:ro,Z" "-v" "/var/lib/crater-agent-workspace/cargo-home:/opt/rustwide/cargo-home:ro,Z" "-v" "/var/lib/crater-agent-workspace/rustup-home:/opt/rustwide/rustup-home:ro,Z" "-e" "SOURCE_DIR=/opt/rustwide/workdir" "-e" "CARGO_TARGET_DIR=/opt/rustwide/target" "-e" "CARGO_INCREMENTAL=0" "-e" "RUST_BACKTRACE=full" "-e" "RUSTFLAGS=--cap-lints=warn" "-e" "RUSTDOCFLAGS=--cap-lints=warn" "-e" "CARGO_HOME=/opt/rustwide/cargo-home" "-e" "RUSTUP_HOME=/opt/rustwide/rustup-home" "-w" "/opt/rustwide/workdir" "-m" "1610612736" "--user" "0:0" "--network" "none" "ghcr.io/rust-lang/crates-build-env/linux@sha256:97d61d7686bf65f8ecb15491ab51835e82dc9176a96a831f143a431b191fc501" "/opt/rustwide/cargo-home/bin/cargo" "+1.69.0" "doc" "--frozen" "--no-deps" "--document-private-items" "--message-format=json", kill_on_drop: false }`
[INFO] [stdout] 2c9936575c6869bbae3f58f73b56ce4e932d588dc215774f783af276a749e559
[INFO] running `Command { std: "docker" "start" "-a" "2c9936575c6869bbae3f58f73b56ce4e932d588dc215774f783af276a749e559", kill_on_drop: false }`
[INFO] [stderr]    Compiling libc v0.2.86
[INFO] [stderr]     Checking cfg-if v1.0.0
[INFO] [stderr]    Compiling xml-rs v0.8.3
[INFO] [stderr]    Compiling log v0.4.14
[INFO] [stderr]    Compiling proc-macro2 v1.0.26
[INFO] [stderr]    Compiling pkg-config v0.3.19
[INFO] [stderr]    Compiling version_check v0.9.2
[INFO] [stderr]    Compiling unicode-xid v0.2.1
[INFO] [stderr]    Compiling bitflags v1.2.1
[INFO] [stderr]     Checking lazy_static v1.4.0
[INFO] [stderr]    Compiling autocfg v1.0.1
[INFO] [stderr]     Checking once_cell v1.7.0
[INFO] [stderr]    Compiling khronos_api v3.1.0
[INFO] [stderr]     Checking smallvec v1.6.1
[INFO] [stderr]     Checking ttf-parser v0.6.2
[INFO] [stderr]     Checking libloading v0.7.0
[INFO] [stderr]    Compiling memchr v2.3.4
[INFO] [stderr]     Checking ab_glyph_rasterizer v0.1.4
[INFO] [stderr]     Checking cfg-if v0.1.10
[INFO] [stderr]     Checking downcast-rs v1.2.0
[INFO] [stderr]     Checking scoped-tls v1.0.0
[INFO] [stderr]    Compiling nix v0.18.0
[INFO] [stderr]     Checking dlib v0.5.0
[INFO] [stderr]     Checking same-file v1.0.6
[INFO] [stderr]     Checking libloading v0.6.7
[INFO] [stderr]     Checking walkdir v2.3.1
[INFO] [stderr]    Compiling nom v6.1.2
[INFO] [stderr]     Checking xdg v2.2.0
[INFO] [stderr]    Compiling maybe-uninit v2.0.0
[INFO] [stderr]    Compiling num-traits v0.2.14
[INFO] [stderr]     Checking dlib v0.4.2
[INFO] [stderr]    Compiling getrandom v0.2.2
[INFO] [stderr]    Compiling ahash v0.7.2
[INFO] [stderr]     Checking instant v0.1.9
[INFO] [stderr]    Compiling wayland-sys v0.28.5
[INFO] [stderr]    Compiling x11-dl v2.18.5
[INFO] [stderr]     Checking scopeguard v1.1.0
[INFO] [stderr]     Checking slab v0.4.2
[INFO] [stderr]    Compiling gl_generator v0.14.0
[INFO] [stderr]     Checking lock_api v0.4.2
[INFO] [stderr]    Compiling miniz_oxide v0.4.4
[INFO] [stderr]     Checking lazycell v1.3.0
[INFO] [stderr]    Compiling memoffset v0.6.1
[INFO] [stderr]    Compiling quote v1.0.9
[INFO] [stderr]     Checking percent-encoding v2.1.0
[INFO] [stderr]     Checking emath v0.11.0
[INFO] [stderr]     Checking adler v1.0.2
[INFO] [stderr]     Checking atomic_refcell v0.1.6
[INFO] [stderr]     Checking gimli v0.23.0
[INFO] [stderr]     Checking rustc-demangle v0.1.18
[INFO] [stderr]     Checking object v0.23.0
[INFO] [stderr]     Checking fnv v1.0.7
[INFO] [stderr]     Checking owned_ttf_parser v0.6.0
[INFO] [stderr]    Compiling wayland-scanner v0.28.5
[INFO] [stderr]     Checking takeable-option v0.5.0
[INFO] [stderr]     Checking rusttype v0.9.2
[INFO] [stderr]     Checking webbrowser v0.5.5
[INFO] [stderr]     Checking andrew v0.3.1
[INFO] [stderr]    Compiling glutin_glx_sys v0.1.7
[INFO] [stderr]    Compiling glutin_egl_sys v0.1.5
[INFO] [stderr]    Compiling glium v0.29.0
[INFO] [stderr]     Checking nix v0.20.0
[INFO] [stderr]     Checking memmap2 v0.1.0
[INFO] [stderr]     Checking net2 v0.2.37
[INFO] [stderr]     Checking iovec v0.1.4
[INFO] [stderr]     Checking parking_lot_core v0.8.3
[INFO] [stderr]     Checking raw-window-handle v0.3.3
[INFO] [stderr]     Checking ordered-float v2.1.1
[INFO] [stderr]     Checking mio v0.6.23
[INFO] [stderr]     Checking shared_library v0.1.9
[INFO] [stderr]     Checking parking_lot v0.11.1
[INFO] [stderr]     Checking osmesa-sys v0.1.2
[INFO] [stderr]     Checking epaint v0.11.0
[INFO] [stderr]    Compiling xcb v0.9.0
[INFO] [stderr]     Checking xcursor v0.3.3
[INFO] [stderr]    Compiling wayland-client v0.28.5
[INFO] [stderr]    Compiling wayland-protocols v0.28.5
[INFO] [stderr]     Checking mio-extras v2.0.6
[INFO] [stdout] error: linking with `cc` failed: exit status: 1
[INFO] [stdout]   |
[INFO] [stdout]   = note: LC_ALL="C" PATH="/opt/rustwide/rustup-home/toolchains/1.69.0-x86_64-unknown-linux-gnu/lib/rustlib/x86_64-unknown-linux-gnu/bin:/opt/rustwide/cargo-home/bin:/usr/local/sbin:/usr/local/bin:/usr/sbin:/usr/bin:/sbin:/bin" VSLANG="1033" "cc" "-m64" "/tmp/rustcZWrSES/symbols.o" "/opt/rustwide/target/debug/build/glutin_egl_sys-6f715cf12724316b/build_script_build-6f715cf12724316b.build_script_build.a9524090-cgu.0.rcgu.o" "/opt/rustwide/target/debug/build/glutin_egl_sys-6f715cf12724316b/build_script_build-6f715cf12724316b.build_script_build.a9524090-cgu.1.rcgu.o" "/opt/rustwide/target/debug/build/glutin_egl_sys-6f715cf12724316b/build_script_build-6f715cf12724316b.build_script_build.a9524090-cgu.10.rcgu.o" "/opt/rustwide/target/debug/build/glutin_egl_sys-6f715cf12724316b/build_script_build-6f715cf12724316b.build_script_build.a9524090-cgu.11.rcgu.o" "/opt/rustwide/target/debug/build/glutin_egl_sys-6f715cf12724316b/build_script_build-6f715cf12724316b.build_script_build.a9524090-cgu.12.rcgu.o" "/opt/rustwide/target/debug/build/glutin_egl_sys-6f715cf12724316b/build_script_build-6f715cf12724316b.build_script_build.a9524090-cgu.13.rcgu.o" "/opt/rustwide/target/debug/build/glutin_egl_sys-6f715cf12724316b/build_script_build-6f715cf12724316b.build_script_build.a9524090-cgu.14.rcgu.o" "/opt/rustwide/target/debug/build/glutin_egl_sys-6f715cf12724316b/build_script_build-6f715cf12724316b.build_script_build.a9524090-cgu.15.rcgu.o" "/opt/rustwide/target/debug/build/glutin_egl_sys-6f715cf12724316b/build_script_build-6f715cf12724316b.build_script_build.a9524090-cgu.2.rcgu.o" "/opt/rustwide/target/debug/build/glutin_egl_sys-6f715cf12724316b/build_script_build-6f715cf12724316b.build_script_build.a9524090-cgu.3.rcgu.o" "/opt/rustwide/target/debug/build/glutin_egl_sys-6f715cf12724316b/build_script_build-6f715cf12724316b.build_script_build.a9524090-cgu.4.rcgu.o" "/opt/rustwide/target/debug/build/glutin_egl_sys-6f715cf12724316b/build_script_build-6f715cf12724316b.build_script_build.a9524090-cgu.5.rcgu.o" "/opt/rustwide/target/debug/build/glutin_egl_sys-6f715cf12724316b/build_script_build-6f715cf12724316b.build_script_build.a9524090-cgu.6.rcgu.o" "/opt/rustwide/target/debug/build/glutin_egl_sys-6f715cf12724316b/build_script_build-6f715cf12724316b.build_script_build.a9524090-cgu.7.rcgu.o" "/opt/rustwide/target/debug/build/glutin_egl_sys-6f715cf12724316b/build_script_build-6f715cf12724316b.build_script_build.a9524090-cgu.8.rcgu.o" "/opt/rustwide/target/debug/build/glutin_egl_sys-6f715cf12724316b/build_script_build-6f715cf12724316b.build_script_build.a9524090-cgu.9.rcgu.o" "/opt/rustwide/target/debug/build/glutin_egl_sys-6f715cf12724316b/build_script_build-6f715cf12724316b.4d8hwkn79i3sb5mt.rcgu.o" "-Wl,--as-needed" "-L" "/opt/rustwide/target/debug/deps" "-L" "/opt/rustwide/rustup-home/toolchains/1.69.0-x86_64-unknown-linux-gnu/lib/rustlib/x86_64-unknown-linux-gnu/lib" "-Wl,-Bstatic" "/opt/rustwide/target/debug/deps/libgl_generator-59f5d049ad22f1ee.rlib" "/opt/rustwide/target/debug/deps/libkhronos_api-a63c68add0f8efb0.rlib" "/opt/rustwide/target/debug/deps/libxml-8b5825ba6f7dda6f.rlib" "/opt/rustwide/target/debug/deps/liblog-6d4d62f9d2cb3f8e.rlib" "/opt/rustwide/target/debug/deps/libcfg_if-cf8dcbef34369ddd.rlib" "/opt/rustwide/rustup-home/toolchains/1.69.0-x86_64-unknown-linux-gnu/lib/rustlib/x86_64-unknown-linux-gnu/lib/libstd-89bc084783fdc439.rlib" "/opt/rustwide/rustup-home/toolchains/1.69.0-x86_64-unknown-linux-gnu/lib/rustlib/x86_64-unknown-linux-gnu/lib/libpanic_unwind-8bee4b287d4367c1.rlib" "/opt/rustwide/rustup-home/toolchains/1.69.0-x86_64-unknown-linux-gnu/lib/rustlib/x86_64-unknown-linux-gnu/lib/libobject-d61707aed80694c0.rlib" "/opt/rustwide/rustup-home/toolchains/1.69.0-x86_64-unknown-linux-gnu/lib/rustlib/x86_64-unknown-linux-gnu/lib/libmemchr-d85366256f22345b.rlib" "/opt/rustwide/rustup-home/toolchains/1.69.0-x86_64-unknown-linux-gnu/lib/rustlib/x86_64-unknown-linux-gnu/lib/libaddr2line-96069b86b8a8cae9.rlib" "/opt/rustwide/rustup-home/toolchains/1.69.0-x86_64-unknown-linux-gnu/lib/rustlib/x86_64-unknown-linux-gnu/lib/libgimli-d19d53abf68dfa6c.rlib" "/opt/rustwide/rustup-home/toolchains/1.69.0-x86_64-unknown-linux-gnu/lib/rustlib/x86_64-unknown-linux-gnu/lib/librustc_demangle-787cbccd19d64ac6.rlib" "/opt/rustwide/rustup-home/toolchains/1.69.0-x86_64-unknown-linux-gnu/lib/rustlib/x86_64-unknown-linux-gnu/lib/libstd_detect-b3837a36b830e0d0.rlib" "/opt/rustwide/rustup-home/toolchains/1.69.0-x86_64-unknown-linux-gnu/lib/rustlib/x86_64-unknown-linux-gnu/lib/libhashbrown-e3deb0e7e3f04966.rlib" "/opt/rustwide/rustup-home/toolchains/1.69.0-x86_64-unknown-linux-gnu/lib/rustlib/x86_64-unknown-linux-gnu/lib/libminiz_oxide-dabbb79c9815def4.rlib" "/opt/rustwide/rustup-home/toolchains/1.69.0-x86_64-unknown-linux-gnu/lib/rustlib/x86_64-unknown-linux-gnu/lib/libadler-305b01f34c9409f2.rlib" "/opt/rustwide/rustup-home/toolchains/1.69.0-x86_64-unknown-linux-gnu/lib/rustlib/x86_64-unknown-linux-gnu/lib/librustc_std_workspace_alloc-f833521df6074e73.rlib" "/opt/rustwide/rustup-home/toolchains/1.69.0-x86_64-unknown-linux-gnu/lib/rustlib/x86_64-unknown-linux-gnu/lib/libunwind-9ac333113350d171.rlib" "/opt/rustwide/rustup-home/toolchains/1.69.0-x86_64-unknown-linux-gnu/lib/rustlib/x86_64-unknown-linux-gnu/lib/libcfg_if-1c126114322d0eee.rlib" "/opt/rustwide/rustup-home/toolchains/1.69.0-x86_64-unknown-linux-gnu/lib/rustlib/x86_64-unknown-linux-gnu/lib/liblibc-bad9164fdeeecf92.rlib" "/opt/rustwide/rustup-home/toolchains/1.69.0-x86_64-unknown-linux-gnu/lib/rustlib/x86_64-unknown-linux-gnu/lib/liballoc-f9374b1e480fa681.rlib" "/opt/rustwide/rustup-home/toolchains/1.69.0-x86_64-unknown-linux-gnu/lib/rustlib/x86_64-unknown-linux-gnu/lib/librustc_std_workspace_core-207f06e41d9603af.rlib" "/opt/rustwide/rustup-home/toolchains/1.69.0-x86_64-unknown-linux-gnu/lib/rustlib/x86_64-unknown-linux-gnu/lib/libcore-7e2768e66e984e85.rlib" "/opt/rustwide/rustup-home/toolchains/1.69.0-x86_64-unknown-linux-gnu/lib/rustlib/x86_64-unknown-linux-gnu/lib/libcompiler_builtins-957b4aff41f8cd46.rlib" "-Wl,-Bdynamic" "-lgcc_s" "-lutil" "-lrt" "-lpthread" "-lm" "-ldl" "-lc" "-Wl,--eh-frame-hdr" "-Wl,-z,noexecstack" "-L" "/opt/rustwide/rustup-home/toolchains/1.69.0-x86_64-unknown-linux-gnu/lib/rustlib/x86_64-unknown-linux-gnu/lib" "-o" "/opt/rustwide/target/debug/build/glutin_egl_sys-6f715cf12724316b/build_script_build-6f715cf12724316b" "-Wl,--gc-sections" "-pie" "-Wl,-z,relro,-z,now" "-nodefaultlibs"
[INFO] [stdout]   = note: /usr/bin/ld: final link failed: No space left on device
[INFO] [stdout]           collect2: error: ld returned 1 exit status
[INFO] [stdout]           
[INFO] [stdout] 
[INFO] [stdout] 
[INFO] [stdout] error: aborting due to previous error
[INFO] [stdout] 
[INFO] [stdout] 
[INFO] [stdout] error: linking with `cc` failed: exit status: 1
[INFO] [stdout]   |
[INFO] [stdout]   = note: LC_ALL="C" PATH="/opt/rustwide/rustup-home/toolchains/1.69.0-x86_64-unknown-linux-gnu/lib/rustlib/x86_64-unknown-linux-gnu/bin:/opt/rustwide/cargo-home/bin:/usr/local/sbin:/usr/local/bin:/usr/sbin:/usr/bin:/sbin:/bin" VSLANG="1033" "cc" "-m64" "/tmp/rustcp49oS3/symbols.o" "/opt/rustwide/target/debug/build/glutin_glx_sys-5303e79b42dfa76a/build_script_build-5303e79b42dfa76a.build_script_build.8bd6ebb3-cgu.0.rcgu.o" "/opt/rustwide/target/debug/build/glutin_glx_sys-5303e79b42dfa76a/build_script_build-5303e79b42dfa76a.build_script_build.8bd6ebb3-cgu.1.rcgu.o" "/opt/rustwide/target/debug/build/glutin_glx_sys-5303e79b42dfa76a/build_script_build-5303e79b42dfa76a.build_script_build.8bd6ebb3-cgu.10.rcgu.o" "/opt/rustwide/target/debug/build/glutin_glx_sys-5303e79b42dfa76a/build_script_build-5303e79b42dfa76a.build_script_build.8bd6ebb3-cgu.11.rcgu.o" "/opt/rustwide/target/debug/build/glutin_glx_sys-5303e79b42dfa76a/build_script_build-5303e79b42dfa76a.build_script_build.8bd6ebb3-cgu.12.rcgu.o" "/opt/rustwide/target/debug/build/glutin_glx_sys-5303e79b42dfa76a/build_script_build-5303e79b42dfa76a.build_script_build.8bd6ebb3-cgu.13.rcgu.o" "/opt/rustwide/target/debug/build/glutin_glx_sys-5303e79b42dfa76a/build_script_build-5303e79b42dfa76a.build_script_build.8bd6ebb3-cgu.14.rcgu.o" "/opt/rustwide/target/debug/build/glutin_glx_sys-5303e79b42dfa76a/build_script_build-5303e79b42dfa76a.build_script_build.8bd6ebb3-cgu.15.rcgu.o" "/opt/rustwide/target/debug/build/glutin_glx_sys-5303e79b42dfa76a/build_script_build-5303e79b42dfa76a.build_script_build.8bd6ebb3-cgu.2.rcgu.o" "/opt/rustwide/target/debug/build/glutin_glx_sys-5303e79b42dfa76a/build_script_build-5303e79b42dfa76a.build_script_build.8bd6ebb3-cgu.3.rcgu.o" "/opt/rustwide/target/debug/build/glutin_glx_sys-5303e79b42dfa76a/build_script_build-5303e79b42dfa76a.build_script_build.8bd6ebb3-cgu.4.rcgu.o" "/opt/rustwide/target/debug/build/glutin_glx_sys-5303e79b42dfa76a/build_script_build-5303e79b42dfa76a.build_script_build.8bd6ebb3-cgu.5.rcgu.o" "/opt/rustwide/target/debug/build/glutin_glx_sys-5303e79b42dfa76a/build_script_build-5303e79b42dfa76a.build_script_build.8bd6ebb3-cgu.6.rcgu.o" "/opt/rustwide/target/debug/build/glutin_glx_sys-5303e79b42dfa76a/build_script_build-5303e79b42dfa76a.build_script_build.8bd6ebb3-cgu.7.rcgu.o" "/opt/rustwide/target/debug/build/glutin_glx_sys-5303e79b42dfa76a/build_script_build-5303e79b42dfa76a.build_script_build.8bd6ebb3-cgu.8.rcgu.o" "/opt/rustwide/target/debug/build/glutin_glx_sys-5303e79b42dfa76a/build_script_build-5303e79b42dfa76a.build_script_build.8bd6ebb3-cgu.9.rcgu.o" "/opt/rustwide/target/debug/build/glutin_glx_sys-5303e79b42dfa76a/build_script_build-5303e79b42dfa76a.41bkiyal4kbh1qfi.rcgu.o" "-Wl,--as-needed" "-L" "/opt/rustwide/target/debug/deps" "-L" "/opt/rustwide/rustup-home/toolchains/1.69.0-x86_64-unknown-linux-gnu/lib/rustlib/x86_64-unknown-linux-gnu/lib" "-Wl,-Bstatic" "/opt/rustwide/target/debug/deps/libgl_generator-59f5d049ad22f1ee.rlib" "/opt/rustwide/target/debug/deps/libkhronos_api-a63c68add0f8efb0.rlib" "/opt/rustwide/target/debug/deps/libxml-8b5825ba6f7dda6f.rlib" "/opt/rustwide/target/debug/deps/liblog-6d4d62f9d2cb3f8e.rlib" "/opt/rustwide/target/debug/deps/libcfg_if-cf8dcbef34369ddd.rlib" "/opt/rustwide/rustup-home/toolchains/1.69.0-x86_64-unknown-linux-gnu/lib/rustlib/x86_64-unknown-linux-gnu/lib/libstd-89bc084783fdc439.rlib" "/opt/rustwide/rustup-home/toolchains/1.69.0-x86_64-unknown-linux-gnu/lib/rustlib/x86_64-unknown-linux-gnu/lib/libpanic_unwind-8bee4b287d4367c1.rlib" "/opt/rustwide/rustup-home/toolchains/1.69.0-x86_64-unknown-linux-gnu/lib/rustlib/x86_64-unknown-linux-gnu/lib/libobject-d61707aed80694c0.rlib" "/opt/rustwide/rustup-home/toolchains/1.69.0-x86_64-unknown-linux-gnu/lib/rustlib/x86_64-unknown-linux-gnu/lib/libmemchr-d85366256f22345b.rlib" "/opt/rustwide/rustup-home/toolchains/1.69.0-x86_64-unknown-linux-gnu/lib/rustlib/x86_64-unknown-linux-gnu/lib/libaddr2line-96069b86b8a8cae9.rlib" "/opt/rustwide/rustup-home/toolchains/1.69.0-x86_64-unknown-linux-gnu/lib/rustlib/x86_64-unknown-linux-gnu/lib/libgimli-d19d53abf68dfa6c.rlib" "/opt/rustwide/rustup-home/toolchains/1.69.0-x86_64-unknown-linux-gnu/lib/rustlib/x86_64-unknown-linux-gnu/lib/librustc_demangle-787cbccd19d64ac6.rlib" "/opt/rustwide/rustup-home/toolchains/1.69.0-x86_64-unknown-linux-gnu/lib/rustlib/x86_64-unknown-linux-gnu/lib/libstd_detect-b3837a36b830e0d0.rlib" "/opt/rustwide/rustup-home/toolchains/1.69.0-x86_64-unknown-linux-gnu/lib/rustlib/x86_64-unknown-linux-gnu/lib/libhashbrown-e3deb0e7e3f04966.rlib" "/opt/rustwide/rustup-home/toolchains/1.69.0-x86_64-unknown-linux-gnu/lib/rustlib/x86_64-unknown-linux-gnu/lib/libminiz_oxide-dabbb79c9815def4.rlib" "/opt/rustwide/rustup-home/toolchains/1.69.0-x86_64-unknown-linux-gnu/lib/rustlib/x86_64-unknown-linux-gnu/lib/libadler-305b01f34c9409f2.rlib" "/opt/rustwide/rustup-home/toolchains/1.69.0-x86_64-unknown-linux-gnu/lib/rustlib/x86_64-unknown-linux-gnu/lib/librustc_std_workspace_alloc-f833521df6074e73.rlib" "/opt/rustwide/rustup-home/toolchains/1.69.0-x86_64-unknown-linux-gnu/lib/rustlib/x86_64-unknown-linux-gnu/lib/libunwind-9ac333113350d171.rlib" "/opt/rustwide/rustup-home/toolchains/1.69.0-x86_64-unknown-linux-gnu/lib/rustlib/x86_64-unknown-linux-gnu/lib/libcfg_if-1c126114322d0eee.rlib" "/opt/rustwide/rustup-home/toolchains/1.69.0-x86_64-unknown-linux-gnu/lib/rustlib/x86_64-unknown-linux-gnu/lib/liblibc-bad9164fdeeecf92.rlib" "/opt/rustwide/rustup-home/toolchains/1.69.0-x86_64-unknown-linux-gnu/lib/rustlib/x86_64-unknown-linux-gnu/lib/liballoc-f9374b1e480fa681.rlib" "/opt/rustwide/rustup-home/toolchains/1.69.0-x86_64-unknown-linux-gnu/lib/rustlib/x86_64-unknown-linux-gnu/lib/librustc_std_workspace_core-207f06e41d9603af.rlib" "/opt/rustwide/rustup-home/toolchains/1.69.0-x86_64-unknown-linux-gnu/lib/rustlib/x86_64-unknown-linux-gnu/lib/libcore-7e2768e66e984e85.rlib" "/opt/rustwide/rustup-home/toolchains/1.69.0-x86_64-unknown-linux-gnu/lib/rustlib/x86_64-unknown-linux-gnu/lib/libcompiler_builtins-957b4aff41f8cd46.rlib" "-Wl,-Bdynamic" "-lgcc_s" "-lutil" "-lrt" "-lpthread" "-lm" "-ldl" "-lc" "-Wl,--eh-frame-hdr" "-Wl,-z,noexecstack" "-L" "/opt/rustwide/rustup-home/toolchains/1.69.0-x86_64-unknown-linux-gnu/lib/rustlib/x86_64-unknown-linux-gnu/lib" "-o" "/opt/rustwide/target/debug/build/glutin_glx_sys-5303e79b42dfa76a/build_script_build-5303e79b42dfa76a" "-Wl,--gc-sections" "-pie" "-Wl,-z,relro,-z,now" "-nodefaultlibs"
[INFO] [stdout]   = note: /usr/bin/ld: final link failed: No space left on device
[INFO] [stdout]           collect2: error: ld returned 1 exit status
[INFO] [stdout]           
[INFO] [stdout] 
[INFO] [stdout] 
[INFO] [stdout] error: aborting due to previous error
[INFO] [stdout] 
[INFO] [stdout] 
[INFO] [stderr] error: could not compile `glutin_egl_sys` due to 2 previous errors
[INFO] [stderr] warning: build failed, waiting for other jobs to finish...
[INFO] [stderr] error: could not compile `glutin_glx_sys` due to 2 previous errors
[INFO] [stderr] LLVM ERROR: IO failure on output stream: No space left on device
[INFO] [stdout] error: linking with `cc` failed: exit status: 1
[INFO] [stdout]   |
[INFO] [stdout]   = note: LC_ALL="C" PATH="/opt/rustwide/rustup-home/toolchains/1.69.0-x86_64-unknown-linux-gnu/lib/rustlib/x86_64-unknown-linux-gnu/bin:/opt/rustwide/cargo-home/bin:/usr/local/sbin:/usr/local/bin:/usr/sbin:/usr/bin:/sbin:/bin" VSLANG="1033" "cc" "-m64" "/tmp/rustc7Q4yQ4/symbols.o" "/opt/rustwide/target/debug/build/glium-4600486af8c7f68c/build_script_main-4600486af8c7f68c.build_script_main.0c4a12f6-cgu.0.rcgu.o" "/opt/rustwide/target/debug/build/glium-4600486af8c7f68c/build_script_main-4600486af8c7f68c.build_script_main.0c4a12f6-cgu.1.rcgu.o" "/opt/rustwide/target/debug/build/glium-4600486af8c7f68c/build_script_main-4600486af8c7f68c.build_script_main.0c4a12f6-cgu.10.rcgu.o" "/opt/rustwide/target/debug/build/glium-4600486af8c7f68c/build_script_main-4600486af8c7f68c.build_script_main.0c4a12f6-cgu.11.rcgu.o" "/opt/rustwide/target/debug/build/glium-4600486af8c7f68c/build_script_main-4600486af8c7f68c.build_script_main.0c4a12f6-cgu.12.rcgu.o" "/opt/rustwide/target/debug/build/glium-4600486af8c7f68c/build_script_main-4600486af8c7f68c.build_script_main.0c4a12f6-cgu.13.rcgu.o" "/opt/rustwide/target/debug/build/glium-4600486af8c7f68c/build_script_main-4600486af8c7f68c.build_script_main.0c4a12f6-cgu.14.rcgu.o" "/opt/rustwide/target/debug/build/glium-4600486af8c7f68c/build_script_main-4600486af8c7f68c.build_script_main.0c4a12f6-cgu.15.rcgu.o" "/opt/rustwide/target/debug/build/glium-4600486af8c7f68c/build_script_main-4600486af8c7f68c.build_script_main.0c4a12f6-cgu.2.rcgu.o" "/opt/rustwide/target/debug/build/glium-4600486af8c7f68c/build_script_main-4600486af8c7f68c.build_script_main.0c4a12f6-cgu.3.rcgu.o" "/opt/rustwide/target/debug/build/glium-4600486af8c7f68c/build_script_main-4600486af8c7f68c.build_script_main.0c4a12f6-cgu.4.rcgu.o" "/opt/rustwide/target/debug/build/glium-4600486af8c7f68c/build_script_main-4600486af8c7f68c.build_script_main.0c4a12f6-cgu.5.rcgu.o" "/opt/rustwide/target/debug/build/glium-4600486af8c7f68c/build_script_main-4600486af8c7f68c.build_script_main.0c4a12f6-cgu.6.rcgu.o" "/opt/rustwide/target/debug/build/glium-4600486af8c7f68c/build_script_main-4600486af8c7f68c.build_script_main.0c4a12f6-cgu.7.rcgu.o" "/opt/rustwide/target/debug/build/glium-4600486af8c7f68c/build_script_main-4600486af8c7f68c.build_script_main.0c4a12f6-cgu.8.rcgu.o" "/opt/rustwide/target/debug/build/glium-4600486af8c7f68c/build_script_main-4600486af8c7f68c.build_script_main.0c4a12f6-cgu.9.rcgu.o" "/opt/rustwide/target/debug/build/glium-4600486af8c7f68c/build_script_main-4600486af8c7f68c.1tf4b6wskrxnokvi.rcgu.o" "-Wl,--as-needed" "-L" "/opt/rustwide/target/debug/deps" "-L" "/opt/rustwide/rustup-home/toolchains/1.69.0-x86_64-unknown-linux-gnu/lib/rustlib/x86_64-unknown-linux-gnu/lib" "-Wl,-Bstatic" "/opt/rustwide/target/debug/deps/libgl_generator-59f5d049ad22f1ee.rlib" "/opt/rustwide/target/debug/deps/libkhronos_api-a63c68add0f8efb0.rlib" "/opt/rustwide/target/debug/deps/libxml-8b5825ba6f7dda6f.rlib" "/opt/rustwide/target/debug/deps/liblog-6d4d62f9d2cb3f8e.rlib" "/opt/rustwide/target/debug/deps/libcfg_if-cf8dcbef34369ddd.rlib" "/opt/rustwide/rustup-home/toolchains/1.69.0-x86_64-unknown-linux-gnu/lib/rustlib/x86_64-unknown-linux-gnu/lib/libstd-89bc084783fdc439.rlib" "/opt/rustwide/rustup-home/toolchains/1.69.0-x86_64-unknown-linux-gnu/lib/rustlib/x86_64-unknown-linux-gnu/lib/libpanic_unwind-8bee4b287d4367c1.rlib" "/opt/rustwide/rustup-home/toolchains/1.69.0-x86_64-unknown-linux-gnu/lib/rustlib/x86_64-unknown-linux-gnu/lib/libobject-d61707aed80694c0.rlib" "/opt/rustwide/rustup-home/toolchains/1.69.0-x86_64-unknown-linux-gnu/lib/rustlib/x86_64-unknown-linux-gnu/lib/libmemchr-d85366256f22345b.rlib" "/opt/rustwide/rustup-home/toolchains/1.69.0-x86_64-unknown-linux-gnu/lib/rustlib/x86_64-unknown-linux-gnu/lib/libaddr2line-96069b86b8a8cae9.rlib" "/opt/rustwide/rustup-home/toolchains/1.69.0-x86_64-unknown-linux-gnu/lib/rustlib/x86_64-unknown-linux-gnu/lib/libgimli-d19d53abf68dfa6c.rlib" "/opt/rustwide/rustup-home/toolchains/1.69.0-x86_64-unknown-linux-gnu/lib/rustlib/x86_64-unknown-linux-gnu/lib/librustc_demangle-787cbccd19d64ac6.rlib" "/opt/rustwide/rustup-home/toolchains/1.69.0-x86_64-unknown-linux-gnu/lib/rustlib/x86_64-unknown-linux-gnu/lib/libstd_detect-b3837a36b830e0d0.rlib" "/opt/rustwide/rustup-home/toolchains/1.69.0-x86_64-unknown-linux-gnu/lib/rustlib/x86_64-unknown-linux-gnu/lib/libhashbrown-e3deb0e7e3f04966.rlib" "/opt/rustwide/rustup-home/toolchains/1.69.0-x86_64-unknown-linux-gnu/lib/rustlib/x86_64-unknown-linux-gnu/lib/libminiz_oxide-dabbb79c9815def4.rlib" "/opt/rustwide/rustup-home/toolchains/1.69.0-x86_64-unknown-linux-gnu/lib/rustlib/x86_64-unknown-linux-gnu/lib/libadler-305b01f34c9409f2.rlib" "/opt/rustwide/rustup-home/toolchains/1.69.0-x86_64-unknown-linux-gnu/lib/rustlib/x86_64-unknown-linux-gnu/lib/librustc_std_workspace_alloc-f833521df6074e73.rlib" "/opt/rustwide/rustup-home/toolchains/1.69.0-x86_64-unknown-linux-gnu/lib/rustlib/x86_64-unknown-linux-gnu/lib/libunwind-9ac333113350d171.rlib" "/opt/rustwide/rustup-home/toolchains/1.69.0-x86_64-unknown-linux-gnu/lib/rustlib/x86_64-unknown-linux-gnu/lib/libcfg_if-1c126114322d0eee.rlib" "/opt/rustwide/rustup-home/toolchains/1.69.0-x86_64-unknown-linux-gnu/lib/rustlib/x86_64-unknown-linux-gnu/lib/liblibc-bad9164fdeeecf92.rlib" "/opt/rustwide/rustup-home/toolchains/1.69.0-x86_64-unknown-linux-gnu/lib/rustlib/x86_64-unknown-linux-gnu/lib/liballoc-f9374b1e480fa681.rlib" "/opt/rustwide/rustup-home/toolchains/1.69.0-x86_64-unknown-linux-gnu/lib/rustlib/x86_64-unknown-linux-gnu/lib/librustc_std_workspace_core-207f06e41d9603af.rlib" "/opt/rustwide/rustup-home/toolchains/1.69.0-x86_64-unknown-linux-gnu/lib/rustlib/x86_64-unknown-linux-gnu/lib/libcore-7e2768e66e984e85.rlib" "/opt/rustwide/rustup-home/toolchains/1.69.0-x86_64-unknown-linux-gnu/lib/rustlib/x86_64-unknown-linux-gnu/lib/libcompiler_builtins-957b4aff41f8cd46.rlib" "-Wl,-Bdynamic" "-lgcc_s" "-lutil" "-lrt" "-lpthread" "-lm" "-ldl" "-lc" "-Wl,--eh-frame-hdr" "-Wl,-z,noexecstack" "-L" "/opt/rustwide/rustup-home/toolchains/1.69.0-x86_64-unknown-linux-gnu/lib/rustlib/x86_64-unknown-linux-gnu/lib" "-o" "/opt/rustwide/target/debug/build/glium-4600486af8c7f68c/build_script_main-4600486af8c7f68c" "-Wl,--gc-sections" "-pie" "-Wl,-z,relro,-z,now" "-nodefaultlibs"
[INFO] [stdout]   = note: /usr/bin/ld: final link failed: No space left on device
[INFO] [stdout]           collect2: error: ld returned 1 exit status
[INFO] [stdout]           
[INFO] [stdout] 
[INFO] [stdout] 
[INFO] [stdout] error: aborting due to previous error
[INFO] [stdout] 
[INFO] [stdout] 
[INFO] [stderr] error: could not compile `wayland-client`
[INFO] [stderr] error: could not compile `glium` due to 2 previous errors
[INFO] [stdout] error: linking with `cc` failed: exit status: 1
[INFO] [stdout]   |
[INFO] [stdout]   = note: LC_ALL="C" PATH="/opt/rustwide/rustup-home/toolchains/1.69.0-x86_64-unknown-linux-gnu/lib/rustlib/x86_64-unknown-linux-gnu/bin:/opt/rustwide/cargo-home/bin:/usr/local/sbin:/usr/local/bin:/usr/sbin:/usr/bin:/sbin:/bin" VSLANG="1033" "cc" "-m64" "/tmp/rustce6ZMiQ/symbols.o" "/opt/rustwide/target/debug/build/wayland-protocols-f872e76ce2cef8f7/build_script_build-f872e76ce2cef8f7.build_script_build.7d72a936-cgu.0.rcgu.o" "/opt/rustwide/target/debug/build/wayland-protocols-f872e76ce2cef8f7/build_script_build-f872e76ce2cef8f7.build_script_build.7d72a936-cgu.1.rcgu.o" "/opt/rustwide/target/debug/build/wayland-protocols-f872e76ce2cef8f7/build_script_build-f872e76ce2cef8f7.build_script_build.7d72a936-cgu.10.rcgu.o" "/opt/rustwide/target/debug/build/wayland-protocols-f872e76ce2cef8f7/build_script_build-f872e76ce2cef8f7.build_script_build.7d72a936-cgu.11.rcgu.o" "/opt/rustwide/target/debug/build/wayland-protocols-f872e76ce2cef8f7/build_script_build-f872e76ce2cef8f7.build_script_build.7d72a936-cgu.12.rcgu.o" "/opt/rustwide/target/debug/build/wayland-protocols-f872e76ce2cef8f7/build_script_build-f872e76ce2cef8f7.build_script_build.7d72a936-cgu.13.rcgu.o" "/opt/rustwide/target/debug/build/wayland-protocols-f872e76ce2cef8f7/build_script_build-f872e76ce2cef8f7.build_script_build.7d72a936-cgu.14.rcgu.o" "/opt/rustwide/target/debug/build/wayland-protocols-f872e76ce2cef8f7/build_script_build-f872e76ce2cef8f7.build_script_build.7d72a936-cgu.15.rcgu.o" "/opt/rustwide/target/debug/build/wayland-protocols-f872e76ce2cef8f7/build_script_build-f872e76ce2cef8f7.build_script_build.7d72a936-cgu.2.rcgu.o" "/opt/rustwide/target/debug/build/wayland-protocols-f872e76ce2cef8f7/build_script_build-f872e76ce2cef8f7.build_script_build.7d72a936-cgu.3.rcgu.o" "/opt/rustwide/target/debug/build/wayland-protocols-f872e76ce2cef8f7/build_script_build-f872e76ce2cef8f7.build_script_build.7d72a936-cgu.4.rcgu.o" "/opt/rustwide/target/debug/build/wayland-protocols-f872e76ce2cef8f7/build_script_build-f872e76ce2cef8f7.build_script_build.7d72a936-cgu.5.rcgu.o" "/opt/rustwide/target/debug/build/wayland-protocols-f872e76ce2cef8f7/build_script_build-f872e76ce2cef8f7.build_script_build.7d72a936-cgu.6.rcgu.o" "/opt/rustwide/target/debug/build/wayland-protocols-f872e76ce2cef8f7/build_script_build-f872e76ce2cef8f7.build_script_build.7d72a936-cgu.7.rcgu.o" "/opt/rustwide/target/debug/build/wayland-protocols-f872e76ce2cef8f7/build_script_build-f872e76ce2cef8f7.build_script_build.7d72a936-cgu.8.rcgu.o" "/opt/rustwide/target/debug/build/wayland-protocols-f872e76ce2cef8f7/build_script_build-f872e76ce2cef8f7.build_script_build.7d72a936-cgu.9.rcgu.o" "/opt/rustwide/target/debug/build/wayland-protocols-f872e76ce2cef8f7/build_script_build-f872e76ce2cef8f7.qdcckypkernts0l.rcgu.o" "-Wl,--as-needed" "-L" "/opt/rustwide/target/debug/deps" "-L" "/opt/rustwide/rustup-home/toolchains/1.69.0-x86_64-unknown-linux-gnu/lib/rustlib/x86_64-unknown-linux-gnu/lib" "-Wl,-Bstatic" "/opt/rustwide/target/debug/deps/libwayland_scanner-32345a3a5a80d825.rlib" "/opt/rustwide/target/debug/deps/libxml-8b5825ba6f7dda6f.rlib" "/opt/rustwide/target/debug/deps/libquote-5670f603d60c12f3.rlib" "/opt/rustwide/target/debug/deps/libproc_macro2-7aa37c296e4ea8c2.rlib" "/opt/rustwide/target/debug/deps/libunicode_xid-9a686107da5a42d9.rlib" "/opt/rustwide/rustup-home/toolchains/1.69.0-x86_64-unknown-linux-gnu/lib/rustlib/x86_64-unknown-linux-gnu/lib/libproc_macro-3627dfecd49b0535.rlib" "/opt/rustwide/rustup-home/toolchains/1.69.0-x86_64-unknown-linux-gnu/lib/rustlib/x86_64-unknown-linux-gnu/lib/libstd-89bc084783fdc439.rlib" "/opt/rustwide/rustup-home/toolchains/1.69.0-x86_64-unknown-linux-gnu/lib/rustlib/x86_64-unknown-linux-gnu/lib/libpanic_unwind-8bee4b287d4367c1.rlib" "/opt/rustwide/rustup-home/toolchains/1.69.0-x86_64-unknown-linux-gnu/lib/rustlib/x86_64-unknown-linux-gnu/lib/libobject-d61707aed80694c0.rlib" "/opt/rustwide/rustup-home/toolchains/1.69.0-x86_64-unknown-linux-gnu/lib/rustlib/x86_64-unknown-linux-gnu/lib/libmemchr-d85366256f22345b.rlib" "/opt/rustwide/rustup-home/toolchains/1.69.0-x86_64-unknown-linux-gnu/lib/rustlib/x86_64-unknown-linux-gnu/lib/libaddr2line-96069b86b8a8cae9.rlib" "/opt/rustwide/rustup-home/toolchains/1.69.0-x86_64-unknown-linux-gnu/lib/rustlib/x86_64-unknown-linux-gnu/lib/libgimli-d19d53abf68dfa6c.rlib" "/opt/rustwide/rustup-home/toolchains/1.69.0-x86_64-unknown-linux-gnu/lib/rustlib/x86_64-unknown-linux-gnu/lib/librustc_demangle-787cbccd19d64ac6.rlib" "/opt/rustwide/rustup-home/toolchains/1.69.0-x86_64-unknown-linux-gnu/lib/rustlib/x86_64-unknown-linux-gnu/lib/libstd_detect-b3837a36b830e0d0.rlib" "/opt/rustwide/rustup-home/toolchains/1.69.0-x86_64-unknown-linux-gnu/lib/rustlib/x86_64-unknown-linux-gnu/lib/libhashbrown-e3deb0e7e3f04966.rlib" "/opt/rustwide/rustup-home/toolchains/1.69.0-x86_64-unknown-linux-gnu/lib/rustlib/x86_64-unknown-linux-gnu/lib/libminiz_oxide-dabbb79c9815def4.rlib" "/opt/rustwide/rustup-home/toolchains/1.69.0-x86_64-unknown-linux-gnu/lib/rustlib/x86_64-unknown-linux-gnu/lib/libadler-305b01f34c9409f2.rlib" "/opt/rustwide/rustup-home/toolchains/1.69.0-x86_64-unknown-linux-gnu/lib/rustlib/x86_64-unknown-linux-gnu/lib/librustc_std_workspace_alloc-f833521df6074e73.rlib" "/opt/rustwide/rustup-home/toolchains/1.69.0-x86_64-unknown-linux-gnu/lib/rustlib/x86_64-unknown-linux-gnu/lib/libunwind-9ac333113350d171.rlib" "/opt/rustwide/rustup-home/toolchains/1.69.0-x86_64-unknown-linux-gnu/lib/rustlib/x86_64-unknown-linux-gnu/lib/libcfg_if-1c126114322d0eee.rlib" "/opt/rustwide/rustup-home/toolchains/1.69.0-x86_64-unknown-linux-gnu/lib/rustlib/x86_64-unknown-linux-gnu/lib/liblibc-bad9164fdeeecf92.rlib" "/opt/rustwide/rustup-home/toolchains/1.69.0-x86_64-unknown-linux-gnu/lib/rustlib/x86_64-unknown-linux-gnu/lib/liballoc-f9374b1e480fa681.rlib" "/opt/rustwide/rustup-home/toolchains/1.69.0-x86_64-unknown-linux-gnu/lib/rustlib/x86_64-unknown-linux-gnu/lib/librustc_std_workspace_core-207f06e41d9603af.rlib" "/opt/rustwide/rustup-home/toolchains/1.69.0-x86_64-unknown-linux-gnu/lib/rustlib/x86_64-unknown-linux-gnu/lib/libcore-7e2768e66e984e85.rlib" "/opt/rustwide/rustup-home/toolchains/1.69.0-x86_64-unknown-linux-gnu/lib/rustlib/x86_64-unknown-linux-gnu/lib/libcompiler_builtins-957b4aff41f8cd46.rlib" "-Wl,-Bdynamic" "-lgcc_s" "-lutil" "-lrt" "-lpthread" "-lm" "-ldl" "-lc" "-Wl,--eh-frame-hdr" "-Wl,-z,noexecstack" "-L" "/opt/rustwide/rustup-home/toolchains/1.69.0-x86_64-unknown-linux-gnu/lib/rustlib/x86_64-unknown-linux-gnu/lib" "-o" "/opt/rustwide/target/debug/build/wayland-protocols-f872e76ce2cef8f7/build_script_build-f872e76ce2cef8f7" "-Wl,--gc-sections" "-pie" "-Wl,-z,relro,-z,now" "-nodefaultlibs"
[INFO] [stdout]   = note: /usr/bin/ld: final link failed: No space left on device
[INFO] [stdout]           collect2: error: ld returned 1 exit status
[INFO] [stdout]           
[INFO] [stdout] 
[INFO] [stdout] 
[INFO] [stdout] error: aborting due to previous error
[INFO] [stdout] 
[INFO] [stdout] 
[INFO] [stderr] error: could not compile `wayland-protocols` due to 2 previous errors
[INFO] [stderr] thread 'rustc' panicked at 'assertion failed: pos.get() <= self.position()', compiler/rustc_metadata/src/rmeta/encoder.rs:435:9
[INFO] [stderr] error: could not parse/generate dep info at: /opt/rustwide/target/debug/deps/gimli-30dcb4bd3e0849d7.d
[INFO] [stderr] 
[INFO] [stderr] Caused by:
[INFO] [stderr]   failed to write `/opt/rustwide/target/debug/.fingerprint/gimli-30dcb4bd3e0849d7/dep-lib-gimli`
[INFO] [stderr] 
[INFO] [stderr] Caused by:
[INFO] [stderr]   No space left on device (os error 28)
[INFO] [stderr] error: could not compile `x11-dl`
[INFO] [stderr] thread 'rustc' panicked at 'assertion failed: pos.get() <= self.position()', compiler/rustc_metadata/src/rmeta/encoder.rs:435:9
[INFO] [stderr] error: could not compile `object`
[INFO] [stderr] thread 'rustc' panicked at 'assertion failed: pos.get() <= self.position()', compiler/rustc_metadata/src/rmeta/encoder.rs:435:9
[INFO] [stdout] error: couldn't create a temp dir: No space left on device (os error 28) at path "/opt/rustwide/target/debug/deps/rmetaKHz73x"
[INFO] [stdout] 
[INFO] [stdout] 
[INFO] [stderr] error: could not compile `nix` due to previous error
[INFO] [stderr] error: could not compile `nix`
[INFO] running `Command { std: "docker" "inspect" "2c9936575c6869bbae3f58f73b56ce4e932d588dc215774f783af276a749e559", kill_on_drop: false }`
[INFO] running `Command { std: "docker" "rm" "-f" "2c9936575c6869bbae3f58f73b56ce4e932d588dc215774f783af276a749e559", kill_on_drop: false }`
[INFO] [stdout] 2c9936575c6869bbae3f58f73b56ce4e932d588dc215774f783af276a749e559
