[INFO] fetching crate xgboost-rs-sys 0.1.31...
[INFO] documenting xgboost-rs-sys-0.1.31 against 1.69.0 for beta-1.70-rustdoc-1
[INFO] extracting crate xgboost-rs-sys 0.1.31 into /workspace/builds/worker-6-tc1/source
[INFO] validating manifest of crates.io crate xgboost-rs-sys 0.1.31 on toolchain 1.69.0
[INFO] running `Command { std: CARGO_HOME="/workspace/cargo-home" RUSTUP_HOME="/workspace/rustup-home" "/workspace/cargo-home/bin/cargo" "+1.69.0" "metadata" "--manifest-path" "Cargo.toml" "--no-deps", kill_on_drop: false }`
[INFO] started tweaking crates.io crate xgboost-rs-sys 0.1.31
[INFO] finished tweaking crates.io crate xgboost-rs-sys 0.1.31
[INFO] tweaked toml for crates.io crate xgboost-rs-sys 0.1.31 written to /workspace/builds/worker-6-tc1/source/Cargo.toml
[INFO] running `Command { std: CARGO_HOME="/workspace/cargo-home" RUSTUP_HOME="/workspace/rustup-home" __CARGO_TEST_CHANNEL_OVERRIDE_DO_NOT_USE_THIS="nightly" "/workspace/cargo-home/bin/cargo" "+1.69.0" "generate-lockfile" "--manifest-path" "Cargo.toml" "-Zno-index-update", kill_on_drop: false }`
[INFO] running `Command { std: CARGO_HOME="/workspace/cargo-home" RUSTUP_HOME="/workspace/rustup-home" "/workspace/cargo-home/bin/cargo" "+1.69.0" "fetch" "--manifest-path" "Cargo.toml", kill_on_drop: false }`
[INFO] running `Command { std: "docker" "create" "-v" "/var/lib/crater-agent-workspace/builds/worker-6-tc1/target:/opt/rustwide/target:rw,Z" "-v" "/var/lib/crater-agent-workspace/builds/worker-6-tc1/source:/opt/rustwide/workdir:ro,Z" "-v" "/var/lib/crater-agent-workspace/cargo-home:/opt/rustwide/cargo-home:ro,Z" "-v" "/var/lib/crater-agent-workspace/rustup-home:/opt/rustwide/rustup-home:ro,Z" "-e" "SOURCE_DIR=/opt/rustwide/workdir" "-e" "CARGO_TARGET_DIR=/opt/rustwide/target" "-e" "CARGO_HOME=/opt/rustwide/cargo-home" "-e" "RUSTUP_HOME=/opt/rustwide/rustup-home" "-w" "/opt/rustwide/workdir" "-m" "1610612736" "--user" "0:0" "--network" "none" "ghcr.io/rust-lang/crates-build-env/linux@sha256:5ff2268d62e97bff2cde7d5815dd6ed5b47097566f13b8d0ca110b04b60e07ed" "/opt/rustwide/cargo-home/bin/cargo" "+1.69.0" "metadata" "--no-deps" "--format-version=1", kill_on_drop: false }`
[INFO] [stdout] 785a819f138d972b4d23eb5033d987b596282971995e6a1cec710f60ca4aa63d
[INFO] running `Command { std: "docker" "start" "-a" "785a819f138d972b4d23eb5033d987b596282971995e6a1cec710f60ca4aa63d", kill_on_drop: false }`
[INFO] running `Command { std: "docker" "inspect" "785a819f138d972b4d23eb5033d987b596282971995e6a1cec710f60ca4aa63d", kill_on_drop: false }`
[INFO] running `Command { std: "docker" "rm" "-f" "785a819f138d972b4d23eb5033d987b596282971995e6a1cec710f60ca4aa63d", kill_on_drop: false }`
[INFO] [stdout] 785a819f138d972b4d23eb5033d987b596282971995e6a1cec710f60ca4aa63d
[INFO] running `Command { std: "docker" "create" "-v" "/var/lib/crater-agent-workspace/builds/worker-6-tc1/target:/opt/rustwide/target:rw,Z" "-v" "/var/lib/crater-agent-workspace/builds/worker-6-tc1/source:/opt/rustwide/workdir:ro,Z" "-v" "/var/lib/crater-agent-workspace/cargo-home:/opt/rustwide/cargo-home:ro,Z" "-v" "/var/lib/crater-agent-workspace/rustup-home:/opt/rustwide/rustup-home:ro,Z" "-e" "SOURCE_DIR=/opt/rustwide/workdir" "-e" "CARGO_TARGET_DIR=/opt/rustwide/target" "-e" "CARGO_INCREMENTAL=0" "-e" "RUST_BACKTRACE=full" "-e" "RUSTFLAGS=--cap-lints=warn" "-e" "RUSTDOCFLAGS=--cap-lints=warn" "-e" "CARGO_HOME=/opt/rustwide/cargo-home" "-e" "RUSTUP_HOME=/opt/rustwide/rustup-home" "-w" "/opt/rustwide/workdir" "-m" "1610612736" "--user" "0:0" "--network" "none" "ghcr.io/rust-lang/crates-build-env/linux@sha256:5ff2268d62e97bff2cde7d5815dd6ed5b47097566f13b8d0ca110b04b60e07ed" "/opt/rustwide/cargo-home/bin/cargo" "+1.69.0" "doc" "--frozen" "--no-deps" "--document-private-items" "--message-format=json", kill_on_drop: false }`
[INFO] [stdout] f8913a6d6dc0961a3ab35efef02efb80613e222a69750f0740dcf7fa5450b5ad
[INFO] running `Command { std: "docker" "start" "-a" "f8913a6d6dc0961a3ab35efef02efb80613e222a69750f0740dcf7fa5450b5ad", kill_on_drop: false }`
[INFO] [stderr]    Compiling glob v0.3.1
[INFO] [stderr]    Compiling proc-macro2 v1.0.56
[INFO] [stderr]    Compiling os_str_bytes v6.5.0
[INFO] [stderr]    Compiling minimal-lexical v0.2.1
[INFO] [stderr]    Compiling termcolor v1.2.0
[INFO] [stderr]    Compiling quote v1.0.26
[INFO] [stderr]    Compiling regex-syntax v0.7.1
[INFO] [stderr]    Compiling bindgen v0.60.1
[INFO] [stderr]    Compiling libc v0.2.142
[INFO] [stderr]    Compiling libloading v0.7.4
[INFO] [stderr]    Compiling either v1.8.1
[INFO] [stderr]    Compiling humantime v2.1.0
[INFO] [stderr]    Compiling memchr v2.5.0
[INFO] [stderr]    Compiling indexmap v1.9.3
[INFO] [stderr]    Compiling log v0.4.17
[INFO] [stderr]    Compiling textwrap v0.16.0
[INFO] [stderr]    Compiling peeking_take_while v0.1.2
[INFO] [stderr]    Compiling clap_lex v0.2.4
[INFO] [stderr]    Compiling shlex v1.1.0
[INFO] [stderr]    Compiling rustc-hash v1.1.0
[INFO] [stderr]    Compiling lazycell v1.3.0
[INFO] [stderr]    Compiling cmake v0.1.50
[INFO] [stderr]    Compiling clang-sys v1.6.1
[INFO] [stderr]    Compiling aho-corasick v1.0.1
[INFO] [stderr]    Compiling nom v7.1.3
[INFO] [stderr]    Compiling atty v0.2.14
[INFO] [stderr]    Compiling which v4.4.0
[INFO] [stderr]    Compiling clap v3.2.25
[INFO] [stderr]    Compiling regex v1.8.1
[INFO] [stderr]    Compiling cexpr v0.6.0
[INFO] [stderr]    Compiling env_logger v0.9.3
[INFO] [stderr]    Compiling xgboost-rs-sys v0.1.31 (/opt/rustwide/workdir)
[INFO] [stderr] error: failed to run custom build command for `xgboost-rs-sys v0.1.31 (/opt/rustwide/workdir)`
[INFO] [stderr] note: To improve backtraces for build dependencies, set the CARGO_PROFILE_DEV_BUILD_OVERRIDE_DEBUG=true environment variable to enable debug information generation.
[INFO] [stderr] 
[INFO] [stderr] Caused by:
[INFO] [stderr]   process didn't exit successfully: `/opt/rustwide/target/debug/build/xgboost-rs-sys-4112e6b955b091d3/build-script-build` (exit status: 101)
[INFO] [stderr]   --- stdout
[INFO] [stderr]   CMAKE_TOOLCHAIN_FILE_x86_64-unknown-linux-gnu = None
[INFO] [stderr]   CMAKE_TOOLCHAIN_FILE_x86_64_unknown_linux_gnu = None
[INFO] [stderr]   HOST_CMAKE_TOOLCHAIN_FILE = None
[INFO] [stderr]   CMAKE_TOOLCHAIN_FILE = None
[INFO] [stderr]   CMAKE_GENERATOR_x86_64-unknown-linux-gnu = None
[INFO] [stderr]   CMAKE_GENERATOR_x86_64_unknown_linux_gnu = None
[INFO] [stderr]   HOST_CMAKE_GENERATOR = None
[INFO] [stderr]   CMAKE_GENERATOR = None
[INFO] [stderr]   CMAKE_PREFIX_PATH_x86_64-unknown-linux-gnu = None
[INFO] [stderr]   CMAKE_PREFIX_PATH_x86_64_unknown_linux_gnu = None
[INFO] [stderr]   HOST_CMAKE_PREFIX_PATH = None
[INFO] [stderr]   CMAKE_PREFIX_PATH = None
[INFO] [stderr]   CMAKE_x86_64-unknown-linux-gnu = None
[INFO] [stderr]   CMAKE_x86_64_unknown_linux_gnu = None
[INFO] [stderr]   HOST_CMAKE = None
[INFO] [stderr]   CMAKE = None
[INFO] [stderr]   running: cd "/opt/rustwide/target/debug/build/xgboost-rs-sys-db90a7a496f48684/out/build" && CMAKE_PREFIX_PATH="" "cmake" "/opt/rustwide/target/debug/build/xgboost-rs-sys-db90a7a496f48684/out/xgboost" "-DBUILD_STATIC_LIB=ON" "-DCMAKE_INSTALL_PREFIX=/opt/rustwide/target/debug/build/xgboost-rs-sys-db90a7a496f48684/out" "-DCMAKE_C_FLAGS= -ffunction-sections -fdata-sections -fPIC -m64" "-DCMAKE_C_COMPILER=/usr/bin/cc" "-DCMAKE_CXX_FLAGS= -ffunction-sections -fdata-sections -fPIC -m64" "-DCMAKE_CXX_COMPILER=/usr/bin/c++" "-DCMAKE_ASM_FLAGS= -ffunction-sections -fdata-sections -fPIC -m64" "-DCMAKE_ASM_COMPILER=/usr/bin/cc" "-DCMAKE_BUILD_TYPE=Debug"
[INFO] [stderr]   -- The CXX compiler identification is GNU 11.3.0
[INFO] [stderr]   -- The C compiler identification is GNU 11.3.0
[INFO] [stderr]   -- Detecting CXX compiler ABI info
[INFO] [stderr]   -- Detecting CXX compiler ABI info - done
[INFO] [stderr]   -- Check for working CXX compiler: /usr/bin/c++ - skipped
[INFO] [stderr]   -- Detecting CXX compile features
[INFO] [stderr]   -- Detecting CXX compile features - done
[INFO] [stderr]   -- Detecting C compiler ABI info
[INFO] [stderr]   -- Detecting C compiler ABI info - done
[INFO] [stderr]   -- Check for working C compiler: /usr/bin/cc - skipped
[INFO] [stderr]   -- Detecting C compile features
[INFO] [stderr]   -- Detecting C compile features - done
[INFO] [stderr]   -- CMake version 3.22.1
[INFO] [stderr]   -- Performing Test XGBOOST_MM_PREFETCH_PRESENT
[INFO] [stderr]   -- Performing Test XGBOOST_MM_PREFETCH_PRESENT - Success
[INFO] [stderr]   -- Performing Test XGBOOST_BUILTIN_PREFETCH_PRESENT
[INFO] [stderr]   -- Performing Test XGBOOST_BUILTIN_PREFETCH_PRESENT - Success
[INFO] [stderr]   -- xgboost VERSION: 1.6.2
[INFO] [stderr]   -- Looking for pthread.h
[INFO] [stderr]   -- Looking for pthread.h - found
[INFO] [stderr]   -- Performing Test CMAKE_HAVE_LIBC_PTHREAD
[INFO] [stderr]   -- Performing Test CMAKE_HAVE_LIBC_PTHREAD - Success
[INFO] [stderr]   -- Found Threads: TRUE  
[INFO] [stderr]   -- Found OpenMP_C: -fopenmp (found version "4.5") 
[INFO] [stderr]   -- Found OpenMP_CXX: -fopenmp (found version "4.5") 
[INFO] [stderr]   -- Found OpenMP: TRUE (found version "4.5")  
[INFO] [stderr]   -- Found OpenMP_C: -fopenmp (found version "4.5") 
[INFO] [stderr]   -- Found OpenMP_CXX: -fopenmp (found version "4.5") 
[INFO] [stderr]   -- Looking for clock_gettime in rt
[INFO] [stderr]   -- Looking for clock_gettime in rt - found
[INFO] [stderr]   -- Looking for fopen64
[INFO] [stderr]   -- Looking for fopen64 - not found
[INFO] [stderr]   -- Looking for C++ include cxxabi.h
[INFO] [stderr]   -- Looking for C++ include cxxabi.h - found
[INFO] [stderr]   -- Looking for nanosleep
[INFO] [stderr]   -- Looking for nanosleep - found
[INFO] [stderr]   -- Looking for backtrace
[INFO] [stderr]   -- Looking for backtrace - found
[INFO] [stderr]   -- backtrace facility detected in default set of libraries
[INFO] [stderr]   -- Found Backtrace: /usr/include  
[INFO] [stderr]   -- /opt/rustwide/target/debug/build/xgboost-rs-sys-db90a7a496f48684/out/xgboost/dmlc-core/cmake/build_config.h.in -> include/dmlc/build_config.h
[INFO] [stderr]   -- Performing Test SUPPORT_MSSE2
[INFO] [stderr]   -- Performing Test SUPPORT_MSSE2 - Success
[INFO] [stderr]   -- Configuring done
[INFO] [stderr]   -- Generating done
[INFO] [stderr]   -- Build files have been written to: /opt/rustwide/target/debug/build/xgboost-rs-sys-db90a7a496f48684/out/build
[INFO] [stderr]   running: cd "/opt/rustwide/target/debug/build/xgboost-rs-sys-db90a7a496f48684/out/build" && MAKEFLAGS="-j --jobserver-fds=7,8 --jobserver-auth=7,8" "cmake" "--build" "." "--target" "install" "--config" "Debug"
[INFO] [stderr]   [  2%] Building CXX object dmlc-core/CMakeFiles/dmlc.dir/src/config.cc.o
[INFO] [stderr]   [  2%] Building CXX object dmlc-core/CMakeFiles/dmlc.dir/src/recordio.cc.o
[INFO] [stderr]   [  5%] Building CXX object dmlc-core/CMakeFiles/dmlc.dir/src/io/filesys.cc.o
[INFO] [stderr]   [  5%] Building CXX object dmlc-core/CMakeFiles/dmlc.dir/src/io/recordio_split.cc.o
[INFO] [stderr]   [  6%] Building CXX object dmlc-core/CMakeFiles/dmlc.dir/src/data.cc.o
[INFO] [stderr]   [  7%] Building CXX object dmlc-core/CMakeFiles/dmlc.dir/src/io/line_split.cc.o
[INFO] [stderr]   [  8%] Building CXX object dmlc-core/CMakeFiles/dmlc.dir/src/io/indexed_recordio_split.cc.o
[INFO] [stderr]   [ 10%] Building CXX object dmlc-core/CMakeFiles/dmlc.dir/src/io/local_filesys.cc.o
[INFO] [stderr]   [ 11%] Building CXX object dmlc-core/CMakeFiles/dmlc.dir/src/io.cc.o
[INFO] [stderr]   [ 12%] Building CXX object dmlc-core/CMakeFiles/dmlc.dir/src/io/input_split_base.cc.o
[INFO] [stderr]   [ 14%] Linking CXX static library libdmlc.a
[INFO] [stderr]   [ 14%] Built target dmlc
[INFO] [stderr]   [ 15%] Building CXX object src/CMakeFiles/objxgboost.dir/common/common.cc.o
[INFO] [stderr]   [ 19%] Building CXX object src/CMakeFiles/objxgboost.dir/c_api/c_api.cc.o
[INFO] [stderr]   [ 19%] Building CXX object src/CMakeFiles/objxgboost.dir/common/charconv.cc.o
[INFO] [stderr]   [ 19%] Building CXX object src/CMakeFiles/objxgboost.dir/c_api/c_api_error.cc.o
[INFO] [stderr]   [ 21%] Building CXX object src/CMakeFiles/objxgboost.dir/common/host_device_vector.cc.o
[INFO] [stderr]   [ 21%] Building CXX object src/CMakeFiles/objxgboost.dir/common/io.cc.o
[INFO] [stderr]   [ 23%] Building CXX object src/CMakeFiles/objxgboost.dir/common/json.cc.o
[INFO] [stderr]   [ 25%] Building CXX object src/CMakeFiles/objxgboost.dir/common/pseudo_huber.cc.o
[INFO] [stderr]   [ 25%] Building CXX object src/CMakeFiles/objxgboost.dir/common/hist_util.cc.o
[INFO] [stderr]   [ 26%] Building CXX object src/CMakeFiles/objxgboost.dir/common/quantile.cc.o
[INFO] [stderr]   [ 28%] Building CXX object src/CMakeFiles/objxgboost.dir/common/random.cc.o
[INFO] [stderr]   [ 29%] Building CXX object src/CMakeFiles/objxgboost.dir/common/survival_util.cc.o
[INFO] [stderr]   [ 30%] Building CXX object src/CMakeFiles/objxgboost.dir/common/threading_utils.cc.o
[INFO] [stderr]   [ 32%] Building CXX object src/CMakeFiles/objxgboost.dir/common/timer.cc.o
[INFO] [stderr]   [ 33%] Building CXX object src/CMakeFiles/objxgboost.dir/common/version.cc.o
[INFO] [stderr]   [ 34%] Building CXX object src/CMakeFiles/objxgboost.dir/data/data.cc.o
[INFO] [stderr] 
[INFO] [stderr]   --- stderr
[INFO] [stderr]   CMake Warning:
[INFO] [stderr]     Manually-specified variables were not used by the project:
[INFO] [stderr] 
[INFO] [stderr]       CMAKE_ASM_COMPILER
[INFO] [stderr]       CMAKE_ASM_FLAGS
[INFO] [stderr] 
[INFO] [stderr] 
[INFO] [stderr]   c++: fatal error: Killed signal terminated program cc1plus
[INFO] [stderr]   compilation terminated.
[INFO] [stderr]   gmake[2]: *** [src/CMakeFiles/objxgboost.dir/build.make:76: src/CMakeFiles/objxgboost.dir/c_api/c_api.cc.o] Error 1
[INFO] [stderr]   gmake[2]: *** Waiting for unfinished jobs....
[INFO] [stderr]   c++: fatal error: Killed signal terminated program cc1plus
[INFO] [stderr]   compilation terminated.
[INFO] [stderr]   gmake[2]: *** [src/CMakeFiles/objxgboost.dir/build.make:202: src/CMakeFiles/objxgboost.dir/common/quantile.cc.o] Error 1
[INFO] [stderr]   c++: fatal error: Killed signal terminated program cc1plus
[INFO] [stderr]   compilation terminated.
[INFO] [stderr]   gmake[2]: *** [src/CMakeFiles/objxgboost.dir/build.make:286: src/CMakeFiles/objxgboost.dir/data/data.cc.o] Error 1
[INFO] [stderr]   c++: fatal error: Killed signal terminated program cc1plus
[INFO] [stderr]   compilation terminated.
[INFO] [stderr]   gmake[2]: *** [src/CMakeFiles/objxgboost.dir/build.make:118: src/CMakeFiles/objxgboost.dir/common/common.cc.o] Error 1
[INFO] [stderr]   c++: fatal error: Killed signal terminated program cc1plus
[INFO] [stderr]   compilation terminated.
[INFO] [stderr]   gmake[2]: *** [src/CMakeFiles/objxgboost.dir/build.make:146: src/CMakeFiles/objxgboost.dir/common/host_device_vector.cc.o] Error 1
[INFO] [stderr]   c++: fatal error: Killed signal terminated program cc1plus
[INFO] [stderr]   compilation terminated.
[INFO] [stderr]   gmake[2]: *** [src/CMakeFiles/objxgboost.dir/build.make:132: src/CMakeFiles/objxgboost.dir/common/hist_util.cc.o] Error 1
[INFO] [stderr]   c++: fatal error: Killed signal terminated program cc1plus
[INFO] [stderr]   compilation terminated.
[INFO] [stderr]   gmake[2]: *** [src/CMakeFiles/objxgboost.dir/build.make:90: src/CMakeFiles/objxgboost.dir/c_api/c_api_error.cc.o] Error 1
[INFO] [stderr]   gmake[1]: *** [CMakeFiles/Makefile2:264: src/CMakeFiles/objxgboost.dir/all] Error 2
[INFO] [stderr]   gmake: *** [Makefile:156: all] Error 2
[INFO] [stderr]   thread 'main' panicked at '
[INFO] [stderr]   command did not execute successfully, got: exit status: 2
[INFO] [stderr] 
[INFO] [stderr]   build script failed, must exit now', /opt/rustwide/cargo-home/registry/src/github.com-1ecc6299db9ec823/cmake-0.1.50/src/lib.rs:1098:5
[INFO] [stderr]   stack backtrace:
[INFO] [stderr]      0:     0x564596f2aa9a - std::backtrace_rs::backtrace::libunwind::trace::ha9053a9a07ca49cb
[INFO] [stderr]                                  at /rustc/84c898d65adf2f39a5a98507f1fe0ce10a2b8dbc/library/std/src/../../backtrace/src/backtrace/libunwind.rs:93:5
[INFO] [stderr]      1:     0x564596f2aa9a - std::backtrace_rs::backtrace::trace_unsynchronized::h9c2852a457ad564e
[INFO] [stderr]                                  at /rustc/84c898d65adf2f39a5a98507f1fe0ce10a2b8dbc/library/std/src/../../backtrace/src/backtrace/mod.rs:66:5
[INFO] [stderr]      2:     0x564596f2aa9a - std::sys_common::backtrace::_print_fmt::h457936fbfaa0070f
[INFO] [stderr]                                  at /rustc/84c898d65adf2f39a5a98507f1fe0ce10a2b8dbc/library/std/src/sys_common/backtrace.rs:65:5
[INFO] [stderr]      3:     0x564596f2aa9a - <std::sys_common::backtrace::_print::DisplayBacktrace as core::fmt::Display>::fmt::h5779d7bf7f70cb0c
[INFO] [stderr]                                  at /rustc/84c898d65adf2f39a5a98507f1fe0ce10a2b8dbc/library/std/src/sys_common/backtrace.rs:44:22
[INFO] [stderr]      4:     0x564596f50cae - core::fmt::write::h5a4baaff1bcd3eb5
[INFO] [stderr]                                  at /rustc/84c898d65adf2f39a5a98507f1fe0ce10a2b8dbc/library/core/src/fmt/mod.rs:1232:17
[INFO] [stderr]      5:     0x564596f27745 - std::io::Write::write_fmt::h4bc1f301cb9e9cce
[INFO] [stderr]                                  at /rustc/84c898d65adf2f39a5a98507f1fe0ce10a2b8dbc/library/std/src/io/mod.rs:1684:15
[INFO] [stderr]      6:     0x564596f2a865 - std::sys_common::backtrace::_print::h5fcdc36060f177e8
[INFO] [stderr]                                  at /rustc/84c898d65adf2f39a5a98507f1fe0ce10a2b8dbc/library/std/src/sys_common/backtrace.rs:47:5
[INFO] [stderr]      7:     0x564596f2a865 - std::sys_common::backtrace::print::h54ca9458b876c8bf
[INFO] [stderr]                                  at /rustc/84c898d65adf2f39a5a98507f1fe0ce10a2b8dbc/library/std/src/sys_common/backtrace.rs:34:9
[INFO] [stderr]      8:     0x564596f2c23f - std::panicking::default_hook::{{closure}}::hbe471161c7664ed6
[INFO] [stderr]                                  at /rustc/84c898d65adf2f39a5a98507f1fe0ce10a2b8dbc/library/std/src/panicking.rs:271:22
[INFO] [stderr]      9:     0x564596f2bf7b - std::panicking::default_hook::ha3500da57aa4ac4f
[INFO] [stderr]                                  at /rustc/84c898d65adf2f39a5a98507f1fe0ce10a2b8dbc/library/std/src/panicking.rs:290:9
[INFO] [stderr]     10:     0x564596f2c7e8 - std::panicking::rust_panic_with_hook::h50c09d000dc561d2
[INFO] [stderr]                                  at /rustc/84c898d65adf2f39a5a98507f1fe0ce10a2b8dbc/library/std/src/panicking.rs:692:13
[INFO] [stderr]     11:     0x564596f2c6e9 - std::panicking::begin_panic_handler::{{closure}}::h9e2b2176e00e0d9c
[INFO] [stderr]                                  at /rustc/84c898d65adf2f39a5a98507f1fe0ce10a2b8dbc/library/std/src/panicking.rs:583:13
[INFO] [stderr]     12:     0x564596f2af06 - std::sys_common::backtrace::__rust_end_short_backtrace::h5739b8e512c09d02
[INFO] [stderr]                                  at /rustc/84c898d65adf2f39a5a98507f1fe0ce10a2b8dbc/library/std/src/sys_common/backtrace.rs:150:18
[INFO] [stderr]     13:     0x564596f2c3f2 - rust_begin_unwind
[INFO] [stderr]                                  at /rustc/84c898d65adf2f39a5a98507f1fe0ce10a2b8dbc/library/std/src/panicking.rs:579:5
[INFO] [stderr]     14:     0x564596a4fde3 - core::panicking::panic_fmt::hf33a1475b4dc5c3e
[INFO] [stderr]                                  at /rustc/84c898d65adf2f39a5a98507f1fe0ce10a2b8dbc/library/core/src/panicking.rs:64:14
[INFO] [stderr]     15:     0x564596a5d17f - cmake::fail::he523feb31d426beb
[INFO] [stderr]     16:     0x564596a5cc73 - cmake::run::h28b9026df7e93e8d
[INFO] [stderr]     17:     0x564596a597a3 - cmake::Config::build::h36ec1f0187cbfcd5
[INFO] [stderr]     18:     0x564596a525cd - build_script_build::main::h0056e62e506b317a
[INFO] [stderr]     19:     0x564596a511e3 - core::ops::function::FnOnce::call_once::h30a062a4c4392f41
[INFO] [stderr]     20:     0x564596a54219 - std::sys_common::backtrace::__rust_begin_short_backtrace::hde06af39b3e8682b
[INFO] [stderr]     21:     0x564596a517f9 - std::rt::lang_start::{{closure}}::hb2dc57050191a74a
[INFO] [stderr]     22:     0x564596f2327c - core::ops::function::impls::<impl core::ops::function::FnOnce<A> for &F>::call_once::hd6efcd3bec896f2c
[INFO] [stderr]                                  at /rustc/84c898d65adf2f39a5a98507f1fe0ce10a2b8dbc/library/core/src/ops/function.rs:287:13
[INFO] [stderr]     23:     0x564596f2327c - std::panicking::try::do_call::hce04e543bb1f4cbb
[INFO] [stderr]                                  at /rustc/84c898d65adf2f39a5a98507f1fe0ce10a2b8dbc/library/std/src/panicking.rs:487:40
[INFO] [stderr]     24:     0x564596f2327c - std::panicking::try::h3342dd4e1f680968
[INFO] [stderr]                                  at /rustc/84c898d65adf2f39a5a98507f1fe0ce10a2b8dbc/library/std/src/panicking.rs:451:19
[INFO] [stderr]     25:     0x564596f2327c - std::panic::catch_unwind::h148ce1e59ac0cee7
[INFO] [stderr]                                  at /rustc/84c898d65adf2f39a5a98507f1fe0ce10a2b8dbc/library/std/src/panic.rs:140:14
[INFO] [stderr]     26:     0x564596f2327c - std::rt::lang_start_internal::{{closure}}::h25f9dda2057a67fe
[INFO] [stderr]                                  at /rustc/84c898d65adf2f39a5a98507f1fe0ce10a2b8dbc/library/std/src/rt.rs:148:48
[INFO] [stderr]     27:     0x564596f2327c - std::panicking::try::do_call::h7caaaeaf9401650b
[INFO] [stderr]                                  at /rustc/84c898d65adf2f39a5a98507f1fe0ce10a2b8dbc/library/std/src/panicking.rs:487:40
[INFO] [stderr]     28:     0x564596f2327c - std::panicking::try::he7d15285746cbbc2
[INFO] [stderr]                                  at /rustc/84c898d65adf2f39a5a98507f1fe0ce10a2b8dbc/library/std/src/panicking.rs:451:19
[INFO] [stderr]     29:     0x564596f2327c - std::panic::catch_unwind::h89fb4f50c0301fe0
[INFO] [stderr]                                  at /rustc/84c898d65adf2f39a5a98507f1fe0ce10a2b8dbc/library/std/src/panic.rs:140:14
[INFO] [stderr]     30:     0x564596f2327c - std::rt::lang_start_internal::h078acd489417d3c1
[INFO] [stderr]                                  at /rustc/84c898d65adf2f39a5a98507f1fe0ce10a2b8dbc/library/std/src/rt.rs:148:20
[INFO] [stderr]     31:     0x564596a517d7 - std::rt::lang_start::hcd969e831dc34e23
[INFO] [stderr]     32:     0x564596a532d5 - main
[INFO] [stderr]     33:     0x7f1069dcad90 - <unknown>
[INFO] [stderr]     34:     0x7f1069dcae40 - __libc_start_main
[INFO] [stderr]     35:     0x564596a50475 - _start
[INFO] [stderr]     36:                0x0 - <unknown>
[INFO] running `Command { std: "docker" "inspect" "f8913a6d6dc0961a3ab35efef02efb80613e222a69750f0740dcf7fa5450b5ad", kill_on_drop: false }`
[INFO] running `Command { std: "docker" "rm" "-f" "f8913a6d6dc0961a3ab35efef02efb80613e222a69750f0740dcf7fa5450b5ad", kill_on_drop: false }`
[INFO] [stdout] f8913a6d6dc0961a3ab35efef02efb80613e222a69750f0740dcf7fa5450b5ad
