[INFO] fetching crate winsafe_input_manager 0.1.0...
[INFO] documenting winsafe_input_manager-0.1.0 against 1.69.0 for beta-1.70-rustdoc-1
[INFO] extracting crate winsafe_input_manager 0.1.0 into /workspace/builds/worker-1-tc1/source
[INFO] validating manifest of crates.io crate winsafe_input_manager 0.1.0 on toolchain 1.69.0
[INFO] running `Command { std: CARGO_HOME="/workspace/cargo-home" RUSTUP_HOME="/workspace/rustup-home" "/workspace/cargo-home/bin/cargo" "+1.69.0" "metadata" "--manifest-path" "Cargo.toml" "--no-deps", kill_on_drop: false }`
[INFO] started tweaking crates.io crate winsafe_input_manager 0.1.0
[INFO] finished tweaking crates.io crate winsafe_input_manager 0.1.0
[INFO] tweaked toml for crates.io crate winsafe_input_manager 0.1.0 written to /workspace/builds/worker-1-tc1/source/Cargo.toml
[INFO] crate crates.io crate winsafe_input_manager 0.1.0 already has a lockfile, it will not be regenerated
[INFO] running `Command { std: CARGO_HOME="/workspace/cargo-home" RUSTUP_HOME="/workspace/rustup-home" "/workspace/cargo-home/bin/cargo" "+1.69.0" "fetch" "--manifest-path" "Cargo.toml", kill_on_drop: false }`
[INFO] running `Command { std: "docker" "create" "-v" "/var/lib/crater-agent-workspace/builds/worker-1-tc1/target:/opt/rustwide/target:rw,Z" "-v" "/var/lib/crater-agent-workspace/builds/worker-1-tc1/source:/opt/rustwide/workdir:ro,Z" "-v" "/var/lib/crater-agent-workspace/cargo-home:/opt/rustwide/cargo-home:ro,Z" "-v" "/var/lib/crater-agent-workspace/rustup-home:/opt/rustwide/rustup-home:ro,Z" "-e" "SOURCE_DIR=/opt/rustwide/workdir" "-e" "CARGO_TARGET_DIR=/opt/rustwide/target" "-e" "CARGO_HOME=/opt/rustwide/cargo-home" "-e" "RUSTUP_HOME=/opt/rustwide/rustup-home" "-w" "/opt/rustwide/workdir" "-m" "1610612736" "--user" "0:0" "--network" "none" "ghcr.io/rust-lang/crates-build-env/linux@sha256:5ff2268d62e97bff2cde7d5815dd6ed5b47097566f13b8d0ca110b04b60e07ed" "/opt/rustwide/cargo-home/bin/cargo" "+1.69.0" "metadata" "--no-deps" "--format-version=1", kill_on_drop: false }`
[INFO] [stdout] 090c772bf86bfa6513f0273efed59470a0d2cca0918715030f919707838b170e
[INFO] running `Command { std: "docker" "start" "-a" "090c772bf86bfa6513f0273efed59470a0d2cca0918715030f919707838b170e", kill_on_drop: false }`
[INFO] running `Command { std: "docker" "inspect" "090c772bf86bfa6513f0273efed59470a0d2cca0918715030f919707838b170e", kill_on_drop: false }`
[INFO] running `Command { std: "docker" "rm" "-f" "090c772bf86bfa6513f0273efed59470a0d2cca0918715030f919707838b170e", kill_on_drop: false }`
[INFO] [stdout] 090c772bf86bfa6513f0273efed59470a0d2cca0918715030f919707838b170e
[INFO] running `Command { std: "docker" "create" "-v" "/var/lib/crater-agent-workspace/builds/worker-1-tc1/target:/opt/rustwide/target:rw,Z" "-v" "/var/lib/crater-agent-workspace/builds/worker-1-tc1/source:/opt/rustwide/workdir:ro,Z" "-v" "/var/lib/crater-agent-workspace/cargo-home:/opt/rustwide/cargo-home:ro,Z" "-v" "/var/lib/crater-agent-workspace/rustup-home:/opt/rustwide/rustup-home:ro,Z" "-e" "SOURCE_DIR=/opt/rustwide/workdir" "-e" "CARGO_TARGET_DIR=/opt/rustwide/target" "-e" "CARGO_INCREMENTAL=0" "-e" "RUST_BACKTRACE=full" "-e" "RUSTFLAGS=--cap-lints=warn" "-e" "RUSTDOCFLAGS=--cap-lints=warn" "-e" "CARGO_HOME=/opt/rustwide/cargo-home" "-e" "RUSTUP_HOME=/opt/rustwide/rustup-home" "-w" "/opt/rustwide/workdir" "-m" "1610612736" "--user" "0:0" "--network" "none" "ghcr.io/rust-lang/crates-build-env/linux@sha256:5ff2268d62e97bff2cde7d5815dd6ed5b47097566f13b8d0ca110b04b60e07ed" "/opt/rustwide/cargo-home/bin/cargo" "+1.69.0" "doc" "--frozen" "--no-deps" "--document-private-items" "--message-format=json", kill_on_drop: false }`
[INFO] [stdout] 725b8585ae43af48369216c43fb8d63cbd15ec4e87fae6c7098f3f4553105198
[INFO] running `Command { std: "docker" "start" "-a" "725b8585ae43af48369216c43fb8d63cbd15ec4e87fae6c7098f3f4553105198", kill_on_drop: false }`
[INFO] [stderr]     Checking winsafe_input_manager v0.1.0 (/opt/rustwide/workdir)
[INFO] [stderr]  Documenting winsafe_input_manager v0.1.0 (/opt/rustwide/workdir)
[INFO] [stdout] error[E0433]: failed to resolve: could not find `structs` in `winsafe_input_manager`
[INFO] [stdout]  --> src/bin/mouse_event_test_simulator.rs:1:28
[INFO] [stdout]   |
[INFO] [stdout] 1 | use winsafe_input_manager::structs::mouse::{MouseEvent,MouseButton};
[INFO] [stdout]   |                            ^^^^^^^ could not find `structs` in `winsafe_input_manager`
[INFO] [stdout] 
[INFO] [stdout] 
[INFO] [stdout] error[E0432]: unresolved imports `winsafe_input_manager::queue`, `winsafe_input_manager::WindowsResult`
[INFO] [stdout]  --> src/bin/mouse_event_test_simulator.rs:2:29
[INFO] [stdout]   |
[INFO] [stdout] 2 | use winsafe_input_manager::{queue, WindowsResult};
[INFO] [stdout]   |                             ^^^^^  ^^^^^^^^^^^^^ no `WindowsResult` in the root
[INFO] [stdout]   |                             |
[INFO] [stdout]   |                             no `queue` in the root
[INFO] [stdout] 
[INFO] [stdout] 
[INFO] [stdout] error[E0432]: unresolved imports `winsafe_input_manager::listener`, `winsafe_input_manager::WindowsResult`
[INFO] [stdout]  --> src/bin/keyboard_controls_mouse.rs:1:29
[INFO] [stdout]   |
[INFO] [stdout] 1 | use winsafe_input_manager::{listener, WindowsResult};
[INFO] [stdout]   |                             ^^^^^^^^  ^^^^^^^^^^^^^ no `WindowsResult` in the root
[INFO] [stdout]   |                             |
[INFO] [stdout]   |                             no `listener` in the root
[INFO] [stdout] 
[INFO] [stdout] 
[INFO] [stdout] error[E0432]: unresolved imports `winsafe_input_manager::listener`, `winsafe_input_manager::WindowsResult`
[INFO] [stdout]  --> src/bin/mouse_event_logger.rs:1:29
[INFO] [stdout]   |
[INFO] [stdout] 1 | use winsafe_input_manager::{listener, WindowsResult};
[INFO] [stdout]   |                             ^^^^^^^^  ^^^^^^^^^^^^^ no `WindowsResult` in the root
[INFO] [stdout]   |                             |
[INFO] [stdout]   |                             no `listener` in the root
[INFO] [stdout] 
[INFO] [stdout] 
[INFO] [stdout] error[E0432]: unresolved import `winsafe_input_manager::sender`
[INFO] [stdout]  --> src/bin/mouse_event_test_simulator.rs:3:28
[INFO] [stdout]   |
[INFO] [stdout] 3 | use winsafe_input_manager::sender::Event;
[INFO] [stdout]   |                            ^^^^^^ could not find `sender` in `winsafe_input_manager`
[INFO] [stdout] 
[INFO] [stdout] 
[INFO] [stdout] error: cannot determine resolution for the macro `queue`
[INFO] [stdout]   --> src/bin/mouse_event_test_simulator.rs:13:2
[INFO] [stdout]    |
[INFO] [stdout] 13 |     queue!(
[INFO] [stdout]    |     ^^^^^
[INFO] [stdout]    |
[INFO] [stdout]    = note: import resolution is stuck, try simplifying macro imports
[INFO] [stdout] 
[INFO] [stdout] 
[INFO] [stdout] error[E0432]: unresolved import `winsafe_input_manager::listener`
[INFO] [stdout]  --> src/bin/keyboard_controls_mouse.rs:2:28
[INFO] [stdout]   |
[INFO] [stdout] 2 | use winsafe_input_manager::listener::EventType;
[INFO] [stdout]   |                            ^^^^^^^^ could not find `listener` in `winsafe_input_manager`
[INFO] [stdout] 
[INFO] [stdout] 
[INFO] [stdout] error: cannot determine resolution for the macro `queue`
[INFO] [stdout]  --> src/bin/mouse_event_test_simulator.rs:8:2
[INFO] [stdout]   |
[INFO] [stdout] 8 |     queue!(
[INFO] [stdout]   |     ^^^^^
[INFO] [stdout]   |
[INFO] [stdout]   = note: import resolution is stuck, try simplifying macro imports
[INFO] [stdout] 
[INFO] [stdout] 
[INFO] [stdout] error[E0433]: failed to resolve: could not find `structs` in `winsafe_input_manager`
[INFO] [stdout]  --> src/bin/keyboard_controls_mouse.rs:4:28
[INFO] [stdout]   |
[INFO] [stdout] 4 | use winsafe_input_manager::structs::keyboard::{KeyboardEvent, VirtualKey};
[INFO] [stdout]   |                            ^^^^^^^ could not find `structs` in `winsafe_input_manager`
[INFO] [stdout] 
[INFO] [stdout] 
[INFO] [stdout] error[E0433]: failed to resolve: could not find `structs` in `winsafe_input_manager`
[INFO] [stdout]  --> src/bin/keyboard_controls_mouse.rs:5:28
[INFO] [stdout]   |
[INFO] [stdout] 5 | use winsafe_input_manager::structs::mouse::{MouseButton, MouseEvent};
[INFO] [stdout]   |                            ^^^^^^^ could not find `structs` in `winsafe_input_manager`
[INFO] [stdout] 
[INFO] [stdout] 
[INFO] [stdout] error[E0432]: unresolved import `winsafe_input_manager::sender`
[INFO] [stdout]  --> src/bin/keyboard_controls_mouse.rs:3:28
[INFO] [stdout]   |
[INFO] [stdout] 3 | use winsafe_input_manager::sender::Event;
[INFO] [stdout]   |                            ^^^^^^ could not find `sender` in `winsafe_input_manager`
[INFO] [stdout] 
[INFO] [stdout] 
[INFO] [stdout] error: aborting due to previous error
[INFO] [stdout] 
[INFO] [stdout] 
[INFO] [stdout] error: aborting due to 5 previous errors
[INFO] [stdout] 
[INFO] [stdout] 
[INFO] [stdout] For more information about this error, try `rustc --explain E0432`.
[INFO] [stdout] 
[INFO] [stdout] Some errors have detailed explanations: E0432, E0433.
[INFO] [stdout] 
[INFO] [stdout] For more information about an error, try `rustc --explain E0432`.
[INFO] [stdout] 
[INFO] [stdout] error: aborting due to 5 previous errors
[INFO] [stdout] 
[INFO] [stdout] 
[INFO] [stdout] Some errors have detailed explanations: E0432, E0433.
[INFO] [stdout] 
[INFO] [stdout] For more information about an error, try `rustc --explain E0432`.
[INFO] [stdout] 
[INFO] [stderr] error: could not document `winsafe_input_manager`
[INFO] [stderr] 
[INFO] [stderr] Caused by:
[INFO] [stderr]   process didn't exit successfully: `rustdoc --edition=2021 --crate-type bin --crate-name keyboard_controls_mouse src/bin/keyboard_controls_mouse.rs -o /opt/rustwide/target/doc --error-format=json --json=diagnostic-rendered-ansi,artifacts,future-incompat --document-private-items '-Arustdoc::private-intra-doc-links' -C metadata=a812fe00d5f572f6 -L dependency=/opt/rustwide/target/debug/deps --extern winsafe_input_manager=/opt/rustwide/target/debug/deps/libwinsafe_input_manager-484b6158029b8cee.rmeta --cap-lints=warn --crate-version 0.1.0` (exit status: 1)
[INFO] [stderr] warning: build failed, waiting for other jobs to finish...
[INFO] [stderr] error: could not document `winsafe_input_manager`
[INFO] [stdout] error[E0432]: unresolved import `winsafe_input_manager::WindowsResult`
[INFO] [stdout]  --> src/bin/keyboard_event_test_simulator.rs:1:5
[INFO] [stdout]   |
[INFO] [stdout] 1 | use winsafe_input_manager::WindowsResult;
[INFO] [stdout]   |     ^^^^^^^^^^^^^^^^^^^^^^^^^^^^^^^^^^^^ no `WindowsResult` in the root
[INFO] [stdout] 
[INFO] [stdout] 
[INFO] [stderr] 
[INFO] [stderr] Caused by:
[INFO] [stderr]   process didn't exit successfully: `rustdoc --edition=2021 --crate-type bin --crate-name mouse_event_logger src/bin/mouse_event_logger.rs -o /opt/rustwide/target/doc --error-format=json --json=diagnostic-rendered-ansi,artifacts,future-incompat --document-private-items '-Arustdoc::private-intra-doc-links' -C metadata=6417dd5032a7d891 -L dependency=/opt/rustwide/target/debug/deps --extern winsafe_input_manager=/opt/rustwide/target/debug/deps/libwinsafe_input_manager-484b6158029b8cee.rmeta --cap-lints=warn --crate-version 0.1.0` (exit status: 1)
[INFO] [stderr] error: could not document `winsafe_input_manager`
[INFO] [stdout] error[E0433]: failed to resolve: could not find `structs` in `winsafe_input_manager`
[INFO] [stdout]  --> src/bin/keyboard_event_test_simulator.rs:3:28
[INFO] [stdout]   |
[INFO] [stdout] 3 | use winsafe_input_manager::structs::keyboard::{VirtualKey, KeyboardEvent};
[INFO] [stdout]   |                            ^^^^^^^ could not find `structs` in `winsafe_input_manager`
[INFO] [stdout] 
[INFO] [stdout] 
[INFO] [stderr] 
[INFO] [stdout] error[E0433]: failed to resolve: could not find `structs` in `winsafe_input_manager`
[INFO] [stdout]  --> src/bin/keyboard_blinker.rs:2:28
[INFO] [stdout]   |
[INFO] [stdout] 2 | use winsafe_input_manager::structs::keyboard::{VirtualKey,KeyboardEvent};
[INFO] [stdout]   |                            ^^^^^^^ could not find `structs` in `winsafe_input_manager`
[INFO] [stdout] 
[INFO] [stdout] 
[INFO] [stderr] Caused by:
[INFO] [stdout] error[E0432]: unresolved import `winsafe_input_manager::listener`
[INFO] [stdout]  --> src/bin/keyboard_event_test_simulator.rs:2:28
[INFO] [stdout]   |
[INFO] [stdout] 2 | use winsafe_input_manager::listener::EventType;
[INFO] [stdout]   |                            ^^^^^^^^ could not find `listener` in `winsafe_input_manager`
[INFO] [stdout] 
[INFO] [stdout] 
[INFO] [stderr]   process didn't exit successfully: `rustdoc --edition=2021 --crate-type bin --crate-name mouse_event_test_simulator src/bin/mouse_event_test_simulator.rs -o /opt/rustwide/target/doc --error-format=json --json=diagnostic-rendered-ansi,artifacts,future-incompat --document-private-items '-Arustdoc::private-intra-doc-links' -C metadata=0fe09f411bdd6da5 -L dependency=/opt/rustwide/target/debug/deps --extern winsafe_input_manager=/opt/rustwide/target/debug/deps/libwinsafe_input_manager-484b6158029b8cee.rmeta --cap-lints=warn --crate-version 0.1.0` (exit status: 1)
[INFO] [stdout] error[E0432]: unresolved import `winsafe_input_manager::sender`
[INFO] [stdout]  --> src/bin/keyboard_event_test_simulator.rs:4:28
[INFO] [stdout]   |
[INFO] [stdout] 4 | use winsafe_input_manager::sender::*;
[INFO] [stdout]   |                            ^^^^^^ could not find `sender` in `winsafe_input_manager`
[INFO] [stdout] 
[INFO] [stdout] 
[INFO] [stdout] error[E0432]: unresolved imports `winsafe_input_manager::queue`, `winsafe_input_manager::WindowsResult`
[INFO] [stdout]  --> src/bin/keyboard_blinker.rs:1:29
[INFO] [stdout]   |
[INFO] [stdout] 1 | use winsafe_input_manager::{queue, WindowsResult};
[INFO] [stdout]   |                             ^^^^^  ^^^^^^^^^^^^^ no `WindowsResult` in the root
[INFO] [stdout]   |                             |
[INFO] [stdout]   |                             no `queue` in the root
[INFO] [stdout] 
[INFO] [stdout] 
[INFO] [stdout] error: cannot determine resolution for the macro `queue`
[INFO] [stdout]   --> src/bin/keyboard_blinker.rs:12:4
[INFO] [stdout]    |
[INFO] [stdout] 12 |             queue!(KeyboardEvent::VirtualKeyDown(vk[p]), KeyboardEvent::VirtualKeyUp(vk[p]));
[INFO] [stdout]    |             ^^^^^
[INFO] [stdout]    |
[INFO] [stdout]    = note: import resolution is stuck, try simplifying macro imports
[INFO] [stdout] 
[INFO] [stdout] 
[INFO] [stdout] error: cannot determine resolution for the macro `queue`
[INFO] [stdout]   --> src/bin/keyboard_blinker.rs:10:3
[INFO] [stdout]    |
[INFO] [stdout] 10 |         queue!(KeyboardEvent::VirtualKeyDown(vk[i]), KeyboardEvent::VirtualKeyUp(vk[i]));
[INFO] [stdout]    |         ^^^^^
[INFO] [stdout]    |
[INFO] [stdout]    = note: import resolution is stuck, try simplifying macro imports
[INFO] [stdout] 
[INFO] [stdout] 
[INFO] [stdout] error: aborting due to 4 previous errors
[INFO] [stdout] 
[INFO] [stdout] 
[INFO] [stdout] Some errors have detailed explanations: E0432, E0433.
[INFO] [stdout] 
[INFO] [stdout] For more information about an error, try `rustc --explain E0432`.
[INFO] [stdout] 
[INFO] [stdout] error: aborting due to 4 previous errors
[INFO] [stdout] 
[INFO] [stdout] 
[INFO] [stdout] Some errors have detailed explanations: E0432, E0433.
[INFO] [stdout] 
[INFO] [stdout] For more information about an error, try `rustc --explain E0432`.
[INFO] [stdout] 
[INFO] [stderr] error: could not document `winsafe_input_manager`
[INFO] [stderr] 
[INFO] [stderr] Caused by:
[INFO] [stderr]   process didn't exit successfully: `rustdoc --edition=2021 --crate-type bin --crate-name keyboard_blinker src/bin/keyboard_blinker.rs -o /opt/rustwide/target/doc --error-format=json --json=diagnostic-rendered-ansi,artifacts,future-incompat --document-private-items '-Arustdoc::private-intra-doc-links' -C metadata=962af22fcbe9c986 -L dependency=/opt/rustwide/target/debug/deps --extern winsafe_input_manager=/opt/rustwide/target/debug/deps/libwinsafe_input_manager-484b6158029b8cee.rmeta --cap-lints=warn --crate-version 0.1.0` (exit status: 1)
[INFO] [stderr] error: could not document `winsafe_input_manager`
[INFO] [stderr] 
[INFO] [stderr] Caused by:
[INFO] [stderr]   process didn't exit successfully: `rustdoc --edition=2021 --crate-type bin --crate-name keyboard_event_test_simulator src/bin/keyboard_event_test_simulator.rs -o /opt/rustwide/target/doc --error-format=json --json=diagnostic-rendered-ansi,artifacts,future-incompat --document-private-items '-Arustdoc::private-intra-doc-links' -C metadata=2988feeee77232b9 -L dependency=/opt/rustwide/target/debug/deps --extern winsafe_input_manager=/opt/rustwide/target/debug/deps/libwinsafe_input_manager-484b6158029b8cee.rmeta --cap-lints=warn --crate-version 0.1.0` (exit status: 1)
[INFO] running `Command { std: "docker" "inspect" "725b8585ae43af48369216c43fb8d63cbd15ec4e87fae6c7098f3f4553105198", kill_on_drop: false }`
[INFO] running `Command { std: "docker" "rm" "-f" "725b8585ae43af48369216c43fb8d63cbd15ec4e87fae6c7098f3f4553105198", kill_on_drop: false }`
[INFO] [stdout] 725b8585ae43af48369216c43fb8d63cbd15ec4e87fae6c7098f3f4553105198
