[INFO] fetching crate win-task-dialog 0.1.6...
[INFO] documenting win-task-dialog-0.1.6 against 1.69.0 for beta-1.70-rustdoc-1
[INFO] extracting crate win-task-dialog 0.1.6 into /workspace/builds/worker-2-tc1/source
[INFO] validating manifest of crates.io crate win-task-dialog 0.1.6 on toolchain 1.69.0
[INFO] running `Command { std: CARGO_HOME="/workspace/cargo-home" RUSTUP_HOME="/workspace/rustup-home" "/workspace/cargo-home/bin/cargo" "+1.69.0" "metadata" "--manifest-path" "Cargo.toml" "--no-deps", kill_on_drop: false }`
[INFO] started tweaking crates.io crate win-task-dialog 0.1.6
[INFO] finished tweaking crates.io crate win-task-dialog 0.1.6
[INFO] tweaked toml for crates.io crate win-task-dialog 0.1.6 written to /workspace/builds/worker-2-tc1/source/Cargo.toml
[INFO] running `Command { std: CARGO_HOME="/workspace/cargo-home" RUSTUP_HOME="/workspace/rustup-home" __CARGO_TEST_CHANNEL_OVERRIDE_DO_NOT_USE_THIS="nightly" "/workspace/cargo-home/bin/cargo" "+1.69.0" "generate-lockfile" "--manifest-path" "Cargo.toml" "-Zno-index-update", kill_on_drop: false }`
[INFO] running `Command { std: CARGO_HOME="/workspace/cargo-home" RUSTUP_HOME="/workspace/rustup-home" "/workspace/cargo-home/bin/cargo" "+1.69.0" "fetch" "--manifest-path" "Cargo.toml", kill_on_drop: false }`
[INFO] running `Command { std: "docker" "create" "-v" "/var/lib/crater-agent-workspace/builds/worker-2-tc1/target:/opt/rustwide/target:rw,Z" "-v" "/var/lib/crater-agent-workspace/builds/worker-2-tc1/source:/opt/rustwide/workdir:ro,Z" "-v" "/var/lib/crater-agent-workspace/cargo-home:/opt/rustwide/cargo-home:ro,Z" "-v" "/var/lib/crater-agent-workspace/rustup-home:/opt/rustwide/rustup-home:ro,Z" "-e" "SOURCE_DIR=/opt/rustwide/workdir" "-e" "CARGO_TARGET_DIR=/opt/rustwide/target" "-e" "CARGO_HOME=/opt/rustwide/cargo-home" "-e" "RUSTUP_HOME=/opt/rustwide/rustup-home" "-w" "/opt/rustwide/workdir" "-m" "1610612736" "--user" "0:0" "--network" "none" "ghcr.io/rust-lang/crates-build-env/linux@sha256:5ff2268d62e97bff2cde7d5815dd6ed5b47097566f13b8d0ca110b04b60e07ed" "/opt/rustwide/cargo-home/bin/cargo" "+1.69.0" "metadata" "--no-deps" "--format-version=1", kill_on_drop: false }`
[INFO] [stdout] 9fc40ff78fa3ff67be1bbb67b9a8665fc091c337a86f20780cc4fdb767a8103c
[INFO] running `Command { std: "docker" "start" "-a" "9fc40ff78fa3ff67be1bbb67b9a8665fc091c337a86f20780cc4fdb767a8103c", kill_on_drop: false }`
[INFO] running `Command { std: "docker" "inspect" "9fc40ff78fa3ff67be1bbb67b9a8665fc091c337a86f20780cc4fdb767a8103c", kill_on_drop: false }`
[INFO] running `Command { std: "docker" "rm" "-f" "9fc40ff78fa3ff67be1bbb67b9a8665fc091c337a86f20780cc4fdb767a8103c", kill_on_drop: false }`
[INFO] [stdout] 9fc40ff78fa3ff67be1bbb67b9a8665fc091c337a86f20780cc4fdb767a8103c
[INFO] running `Command { std: "docker" "create" "-v" "/var/lib/crater-agent-workspace/builds/worker-2-tc1/target:/opt/rustwide/target:rw,Z" "-v" "/var/lib/crater-agent-workspace/builds/worker-2-tc1/source:/opt/rustwide/workdir:ro,Z" "-v" "/var/lib/crater-agent-workspace/cargo-home:/opt/rustwide/cargo-home:ro,Z" "-v" "/var/lib/crater-agent-workspace/rustup-home:/opt/rustwide/rustup-home:ro,Z" "-e" "SOURCE_DIR=/opt/rustwide/workdir" "-e" "CARGO_TARGET_DIR=/opt/rustwide/target" "-e" "CARGO_INCREMENTAL=0" "-e" "RUST_BACKTRACE=full" "-e" "RUSTFLAGS=--cap-lints=warn" "-e" "RUSTDOCFLAGS=--cap-lints=warn" "-e" "CARGO_HOME=/opt/rustwide/cargo-home" "-e" "RUSTUP_HOME=/opt/rustwide/rustup-home" "-w" "/opt/rustwide/workdir" "-m" "1610612736" "--user" "0:0" "--network" "none" "ghcr.io/rust-lang/crates-build-env/linux@sha256:5ff2268d62e97bff2cde7d5815dd6ed5b47097566f13b8d0ca110b04b60e07ed" "/opt/rustwide/cargo-home/bin/cargo" "+1.69.0" "doc" "--frozen" "--no-deps" "--document-private-items" "--message-format=json", kill_on_drop: false }`
[INFO] [stdout] 172d1e2ed3c1f514d072201dff99c090feb4c3faea44b914736240a1bb89b32a
[INFO] running `Command { std: "docker" "start" "-a" "172d1e2ed3c1f514d072201dff99c090feb4c3faea44b914736240a1bb89b32a", kill_on_drop: false }`
[INFO] [stderr]  Documenting win-task-dialog v0.1.6 (/opt/rustwide/workdir)
[INFO] [stderr]     Finished dev [unoptimized + debuginfo] target(s) in 0.32s
[INFO] running `Command { std: "docker" "inspect" "172d1e2ed3c1f514d072201dff99c090feb4c3faea44b914736240a1bb89b32a", kill_on_drop: false }`
[INFO] running `Command { std: "docker" "rm" "-f" "172d1e2ed3c1f514d072201dff99c090feb4c3faea44b914736240a1bb89b32a", kill_on_drop: false }`
[INFO] [stdout] 172d1e2ed3c1f514d072201dff99c090feb4c3faea44b914736240a1bb89b32a
[INFO] running `Command { std: "docker" "create" "-v" "/var/lib/crater-agent-workspace/builds/worker-2-tc1/target:/opt/rustwide/target:rw,Z" "-v" "/var/lib/crater-agent-workspace/builds/worker-2-tc1/source:/opt/rustwide/workdir:ro,Z" "-v" "/var/lib/crater-agent-workspace/cargo-home:/opt/rustwide/cargo-home:ro,Z" "-v" "/var/lib/crater-agent-workspace/rustup-home:/opt/rustwide/rustup-home:ro,Z" "-e" "SOURCE_DIR=/opt/rustwide/workdir" "-e" "CARGO_TARGET_DIR=/opt/rustwide/target" "-e" "CARGO_INCREMENTAL=0" "-e" "RUST_BACKTRACE=full" "-e" "RUSTFLAGS=--cap-lints=warn" "-e" "RUSTDOCFLAGS=--cap-lints=warn" "-e" "DOCS_RS=1" "-e" "RUSTC_BOOTSTRAP=1" "-e" "CARGO_HOME=/opt/rustwide/cargo-home" "-e" "RUSTUP_HOME=/opt/rustwide/rustup-home" "-w" "/opt/rustwide/workdir" "-m" "1610612736" "--user" "0:0" "--network" "none" "ghcr.io/rust-lang/crates-build-env/linux@sha256:5ff2268d62e97bff2cde7d5815dd6ed5b47097566f13b8d0ca110b04b60e07ed" "/opt/rustwide/cargo-home/bin/cargo" "+1.69.0" "rustdoc" "--lib" "-Zrustdoc-map" "-Z" "unstable-options" "--config" "build.rustflags=[\"--cfg\", \"windows\"]" "-Zhost-config" "-Ztarget-applies-to-host" "--config" "host.rustflags=[\"--cfg\", \"windows\"]" "--config" "build.rustdocflags=[\"-Z\", \"unstable-options\", \"--document-private-items\"]" "--frozen" "--message-format=json", kill_on_drop: false }`
[INFO] [stdout] c845ca124198293dfacc3bdb92551b5ba1c928e93661e77a5bc07bf47260ef44
[INFO] running `Command { std: "docker" "start" "-a" "c845ca124198293dfacc3bdb92551b5ba1c928e93661e77a5bc07bf47260ef44", kill_on_drop: false }`
[INFO] [stderr]    Compiling winapi v0.3.9
[INFO] [stdout] error[E0432]: unresolved import `shared::basetsd`
[INFO] [stdout]  --> /opt/rustwide/cargo-home/registry/src/github.com-1ecc6299db9ec823/winapi-0.3.9/src/um/commctrl.rs:7:13
[INFO] [stdout]   |
[INFO] [stdout] 7 | use shared::basetsd::{DWORD_PTR, INT_PTR, LONG_PTR, UINT_PTR};
[INFO] [stdout]   |             ^^^^^^^ could not find `basetsd` in `shared`
[INFO] [stdout] 
[INFO] [stdout] 
[INFO] [stdout] error[E0432]: unresolved import `shared::basetsd`
[INFO] [stdout]  --> /opt/rustwide/cargo-home/registry/src/github.com-1ecc6299db9ec823/winapi-0.3.9/src/um/commctrl.rs:8:49
[INFO] [stdout]   |
[INFO] [stdout] 8 | #[cfg(target_pointer_width = "64")] use shared::basetsd::PINT_PTR;
[INFO] [stdout]   |                                                 ^^^^^^^ could not find `basetsd` in `shared`
[INFO] [stdout] 
[INFO] [stdout] 
[INFO] [stdout] error[E0432]: unresolved import `shared::minwindef`
[INFO] [stdout]   --> /opt/rustwide/cargo-home/registry/src/github.com-1ecc6299db9ec823/winapi-0.3.9/src/um/commctrl.rs:10:13
[INFO] [stdout]    |
[INFO] [stdout] 10 | use shared::minwindef::{
[INFO] [stdout]    |             ^^^^^^^^^ could not find `minwindef` in `shared`
[INFO] [stdout] 
[INFO] [stdout] 
[INFO] [stdout] error[E0432]: unresolved import `shared::windef`
[INFO] [stdout]   --> /opt/rustwide/cargo-home/registry/src/github.com-1ecc6299db9ec823/winapi-0.3.9/src/um/commctrl.rs:14:13
[INFO] [stdout]    |
[INFO] [stdout] 14 | use shared::windef::{
[INFO] [stdout]    |             ^^^^^^ could not find `windef` in `shared`
[INFO] [stdout] 
[INFO] [stdout] 
[INFO] [stdout] error[E0432]: unresolved import `um::minwinbase`
[INFO] [stdout]   --> /opt/rustwide/cargo-home/registry/src/github.com-1ecc6299db9ec823/winapi-0.3.9/src/um/commctrl.rs:18:9
[INFO] [stdout]    |
[INFO] [stdout] 18 | use um::minwinbase::SYSTEMTIME;
[INFO] [stdout]    |         ^^^^^^^^^^ could not find `minwinbase` in `um`
[INFO] [stdout] 
[INFO] [stdout] 
[INFO] [stdout] error[E0432]: unresolved import `um::winuser`
[INFO] [stdout]   --> /opt/rustwide/cargo-home/registry/src/github.com-1ecc6299db9ec823/winapi-0.3.9/src/um/commctrl.rs:20:9
[INFO] [stdout]    |
[INFO] [stdout] 20 | use um::winuser::{
[INFO] [stdout]    |         ^^^^^^^ could not find `winuser` in `um`
[INFO] [stdout] 
[INFO] [stdout] 
[INFO] [stdout] error[E0432]: unresolved import `vc::vcruntime`
[INFO] [stdout]   --> /opt/rustwide/cargo-home/registry/src/github.com-1ecc6299db9ec823/winapi-0.3.9/src/um/commctrl.rs:24:9
[INFO] [stdout]    |
[INFO] [stdout] 24 | use vc::vcruntime::size_t;
[INFO] [stdout]    |         ^^^^^^^^^ could not find `vcruntime` in `vc`
[INFO] [stdout] 
[INFO] [stdout] 
[INFO] [stdout] error[E0432]: unresolved import `shared::minwindef`
[INFO] [stdout]  --> /opt/rustwide/cargo-home/registry/src/github.com-1ecc6299db9ec823/winapi-0.3.9/src/um/commoncontrols.rs:8:13
[INFO] [stdout]   |
[INFO] [stdout] 8 | use shared::minwindef::{BOOL, DWORD, LRESULT, UINT};
[INFO] [stdout]   |             ^^^^^^^^^ could not find `minwindef` in `shared`
[INFO] [stdout] 
[INFO] [stdout] 
[INFO] [stdout] error[E0432]: unresolved import `shared::windef`
[INFO] [stdout]  --> /opt/rustwide/cargo-home/registry/src/github.com-1ecc6299db9ec823/winapi-0.3.9/src/um/commoncontrols.rs:9:13
[INFO] [stdout]   |
[INFO] [stdout] 9 | use shared::windef::{COLORREF, HBITMAP, HICON, HWND, POINT, RECT};
[INFO] [stdout]   |             ^^^^^^ could not find `windef` in `shared`
[INFO] [stdout] 
[INFO] [stdout] 
[INFO] [stdout] error[E0432]: unresolved import `um::unknwnbase`
[INFO] [stdout]   --> /opt/rustwide/cargo-home/registry/src/github.com-1ecc6299db9ec823/winapi-0.3.9/src/um/commoncontrols.rs:11:9
[INFO] [stdout]    |
[INFO] [stdout] 11 | use um::unknwnbase::{IUnknown, IUnknownVtbl};
[INFO] [stdout]    |         ^^^^^^^^^^ could not find `unknwnbase` in `um`
[INFO] [stdout] 
[INFO] [stdout] 
[INFO] [stdout] error[E0432]: unresolved import `shared::basetsd`
[INFO] [stdout]  --> /opt/rustwide/cargo-home/registry/src/github.com-1ecc6299db9ec823/winapi-0.3.9/src/um/libloaderapi.rs:8:13
[INFO] [stdout]   |
[INFO] [stdout] 8 | use shared::basetsd::LONG_PTR;
[INFO] [stdout]   |             ^^^^^^^ could not find `basetsd` in `shared`
[INFO] [stdout] 
[INFO] [stdout] 
[INFO] [stdout] error[E0432]: unresolved import `shared::minwindef`
[INFO] [stdout]  --> /opt/rustwide/cargo-home/registry/src/github.com-1ecc6299db9ec823/winapi-0.3.9/src/um/libloaderapi.rs:9:13
[INFO] [stdout]   |
[INFO] [stdout] 9 | use shared::minwindef::{
[INFO] [stdout]   |             ^^^^^^^^^ could not find `minwindef` in `shared`
[INFO] [stdout] 
[INFO] [stdout] 
[INFO] [stdout] error[E0432]: unresolved import `shared::basetsd`
[INFO] [stdout]  --> /opt/rustwide/cargo-home/registry/src/github.com-1ecc6299db9ec823/winapi-0.3.9/src/um/winnt.rs:9:13
[INFO] [stdout]   |
[INFO] [stdout] 9 | use shared::basetsd::{
[INFO] [stdout]   |             ^^^^^^^ could not find `basetsd` in `shared`
[INFO] [stdout] 
[INFO] [stdout] 
[INFO] [stdout] error[E0432]: unresolved import `shared::ktmtypes`
[INFO] [stdout]   --> /opt/rustwide/cargo-home/registry/src/github.com-1ecc6299db9ec823/winapi-0.3.9/src/um/winnt.rs:13:13
[INFO] [stdout]    |
[INFO] [stdout] 13 | use shared::ktmtypes::UOW;
[INFO] [stdout]    |             ^^^^^^^^ could not find `ktmtypes` in `shared`
[INFO] [stdout] 
[INFO] [stdout] 
[INFO] [stdout] error[E0432]: unresolved import `shared::minwindef`
[INFO] [stdout]   --> /opt/rustwide/cargo-home/registry/src/github.com-1ecc6299db9ec823/winapi-0.3.9/src/um/winnt.rs:14:13
[INFO] [stdout]    |
[INFO] [stdout] 14 | use shared::minwindef::{BYTE, DWORD, FALSE, PDWORD, TRUE, ULONG, USHORT, WORD};
[INFO] [stdout]    |             ^^^^^^^^^ could not find `minwindef` in `shared`
[INFO] [stdout] 
[INFO] [stdout] 
[INFO] [stdout] error[E0432]: unresolved import `vc::excpt`
[INFO] [stdout]   --> /opt/rustwide/cargo-home/registry/src/github.com-1ecc6299db9ec823/winapi-0.3.9/src/um/winnt.rs:17:9
[INFO] [stdout]    |
[INFO] [stdout] 17 | use vc::excpt::EXCEPTION_DISPOSITION;
[INFO] [stdout]    |         ^^^^^ could not find `excpt` in `vc`
[INFO] [stdout] 
[INFO] [stdout] 
[INFO] [stdout] error[E0432]: unresolved import `vc::vcruntime`
[INFO] [stdout]   --> /opt/rustwide/cargo-home/registry/src/github.com-1ecc6299db9ec823/winapi-0.3.9/src/um/winnt.rs:18:9
[INFO] [stdout]    |
[INFO] [stdout] 18 | use vc::vcruntime::size_t;
[INFO] [stdout]    |         ^^^^^^^^^ could not find `vcruntime` in `vc`
[INFO] [stdout] 
[INFO] [stdout] 
[INFO] [stdout] error[E0432]: unresolved import `shared::ntdef`
[INFO] [stdout]    --> /opt/rustwide/cargo-home/registry/src/github.com-1ecc6299db9ec823/winapi-0.3.9/src/um/winnt.rs:151:17
[INFO] [stdout]     |
[INFO] [stdout] 151 | pub use shared::ntdef::LARGE_INTEGER;
[INFO] [stdout]     |                 ^^^^^ could not find `ntdef` in `shared`
[INFO] [stdout] 
[INFO] [stdout] 
[INFO] [stdout] error[E0432]: unresolved import `shared::ntdef`
[INFO] [stdout]    --> /opt/rustwide/cargo-home/registry/src/github.com-1ecc6299db9ec823/winapi-0.3.9/src/um/winnt.rs:153:17
[INFO] [stdout]     |
[INFO] [stdout] 153 | pub use shared::ntdef::ULARGE_INTEGER;
[INFO] [stdout]     |                 ^^^^^ could not find `ntdef` in `shared`
[INFO] [stdout] 
[INFO] [stdout] 
[INFO] [stdout] error[E0432]: unresolved import `shared::ntdef`
[INFO] [stdout]    --> /opt/rustwide/cargo-home/registry/src/github.com-1ecc6299db9ec823/winapi-0.3.9/src/um/winnt.rs:159:17
[INFO] [stdout]     |
[INFO] [stdout] 159 | pub use shared::ntdef::LUID;
[INFO] [stdout]     |                 ^^^^^ could not find `ntdef` in `shared`
[INFO] [stdout] 
[INFO] [stdout] 
[INFO] [stdout] note: erroneous constant used
[INFO] [stdout]     --> /opt/rustwide/cargo-home/registry/src/github.com-1ecc6299db9ec823/winapi-0.3.9/src/um/winnt.rs:1720:31
[INFO] [stdout]      |
[INFO] [stdout] 1720 |     Buffer Buffer_mut: [BYTE; SECURITY_MAX_SID_SIZE],
[INFO] [stdout]      |                               ^^^^^^^^^^^^^^^^^^^^^
[INFO] [stdout] 
[INFO] [stdout] 
[INFO] [stdout] note: erroneous constant used
[INFO] [stdout]     --> /opt/rustwide/cargo-home/registry/src/github.com-1ecc6299db9ec823/winapi-0.3.9/src/um/winnt.rs:2616:31
[INFO] [stdout]      |
[INFO] [stdout] 2616 |     Buffer Buffer_mut: [BYTE; SECURITY_MAX_SID_SIZE],
[INFO] [stdout]      |                               ^^^^^^^^^^^^^^^^^^^^^
[INFO] [stdout] 
[INFO] [stdout] 
[INFO] [stdout] error: aborting due to 20 previous errors
[INFO] [stdout] 
[INFO] [stdout] 
[INFO] [stdout] For more information about this error, try `rustc --explain E0432`.
[INFO] [stdout] 
[INFO] [stderr] error: could not compile `winapi` due to 21 previous errors
[INFO] running `Command { std: "docker" "inspect" "c845ca124198293dfacc3bdb92551b5ba1c928e93661e77a5bc07bf47260ef44", kill_on_drop: false }`
[INFO] running `Command { std: "docker" "rm" "-f" "c845ca124198293dfacc3bdb92551b5ba1c928e93661e77a5bc07bf47260ef44", kill_on_drop: false }`
[INFO] [stdout] c845ca124198293dfacc3bdb92551b5ba1c928e93661e77a5bc07bf47260ef44
