[INFO] fetching crate timeular-cli 0.1.2...
[INFO] documenting timeular-cli-0.1.2 against beta-2023-04-20 for beta-1.70-rustdoc-1
[INFO] extracting crate timeular-cli 0.1.2 into /workspace/builds/worker-5-tc2/source
[INFO] validating manifest of crates.io crate timeular-cli 0.1.2 on toolchain beta-2023-04-20
[INFO] running `Command { std: CARGO_HOME="/workspace/cargo-home" RUSTUP_HOME="/workspace/rustup-home" "/workspace/cargo-home/bin/cargo" "+beta-2023-04-20" "metadata" "--manifest-path" "Cargo.toml" "--no-deps", kill_on_drop: false }`
[INFO] started tweaking crates.io crate timeular-cli 0.1.2
[INFO] finished tweaking crates.io crate timeular-cli 0.1.2
[INFO] tweaked toml for crates.io crate timeular-cli 0.1.2 written to /workspace/builds/worker-5-tc2/source/Cargo.toml
[INFO] crate crates.io crate timeular-cli 0.1.2 already has a lockfile, it will not be regenerated
[INFO] running `Command { std: CARGO_HOME="/workspace/cargo-home" RUSTUP_HOME="/workspace/rustup-home" "/workspace/cargo-home/bin/cargo" "+beta-2023-04-20" "fetch" "--manifest-path" "Cargo.toml", kill_on_drop: false }`
[INFO] [stderr]  Downloading crates ...
[INFO] [stderr]   Downloaded h2 v0.3.2
[INFO] [stderr]   Downloaded reqwest v0.11.2
[INFO] [stderr]   Downloaded pin-project-internal v1.0.6
[INFO] [stderr]   Downloaded tokio-util v0.6.5
[INFO] [stderr]   Downloaded openssl-sys v0.9.61
[INFO] [stderr]   Downloaded openssl v0.10.33
[INFO] [stderr]   Downloaded pin-project v1.0.6
[INFO] [stderr]   Downloaded lock_api v0.4.3
[INFO] running `Command { std: "docker" "create" "-v" "/var/lib/crater-agent-workspace/builds/worker-5-tc2/target:/opt/rustwide/target:rw,Z" "-v" "/var/lib/crater-agent-workspace/builds/worker-5-tc2/source:/opt/rustwide/workdir:ro,Z" "-v" "/var/lib/crater-agent-workspace/cargo-home:/opt/rustwide/cargo-home:ro,Z" "-v" "/var/lib/crater-agent-workspace/rustup-home:/opt/rustwide/rustup-home:ro,Z" "-e" "SOURCE_DIR=/opt/rustwide/workdir" "-e" "CARGO_TARGET_DIR=/opt/rustwide/target" "-e" "CARGO_HOME=/opt/rustwide/cargo-home" "-e" "RUSTUP_HOME=/opt/rustwide/rustup-home" "-w" "/opt/rustwide/workdir" "-m" "1610612736" "--user" "0:0" "--network" "none" "ghcr.io/rust-lang/crates-build-env/linux@sha256:5ff2268d62e97bff2cde7d5815dd6ed5b47097566f13b8d0ca110b04b60e07ed" "/opt/rustwide/cargo-home/bin/cargo" "+beta-2023-04-20" "metadata" "--no-deps" "--format-version=1", kill_on_drop: false }`
[INFO] [stdout] 2cfdd9d00808dd70513ee425970222a1c8f045167a1d5aafc41a58c1e3ca7d08
[INFO] running `Command { std: "docker" "start" "-a" "2cfdd9d00808dd70513ee425970222a1c8f045167a1d5aafc41a58c1e3ca7d08", kill_on_drop: false }`
[INFO] running `Command { std: "docker" "inspect" "2cfdd9d00808dd70513ee425970222a1c8f045167a1d5aafc41a58c1e3ca7d08", kill_on_drop: false }`
[INFO] running `Command { std: "docker" "rm" "-f" "2cfdd9d00808dd70513ee425970222a1c8f045167a1d5aafc41a58c1e3ca7d08", kill_on_drop: false }`
[INFO] [stdout] 2cfdd9d00808dd70513ee425970222a1c8f045167a1d5aafc41a58c1e3ca7d08
[INFO] running `Command { std: "docker" "create" "-v" "/var/lib/crater-agent-workspace/builds/worker-5-tc2/target:/opt/rustwide/target:rw,Z" "-v" "/var/lib/crater-agent-workspace/builds/worker-5-tc2/source:/opt/rustwide/workdir:ro,Z" "-v" "/var/lib/crater-agent-workspace/cargo-home:/opt/rustwide/cargo-home:ro,Z" "-v" "/var/lib/crater-agent-workspace/rustup-home:/opt/rustwide/rustup-home:ro,Z" "-e" "SOURCE_DIR=/opt/rustwide/workdir" "-e" "CARGO_TARGET_DIR=/opt/rustwide/target" "-e" "CARGO_INCREMENTAL=0" "-e" "RUST_BACKTRACE=full" "-e" "RUSTFLAGS=--cap-lints=warn" "-e" "RUSTDOCFLAGS=--cap-lints=warn" "-e" "CARGO_HOME=/opt/rustwide/cargo-home" "-e" "RUSTUP_HOME=/opt/rustwide/rustup-home" "-w" "/opt/rustwide/workdir" "-m" "1610612736" "--user" "0:0" "--network" "none" "ghcr.io/rust-lang/crates-build-env/linux@sha256:5ff2268d62e97bff2cde7d5815dd6ed5b47097566f13b8d0ca110b04b60e07ed" "/opt/rustwide/cargo-home/bin/cargo" "+beta-2023-04-20" "doc" "--frozen" "--no-deps" "--document-private-items" "--message-format=json", kill_on_drop: false }`
[INFO] [stdout] eb110d079acea45a8255d1a7209b80d4dd8534062dd8b017f4044ccf5c3a5e2c
[INFO] running `Command { std: "docker" "start" "-a" "eb110d079acea45a8255d1a7209b80d4dd8534062dd8b017f4044ccf5c3a5e2c", kill_on_drop: false }`
[INFO] [stderr]    Compiling libc v0.2.92
[INFO] [stderr]    Compiling autocfg v1.0.1
[INFO] [stderr]    Compiling proc-macro2 v1.0.26
[INFO] [stderr]    Compiling unicode-xid v0.2.1
[INFO] [stderr]    Compiling syn v1.0.68
[INFO] [stderr]     Checking cfg-if v1.0.0
[INFO] [stderr]    Compiling log v0.4.14
[INFO] [stderr]    Compiling cc v1.0.67
[INFO] [stderr]     Checking pin-project-lite v0.2.6
[INFO] [stderr]    Compiling pkg-config v0.3.19
[INFO] [stderr]     Checking bytes v1.0.1
[INFO] [stderr]     Checking scopeguard v1.1.0
[INFO] [stderr]     Checking once_cell v1.7.2
[INFO] [stderr]     Checking smallvec v1.6.1
[INFO] [stderr]    Compiling serde_derive v1.0.125
[INFO] [stderr]    Compiling memchr v2.3.4
[INFO] [stderr]     Checking instant v0.1.9
[INFO] [stderr]     Checking lock_api v0.4.3
[INFO] [stderr]    Compiling bitflags v1.2.1
[INFO] [stderr]    Compiling serde v1.0.125
[INFO] [stderr]     Checking itoa v0.4.7
[INFO] [stderr]     Checking lazy_static v1.4.0
[INFO] [stderr]     Checking futures-core v0.3.13
[INFO] [stderr]     Checking foreign-types-shared v0.1.1
[INFO] [stderr]     Checking fnv v1.0.7
[INFO] [stderr]    Compiling openssl v0.10.33
[INFO] [stderr]     Checking matches v0.1.8
[INFO] [stderr]     Checking tracing-core v0.1.17
[INFO] [stderr]     Checking foreign-types v0.3.2
[INFO] [stderr]    Compiling native-tls v0.2.7
[INFO] [stderr]     Checking http v0.2.3
[INFO] [stderr]     Checking pin-utils v0.1.0
[INFO] [stderr]    Compiling tokio v1.4.0
[INFO] [stderr]    Compiling indexmap v1.6.2
[INFO] [stderr]    Compiling httparse v1.3.5
[INFO] [stderr]     Checking hashbrown v0.9.1
[INFO] [stderr]     Checking futures-sink v0.3.13
[INFO] [stderr]    Compiling ryu v1.0.5
[INFO] [stderr]     Checking futures-task v0.3.13
[INFO] [stderr]     Checking tinyvec_macros v0.1.0
[INFO] [stderr]     Checking tracing v0.1.25
[INFO] [stderr]    Compiling num-traits v0.2.14
[INFO] [stderr]     Checking percent-encoding v2.1.0
[INFO] [stderr]     Checking slab v0.4.2
[INFO] [stderr]     Checking try-lock v0.2.3
[INFO] [stderr]     Checking futures-util v0.3.13
[INFO] [stderr]     Checking tinyvec v1.2.0
[INFO] [stderr]     Checking openssl-probe v0.1.2
[INFO] [stderr]    Compiling quote v1.0.9
[INFO] [stderr]     Checking want v0.3.0
[INFO] [stderr]     Checking form_urlencoded v1.0.1
[INFO] [stderr]    Compiling num-integer v0.1.44
[INFO] [stderr]     Checking unicode-bidi v0.3.4
[INFO] [stderr]     Checking futures-channel v0.3.13
[INFO] [stderr]     Checking tower-service v0.3.1
[INFO] [stderr]    Compiling encoding_rs v0.8.28
[INFO] [stderr]    Compiling serde_json v1.0.64
[INFO] [stderr]     Checking httpdate v0.3.2
[INFO] [stderr]    Compiling openssl-sys v0.9.61
[INFO] [stderr]     Checking parking_lot_core v0.8.3
[INFO] [stderr]     Checking num_cpus v1.13.0
[INFO] [stderr]     Checking mio v0.7.11
[INFO] [stderr]     Checking signal-hook-registry v1.3.0
[INFO] [stderr]     Checking socket2 v0.4.0
[INFO] [stderr]     Checking atty v0.2.14
[INFO] [stderr]     Checking dirs-sys v0.3.6
[INFO] [stderr]     Checking unicode-width v0.1.8
[INFO] [stderr]     Checking cfg-if v0.1.10
[INFO] [stderr]     Checking time v0.1.44
[INFO] [stderr]     Checking directories v2.0.2
[INFO] [stderr]     Checking parking_lot v0.11.1
[INFO] [stderr]     Checking mime v0.3.16
[INFO] [stderr]     Checking textwrap v0.11.0
[INFO] [stderr]     Checking ansi_term v0.11.0
[INFO] [stderr]     Checking base64 v0.13.0
[INFO] [stderr]     Checking ipnet v2.3.0
[INFO] [stderr]     Checking vec_map v0.8.2
[INFO] [stderr]     Checking strsim v0.8.0
[INFO] [stderr]     Checking unicode-normalization v0.1.17
[INFO] [stderr]     Checking colored v2.0.0
[INFO] [stderr]     Checking clap v2.33.3
[INFO] [stderr]     Checking http-body v0.4.1
[INFO] [stderr] The following warnings were emitted during compilation:
[INFO] [stderr] 
[INFO] [stderr] warning: build/expando.c:4:24: error: pasting "RUST_VERSION_OPENSSL_" and "(" does not give a valid preprocessing token
[INFO] [stderr] warning:     4 | #define VERSION2(n, v) RUST_VERSION_##n##_##v
[INFO] [stderr] warning:       |                        ^~~~~~~~~~~~~
[INFO] [stderr] warning: build/expando.c:5:23: note: in expansion of macro 'VERSION2'
[INFO] [stderr] warning:     5 | #define VERSION(n, v) VERSION2(n, v)
[INFO] [stderr] warning:       |                       ^~~~~~~~
[INFO] [stderr] warning: build/expando.c:10:1: note: in expansion of macro 'VERSION'
[INFO] [stderr] warning:    10 | VERSION(OPENSSL, OPENSSL_VERSION_NUMBER)
[INFO] [stderr] warning:       | ^~~~~~~
[INFO] [stderr] 
[INFO] [stderr] error: failed to run custom build command for `openssl-sys v0.9.61`
[INFO] [stderr] note: To improve backtraces for build dependencies, set the CARGO_PROFILE_DEV_BUILD_OVERRIDE_DEBUG=true environment variable to enable debug information generation.
[INFO] [stderr] 
[INFO] [stderr] Caused by:
[INFO] [stderr]   process didn't exit successfully: `/opt/rustwide/target/debug/build/openssl-sys-7e7c7e4160d1d3e1/build-script-main` (exit status: 101)
[INFO] [stderr]   --- stdout
[INFO] [stderr]   cargo:rustc-cfg=const_fn
[INFO] [stderr]   cargo:rerun-if-env-changed=X86_64_UNKNOWN_LINUX_GNU_OPENSSL_LIB_DIR
[INFO] [stderr]   X86_64_UNKNOWN_LINUX_GNU_OPENSSL_LIB_DIR unset
[INFO] [stderr]   cargo:rerun-if-env-changed=OPENSSL_LIB_DIR
[INFO] [stderr]   OPENSSL_LIB_DIR unset
[INFO] [stderr]   cargo:rerun-if-env-changed=X86_64_UNKNOWN_LINUX_GNU_OPENSSL_INCLUDE_DIR
[INFO] [stderr]   X86_64_UNKNOWN_LINUX_GNU_OPENSSL_INCLUDE_DIR unset
[INFO] [stderr]   cargo:rerun-if-env-changed=OPENSSL_INCLUDE_DIR
[INFO] [stderr]   OPENSSL_INCLUDE_DIR unset
[INFO] [stderr]   cargo:rerun-if-env-changed=X86_64_UNKNOWN_LINUX_GNU_OPENSSL_DIR
[INFO] [stderr]   X86_64_UNKNOWN_LINUX_GNU_OPENSSL_DIR unset
[INFO] [stderr]   cargo:rerun-if-env-changed=OPENSSL_DIR
[INFO] [stderr]   OPENSSL_DIR unset
[INFO] [stderr]   cargo:rerun-if-env-changed=OPENSSL_NO_PKG_CONFIG
[INFO] [stderr]   cargo:rerun-if-env-changed=PKG_CONFIG
[INFO] [stderr]   cargo:rerun-if-env-changed=OPENSSL_STATIC
[INFO] [stderr]   cargo:rerun-if-env-changed=OPENSSL_DYNAMIC
[INFO] [stderr]   cargo:rerun-if-env-changed=PKG_CONFIG_ALL_STATIC
[INFO] [stderr]   cargo:rerun-if-env-changed=PKG_CONFIG_ALL_DYNAMIC
[INFO] [stderr]   cargo:rerun-if-env-changed=PKG_CONFIG_PATH_x86_64-unknown-linux-gnu
[INFO] [stderr]   cargo:rerun-if-env-changed=PKG_CONFIG_PATH_x86_64_unknown_linux_gnu
[INFO] [stderr]   cargo:rerun-if-env-changed=HOST_PKG_CONFIG_PATH
[INFO] [stderr]   cargo:rerun-if-env-changed=PKG_CONFIG_PATH
[INFO] [stderr]   cargo:rerun-if-env-changed=PKG_CONFIG_LIBDIR_x86_64-unknown-linux-gnu
[INFO] [stderr]   cargo:rerun-if-env-changed=PKG_CONFIG_LIBDIR_x86_64_unknown_linux_gnu
[INFO] [stderr]   cargo:rerun-if-env-changed=HOST_PKG_CONFIG_LIBDIR
[INFO] [stderr]   cargo:rerun-if-env-changed=PKG_CONFIG_LIBDIR
[INFO] [stderr]   cargo:rerun-if-env-changed=PKG_CONFIG_SYSROOT_DIR_x86_64-unknown-linux-gnu
[INFO] [stderr]   cargo:rerun-if-env-changed=PKG_CONFIG_SYSROOT_DIR_x86_64_unknown_linux_gnu
[INFO] [stderr]   cargo:rerun-if-env-changed=HOST_PKG_CONFIG_SYSROOT_DIR
[INFO] [stderr]   cargo:rerun-if-env-changed=PKG_CONFIG_SYSROOT_DIR
[INFO] [stderr]   cargo:rerun-if-env-changed=PKG_CONFIG_SYSROOT_DIR
[INFO] [stderr]   cargo:rerun-if-env-changed=SYSROOT
[INFO] [stderr]   cargo:rerun-if-env-changed=OPENSSL_STATIC
[INFO] [stderr]   cargo:rerun-if-env-changed=OPENSSL_DYNAMIC
[INFO] [stderr]   cargo:rerun-if-env-changed=PKG_CONFIG_ALL_STATIC
[INFO] [stderr]   cargo:rerun-if-env-changed=PKG_CONFIG_ALL_DYNAMIC
[INFO] [stderr]   cargo:rustc-link-lib=ssl
[INFO] [stderr]   cargo:rustc-link-lib=crypto
[INFO] [stderr]   cargo:rerun-if-env-changed=PKG_CONFIG
[INFO] [stderr]   cargo:rerun-if-env-changed=OPENSSL_STATIC
[INFO] [stderr]   cargo:rerun-if-env-changed=OPENSSL_DYNAMIC
[INFO] [stderr]   cargo:rerun-if-env-changed=PKG_CONFIG_ALL_STATIC
[INFO] [stderr]   cargo:rerun-if-env-changed=PKG_CONFIG_ALL_DYNAMIC
[INFO] [stderr]   cargo:rerun-if-env-changed=PKG_CONFIG_PATH_x86_64-unknown-linux-gnu
[INFO] [stderr]   cargo:rerun-if-env-changed=PKG_CONFIG_PATH_x86_64_unknown_linux_gnu
[INFO] [stderr]   cargo:rerun-if-env-changed=HOST_PKG_CONFIG_PATH
[INFO] [stderr]   cargo:rerun-if-env-changed=PKG_CONFIG_PATH
[INFO] [stderr]   cargo:rerun-if-env-changed=PKG_CONFIG_LIBDIR_x86_64-unknown-linux-gnu
[INFO] [stderr]   cargo:rerun-if-env-changed=PKG_CONFIG_LIBDIR_x86_64_unknown_linux_gnu
[INFO] [stderr]   cargo:rerun-if-env-changed=HOST_PKG_CONFIG_LIBDIR
[INFO] [stderr]   cargo:rerun-if-env-changed=PKG_CONFIG_LIBDIR
[INFO] [stderr]   cargo:rerun-if-env-changed=PKG_CONFIG_SYSROOT_DIR_x86_64-unknown-linux-gnu
[INFO] [stderr]   cargo:rerun-if-env-changed=PKG_CONFIG_SYSROOT_DIR_x86_64_unknown_linux_gnu
[INFO] [stderr]   cargo:rerun-if-env-changed=HOST_PKG_CONFIG_SYSROOT_DIR
[INFO] [stderr]   cargo:rerun-if-env-changed=PKG_CONFIG_SYSROOT_DIR
[INFO] [stderr]   OPT_LEVEL = Some("0")
[INFO] [stderr]   TARGET = Some("x86_64-unknown-linux-gnu")
[INFO] [stderr]   HOST = Some("x86_64-unknown-linux-gnu")
[INFO] [stderr]   CC_x86_64-unknown-linux-gnu = None
[INFO] [stderr]   CC_x86_64_unknown_linux_gnu = None
[INFO] [stderr]   HOST_CC = None
[INFO] [stderr]   CC = None
[INFO] [stderr]   CFLAGS_x86_64-unknown-linux-gnu = None
[INFO] [stderr]   CFLAGS_x86_64_unknown_linux_gnu = None
[INFO] [stderr]   HOST_CFLAGS = None
[INFO] [stderr]   CFLAGS = None
[INFO] [stderr]   CRATE_CC_NO_DEFAULTS = None
[INFO] [stderr]   DEBUG = Some("true")
[INFO] [stderr]   CARGO_CFG_TARGET_FEATURE = Some("fxsr,sse,sse2")
[INFO] [stderr]   running: "cc" "-O0" "-ffunction-sections" "-fdata-sections" "-fPIC" "-g" "-fno-omit-frame-pointer" "-m64" "-I" "/usr/include" "-Wall" "-Wextra" "-E" "build/expando.c"
[INFO] [stderr]   cargo:warning=build/expando.c:4:24: error: pasting "RUST_VERSION_OPENSSL_" and "(" does not give a valid preprocessing token
[INFO] [stderr]   cargo:warning=    4 | #define VERSION2(n, v) RUST_VERSION_##n##_##v
[INFO] [stderr]   cargo:warning=      |                        ^~~~~~~~~~~~~
[INFO] [stderr]   cargo:warning=build/expando.c:5:23: note: in expansion of macro 'VERSION2'
[INFO] [stderr]   cargo:warning=    5 | #define VERSION(n, v) VERSION2(n, v)
[INFO] [stderr]   cargo:warning=      |                       ^~~~~~~~
[INFO] [stderr]   cargo:warning=build/expando.c:10:1: note: in expansion of macro 'VERSION'
[INFO] [stderr]   cargo:warning=   10 | VERSION(OPENSSL, OPENSSL_VERSION_NUMBER)
[INFO] [stderr]   cargo:warning=      | ^~~~~~~
[INFO] [stderr]   exit status: 1
[INFO] [stderr] 
[INFO] [stderr]   --- stderr
[INFO] [stderr]   thread 'main' panicked at '
[INFO] [stderr]   Header expansion error:
[INFO] [stderr]   Error { kind: ToolExecError, message: "Command \"cc\" \"-O0\" \"-ffunction-sections\" \"-fdata-sections\" \"-fPIC\" \"-g\" \"-fno-omit-frame-pointer\" \"-m64\" \"-I\" \"/usr/include\" \"-Wall\" \"-Wextra\" \"-E\" \"build/expando.c\" with args \"cc\" did not execute successfully (status code exit status: 1)." }
[INFO] [stderr] 
[INFO] [stderr]   Failed to find OpenSSL development headers.
[INFO] [stderr] 
[INFO] [stderr]   You can try fixing this setting the `OPENSSL_DIR` environment variable
[INFO] [stderr]   pointing to your OpenSSL installation or installing OpenSSL headers package
[INFO] [stderr]   specific to your distribution:
[INFO] [stderr] 
[INFO] [stderr]       # On Ubuntu
[INFO] [stderr]       sudo apt-get install libssl-dev
[INFO] [stderr]       # On Arch Linux
[INFO] [stderr]       sudo pacman -S openssl
[INFO] [stderr]       # On Fedora
[INFO] [stderr]       sudo dnf install openssl-devel
[INFO] [stderr] 
[INFO] [stderr]   See rust-openssl README for more information:
[INFO] [stderr] 
[INFO] [stderr]       https://github.com/sfackler/rust-openssl#linux
[INFO] [stderr]   ', /opt/rustwide/cargo-home/registry/src/index.crates.io-6f17d22bba15001f/openssl-sys-0.9.61/build/main.rs:147:13
[INFO] [stderr]   stack backtrace:
[INFO] [stderr]      0:     0x556506ad90aa - std::backtrace_rs::backtrace::libunwind::trace::h2f05d0192276a8f6
[INFO] [stderr]                                  at /rustc/1b7dd2252b99671ce5d1cb9664c5f8636329436d/library/std/src/../../backtrace/src/backtrace/libunwind.rs:93:5
[INFO] [stderr]      1:     0x556506ad90aa - std::backtrace_rs::backtrace::trace_unsynchronized::hedc23dff7a1af150
[INFO] [stderr]                                  at /rustc/1b7dd2252b99671ce5d1cb9664c5f8636329436d/library/std/src/../../backtrace/src/backtrace/mod.rs:66:5
[INFO] [stderr]      2:     0x556506ad90aa - std::sys_common::backtrace::_print_fmt::h17541ef7592f3ce2
[INFO] [stderr]                                  at /rustc/1b7dd2252b99671ce5d1cb9664c5f8636329436d/library/std/src/sys_common/backtrace.rs:65:5
[INFO] [stderr]      3:     0x556506ad90aa - <std::sys_common::backtrace::_print::DisplayBacktrace as core::fmt::Display>::fmt::h20f75df5ab0c0792
[INFO] [stderr]                                  at /rustc/1b7dd2252b99671ce5d1cb9664c5f8636329436d/library/std/src/sys_common/backtrace.rs:44:22
[INFO] [stderr]      4:     0x556506af987f - core::fmt::write::h78109e6f466b3af6
[INFO] [stderr]                                  at /rustc/1b7dd2252b99671ce5d1cb9664c5f8636329436d/library/core/src/fmt/mod.rs:1254:17
[INFO] [stderr]      5:     0x556506ad5f05 - std::io::Write::write_fmt::hc59e1b02dd273c8a
[INFO] [stderr]                                  at /rustc/1b7dd2252b99671ce5d1cb9664c5f8636329436d/library/std/src/io/mod.rs:1698:15
[INFO] [stderr]      6:     0x556506ad8e75 - std::sys_common::backtrace::_print::h8dac57a9f8fbf9a5
[INFO] [stderr]                                  at /rustc/1b7dd2252b99671ce5d1cb9664c5f8636329436d/library/std/src/sys_common/backtrace.rs:47:5
[INFO] [stderr]      7:     0x556506ad8e75 - std::sys_common::backtrace::print::hf9ecbf41d1aa712f
[INFO] [stderr]                                  at /rustc/1b7dd2252b99671ce5d1cb9664c5f8636329436d/library/std/src/sys_common/backtrace.rs:34:9
[INFO] [stderr]      8:     0x556506ada73e - std::panicking::default_hook::{{closure}}::h04c07acfc84ca028
[INFO] [stderr]                                  at /rustc/1b7dd2252b99671ce5d1cb9664c5f8636329436d/library/std/src/panicking.rs:269:22
[INFO] [stderr]      9:     0x556506ada4e5 - std::panicking::default_hook::h01f6bb23e1eceb2c
[INFO] [stderr]                                  at /rustc/1b7dd2252b99671ce5d1cb9664c5f8636329436d/library/std/src/panicking.rs:288:9
[INFO] [stderr]     10:     0x556506adac9e - std::panicking::rust_panic_with_hook::h2bb3722bbaf2f6df
[INFO] [stderr]                                  at /rustc/1b7dd2252b99671ce5d1cb9664c5f8636329436d/library/std/src/panicking.rs:691:13
[INFO] [stderr]     11:     0x556506adab99 - std::panicking::begin_panic_handler::{{closure}}::h91bc7f36a4be011b
[INFO] [stderr]                                  at /rustc/1b7dd2252b99671ce5d1cb9664c5f8636329436d/library/std/src/panicking.rs:582:13
[INFO] [stderr]     12:     0x556506ad9516 - std::sys_common::backtrace::__rust_end_short_backtrace::h8b3d3717114f9e59
[INFO] [stderr]                                  at /rustc/1b7dd2252b99671ce5d1cb9664c5f8636329436d/library/std/src/sys_common/backtrace.rs:150:18
[INFO] [stderr]     13:     0x556506ada8f2 - rust_begin_unwind
[INFO] [stderr]                                  at /rustc/1b7dd2252b99671ce5d1cb9664c5f8636329436d/library/std/src/panicking.rs:578:5
[INFO] [stderr]     14:     0x556506a417f3 - core::panicking::panic_fmt::hfd368e3fbdabea26
[INFO] [stderr]                                  at /rustc/1b7dd2252b99671ce5d1cb9664c5f8636329436d/library/core/src/panicking.rs:67:14
[INFO] [stderr]     15:     0x556506a44a6c - build_script_main::validate_headers::h9cb1608077fcda1a
[INFO] [stderr]     16:     0x556506a4bf16 - build_script_main::find_normal::try_pkg_config::hdb79f12fc7ab1415
[INFO] [stderr]     17:     0x556506a4af76 - build_script_main::find_normal::find_openssl_dir::h4c76d5aa4fc087b5
[INFO] [stderr]     18:     0x556506a4a9a2 - build_script_main::find_normal::get_openssl::{{closure}}::hb0408df074c5aacb
[INFO] [stderr]     19:     0x556506a4c40a - core::option::Option<T>::unwrap_or_else::h4d1b73ba38ddd8d9
[INFO] [stderr]     20:     0x556506a4a75e - build_script_main::find_normal::get_openssl::h9e81d4cfb4c2d549
[INFO] [stderr]     21:     0x556506a4374d - build_script_main::find_openssl::hb500bf2e02a32144
[INFO] [stderr]     22:     0x556506a4382d - build_script_main::main::h666c003877e43ef2
[INFO] [stderr]     23:     0x556506a4d093 - core::ops::function::FnOnce::call_once::he6cc207a52561cbf
[INFO] [stderr]     24:     0x556506a4ceb6 - std::sys_common::backtrace::__rust_begin_short_backtrace::h3c282b0eff4ee40b
[INFO] [stderr]     25:     0x556506a47fc9 - std::rt::lang_start::{{closure}}::h12e1b200c26447b8
[INFO] [stderr]     26:     0x556506ad2aae - core::ops::function::impls::<impl core::ops::function::FnOnce<A> for &F>::call_once::h2eb19b8ce4148df4
[INFO] [stderr]                                  at /rustc/1b7dd2252b99671ce5d1cb9664c5f8636329436d/library/core/src/ops/function.rs:287:13
[INFO] [stderr]     27:     0x556506ad2aae - std::panicking::try::do_call::h2e900feff5d504c5
[INFO] [stderr]                                  at /rustc/1b7dd2252b99671ce5d1cb9664c5f8636329436d/library/std/src/panicking.rs:485:40
[INFO] [stderr]     28:     0x556506ad2aae - std::panicking::try::h8854836cb85aa9f2
[INFO] [stderr]                                  at /rustc/1b7dd2252b99671ce5d1cb9664c5f8636329436d/library/std/src/panicking.rs:449:19
[INFO] [stderr]     29:     0x556506ad2aae - std::panic::catch_unwind::h706025dd4c48f64b
[INFO] [stderr]                                  at /rustc/1b7dd2252b99671ce5d1cb9664c5f8636329436d/library/std/src/panic.rs:140:14
[INFO] [stderr]     30:     0x556506ad2aae - std::rt::lang_start_internal::{{closure}}::h7be5b97f4a07a91a
[INFO] [stderr]                                  at /rustc/1b7dd2252b99671ce5d1cb9664c5f8636329436d/library/std/src/rt.rs:148:48
[INFO] [stderr]     31:     0x556506ad2aae - std::panicking::try::do_call::h59847e9d0a176965
[INFO] [stderr]                                  at /rustc/1b7dd2252b99671ce5d1cb9664c5f8636329436d/library/std/src/panicking.rs:485:40
[INFO] [stderr]     32:     0x556506ad2aae - std::panicking::try::h399a918ba8522823
[INFO] [stderr]                                  at /rustc/1b7dd2252b99671ce5d1cb9664c5f8636329436d/library/std/src/panicking.rs:449:19
[INFO] [stderr]     33:     0x556506ad2aae - std::panic::catch_unwind::hca7ca6c55b2a2e26
[INFO] [stderr]                                  at /rustc/1b7dd2252b99671ce5d1cb9664c5f8636329436d/library/std/src/panic.rs:140:14
[INFO] [stderr]     34:     0x556506ad2aae - std::rt::lang_start_internal::h2c807a81560459eb
[INFO] [stderr]                                  at /rustc/1b7dd2252b99671ce5d1cb9664c5f8636329436d/library/std/src/rt.rs:148:20
[INFO] [stderr]     35:     0x556506a47fa7 - std::rt::lang_start::h75d0afdcc09cdaec
[INFO] [stderr]     36:     0x556506a469c5 - main
[INFO] [stderr]     37:     0x7fe799619d90 - <unknown>
[INFO] [stderr]     38:     0x7fe799619e40 - __libc_start_main
[INFO] [stderr]     39:     0x556506a41e65 - _start
[INFO] [stderr]     40:                0x0 - <unknown>
[INFO] [stderr] warning: build failed, waiting for other jobs to finish...
[INFO] running `Command { std: "docker" "inspect" "eb110d079acea45a8255d1a7209b80d4dd8534062dd8b017f4044ccf5c3a5e2c", kill_on_drop: false }`
[INFO] running `Command { std: "docker" "rm" "-f" "eb110d079acea45a8255d1a7209b80d4dd8534062dd8b017f4044ccf5c3a5e2c", kill_on_drop: false }`
[INFO] [stdout] eb110d079acea45a8255d1a7209b80d4dd8534062dd8b017f4044ccf5c3a5e2c
