[INFO] fetching crate thermal 0.3.1...
[INFO] documenting thermal-0.3.1 against 1.69.0 for beta-1.70-rustdoc-1
[INFO] extracting crate thermal 0.3.1 into /workspace/builds/worker-6-tc1/source
[INFO] validating manifest of crates.io crate thermal 0.3.1 on toolchain 1.69.0
[INFO] running `Command { std: CARGO_HOME="/workspace/cargo-home" RUSTUP_HOME="/workspace/rustup-home" "/workspace/cargo-home/bin/cargo" "+1.69.0" "metadata" "--manifest-path" "Cargo.toml" "--no-deps", kill_on_drop: false }`
[INFO] started tweaking crates.io crate thermal 0.3.1
[INFO] finished tweaking crates.io crate thermal 0.3.1
[INFO] tweaked toml for crates.io crate thermal 0.3.1 written to /workspace/builds/worker-6-tc1/source/Cargo.toml
[INFO] crate crates.io crate thermal 0.3.1 already has a lockfile, it will not be regenerated
[INFO] running `Command { std: CARGO_HOME="/workspace/cargo-home" RUSTUP_HOME="/workspace/rustup-home" "/workspace/cargo-home/bin/cargo" "+1.69.0" "fetch" "--manifest-path" "Cargo.toml", kill_on_drop: false }`
[INFO] [stderr]     Blocking waiting for file lock on package cache
[INFO] [stderr]  Downloading crates ...
[INFO] [stderr]   Downloaded byteordered v0.5.0
[INFO] [stderr]   Downloaded anyhow v1.0.41
[INFO] [stderr]   Downloaded dji-thermal-sys v0.1.0
[INFO] running `Command { std: "docker" "create" "-v" "/var/lib/crater-agent-workspace/builds/worker-6-tc1/target:/opt/rustwide/target:rw,Z" "-v" "/var/lib/crater-agent-workspace/builds/worker-6-tc1/source:/opt/rustwide/workdir:ro,Z" "-v" "/var/lib/crater-agent-workspace/cargo-home:/opt/rustwide/cargo-home:ro,Z" "-v" "/var/lib/crater-agent-workspace/rustup-home:/opt/rustwide/rustup-home:ro,Z" "-e" "SOURCE_DIR=/opt/rustwide/workdir" "-e" "CARGO_TARGET_DIR=/opt/rustwide/target" "-e" "CARGO_HOME=/opt/rustwide/cargo-home" "-e" "RUSTUP_HOME=/opt/rustwide/rustup-home" "-w" "/opt/rustwide/workdir" "-m" "1610612736" "--user" "0:0" "--network" "none" "ghcr.io/rust-lang/crates-build-env/linux@sha256:5ff2268d62e97bff2cde7d5815dd6ed5b47097566f13b8d0ca110b04b60e07ed" "/opt/rustwide/cargo-home/bin/cargo" "+1.69.0" "metadata" "--no-deps" "--format-version=1", kill_on_drop: false }`
[INFO] [stdout] d0c798039cc9399e09a48492fa7700d28ac0607c2670ad8b7cfeed9aa940708b
[INFO] running `Command { std: "docker" "start" "-a" "d0c798039cc9399e09a48492fa7700d28ac0607c2670ad8b7cfeed9aa940708b", kill_on_drop: false }`
[INFO] running `Command { std: "docker" "inspect" "d0c798039cc9399e09a48492fa7700d28ac0607c2670ad8b7cfeed9aa940708b", kill_on_drop: false }`
[INFO] running `Command { std: "docker" "rm" "-f" "d0c798039cc9399e09a48492fa7700d28ac0607c2670ad8b7cfeed9aa940708b", kill_on_drop: false }`
[INFO] [stdout] d0c798039cc9399e09a48492fa7700d28ac0607c2670ad8b7cfeed9aa940708b
[INFO] running `Command { std: "docker" "create" "-v" "/var/lib/crater-agent-workspace/builds/worker-6-tc1/target:/opt/rustwide/target:rw,Z" "-v" "/var/lib/crater-agent-workspace/builds/worker-6-tc1/source:/opt/rustwide/workdir:ro,Z" "-v" "/var/lib/crater-agent-workspace/cargo-home:/opt/rustwide/cargo-home:ro,Z" "-v" "/var/lib/crater-agent-workspace/rustup-home:/opt/rustwide/rustup-home:ro,Z" "-e" "SOURCE_DIR=/opt/rustwide/workdir" "-e" "CARGO_TARGET_DIR=/opt/rustwide/target" "-e" "CARGO_INCREMENTAL=0" "-e" "RUST_BACKTRACE=full" "-e" "RUSTFLAGS=--cap-lints=warn" "-e" "RUSTDOCFLAGS=--cap-lints=warn" "-e" "CARGO_HOME=/opt/rustwide/cargo-home" "-e" "RUSTUP_HOME=/opt/rustwide/rustup-home" "-w" "/opt/rustwide/workdir" "-m" "1610612736" "--user" "0:0" "--network" "none" "ghcr.io/rust-lang/crates-build-env/linux@sha256:5ff2268d62e97bff2cde7d5815dd6ed5b47097566f13b8d0ca110b04b60e07ed" "/opt/rustwide/cargo-home/bin/cargo" "+1.69.0" "doc" "--frozen" "--no-deps" "--document-private-items" "--message-format=json", kill_on_drop: false }`
[INFO] [stdout] 3a02ada42b49419e5a8180dd66a24d2ead3a04a3e22c3f2a2084d937b4a70904
[INFO] running `Command { std: "docker" "start" "-a" "3a02ada42b49419e5a8180dd66a24d2ead3a04a3e22c3f2a2084d937b4a70904", kill_on_drop: false }`
[INFO] [stderr]     Blocking waiting for file lock on package cache
[INFO] [stderr]    Compiling crossbeam-utils v0.8.10
[INFO] [stderr]    Compiling memoffset v0.6.4
[INFO] [stderr]     Checking once_cell v1.12.0
[INFO] [stderr]    Compiling crossbeam-epoch v0.9.5
[INFO] [stderr]    Compiling rayon-core v1.9.1
[INFO] [stderr]    Compiling num-traits v0.2.14
[INFO] [stderr]    Compiling proc-macro2 v1.0.27
[INFO] [stderr]    Compiling rayon v1.5.1
[INFO] [stderr]     Checking either v1.6.1
[INFO] [stderr]    Compiling num-integer v0.1.44
[INFO] [stderr]    Compiling syn v1.0.73
[INFO] [stderr]    Compiling memchr v2.4.0
[INFO] [stderr]    Compiling miniz_oxide v0.4.4
[INFO] [stderr]     Checking byteorder v1.4.3
[INFO] [stderr]     Checking num_cpus v1.13.0
[INFO] [stderr]    Compiling crc32fast v1.2.1
[INFO] [stderr]    Compiling num-rational v0.3.2
[INFO] [stderr]    Compiling num-iter v0.1.42
[INFO] [stderr]     Checking regex-syntax v0.6.25
[INFO] [stderr]    Compiling serde v1.0.126
[INFO] [stderr]     Checking weezl v0.1.5
[INFO] [stderr]     Checking deflate v0.8.6
[INFO] [stderr]     Checking miniz_oxide v0.3.7
[INFO] [stderr]     Checking terminal_size v0.1.17
[INFO] [stderr]     Checking rawpointer v0.2.1
[INFO] [stderr]     Checking color_quant v1.1.0
[INFO] [stderr]    Compiling anyhow v1.0.41
[INFO] [stderr]    Compiling serde_derive v1.0.126
[INFO] [stderr]     Checking matrixmultiply v0.3.1
[INFO] [stderr]     Checking console v0.14.1
[INFO] [stderr]     Checking crossbeam-channel v0.5.1
[INFO] [stderr]     Checking atty v0.2.14
[INFO] [stderr]     Checking number_prefix v0.4.0
[INFO] [stderr]     Checking gif v0.11.2
[INFO] [stderr]     Checking bytemuck v1.9.1
[INFO] [stderr]     Checking png v0.16.8
[INFO] [stderr]     Checking itoa v0.4.7
[INFO] [stderr]     Checking aho-corasick v0.7.18
[INFO] [stderr]     Checking bytes v0.5.6
[INFO] [stderr]     Checking crossbeam-deque v0.8.1
[INFO] [stderr]     Checking scoped_threadpool v0.1.9
[INFO] [stderr]    Compiling quote v1.0.9
[INFO] [stderr]     Checking clap v2.33.3
[INFO] [stderr]     Checking byteordered v0.5.0
[INFO] [stderr]     Checking itertools v0.10.1
[INFO] [stderr]     Checking base64 v0.13.0
[INFO] [stderr]     Checking num-complex v0.4.0
[INFO] [stderr]     Checking img-parts v0.2.3
[INFO] [stderr]     Checking regex v1.5.4
[INFO] [stderr]     Checking Inflector v0.11.4
[INFO] [stderr]     Checking serde_json v1.0.64
[INFO] [stderr]     Checking jpeg-decoder v0.1.22
[INFO] [stderr]     Checking ndarray v0.15.3
[INFO] [stderr]     Checking indicatif v0.16.2
[INFO] [stderr]     Checking tiff v0.6.1
[INFO] [stderr]     Checking image v0.23.14
[INFO] [stderr]    Compiling synstructure v0.12.4
[INFO] [stderr]    Compiling zerocopy-derive v0.3.0
[INFO] [stderr]     Checking zerocopy v0.5.0
[INFO] [stderr]  Documenting thermal v0.3.1 (/opt/rustwide/workdir)
[INFO] [stderr]     Checking thermal v0.3.1 (/opt/rustwide/workdir)
[INFO] [stdout] error[E0432]: unresolved imports `thermal::arg`, `thermal::args_parser`, `thermal::opt`
[INFO] [stdout]  --> src/bin/thermal-transform/args.rs:4:15
[INFO] [stdout]   |
[INFO] [stdout] 4 | use thermal::{arg, args_parser, opt};
[INFO] [stdout]   |               ^^^  ^^^^^^^^^^^  ^^^ no `opt` in the root
[INFO] [stdout]   |               |    |
[INFO] [stdout]   |               |    no `args_parser` in the root
[INFO] [stdout]   |               no `arg` in the root
[INFO] [stdout] 
[INFO] [stdout] 
[INFO] [stdout] error[E0432]: unresolved imports `thermal::arg`, `thermal::args_parser`, `thermal::opt`
[INFO] [stdout]  --> src/bin/thermal-stats/args.rs:3:15
[INFO] [stdout]   |
[INFO] [stdout] 3 | use thermal::{arg, args_parser, opt};
[INFO] [stdout]   |               ^^^  ^^^^^^^^^^^  ^^^ no `opt` in the root
[INFO] [stdout]   |               |    |
[INFO] [stdout]   |               |    no `args_parser` in the root
[INFO] [stdout]   |               no `arg` in the root
[INFO] [stdout] 
[INFO] [stdout] 
[INFO] [stdout] error[E0432]: unresolved import `thermal::cli`
[INFO] [stdout]  --> src/bin/thermal-stats/main.rs:8:14
[INFO] [stdout]   |
[INFO] [stdout] 8 | use thermal::cli::{process_paths_par, GenericImage};
[INFO] [stdout]   |              ^^^ could not find `cli` in `thermal`
[INFO] [stdout] 
[INFO] [stdout] 
[INFO] [stdout] error[E0432]: unresolved imports `thermal::cli`, `thermal::dji`
[INFO] [stdout]   --> src/bin/thermal-transform/proc.rs:13:15
[INFO] [stdout]    |
[INFO] [stdout] 13 | use thermal::{cli::ThermalInput, dji::RJpeg, image::ThermalImage};
[INFO] [stdout]    |               ^^^                ^^^ could not find `dji` in `thermal`
[INFO] [stdout]    |               |
[INFO] [stdout]    |               could not find `cli` in `thermal`
[INFO] [stdout] 
[INFO] [stdout] 
[INFO] [stdout] error[E0432]: unresolved import `thermal::dji`
[INFO] [stdout]  --> src/bin/thermal-stats/main.rs:9:14
[INFO] [stdout]   |
[INFO] [stdout] 9 | use thermal::dji::RJpeg;
[INFO] [stdout]   |              ^^^ could not find `dji` in `thermal`
[INFO] [stdout] 
[INFO] [stdout] 
[INFO] [stdout] error[E0432]: unresolved import `thermal::cli`
[INFO] [stdout]  --> src/bin/thermal-transform/main.rs:5:14
[INFO] [stdout]   |
[INFO] [stdout] 5 | use thermal::cli::process_paths_par;
[INFO] [stdout]   |              ^^^ could not find `cli` in `thermal`
[INFO] [stdout] 
[INFO] [stdout] 
[INFO] [stdout] error: cannot determine resolution for the macro `arg`
[INFO] [stdout]   --> src/bin/thermal-stats/args.rs:27:17
[INFO] [stdout]    |
[INFO] [stdout] 27 |                 arg!("paths")
[INFO] [stdout]    |                 ^^^
[INFO] [stdout]    |
[INFO] [stdout]    = note: import resolution is stuck, try simplifying macro imports
[INFO] [stdout] 
[INFO] [stdout] 
[INFO] [stdout] error: cannot determine resolution for the macro `opt`
[INFO] [stdout]   --> src/bin/thermal-stats/args.rs:22:17
[INFO] [stdout]    |
[INFO] [stdout] 22 |                 opt!("distance")
[INFO] [stdout]    |                 ^^^
[INFO] [stdout]    |
[INFO] [stdout]    = note: import resolution is stuck, try simplifying macro imports
[INFO] [stdout] 
[INFO] [stdout] 
[INFO] [stdout] error: cannot determine resolution for the macro `args_parser`
[INFO] [stdout]   --> src/bin/thermal-transform/args.rs:18:23
[INFO] [stdout]    |
[INFO] [stdout] 18 |         let matches = args_parser!("thermal-stats")
[INFO] [stdout]    |                       ^^^^^^^^^^^
[INFO] [stdout]    |
[INFO] [stdout]    = note: import resolution is stuck, try simplifying macro imports
[INFO] [stdout] 
[INFO] [stdout] 
[INFO] [stdout] error: cannot determine resolution for the macro `opt`
[INFO] [stdout]   --> src/bin/thermal-stats/args.rs:16:17
[INFO] [stdout]    |
[INFO] [stdout] 16 |                 opt!("json")
[INFO] [stdout]    |                 ^^^
[INFO] [stdout]    |
[INFO] [stdout]    = note: import resolution is stuck, try simplifying macro imports
[INFO] [stdout] 
[INFO] [stdout] 
[INFO] [stdout] error: cannot determine resolution for the macro `opt`
[INFO] [stdout]   --> src/bin/thermal-transform/args.rs:22:17
[INFO] [stdout]    |
[INFO] [stdout] 22 |                 opt!("json")
[INFO] [stdout]    |                 ^^^
[INFO] [stdout]    |
[INFO] [stdout]    = note: import resolution is stuck, try simplifying macro imports
[INFO] [stdout] 
[INFO] [stdout] 
[INFO] [stdout] error: cannot determine resolution for the macro `args_parser`
[INFO] [stdout]   --> src/bin/thermal-stats/args.rs:13:23
[INFO] [stdout]    |
[INFO] [stdout] 13 |         let matches = args_parser!("thermal-stats")
[INFO] [stdout]    |                       ^^^^^^^^^^^
[INFO] [stdout]    |
[INFO] [stdout]    = note: import resolution is stuck, try simplifying macro imports
[INFO] [stdout] 
[INFO] [stdout] 
[INFO] [stdout] error: cannot determine resolution for the macro `opt`
[INFO] [stdout]   --> src/bin/thermal-transform/args.rs:28:17
[INFO] [stdout]    |
[INFO] [stdout] 28 |                 opt!("output")
[INFO] [stdout]    |                 ^^^
[INFO] [stdout]    |
[INFO] [stdout]    = note: import resolution is stuck, try simplifying macro imports
[INFO] [stdout] 
[INFO] [stdout] 
[INFO] [stdout] error: cannot determine resolution for the macro `opt`
[INFO] [stdout]   --> src/bin/thermal-transform/args.rs:32:18
[INFO] [stdout]    |
[INFO] [stdout] 32 |             .arg(opt!("min").required(true).help("Min value for transform"))
[INFO] [stdout]    |                  ^^^
[INFO] [stdout]    |
[INFO] [stdout]    = note: import resolution is stuck, try simplifying macro imports
[INFO] [stdout] 
[INFO] [stdout] 
[INFO] [stdout] error: cannot determine resolution for the macro `opt`
[INFO] [stdout]   --> src/bin/thermal-transform/args.rs:33:18
[INFO] [stdout]    |
[INFO] [stdout] 33 |             .arg(opt!("max").required(true).help("Max value for transform"))
[INFO] [stdout]    |                  ^^^
[INFO] [stdout]    |
[INFO] [stdout]    = note: import resolution is stuck, try simplifying macro imports
[INFO] [stdout] 
[INFO] [stdout] 
[INFO] [stdout] error: cannot determine resolution for the macro `opt`
[INFO] [stdout]   --> src/bin/thermal-transform/args.rs:35:17
[INFO] [stdout]    |
[INFO] [stdout] 35 |                 opt!("copy exif")
[INFO] [stdout]    |                 ^^^
[INFO] [stdout]    |
[INFO] [stdout]    = note: import resolution is stuck, try simplifying macro imports
[INFO] [stdout] 
[INFO] [stdout] 
[INFO] [stdout] error: cannot determine resolution for the macro `opt`
[INFO] [stdout]   --> src/bin/thermal-transform/args.rs:41:17
[INFO] [stdout]    |
[INFO] [stdout] 41 |                 opt!("distance")
[INFO] [stdout]    |                 ^^^
[INFO] [stdout]    |
[INFO] [stdout]    = note: import resolution is stuck, try simplifying macro imports
[INFO] [stdout] 
[INFO] [stdout] 
[INFO] [stdout] error: cannot determine resolution for the macro `arg`
[INFO] [stdout]   --> src/bin/thermal-transform/args.rs:46:17
[INFO] [stdout]    |
[INFO] [stdout] 46 |                 arg!("paths")
[INFO] [stdout]    |                 ^^^
[INFO] [stdout]    |
[INFO] [stdout]    = note: import resolution is stuck, try simplifying macro imports
[INFO] [stdout] 
[INFO] [stdout] 
[INFO] [stdout] error: aborting due to 11 previous errors
[INFO] [stdout] 
[INFO] [stdout] 
[INFO] [stdout] For more information about this error, try `rustc --explain E0432`.
[INFO] [stdout] 
[INFO] [stderr] error: could not document `thermal`
[INFO] [stderr] 
[INFO] [stderr] Caused by:
[INFO] [stderr]   process didn't exit successfully: `rustdoc --edition=2018 --crate-type bin --crate-name thermal_transform src/bin/thermal-transform/main.rs -o /opt/rustwide/target/doc --error-format=json --json=diagnostic-rendered-ansi,artifacts,future-incompat --document-private-items '-Arustdoc::private-intra-doc-links' -C metadata=a0630ea212c42de8 -L dependency=/opt/rustwide/target/debug/deps --extern inflector=/opt/rustwide/target/debug/deps/libinflector-7f4fd19b61c96d05.rmeta --extern anyhow=/opt/rustwide/target/debug/deps/libanyhow-bc1ba24e73671ed0.rmeta --extern base64=/opt/rustwide/target/debug/deps/libbase64-1b3401b2849c354c.rmeta --extern byteordered=/opt/rustwide/target/debug/deps/libbyteordered-be34ca9f6f98993e.rmeta --extern clap=/opt/rustwide/target/debug/deps/libclap-39e7567c307a32f1.rmeta --extern image=/opt/rustwide/target/debug/deps/libimage-9a5b8061a539d933.rmeta --extern img_parts=/opt/rustwide/target/debug/deps/libimg_parts-8c59eba26feaea3d.rmeta --extern indicatif=/opt/rustwide/target/debug/deps/libindicatif-7f3524eb4e29176d.rmeta --extern itertools=/opt/rustwide/target/debug/deps/libitertools-19b426cc124a3bc1.rmeta --extern lazy_static=/opt/rustwide/target/debug/deps/liblazy_static-9c7d51f549cf58b7.rmeta --extern ndarray=/opt/rustwide/target/debug/deps/libndarray-c7a4d3fdb83669eb.rmeta --extern png=/opt/rustwide/target/debug/deps/libpng-fa4498a4310b9235.rmeta --extern rayon=/opt/rustwide/target/debug/deps/librayon-e812126bb887d600.rmeta --extern regex=/opt/rustwide/target/debug/deps/libregex-d70ed253e4147aa3.rmeta --extern serde=/opt/rustwide/target/debug/deps/libserde-0ee148e38f7ca66e.rmeta --extern serde_derive=/opt/rustwide/target/debug/deps/libserde_derive-4f25965ec0b6ab5e.so --extern serde_json=/opt/rustwide/target/debug/deps/libserde_json-3dddd55d87d9b071.rmeta --extern thermal=/opt/rustwide/target/debug/deps/libthermal-ac6f34e40fb6e4a3.rmeta --extern tiff=/opt/rustwide/target/debug/deps/libtiff-3c751d5faf769969.rmeta --extern zerocopy=/opt/rustwide/target/debug/deps/libzerocopy-4d51a941f44a57a6.rmeta --cap-lints=warn --crate-version 0.3.1` (exit status: 1)
[INFO] [stderr] warning: build failed, waiting for other jobs to finish...
[INFO] [stdout] error: aborting due to 7 previous errors
[INFO] [stdout] 
[INFO] [stdout] 
[INFO] [stdout] For more information about this error, try `rustc --explain E0432`.
[INFO] [stdout] 
[INFO] [stderr] error: could not document `thermal`
[INFO] [stderr] 
[INFO] [stderr] Caused by:
[INFO] [stderr]   process didn't exit successfully: `rustdoc --edition=2018 --crate-type bin --crate-name thermal_stats src/bin/thermal-stats/main.rs -o /opt/rustwide/target/doc --error-format=json --json=diagnostic-rendered-ansi,artifacts,future-incompat --document-private-items '-Arustdoc::private-intra-doc-links' -C metadata=c9ee4341289c5a44 -L dependency=/opt/rustwide/target/debug/deps --extern inflector=/opt/rustwide/target/debug/deps/libinflector-7f4fd19b61c96d05.rmeta --extern anyhow=/opt/rustwide/target/debug/deps/libanyhow-bc1ba24e73671ed0.rmeta --extern base64=/opt/rustwide/target/debug/deps/libbase64-1b3401b2849c354c.rmeta --extern byteordered=/opt/rustwide/target/debug/deps/libbyteordered-be34ca9f6f98993e.rmeta --extern clap=/opt/rustwide/target/debug/deps/libclap-39e7567c307a32f1.rmeta --extern image=/opt/rustwide/target/debug/deps/libimage-9a5b8061a539d933.rmeta --extern img_parts=/opt/rustwide/target/debug/deps/libimg_parts-8c59eba26feaea3d.rmeta --extern indicatif=/opt/rustwide/target/debug/deps/libindicatif-7f3524eb4e29176d.rmeta --extern itertools=/opt/rustwide/target/debug/deps/libitertools-19b426cc124a3bc1.rmeta --extern lazy_static=/opt/rustwide/target/debug/deps/liblazy_static-9c7d51f549cf58b7.rmeta --extern ndarray=/opt/rustwide/target/debug/deps/libndarray-c7a4d3fdb83669eb.rmeta --extern png=/opt/rustwide/target/debug/deps/libpng-fa4498a4310b9235.rmeta --extern rayon=/opt/rustwide/target/debug/deps/librayon-e812126bb887d600.rmeta --extern regex=/opt/rustwide/target/debug/deps/libregex-d70ed253e4147aa3.rmeta --extern serde=/opt/rustwide/target/debug/deps/libserde-0ee148e38f7ca66e.rmeta --extern serde_derive=/opt/rustwide/target/debug/deps/libserde_derive-4f25965ec0b6ab5e.so --extern serde_json=/opt/rustwide/target/debug/deps/libserde_json-3dddd55d87d9b071.rmeta --extern thermal=/opt/rustwide/target/debug/deps/libthermal-ac6f34e40fb6e4a3.rmeta --extern tiff=/opt/rustwide/target/debug/deps/libtiff-3c751d5faf769969.rmeta --extern zerocopy=/opt/rustwide/target/debug/deps/libzerocopy-4d51a941f44a57a6.rmeta --cap-lints=warn --crate-version 0.3.1` (exit status: 1)
[INFO] running `Command { std: "docker" "inspect" "3a02ada42b49419e5a8180dd66a24d2ead3a04a3e22c3f2a2084d937b4a70904", kill_on_drop: false }`
[INFO] running `Command { std: "docker" "rm" "-f" "3a02ada42b49419e5a8180dd66a24d2ead3a04a3e22c3f2a2084d937b4a70904", kill_on_drop: false }`
[INFO] [stdout] 3a02ada42b49419e5a8180dd66a24d2ead3a04a3e22c3f2a2084d937b4a70904
