[INFO] fetching crate synthizer-sys 0.10.10...
[INFO] documenting synthizer-sys-0.10.10 against beta-2023-04-20 for beta-1.70-rustdoc-1
[INFO] extracting crate synthizer-sys 0.10.10 into /workspace/builds/worker-2-tc2/source
[INFO] validating manifest of crates.io crate synthizer-sys 0.10.10 on toolchain beta-2023-04-20
[INFO] running `Command { std: CARGO_HOME="/workspace/cargo-home" RUSTUP_HOME="/workspace/rustup-home" "/workspace/cargo-home/bin/cargo" "+beta-2023-04-20" "metadata" "--manifest-path" "Cargo.toml" "--no-deps", kill_on_drop: false }`
[INFO] started tweaking crates.io crate synthizer-sys 0.10.10
[INFO] finished tweaking crates.io crate synthizer-sys 0.10.10
[INFO] tweaked toml for crates.io crate synthizer-sys 0.10.10 written to /workspace/builds/worker-2-tc2/source/Cargo.toml
[INFO] running `Command { std: CARGO_HOME="/workspace/cargo-home" RUSTUP_HOME="/workspace/rustup-home" __CARGO_TEST_CHANNEL_OVERRIDE_DO_NOT_USE_THIS="nightly" "/workspace/cargo-home/bin/cargo" "+beta-2023-04-20" "generate-lockfile" "--manifest-path" "Cargo.toml" "-Zno-index-update", kill_on_drop: false }`
[INFO] running `Command { std: CARGO_HOME="/workspace/cargo-home" RUSTUP_HOME="/workspace/rustup-home" "/workspace/cargo-home/bin/cargo" "+beta-2023-04-20" "fetch" "--manifest-path" "Cargo.toml", kill_on_drop: false }`
[INFO] running `Command { std: "docker" "create" "-v" "/var/lib/crater-agent-workspace/builds/worker-2-tc2/target:/opt/rustwide/target:rw,Z" "-v" "/var/lib/crater-agent-workspace/builds/worker-2-tc2/source:/opt/rustwide/workdir:ro,Z" "-v" "/var/lib/crater-agent-workspace/cargo-home:/opt/rustwide/cargo-home:ro,Z" "-v" "/var/lib/crater-agent-workspace/rustup-home:/opt/rustwide/rustup-home:ro,Z" "-e" "SOURCE_DIR=/opt/rustwide/workdir" "-e" "CARGO_TARGET_DIR=/opt/rustwide/target" "-e" "CARGO_HOME=/opt/rustwide/cargo-home" "-e" "RUSTUP_HOME=/opt/rustwide/rustup-home" "-w" "/opt/rustwide/workdir" "-m" "1610612736" "--user" "0:0" "--network" "none" "ghcr.io/rust-lang/crates-build-env/linux@sha256:5ff2268d62e97bff2cde7d5815dd6ed5b47097566f13b8d0ca110b04b60e07ed" "/opt/rustwide/cargo-home/bin/cargo" "+beta-2023-04-20" "metadata" "--no-deps" "--format-version=1", kill_on_drop: false }`
[INFO] [stdout] c6887ee39fa0b1f15626b05f5fc01ab5c38bb04064e89823529a8a9f141949d8
[INFO] running `Command { std: "docker" "start" "-a" "c6887ee39fa0b1f15626b05f5fc01ab5c38bb04064e89823529a8a9f141949d8", kill_on_drop: false }`
[INFO] running `Command { std: "docker" "inspect" "c6887ee39fa0b1f15626b05f5fc01ab5c38bb04064e89823529a8a9f141949d8", kill_on_drop: false }`
[INFO] running `Command { std: "docker" "rm" "-f" "c6887ee39fa0b1f15626b05f5fc01ab5c38bb04064e89823529a8a9f141949d8", kill_on_drop: false }`
[INFO] [stdout] c6887ee39fa0b1f15626b05f5fc01ab5c38bb04064e89823529a8a9f141949d8
[INFO] running `Command { std: "docker" "create" "-v" "/var/lib/crater-agent-workspace/builds/worker-2-tc2/target:/opt/rustwide/target:rw,Z" "-v" "/var/lib/crater-agent-workspace/builds/worker-2-tc2/source:/opt/rustwide/workdir:ro,Z" "-v" "/var/lib/crater-agent-workspace/cargo-home:/opt/rustwide/cargo-home:ro,Z" "-v" "/var/lib/crater-agent-workspace/rustup-home:/opt/rustwide/rustup-home:ro,Z" "-e" "SOURCE_DIR=/opt/rustwide/workdir" "-e" "CARGO_TARGET_DIR=/opt/rustwide/target" "-e" "CARGO_INCREMENTAL=0" "-e" "RUST_BACKTRACE=full" "-e" "RUSTFLAGS=--cap-lints=warn" "-e" "RUSTDOCFLAGS=--cap-lints=warn" "-e" "CARGO_HOME=/opt/rustwide/cargo-home" "-e" "RUSTUP_HOME=/opt/rustwide/rustup-home" "-w" "/opt/rustwide/workdir" "-m" "1610612736" "--user" "0:0" "--network" "none" "ghcr.io/rust-lang/crates-build-env/linux@sha256:5ff2268d62e97bff2cde7d5815dd6ed5b47097566f13b8d0ca110b04b60e07ed" "/opt/rustwide/cargo-home/bin/cargo" "+beta-2023-04-20" "doc" "--frozen" "--no-deps" "--document-private-items" "--message-format=json", kill_on_drop: false }`
[INFO] [stdout] 0157fac6235cbec412cfca974f31029cca9586f9e73813186b3b63cdc54599aa
[INFO] running `Command { std: "docker" "start" "-a" "0157fac6235cbec412cfca974f31029cca9586f9e73813186b3b63cdc54599aa", kill_on_drop: false }`
[INFO] [stderr]    Compiling cmake v0.1.50
[INFO] [stderr]    Compiling synthizer-sys v0.10.10 (/opt/rustwide/workdir)
[INFO] [stderr] error: failed to run custom build command for `synthizer-sys v0.10.10 (/opt/rustwide/workdir)`
[INFO] [stderr] note: To improve backtraces for build dependencies, set the CARGO_PROFILE_DEV_BUILD_OVERRIDE_DEBUG=true environment variable to enable debug information generation.
[INFO] [stderr] 
[INFO] [stderr] Caused by:
[INFO] [stderr]   process didn't exit successfully: `/opt/rustwide/target/debug/build/synthizer-sys-1b04918067a20111/build-script-build` (exit status: 101)
[INFO] [stderr]   --- stdout
[INFO] [stderr]   cargo:rerun-if-changed=synthizer-vendored
[INFO] [stderr]   CMAKE_TOOLCHAIN_FILE_x86_64-unknown-linux-gnu = None
[INFO] [stderr]   CMAKE_TOOLCHAIN_FILE_x86_64_unknown_linux_gnu = None
[INFO] [stderr]   HOST_CMAKE_TOOLCHAIN_FILE = None
[INFO] [stderr]   CMAKE_TOOLCHAIN_FILE = None
[INFO] [stderr]   CMAKE_GENERATOR_x86_64-unknown-linux-gnu = None
[INFO] [stderr]   CMAKE_GENERATOR_x86_64_unknown_linux_gnu = None
[INFO] [stderr]   HOST_CMAKE_GENERATOR = None
[INFO] [stderr]   CMAKE_GENERATOR = None
[INFO] [stderr]   CMAKE_PREFIX_PATH_x86_64-unknown-linux-gnu = None
[INFO] [stderr]   CMAKE_PREFIX_PATH_x86_64_unknown_linux_gnu = None
[INFO] [stderr]   HOST_CMAKE_PREFIX_PATH = None
[INFO] [stderr]   CMAKE_PREFIX_PATH = None
[INFO] [stderr]   CMAKE_x86_64-unknown-linux-gnu = None
[INFO] [stderr]   CMAKE_x86_64_unknown_linux_gnu = None
[INFO] [stderr]   HOST_CMAKE = None
[INFO] [stderr]   CMAKE = None
[INFO] [stderr]   running: cd "/opt/rustwide/target/debug/build/synthizer-sys-d143b55d14d79f02/out/build" && CMAKE_PREFIX_PATH="" "cmake" "/opt/rustwide/workdir/synthizer-vendored" "-DCMAKE_INSTALL_PREFIX=/opt/rustwide/target/debug/build/synthizer-sys-d143b55d14d79f02/out" "-DCMAKE_C_FLAGS= -ffunction-sections -fdata-sections -fPIC -m64" "-DCMAKE_C_COMPILER=/usr/bin/cc" "-DCMAKE_CXX_FLAGS= -ffunction-sections -fdata-sections -fPIC -m64" "-DCMAKE_CXX_COMPILER=/usr/bin/c++" "-DCMAKE_ASM_FLAGS= -ffunction-sections -fdata-sections -fPIC -m64" "-DCMAKE_ASM_COMPILER=/usr/bin/cc" "-DCMAKE_BUILD_TYPE=Debug" "-DCMAKE_MSVC_RUNTIME_LIBRARY=MultiThreadedDLL" "-DSYZ_INTEGRATING=ON"
[INFO] [stderr]   -- The C compiler identification is GNU 11.3.0
[INFO] [stderr]   -- The CXX compiler identification is GNU 11.3.0
[INFO] [stderr]   -- Detecting C compiler ABI info
[INFO] [stderr]   -- Detecting C compiler ABI info - done
[INFO] [stderr]   -- Check for working C compiler: /usr/bin/cc - skipped
[INFO] [stderr]   -- Detecting C compile features
[INFO] [stderr]   -- Detecting C compile features - done
[INFO] [stderr]   -- Detecting CXX compiler ABI info
[INFO] [stderr]   -- Detecting CXX compiler ABI info - done
[INFO] [stderr]   -- Check for working CXX compiler: /usr/bin/c++ - skipped
[INFO] [stderr]   -- Detecting CXX compile features
[INFO] [stderr]   -- Detecting CXX compile features - done
[INFO] [stderr]   -- Looking for pthread.h
[INFO] [stderr]   -- Looking for pthread.h - found
[INFO] [stderr]   -- Performing Test CMAKE_HAVE_LIBC_PTHREAD
[INFO] [stderr]   -- Performing Test CMAKE_HAVE_LIBC_PTHREAD - Success
[INFO] [stderr]   -- Found Threads: TRUE  
[INFO] [stderr]   -- Performing Test FILESYSTEM_OK
[INFO] [stderr]   -- Performing Test FILESYSTEM_OK - Success
[INFO] [stderr]   -- Found C++17 filesystem support
[INFO] [stderr]   -- Configuring done
[INFO] [stderr]   -- Generating done
[INFO] [stderr]   -- Build files have been written to: /opt/rustwide/target/debug/build/synthizer-sys-d143b55d14d79f02/out/build
[INFO] [stderr]   running: cd "/opt/rustwide/target/debug/build/synthizer-sys-d143b55d14d79f02/out/build" && MAKEFLAGS="-j --jobserver-fds=7,8 --jobserver-auth=7,8" "cmake" "--build" "." "--target" "install" "--config" "Debug"
[INFO] [stderr]   [  4%] Building C object CMakeFiles/synthizer_single_file_libs.dir/src/single_file_libs.c.o
[INFO] [stderr]   [  8%] Building CXX object _deps/wdl-build/CMakeFiles/wdl_objlib.dir/WDL/resample.cpp.o
[INFO] [stderr]   [  8%] Built target wdl_objlib
[INFO] [stderr]   [  8%] Built target synthizer_single_file_libs
[INFO] [stderr]   [ 12%] Building CXX object CMakeFiles/synthizer.dir/src/base_object.cpp.o
[INFO] [stderr]   [ 16%] Building CXX object CMakeFiles/synthizer.dir/src/decoding.cpp.o
[INFO] [stderr]   [ 20%] Building CXX object CMakeFiles/synthizer.dir/src/byte_stream.cpp.o
[INFO] [stderr]   [ 32%] Building CXX object CMakeFiles/synthizer.dir/src/event_timeline.cpp.o
[INFO] [stderr]   [ 32%] Building CXX object CMakeFiles/synthizer.dir/src/context.cpp.o
[INFO] [stderr]   [ 36%] Building CXX object CMakeFiles/synthizer.dir/src/c_api/unity.cpp.o
[INFO] [stderr]   [ 28%] Building CXX object CMakeFiles/synthizer.dir/src/audio_output.cpp.o
[INFO] [stderr]   [ 40%] Building CXX object CMakeFiles/synthizer.dir/src/error.cpp.o
[INFO] [stderr]   [ 44%] Building CXX object CMakeFiles/synthizer.dir/src/events.cpp.o
[INFO] [stderr]   [ 48%] Building CXX object CMakeFiles/synthizer.dir/src/generator.cpp.o
[INFO] [stderr]   [ 52%] Building CXX object CMakeFiles/synthizer.dir/src/logging.cpp.o
[INFO] [stderr]   [ 56%] Building CXX object CMakeFiles/synthizer.dir/src/memory.cpp.o
[INFO] [stderr]   [ 60%] Building CXX object CMakeFiles/synthizer.dir/src/pausable.cpp.o
[INFO] [stderr]   [ 64%] Building CXX object CMakeFiles/synthizer.dir/src/routable.cpp.o
[INFO] [stderr]   [ 68%] Building CXX object CMakeFiles/synthizer.dir/src/property_internals.cpp.o
[INFO] [stderr]   [ 72%] Building CXX object CMakeFiles/synthizer.dir/src/router.cpp.o
[INFO] [stderr]   [ 76%] Building CXX object CMakeFiles/synthizer.dir/src/shared_object.cpp.o
[INFO] [stderr]   [ 80%] Building CXX object CMakeFiles/synthizer.dir/src/data/arrays.cpp.o
[INFO] [stderr]   [ 84%] Building CXX object CMakeFiles/synthizer.dir/src/data/hrtf.cpp.o
[INFO] [stderr]   [ 88%] Building CXX object CMakeFiles/synthizer.dir/src/streams/custom_stream.cpp.o
[INFO] [stderr]   [ 92%] Building CXX object CMakeFiles/synthizer.dir/src/streams/file.cpp.o
[INFO] [stderr] 
[INFO] [stderr]   --- stderr
[INFO] [stderr]   CMake Warning:
[INFO] [stderr]     Manually-specified variables were not used by the project:
[INFO] [stderr] 
[INFO] [stderr]       CMAKE_ASM_COMPILER
[INFO] [stderr]       CMAKE_ASM_FLAGS
[INFO] [stderr] 
[INFO] [stderr] 
[INFO] [stderr]   In file included from /usr/include/endian.h:21,
[INFO] [stderr]                    from /opt/rustwide/workdir/synthizer-vendored/deps/deps/third_party/dr_libs/dr_flac.h:1336,
[INFO] [stderr]                    from /opt/rustwide/workdir/synthizer-vendored/src/single_file_libs.c:3:
[INFO] [stderr]   /usr/include/features.h:194:3: warning: #warning "_BSD_SOURCE and _SVID_SOURCE are deprecated, use _DEFAULT_SOURCE" [-Wcpp]
[INFO] [stderr]     194 | # warning "_BSD_SOURCE and _SVID_SOURCE are deprecated, use _DEFAULT_SOURCE"
[INFO] [stderr]         |   ^~~~~~~
[INFO] [stderr]   c++: fatal error: Killed signal terminated program cc1plus
[INFO] [stderr]   compilation terminated.
[INFO] [stderr]   gmake[2]: *** [CMakeFiles/synthizer.dir/build.make:188: CMakeFiles/synthizer.dir/src/events.cpp.o] Error 1
[INFO] [stderr]   gmake[2]: *** Waiting for unfinished jobs....
[INFO] [stderr]   c++: fatal error: Killed signal terminated program cc1plus
[INFO] [stderr]   compilation terminated.
[INFO] [stderr]   gmake[2]: *** [CMakeFiles/synthizer.dir/build.make:174: CMakeFiles/synthizer.dir/src/event_timeline.cpp.o] Error 1
[INFO] [stderr]   c++: fatal error: Killed signal terminated program cc1plus
[INFO] [stderr]   compilation terminated.
[INFO] [stderr]   gmake[2]: *** [CMakeFiles/synthizer.dir/build.make:272: CMakeFiles/synthizer.dir/src/routable.cpp.o] Error 1
[INFO] [stderr]   c++: fatal error: Killed signal terminated program cc1plus
[INFO] [stderr]   compilation terminated.
[INFO] [stderr]   gmake[2]: *** [CMakeFiles/synthizer.dir/build.make:132: CMakeFiles/synthizer.dir/src/context.cpp.o] Error 1
[INFO] [stderr]   gmake[1]: *** [CMakeFiles/Makefile2:1030: CMakeFiles/synthizer.dir/all] Error 2
[INFO] [stderr]   gmake: *** [Makefile:146: all] Error 2
[INFO] [stderr]   thread 'main' panicked at '
[INFO] [stderr]   command did not execute successfully, got: exit status: 2
[INFO] [stderr] 
[INFO] [stderr]   build script failed, must exit now', /opt/rustwide/cargo-home/registry/src/index.crates.io-6f17d22bba15001f/cmake-0.1.50/src/lib.rs:1098:5
[INFO] [stderr]   stack backtrace:
[INFO] [stderr]      0:     0x55ff30ceacfa - std::backtrace_rs::backtrace::libunwind::trace::h2f05d0192276a8f6
[INFO] [stderr]                                  at /rustc/1b7dd2252b99671ce5d1cb9664c5f8636329436d/library/std/src/../../backtrace/src/backtrace/libunwind.rs:93:5
[INFO] [stderr]      1:     0x55ff30ceacfa - std::backtrace_rs::backtrace::trace_unsynchronized::hedc23dff7a1af150
[INFO] [stderr]                                  at /rustc/1b7dd2252b99671ce5d1cb9664c5f8636329436d/library/std/src/../../backtrace/src/backtrace/mod.rs:66:5
[INFO] [stderr]      2:     0x55ff30ceacfa - std::sys_common::backtrace::_print_fmt::h17541ef7592f3ce2
[INFO] [stderr]                                  at /rustc/1b7dd2252b99671ce5d1cb9664c5f8636329436d/library/std/src/sys_common/backtrace.rs:65:5
[INFO] [stderr]      3:     0x55ff30ceacfa - <std::sys_common::backtrace::_print::DisplayBacktrace as core::fmt::Display>::fmt::h20f75df5ab0c0792
[INFO] [stderr]                                  at /rustc/1b7dd2252b99671ce5d1cb9664c5f8636329436d/library/std/src/sys_common/backtrace.rs:44:22
[INFO] [stderr]      4:     0x55ff30d0b63f - core::fmt::write::h78109e6f466b3af6
[INFO] [stderr]                                  at /rustc/1b7dd2252b99671ce5d1cb9664c5f8636329436d/library/core/src/fmt/mod.rs:1254:17
[INFO] [stderr]      5:     0x55ff30ce7b35 - std::io::Write::write_fmt::hc59e1b02dd273c8a
[INFO] [stderr]                                  at /rustc/1b7dd2252b99671ce5d1cb9664c5f8636329436d/library/std/src/io/mod.rs:1698:15
[INFO] [stderr]      6:     0x55ff30ceaac5 - std::sys_common::backtrace::_print::h8dac57a9f8fbf9a5
[INFO] [stderr]                                  at /rustc/1b7dd2252b99671ce5d1cb9664c5f8636329436d/library/std/src/sys_common/backtrace.rs:47:5
[INFO] [stderr]      7:     0x55ff30ceaac5 - std::sys_common::backtrace::print::hf9ecbf41d1aa712f
[INFO] [stderr]                                  at /rustc/1b7dd2252b99671ce5d1cb9664c5f8636329436d/library/std/src/sys_common/backtrace.rs:34:9
[INFO] [stderr]      8:     0x55ff30cec38e - std::panicking::default_hook::{{closure}}::h04c07acfc84ca028
[INFO] [stderr]                                  at /rustc/1b7dd2252b99671ce5d1cb9664c5f8636329436d/library/std/src/panicking.rs:269:22
[INFO] [stderr]      9:     0x55ff30cec135 - std::panicking::default_hook::h01f6bb23e1eceb2c
[INFO] [stderr]                                  at /rustc/1b7dd2252b99671ce5d1cb9664c5f8636329436d/library/std/src/panicking.rs:288:9
[INFO] [stderr]     10:     0x55ff30cec8ee - std::panicking::rust_panic_with_hook::h2bb3722bbaf2f6df
[INFO] [stderr]                                  at /rustc/1b7dd2252b99671ce5d1cb9664c5f8636329436d/library/std/src/panicking.rs:691:13
[INFO] [stderr]     11:     0x55ff30cec7e9 - std::panicking::begin_panic_handler::{{closure}}::h91bc7f36a4be011b
[INFO] [stderr]                                  at /rustc/1b7dd2252b99671ce5d1cb9664c5f8636329436d/library/std/src/panicking.rs:582:13
[INFO] [stderr]     12:     0x55ff30ceb166 - std::sys_common::backtrace::__rust_end_short_backtrace::h8b3d3717114f9e59
[INFO] [stderr]                                  at /rustc/1b7dd2252b99671ce5d1cb9664c5f8636329436d/library/std/src/sys_common/backtrace.rs:150:18
[INFO] [stderr]     13:     0x55ff30cec542 - rust_begin_unwind
[INFO] [stderr]                                  at /rustc/1b7dd2252b99671ce5d1cb9664c5f8636329436d/library/std/src/panicking.rs:578:5
[INFO] [stderr]     14:     0x55ff30c727d3 - core::panicking::panic_fmt::hfd368e3fbdabea26
[INFO] [stderr]                                  at /rustc/1b7dd2252b99671ce5d1cb9664c5f8636329436d/library/core/src/panicking.rs:67:14
[INFO] [stderr]     15:     0x55ff30c7d87f - cmake::fail::h8250385c9d40d8fd
[INFO] [stderr]     16:     0x55ff30c7d373 - cmake::run::ha2ff77c9f1d19870
[INFO] [stderr]     17:     0x55ff30c79ea0 - cmake::Config::build::hac8367be707cce35
[INFO] [stderr]     18:     0x55ff30c73975 - build_script_build::main::h6cdc2845498195e1
[INFO] [stderr]     19:     0x55ff30c74563 - core::ops::function::FnOnce::call_once::h886a272a99f82c9e
[INFO] [stderr]     20:     0x55ff30c73716 - std::sys_common::backtrace::__rust_begin_short_backtrace::he88c3e66f952cd12
[INFO] [stderr]     21:     0x55ff30c74b59 - std::rt::lang_start::{{closure}}::h9abee0149733af8c
[INFO] [stderr]     22:     0x55ff30ce3e9e - core::ops::function::impls::<impl core::ops::function::FnOnce<A> for &F>::call_once::h2eb19b8ce4148df4
[INFO] [stderr]                                  at /rustc/1b7dd2252b99671ce5d1cb9664c5f8636329436d/library/core/src/ops/function.rs:287:13
[INFO] [stderr]     23:     0x55ff30ce3e9e - std::panicking::try::do_call::h2e900feff5d504c5
[INFO] [stderr]                                  at /rustc/1b7dd2252b99671ce5d1cb9664c5f8636329436d/library/std/src/panicking.rs:485:40
[INFO] [stderr]     24:     0x55ff30ce3e9e - std::panicking::try::h8854836cb85aa9f2
[INFO] [stderr]                                  at /rustc/1b7dd2252b99671ce5d1cb9664c5f8636329436d/library/std/src/panicking.rs:449:19
[INFO] [stderr]     25:     0x55ff30ce3e9e - std::panic::catch_unwind::h706025dd4c48f64b
[INFO] [stderr]                                  at /rustc/1b7dd2252b99671ce5d1cb9664c5f8636329436d/library/std/src/panic.rs:140:14
[INFO] [stderr]     26:     0x55ff30ce3e9e - std::rt::lang_start_internal::{{closure}}::h7be5b97f4a07a91a
[INFO] [stderr]                                  at /rustc/1b7dd2252b99671ce5d1cb9664c5f8636329436d/library/std/src/rt.rs:148:48
[INFO] [stderr]     27:     0x55ff30ce3e9e - std::panicking::try::do_call::h59847e9d0a176965
[INFO] [stderr]                                  at /rustc/1b7dd2252b99671ce5d1cb9664c5f8636329436d/library/std/src/panicking.rs:485:40
[INFO] [stderr]     28:     0x55ff30ce3e9e - std::panicking::try::h399a918ba8522823
[INFO] [stderr]                                  at /rustc/1b7dd2252b99671ce5d1cb9664c5f8636329436d/library/std/src/panicking.rs:449:19
[INFO] [stderr]     29:     0x55ff30ce3e9e - std::panic::catch_unwind::hca7ca6c55b2a2e26
[INFO] [stderr]                                  at /rustc/1b7dd2252b99671ce5d1cb9664c5f8636329436d/library/std/src/panic.rs:140:14
[INFO] [stderr]     30:     0x55ff30ce3e9e - std::rt::lang_start_internal::h2c807a81560459eb
[INFO] [stderr]                                  at /rustc/1b7dd2252b99671ce5d1cb9664c5f8636329436d/library/std/src/rt.rs:148:20
[INFO] [stderr]     31:     0x55ff30c74b37 - std::rt::lang_start::h7fe981df3e2cfc52
[INFO] [stderr]     32:     0x55ff30c73d35 - main
[INFO] [stderr]     33:     0x7f86d8f2ed90 - <unknown>
[INFO] [stderr]     34:     0x7f86d8f2ee40 - __libc_start_main
[INFO] [stderr]     35:     0x55ff30c72d55 - _start
[INFO] [stderr]     36:                0x0 - <unknown>
[INFO] running `Command { std: "docker" "inspect" "0157fac6235cbec412cfca974f31029cca9586f9e73813186b3b63cdc54599aa", kill_on_drop: false }`
[INFO] running `Command { std: "docker" "rm" "-f" "0157fac6235cbec412cfca974f31029cca9586f9e73813186b3b63cdc54599aa", kill_on_drop: false }`
[INFO] [stdout] 0157fac6235cbec412cfca974f31029cca9586f9e73813186b3b63cdc54599aa
