[INFO] fetching crate symo 0.1.1...
[INFO] documenting symo-0.1.1 against 1.69.0 for beta-1.70-rustdoc-1
[INFO] extracting crate symo 0.1.1 into /workspace/builds/worker-0-tc1/source
[INFO] validating manifest of crates.io crate symo 0.1.1 on toolchain 1.69.0
[INFO] running `Command { std: CARGO_HOME="/workspace/cargo-home" RUSTUP_HOME="/workspace/rustup-home" "/workspace/cargo-home/bin/cargo" "+1.69.0" "metadata" "--manifest-path" "Cargo.toml" "--no-deps", kill_on_drop: false }`
[INFO] started tweaking crates.io crate symo 0.1.1
[INFO] finished tweaking crates.io crate symo 0.1.1
[INFO] tweaked toml for crates.io crate symo 0.1.1 written to /workspace/builds/worker-0-tc1/source/Cargo.toml
[INFO] crate crates.io crate symo 0.1.1 already has a lockfile, it will not be regenerated
[INFO] running `Command { std: CARGO_HOME="/workspace/cargo-home" RUSTUP_HOME="/workspace/rustup-home" "/workspace/cargo-home/bin/cargo" "+1.69.0" "fetch" "--manifest-path" "Cargo.toml", kill_on_drop: false }`
[INFO] [stderr]  Downloading crates ...
[INFO] [stderr]   Downloaded zfs-core-sys v0.5.0
[INFO] [stderr]   Downloaded darling_macro v0.14.1
[INFO] [stderr]   Downloaded libnv v0.3.0
[INFO] [stderr]   Downloaded nvpair-sys v0.4.0
[INFO] [stderr]   Downloaded sysctl v0.4.4
[INFO] [stderr]   Downloaded darling v0.14.1
[INFO] [stderr]   Downloaded ucd-util v0.1.9
[INFO] [stderr]   Downloaded cstr-argument v0.1.2
[INFO] [stderr]   Downloaded interfaces v0.0.8
[INFO] [stderr]   Downloaded rctl v0.2.0
[INFO] [stderr]   Downloaded pest v0.3.3
[INFO] [stderr]   Downloaded darling_core v0.14.1
[INFO] [stderr]   Downloaded jail v0.2.0
[INFO] [stderr]   Downloaded handlebars v0.29.1
[INFO] [stderr]   Downloaded libzetta v0.3.1
[INFO] running `Command { std: "docker" "create" "-v" "/var/lib/crater-agent-workspace/builds/worker-0-tc1/target:/opt/rustwide/target:rw,Z" "-v" "/var/lib/crater-agent-workspace/builds/worker-0-tc1/source:/opt/rustwide/workdir:ro,Z" "-v" "/var/lib/crater-agent-workspace/cargo-home:/opt/rustwide/cargo-home:ro,Z" "-v" "/var/lib/crater-agent-workspace/rustup-home:/opt/rustwide/rustup-home:ro,Z" "-e" "SOURCE_DIR=/opt/rustwide/workdir" "-e" "CARGO_TARGET_DIR=/opt/rustwide/target" "-e" "CARGO_HOME=/opt/rustwide/cargo-home" "-e" "RUSTUP_HOME=/opt/rustwide/rustup-home" "-w" "/opt/rustwide/workdir" "-m" "1610612736" "--user" "0:0" "--network" "none" "ghcr.io/rust-lang/crates-build-env/linux@sha256:5ff2268d62e97bff2cde7d5815dd6ed5b47097566f13b8d0ca110b04b60e07ed" "/opt/rustwide/cargo-home/bin/cargo" "+1.69.0" "metadata" "--no-deps" "--format-version=1", kill_on_drop: false }`
[INFO] [stdout] 391c2e7e964f1518f201fe395714abdaa0dac11e3fb67b6b1f024cbde34b3508
[INFO] running `Command { std: "docker" "start" "-a" "391c2e7e964f1518f201fe395714abdaa0dac11e3fb67b6b1f024cbde34b3508", kill_on_drop: false }`
[INFO] running `Command { std: "docker" "inspect" "391c2e7e964f1518f201fe395714abdaa0dac11e3fb67b6b1f024cbde34b3508", kill_on_drop: false }`
[INFO] running `Command { std: "docker" "rm" "-f" "391c2e7e964f1518f201fe395714abdaa0dac11e3fb67b6b1f024cbde34b3508", kill_on_drop: false }`
[INFO] [stdout] 391c2e7e964f1518f201fe395714abdaa0dac11e3fb67b6b1f024cbde34b3508
[INFO] running `Command { std: "docker" "create" "-v" "/var/lib/crater-agent-workspace/builds/worker-0-tc1/target:/opt/rustwide/target:rw,Z" "-v" "/var/lib/crater-agent-workspace/builds/worker-0-tc1/source:/opt/rustwide/workdir:ro,Z" "-v" "/var/lib/crater-agent-workspace/cargo-home:/opt/rustwide/cargo-home:ro,Z" "-v" "/var/lib/crater-agent-workspace/rustup-home:/opt/rustwide/rustup-home:ro,Z" "-e" "SOURCE_DIR=/opt/rustwide/workdir" "-e" "CARGO_TARGET_DIR=/opt/rustwide/target" "-e" "CARGO_INCREMENTAL=0" "-e" "RUST_BACKTRACE=full" "-e" "RUSTFLAGS=--cap-lints=warn" "-e" "RUSTDOCFLAGS=--cap-lints=warn" "-e" "CARGO_HOME=/opt/rustwide/cargo-home" "-e" "RUSTUP_HOME=/opt/rustwide/rustup-home" "-w" "/opt/rustwide/workdir" "-m" "1610612736" "--user" "0:0" "--network" "none" "ghcr.io/rust-lang/crates-build-env/linux@sha256:5ff2268d62e97bff2cde7d5815dd6ed5b47097566f13b8d0ca110b04b60e07ed" "/opt/rustwide/cargo-home/bin/cargo" "+1.69.0" "doc" "--frozen" "--no-deps" "--document-private-items" "--message-format=json", kill_on_drop: false }`
[INFO] [stdout] a4b30f2f0c432af17e1eb26e4dad334d1ac1b8f6b4011f912967b20b0266c586
[INFO] running `Command { std: "docker" "start" "-a" "a4b30f2f0c432af17e1eb26e4dad334d1ac1b8f6b4011f912967b20b0266c586", kill_on_drop: false }`
[INFO] [stderr]    Compiling proc-macro2 v1.0.40
[INFO] [stderr]    Compiling quote v1.0.20
[INFO] [stderr]    Compiling unicode-ident v1.0.2
[INFO] [stderr]    Compiling syn v1.0.98
[INFO] [stderr]    Compiling libc v0.2.126
[INFO] [stderr]    Compiling autocfg v1.1.0
[INFO] [stderr]    Compiling log v0.4.17
[INFO] [stderr]    Compiling memchr v2.5.0
[INFO] [stderr]     Checking cfg-if v1.0.0
[INFO] [stderr]     Checking bitflags v1.3.2
[INFO] [stderr]    Compiling version_check v0.9.4
[INFO] [stderr]    Compiling ident_case v1.0.1
[INFO] [stderr]    Compiling serde v1.0.140
[INFO] [stderr]    Compiling pkg-config v0.3.25
[INFO] [stderr]    Compiling strsim v0.10.0
[INFO] [stderr]    Compiling serde_derive v1.0.140
[INFO] [stderr]    Compiling memoffset v0.6.5
[INFO] [stderr]    Compiling fnv v1.0.7
[INFO] [stderr]    Compiling lazy_static v1.4.0
[INFO] [stderr]    Compiling ucd-util v0.1.9
[INFO] [stderr]    Compiling regex v0.2.11
[INFO] [stderr]    Compiling nvpair-sys v0.4.0
[INFO] [stderr]    Compiling serde_json v1.0.82
[INFO] [stderr]    Compiling regex-syntax v0.5.6
[INFO] [stderr]    Compiling thread_local v0.3.6
[INFO] [stderr]    Compiling aho-corasick v0.6.10
[INFO] [stderr]    Compiling proc-macro-error-attr v1.0.4
[INFO] [stderr]    Compiling num-traits v0.2.15
[INFO] [stderr]    Compiling utf8-ranges v1.0.5
[INFO] [stderr]    Compiling ucd-trie v0.1.4
[INFO] [stderr]    Compiling itoa v1.0.2
[INFO] [stderr]    Compiling slog v2.7.0
[INFO] [stderr]    Compiling ryu v1.0.10
[INFO] [stderr]    Compiling pest v2.1.3
[INFO] [stderr]    Compiling log v0.3.9
[INFO] [stderr]    Compiling proc-macro-error v1.0.4
[INFO] [stderr]    Compiling num-integer v0.1.45
[INFO] [stderr]    Compiling lazy_static v0.2.11
[INFO] [stderr]    Compiling quick-error v1.2.3
[INFO] [stderr]    Compiling maplit v1.0.2
[INFO] [stderr]    Compiling pest v0.3.3
[INFO] [stderr]    Compiling rustversion v1.0.8
[INFO] [stderr]     Checking same-file v1.0.6
[INFO] [stderr]     Checking walkdir v2.3.2
[INFO] [stderr]    Compiling pest_meta v2.1.3
[INFO] [stderr]    Compiling darling_core v0.14.1
[INFO] [stderr]    Compiling zfs-core-sys v0.5.0
[INFO] [stderr]     Checking arc-swap v1.5.0
[INFO] [stderr]    Compiling unicode-segmentation v1.9.0
[INFO] [stderr]    Compiling cc v1.0.73
[INFO] [stderr]     Checking byteorder v1.4.3
[INFO] [stderr]    Compiling heck v0.3.3
[INFO] [stderr]     Checking slog-scope v4.4.0
[INFO] [stderr]    Compiling pest_generator v2.1.3
[INFO] [stderr]     Checking aho-corasick v0.7.18
[INFO] [stderr]     Checking users v0.11.0
[INFO] [stderr]     Checking time v0.1.44
[INFO] [stderr]     Checking nix v0.22.3
[INFO] [stderr]    Compiling handlebars v0.29.1
[INFO] [stderr]    Compiling x11 v2.19.1
[INFO] [stderr]    Compiling heck v0.4.0
[INFO] [stderr]     Checking regex-syntax v0.6.27
[INFO] [stderr]     Checking number_prefix v0.4.0
[INFO] [stderr]     Checking quick-error v2.0.1
[INFO] [stderr]     Checking libnv v0.3.0
[INFO] [stderr]     Checking chrono v0.4.19
[INFO] [stderr]     Checking slog-stdlog v4.1.1
[INFO] [stderr]    Compiling darling_macro v0.14.1
[INFO] [stderr]    Compiling thiserror-impl v1.0.31
[INFO] [stderr]    Compiling pest_derive v2.1.0
[INFO] [stderr]     Checking regex v1.6.0
[INFO] [stderr]    Compiling strum_macros v0.21.1
[INFO] [stderr]    Compiling darling v0.14.1
[INFO] [stderr]    Compiling derive_builder_core v0.11.2
[INFO] [stderr]    Compiling getset v0.1.2
[INFO] [stderr]    Compiling strum_macros v0.24.2
[INFO] [stderr]     Checking cstr-argument v0.1.2
[INFO] [stderr]     Checking kqueue-sys v1.0.3
[INFO] [stdout] error[E0412]: cannot find type `EventFilter` in this scope
[INFO] [stdout]   --> /opt/rustwide/cargo-home/registry/src/github.com-1ecc6299db9ec823/kqueue-sys-1.0.3/src/lib.rs:23:17
[INFO] [stdout]    |
[INFO] [stdout] 23 |     pub filter: EventFilter,
[INFO] [stdout]    |                 ^^^^^^^^^^^ not found in this scope
[INFO] [stdout] 
[INFO] [stdout] 
[INFO] [stdout] error[E0412]: cannot find type `EventFlag` in this scope
[INFO] [stdout]   --> /opt/rustwide/cargo-home/registry/src/github.com-1ecc6299db9ec823/kqueue-sys-1.0.3/src/lib.rs:24:16
[INFO] [stdout]    |
[INFO] [stdout] 24 |     pub flags: EventFlag,
[INFO] [stdout]    |                ^^^^^^^^^ not found in this scope
[INFO] [stdout] 
[INFO] [stdout] 
[INFO] [stdout] error[E0412]: cannot find type `FilterFlag` in this scope
[INFO] [stdout]   --> /opt/rustwide/cargo-home/registry/src/github.com-1ecc6299db9ec823/kqueue-sys-1.0.3/src/lib.rs:25:17
[INFO] [stdout]    |
[INFO] [stdout] 25 |     pub fflags: FilterFlag,
[INFO] [stdout]    |                 ^^^^^^^^^^ not found in this scope
[INFO] [stdout] 
[INFO] [stdout] 
[INFO] [stdout] error[E0412]: cannot find type `EventFilter` in this scope
[INFO] [stdout]   --> /opt/rustwide/cargo-home/registry/src/github.com-1ecc6299db9ec823/kqueue-sys-1.0.3/src/lib.rs:23:17
[INFO] [stdout]    |
[INFO] [stdout] 23 |     pub filter: EventFilter,
[INFO] [stdout]    |                 ^^^^^^^^^^^ not found in this scope
[INFO] [stdout]    |
[INFO] [stdout] help: you might be missing a type parameter
[INFO] [stdout]    |
[INFO] [stdout] 21 | pub struct kevent<EventFilter> {
[INFO] [stdout]    |                  +++++++++++++
[INFO] [stdout] 
[INFO] [stdout] 
[INFO] [stdout] error[E0412]: cannot find type `EventFlag` in this scope
[INFO] [stdout]   --> /opt/rustwide/cargo-home/registry/src/github.com-1ecc6299db9ec823/kqueue-sys-1.0.3/src/lib.rs:24:16
[INFO] [stdout]    |
[INFO] [stdout] 24 |     pub flags: EventFlag,
[INFO] [stdout]    |                ^^^^^^^^^ not found in this scope
[INFO] [stdout]    |
[INFO] [stdout] help: you might be missing a type parameter
[INFO] [stdout]    |
[INFO] [stdout] 21 | pub struct kevent<EventFlag> {
[INFO] [stdout]    |                  +++++++++++
[INFO] [stdout] 
[INFO] [stdout] 
[INFO] [stdout] error[E0412]: cannot find type `FilterFlag` in this scope
[INFO] [stdout]   --> /opt/rustwide/cargo-home/registry/src/github.com-1ecc6299db9ec823/kqueue-sys-1.0.3/src/lib.rs:25:17
[INFO] [stdout]    |
[INFO] [stdout] 25 |     pub fflags: FilterFlag,
[INFO] [stdout]    |                 ^^^^^^^^^^ not found in this scope
[INFO] [stdout]    |
[INFO] [stdout] help: you might be missing a type parameter
[INFO] [stdout]    |
[INFO] [stdout] 21 | pub struct kevent<FilterFlag> {
[INFO] [stdout]    |                  ++++++++++++
[INFO] [stdout] 
[INFO] [stdout] 
[INFO] [stdout] error[E0412]: cannot find type `EventFilter` in this scope
[INFO] [stdout]   --> /opt/rustwide/cargo-home/registry/src/github.com-1ecc6299db9ec823/kqueue-sys-1.0.3/src/lib.rs:59:17
[INFO] [stdout]    |
[INFO] [stdout] 59 |         filter: EventFilter,
[INFO] [stdout]    |                 ^^^^^^^^^^^ not found in this scope
[INFO] [stdout] 
[INFO] [stdout] 
[INFO] [stdout] error[E0412]: cannot find type `EventFlag` in this scope
[INFO] [stdout]   --> /opt/rustwide/cargo-home/registry/src/github.com-1ecc6299db9ec823/kqueue-sys-1.0.3/src/lib.rs:60:16
[INFO] [stdout]    |
[INFO] [stdout] 60 |         flags: EventFlag,
[INFO] [stdout]    |                ^^^^^^^^^ not found in this scope
[INFO] [stdout] 
[INFO] [stdout] 
[INFO] [stdout] error[E0412]: cannot find type `FilterFlag` in this scope
[INFO] [stdout]   --> /opt/rustwide/cargo-home/registry/src/github.com-1ecc6299db9ec823/kqueue-sys-1.0.3/src/lib.rs:61:17
[INFO] [stdout]    |
[INFO] [stdout] 61 |         fflags: FilterFlag,
[INFO] [stdout]    |                 ^^^^^^^^^^ not found in this scope
[INFO] [stdout] 
[INFO] [stdout] 
[INFO] [stdout] error: aborting due to 9 previous errors
[INFO] [stdout] 
[INFO] [stdout] 
[INFO] [stdout] For more information about this error, try `rustc --explain E0412`.
[INFO] [stdout] 
[INFO] [stderr] error: could not compile `kqueue-sys` due to 10 previous errors
[INFO] [stderr] warning: build failed, waiting for other jobs to finish...
[INFO] running `Command { std: "docker" "inspect" "a4b30f2f0c432af17e1eb26e4dad334d1ac1b8f6b4011f912967b20b0266c586", kill_on_drop: false }`
[INFO] running `Command { std: "docker" "rm" "-f" "a4b30f2f0c432af17e1eb26e4dad334d1ac1b8f6b4011f912967b20b0266c586", kill_on_drop: false }`
[INFO] [stdout] a4b30f2f0c432af17e1eb26e4dad334d1ac1b8f6b4011f912967b20b0266c586
