[INFO] fetching crate submillisecond-live-view 0.4.0...
[INFO] documenting submillisecond-live-view-0.4.0 against 1.69.0 for beta-1.70-rustdoc-1
[INFO] extracting crate submillisecond-live-view 0.4.0 into /workspace/builds/worker-6-tc1/source
[INFO] validating manifest of crates.io crate submillisecond-live-view 0.4.0 on toolchain 1.69.0
[INFO] running `Command { std: CARGO_HOME="/workspace/cargo-home" RUSTUP_HOME="/workspace/rustup-home" "/workspace/cargo-home/bin/cargo" "+1.69.0" "metadata" "--manifest-path" "Cargo.toml" "--no-deps", kill_on_drop: false }`
[INFO] removed /workspace/builds/worker-6-tc1/source/.cargo/config.toml
[INFO] started tweaking crates.io crate submillisecond-live-view 0.4.0
[INFO] finished tweaking crates.io crate submillisecond-live-view 0.4.0
[INFO] tweaked toml for crates.io crate submillisecond-live-view 0.4.0 written to /workspace/builds/worker-6-tc1/source/Cargo.toml
[INFO] crate crates.io crate submillisecond-live-view 0.4.0 already has a lockfile, it will not be regenerated
[INFO] running `Command { std: CARGO_HOME="/workspace/cargo-home" RUSTUP_HOME="/workspace/rustup-home" "/workspace/cargo-home/bin/cargo" "+1.69.0" "fetch" "--manifest-path" "Cargo.toml", kill_on_drop: false }`
[INFO] [stderr]  Downloading crates ...
[INFO] [stderr]   Downloaded lunatic-log v0.3.0
[INFO] [stderr]   Downloaded lunatic-test v0.12.0
[INFO] [stderr]   Downloaded better-bae-macros v0.1.9
[INFO] [stderr]   Downloaded lunatic v0.12.0
[INFO] [stderr]   Downloaded lunatic-macros v0.12.0
[INFO] [stderr]   Downloaded better-bae v0.1.9
[INFO] [stderr]   Downloaded maud-live-view-macros v0.24.3
[INFO] [stderr]   Downloaded rust-format v0.3.4
[INFO] [stderr]   Downloaded cookie v0.16.1
[INFO] [stderr]   Downloaded submillisecond v0.3.0
[INFO] [stderr]   Downloaded submillisecond_macros v0.3.0
[INFO] [stderr]   Downloaded serde_qs v0.10.1
[INFO] [stderr]   Downloaded chrono-tz v0.8.0
[INFO] [stderr]   Downloaded maud-live-view v0.24.3
[INFO] running `Command { std: "docker" "create" "-v" "/var/lib/crater-agent-workspace/builds/worker-6-tc1/target:/opt/rustwide/target:rw,Z" "-v" "/var/lib/crater-agent-workspace/builds/worker-6-tc1/source:/opt/rustwide/workdir:ro,Z" "-v" "/var/lib/crater-agent-workspace/cargo-home:/opt/rustwide/cargo-home:ro,Z" "-v" "/var/lib/crater-agent-workspace/rustup-home:/opt/rustwide/rustup-home:ro,Z" "-e" "SOURCE_DIR=/opt/rustwide/workdir" "-e" "CARGO_TARGET_DIR=/opt/rustwide/target" "-e" "CARGO_HOME=/opt/rustwide/cargo-home" "-e" "RUSTUP_HOME=/opt/rustwide/rustup-home" "-w" "/opt/rustwide/workdir" "-m" "1610612736" "--user" "0:0" "--network" "none" "ghcr.io/rust-lang/crates-build-env/linux@sha256:5ff2268d62e97bff2cde7d5815dd6ed5b47097566f13b8d0ca110b04b60e07ed" "/opt/rustwide/cargo-home/bin/cargo" "+1.69.0" "metadata" "--no-deps" "--format-version=1", kill_on_drop: false }`
[INFO] [stdout] 72db063c45188e835b4de22c3e93093d32fdb8f62f46176f66d288a1d499684c
[INFO] running `Command { std: "docker" "start" "-a" "72db063c45188e835b4de22c3e93093d32fdb8f62f46176f66d288a1d499684c", kill_on_drop: false }`
[INFO] running `Command { std: "docker" "inspect" "72db063c45188e835b4de22c3e93093d32fdb8f62f46176f66d288a1d499684c", kill_on_drop: false }`
[INFO] running `Command { std: "docker" "rm" "-f" "72db063c45188e835b4de22c3e93093d32fdb8f62f46176f66d288a1d499684c", kill_on_drop: false }`
[INFO] [stdout] 72db063c45188e835b4de22c3e93093d32fdb8f62f46176f66d288a1d499684c
[INFO] running `Command { std: "docker" "create" "-v" "/var/lib/crater-agent-workspace/builds/worker-6-tc1/target:/opt/rustwide/target:rw,Z" "-v" "/var/lib/crater-agent-workspace/builds/worker-6-tc1/source:/opt/rustwide/workdir:ro,Z" "-v" "/var/lib/crater-agent-workspace/cargo-home:/opt/rustwide/cargo-home:ro,Z" "-v" "/var/lib/crater-agent-workspace/rustup-home:/opt/rustwide/rustup-home:ro,Z" "-e" "SOURCE_DIR=/opt/rustwide/workdir" "-e" "CARGO_TARGET_DIR=/opt/rustwide/target" "-e" "CARGO_INCREMENTAL=0" "-e" "RUST_BACKTRACE=full" "-e" "RUSTFLAGS=--cap-lints=warn" "-e" "RUSTDOCFLAGS=--cap-lints=warn" "-e" "CARGO_HOME=/opt/rustwide/cargo-home" "-e" "RUSTUP_HOME=/opt/rustwide/rustup-home" "-w" "/opt/rustwide/workdir" "-m" "1610612736" "--user" "0:0" "--network" "none" "ghcr.io/rust-lang/crates-build-env/linux@sha256:5ff2268d62e97bff2cde7d5815dd6ed5b47097566f13b8d0ca110b04b60e07ed" "/opt/rustwide/cargo-home/bin/cargo" "+1.69.0" "doc" "--frozen" "--no-deps" "--document-private-items" "--message-format=json", kill_on_drop: false }`
[INFO] [stdout] 5be0da8e6d6d4916eed8c474468dc6f1ac0a5ee8a4cb1702aa684f694ea93f04
[INFO] running `Command { std: "docker" "start" "-a" "5be0da8e6d6d4916eed8c474468dc6f1ac0a5ee8a4cb1702aa684f694ea93f04", kill_on_drop: false }`
[INFO] [stderr]    Compiling proc-macro2 v1.0.47
[INFO] [stderr]    Compiling unicode-ident v1.0.5
[INFO] [stderr]    Compiling quote v1.0.21
[INFO] [stderr]    Compiling syn v1.0.103
[INFO] [stderr]    Compiling libc v0.2.137
[INFO] [stderr]    Compiling typenum v1.15.0
[INFO] [stderr]    Compiling generic-array v0.14.6
[INFO] [stderr]    Compiling getrandom v0.1.16
[INFO] [stderr]    Compiling siphasher v0.3.10
[INFO] [stderr]    Compiling serde_derive v1.0.147
[INFO] [stderr]    Compiling serde v1.0.147
[INFO] [stderr]    Compiling phf_shared v0.8.0
[INFO] [stderr]     Checking subtle v2.4.1
[INFO] [stderr]     Checking itoa v1.0.4
[INFO] [stderr]    Compiling proc-macro-hack v0.5.19
[INFO] [stderr]     Checking cpufeatures v0.2.5
[INFO] [stderr]    Compiling proc-macro-error-attr v1.0.4
[INFO] [stderr]    Compiling proc-macro-error v1.0.4
[INFO] [stderr]     Checking getrandom v0.2.8
[INFO] [stderr]     Checking rand_core v0.6.4
[INFO] [stderr]    Compiling rand_core v0.5.1
[INFO] [stderr]    Compiling phf_shared v0.10.0
[INFO] [stderr]    Compiling thiserror v1.0.37
[INFO] [stderr]    Compiling rand_chacha v0.2.2
[INFO] [stderr]    Compiling rand_pcg v0.2.1
[INFO] [stderr]    Compiling rand_chacha v0.3.1
[INFO] [stderr]    Compiling rand v0.7.3
[INFO] [stderr]    Compiling parking_lot_core v0.9.5
[INFO] [stderr]    Compiling rand v0.8.5
[INFO] [stderr]    Compiling unicase v2.6.0
[INFO] [stderr]     Checking crypto-common v0.1.6
[INFO] [stderr]     Checking block-buffer v0.10.3
[INFO] [stderr]     Checking inout v0.1.3
[INFO] [stderr]    Compiling serde_json v1.0.87
[INFO] [stderr]     Checking utf-8 v0.7.6
[INFO] [stderr]     Checking digest v0.10.5
[INFO] [stderr]     Checking tinyvec_macros v0.1.0
[INFO] [stderr]     Checking cipher v0.4.3
[INFO] [stderr]     Checking tinyvec v1.6.0
[INFO] [stderr]     Checking universal-hash v0.5.0
[INFO] [stderr]    Compiling phf_generator v0.8.0
[INFO] [stderr]     Checking mac v0.1.1
[INFO] [stderr]     Checking ryu v1.0.11
[INFO] [stderr]     Checking bytes v1.2.1
[INFO] [stderr]    Compiling phf_codegen v0.8.0
[INFO] [stderr]     Checking base64 v0.13.1
[INFO] [stderr]    Compiling phf_generator v0.10.0
[INFO] [stderr]     Checking precomputed-hash v0.1.1
[INFO] [stderr]     Checking polyval v0.6.0
[INFO] [stderr]     Checking parking_lot v0.12.1
[INFO] [stderr]    Compiling string_cache_codegen v0.5.2
[INFO] [stderr]     Checking futf v0.1.5
[INFO] [stderr]    Compiling mime_guess v2.0.4
[INFO] [stderr]     Checking http v0.2.8
[INFO] [stderr]     Checking dtoa v0.4.8
[INFO] [stderr]     Checking unicode-normalization v0.1.22
[INFO] [stderr]    Compiling heck v0.4.0
[INFO] [stderr]     Checking unicode-bidi v0.3.8
[INFO] [stderr]    Compiling convert_case v0.5.0
[INFO] [stderr]    Compiling tiny-keccak v2.0.2
[INFO] [stderr]     Checking once_cell v1.16.0
[INFO] [stderr]    Compiling markup5ever v0.10.1
[INFO] [stderr]     Checking idna v0.3.0
[INFO] [stderr]     Checking dtoa-short v0.3.3
[INFO] [stderr]    Compiling time-macros v0.2.6
[INFO] [stderr]     Checking tendril v0.4.3
[INFO] [stderr]    Compiling aho-corasick v0.7.19
[INFO] [stderr]     Checking ghash v0.5.0
[INFO] [stderr]    Compiling selectors v0.22.0
[INFO] [stderr]     Checking aes v0.8.2
[INFO] [stderr]     Checking ctr v0.9.2
[INFO] [stderr]     Checking sha1 v0.10.5
[INFO] [stderr]     Checking sha2 v0.10.6
[INFO] [stderr]     Checking hmac v0.12.1
[INFO] [stderr]     Checking aead v0.5.1
[INFO] [stderr]     Checking time v0.1.44
[INFO] [stderr]    Compiling cookie v0.16.1
[INFO] [stderr]     Checking matches v0.1.9
[INFO] [stderr]    Compiling regex-syntax v0.6.28
[INFO] [stderr]    Compiling mime v0.3.16
[INFO] [stderr]     Checking itoa v0.4.8
[INFO] [stderr]     Checking iana-time-zone v0.1.53
[INFO] [stderr]    Compiling paste v1.0.9
[INFO] [stderr]    Compiling convert_case v0.4.0
[INFO] [stderr]     Checking nodrop v0.1.14
[INFO] [stderr]     Checking stable_deref_trait v1.2.0
[INFO] [stderr]     Checking time v0.3.17
[INFO] [stderr]     Checking chrono v0.4.23
[INFO] [stderr]     Checking servo_arc v0.1.1
[INFO] [stderr]     Checking aes-gcm v0.10.1
[INFO] [stderr]     Checking url v2.3.1
[INFO] [stderr]     Checking headers-core v0.2.0
[INFO] [stderr]     Checking fxhash v0.2.1
[INFO] [stderr]    Compiling rust-format v0.3.4
[INFO] [stderr]    Compiling slotmap v1.0.6
[INFO] [stderr]     Checking thin-slice v0.1.1
[INFO] [stderr]     Checking httpdate v1.0.2
[INFO] [stderr]     Checking either v1.8.0
[INFO] [stderr]     Checking diff v0.1.13
[INFO] [stderr]    Compiling const-random-macro v0.1.15
[INFO] [stderr]     Checking headers v0.3.8
[INFO] [stderr]     Checking base64ct v1.5.3
[INFO] [stderr]     Checking yansi v0.5.1
[INFO] [stderr]     Checking pretty_assertions v1.3.0
[INFO] [stderr]     Checking itertools v0.10.5
[INFO] [stderr]     Checking const-random v0.1.15
[INFO] [stderr]    Compiling regex v1.7.0
[INFO] [stderr]    Compiling phf_macros v0.8.0
[INFO] [stderr]    Compiling thiserror-impl v1.0.37
[INFO] [stderr]    Compiling cssparser v0.27.2
[INFO] [stderr]    Compiling better-bae-macros v0.1.9
[INFO] [stderr]    Compiling lunatic-test v0.12.0
[INFO] [stderr]    Compiling lunatic-macros v0.12.0
[INFO] [stderr]    Compiling html5ever v0.25.2
[INFO] [stderr]    Compiling cssparser-macros v0.6.0
[INFO] [stderr]     Checking phf v0.8.0
[INFO] [stderr]    Compiling better-bae v0.1.9
[INFO] [stderr]    Compiling derive_more v0.99.17
[INFO] [stderr]    Compiling enumflags2_derive v0.7.4
[INFO] [stderr]    Compiling maud-live-view-macros v0.24.3
[INFO] [stderr]     Checking tungstenite v0.18.0
[INFO] [stderr]     Checking enumflags2 v0.7.5
[INFO] [stderr]    Compiling submillisecond_macros v0.3.0
[INFO] [stderr]     Checking maud-live-view v0.24.3
[INFO] [stderr]     Checking bincode v1.3.3
[INFO] [stderr]     Checking string_cache v0.8.4
[INFO] [stderr]     Checking serde_bytes v0.11.7
[INFO] [stderr]     Checking serde_qs v0.10.1
[INFO] [stderr]     Checking lunatic v0.12.0
[INFO] [stderr]     Checking jwt v0.16.0
[INFO] [stdout] error[E0512]: cannot transmute between types of different sizes, or dependently-sized types
[INFO] [stdout]    --> /opt/rustwide/cargo-home/registry/src/github.com-1ecc6299db9ec823/lunatic-0.12.0/src/mailbox.rs:312:51
[INFO] [stdout]     |
[INFO] [stdout] 312 |     let function: fn(C, Mailbox<M, S>) = unsafe { std::mem::transmute(function) };
[INFO] [stdout]     |                                                   ^^^^^^^^^^^^^^^^^^^
[INFO] [stdout]     |
[INFO] [stdout]     = note: source type: `i32` (32 bits)
[INFO] [stdout]     = note: target type: `fn(C, Mailbox<M, S>)` (64 bits)
[INFO] [stdout] 
[INFO] [stdout] 
[INFO] [stdout] error[E0512]: cannot transmute between types of different sizes, or dependently-sized types
[INFO] [stdout]   --> /opt/rustwide/cargo-home/registry/src/github.com-1ecc6299db9ec823/lunatic-0.12.0/src/host/mod.rs:73:38
[INFO] [stdout]    |
[INFO] [stdout] 73 |     let function: fn(i32) = unsafe { std::mem::transmute(function) };
[INFO] [stdout]    |                                      ^^^^^^^^^^^^^^^^^^^
[INFO] [stdout]    |
[INFO] [stdout]    = note: source type: `i32` (32 bits)
[INFO] [stdout]    = note: target type: `fn(i32)` (64 bits)
[INFO] [stdout] 
[INFO] [stdout] 
[INFO] [stdout] error[E0512]: cannot transmute between types of different sizes, or dependently-sized types
[INFO] [stdout]    --> /opt/rustwide/cargo-home/registry/src/github.com-1ecc6299db9ec823/lunatic-0.12.0/src/process.rs:321:18
[INFO] [stdout]     |
[INFO] [stdout] 321 |         unsafe { std::mem::transmute(entry) };
[INFO] [stdout]     |                  ^^^^^^^^^^^^^^^^^^^
[INFO] [stdout]     |
[INFO] [stdout]     = note: source type: `i32` (32 bits)
[INFO] [stdout]     = note: target type: `fn(ProcessRef<T>, <T as AbstractProcess>::Arg) -> <T as AbstractProcess>::State` (64 bits)
[INFO] [stdout] 
[INFO] [stdout] 
[INFO] [stdout] error[E0512]: cannot transmute between types of different sizes, or dependently-sized types
[INFO] [stdout]    --> /opt/rustwide/cargo-home/registry/src/github.com-1ecc6299db9ec823/lunatic-0.12.0/src/process.rs:352:70
[INFO] [stdout]     |
[INFO] [stdout] 352 |                     let handler: fn(state: &mut T::State) = unsafe { std::mem::transmute(handler) };
[INFO] [stdout]     |                                                                      ^^^^^^^^^^^^^^^^^^^
[INFO] [stdout]     |
[INFO] [stdout]     = note: source type: `i32` (32 bits)
[INFO] [stdout]     = note: target type: `for<'a> fn(&'a mut <T as AbstractProcess>::State)` (64 bits)
[INFO] [stdout] 
[INFO] [stdout] 
[INFO] [stdout] error[E0512]: cannot transmute between types of different sizes, or dependently-sized types
[INFO] [stdout]    --> /opt/rustwide/cargo-home/registry/src/github.com-1ecc6299db9ec823/lunatic-0.12.0/src/process.rs:357:34
[INFO] [stdout]     |
[INFO] [stdout] 357 |                         unsafe { std::mem::transmute(handler) };
[INFO] [stdout]     |                                  ^^^^^^^^^^^^^^^^^^^
[INFO] [stdout]     |
[INFO] [stdout]     = note: source type: `i32` (32 bits)
[INFO] [stdout]     = note: target type: `for<'a> fn(&'a mut <T as AbstractProcess>::State, Process<()>)` (64 bits)
[INFO] [stdout] 
[INFO] [stdout] 
[INFO] [stdout] error[E0512]: cannot transmute between types of different sizes, or dependently-sized types
[INFO] [stdout]    --> /opt/rustwide/cargo-home/registry/src/github.com-1ecc6299db9ec823/lunatic-0.12.0/src/protocol.rs:342:55
[INFO] [stdout]     |
[INFO] [stdout] 342 |     let function: fn(C, Protocol<P, S, Z>) = unsafe { std::mem::transmute(function) };
[INFO] [stdout]     |                                                       ^^^^^^^^^^^^^^^^^^^
[INFO] [stdout]     |
[INFO] [stdout]     = note: source type: `i32` (32 bits)
[INFO] [stdout]     = note: target type: `fn(C, Protocol<P, S, Z>)` (64 bits)
[INFO] [stdout] 
[INFO] [stdout] 
[INFO] [stdout] error: aborting due to 6 previous errors
[INFO] [stdout] 
[INFO] [stdout] 
[INFO] [stdout] For more information about this error, try `rustc --explain E0512`.
[INFO] [stdout] 
[INFO] [stderr] error: could not compile `lunatic` due to 7 previous errors
[INFO] [stderr] warning: build failed, waiting for other jobs to finish...
[INFO] running `Command { std: "docker" "inspect" "5be0da8e6d6d4916eed8c474468dc6f1ac0a5ee8a4cb1702aa684f694ea93f04", kill_on_drop: false }`
[INFO] running `Command { std: "docker" "rm" "-f" "5be0da8e6d6d4916eed8c474468dc6f1ac0a5ee8a4cb1702aa684f694ea93f04", kill_on_drop: false }`
[INFO] [stdout] 5be0da8e6d6d4916eed8c474468dc6f1ac0a5ee8a4cb1702aa684f694ea93f04
