[INFO] fetching crate srt_media 0.1.0...
[INFO] documenting srt_media-0.1.0 against beta-2023-04-20 for beta-1.70-rustdoc-1
[INFO] extracting crate srt_media 0.1.0 into /workspace/builds/worker-0-tc2/source
[INFO] validating manifest of crates.io crate srt_media 0.1.0 on toolchain beta-2023-04-20
[INFO] running `Command { std: CARGO_HOME="/workspace/cargo-home" RUSTUP_HOME="/workspace/rustup-home" "/workspace/cargo-home/bin/cargo" "+beta-2023-04-20" "metadata" "--manifest-path" "Cargo.toml" "--no-deps", kill_on_drop: false }`
[INFO] started tweaking crates.io crate srt_media 0.1.0
[INFO] finished tweaking crates.io crate srt_media 0.1.0
[INFO] tweaked toml for crates.io crate srt_media 0.1.0 written to /workspace/builds/worker-0-tc2/source/Cargo.toml
[INFO] crate crates.io crate srt_media 0.1.0 already has a lockfile, it will not be regenerated
[INFO] running `Command { std: CARGO_HOME="/workspace/cargo-home" RUSTUP_HOME="/workspace/rustup-home" "/workspace/cargo-home/bin/cargo" "+beta-2023-04-20" "fetch" "--manifest-path" "Cargo.toml", kill_on_drop: false }`
[INFO] [stderr]     Updating crates.io index
[INFO] [stderr]  Downloading crates ...
[INFO] [stderr]   Downloaded srt-tokio v0.2.0
[INFO] [stderr]   Downloaded rustls v0.19.0
[INFO] [stderr]   Downloaded coreaudio-sys v0.2.8
[INFO] [stderr]   Downloaded schemars_derive v0.8.0
[INFO] [stderr]   Downloaded ringbuf v0.2.3
[INFO] [stderr]   Downloaded jni v0.17.0
[INFO] [stderr]   Downloaded srt-protocol v0.2.0
[INFO] [stderr]   Downloaded standback v0.2.15
[INFO] [stderr]   Downloaded cpal v0.13.1
[INFO] [stderr]   Downloaded combine v4.5.2
[INFO] [stderr]   Downloaded ureq v1.5.4
[INFO] [stderr]   Downloaded bindgen v0.55.1
[INFO] [stderr]   Downloaded time v0.2.25
[INFO] [stderr]   Downloaded tokio-util v0.6.3
[INFO] [stderr]   Downloaded stainless_ffmpeg v0.2.5
[INFO] [stderr]   Downloaded schemars v0.8.0
[INFO] [stderr]   Downloaded clang-sys v1.1.1
[INFO] [stderr]   Downloaded tokio-stream v0.1.3
[INFO] [stderr]   Downloaded aes-ctr v0.6.0
[INFO] [stderr]   Downloaded pbkdf2 v0.6.0
[INFO] [stderr]   Downloaded once_cell v1.6.0
[INFO] [stderr]   Downloaded ffmpeg-sys v4.2.1
[INFO] [stderr]   Downloaded coreaudio-rs v0.9.1
[INFO] [stderr]   Downloaded libflate_lz77 v1.0.0
[INFO] [stderr]   Downloaded libflate v1.0.3
[INFO] [stderr]   Downloaded fetch_unroll v0.2.2
[INFO] [stderr]   Downloaded oboe-sys v0.3.0
[INFO] [stderr]   Downloaded streaming-stats v0.2.3
[INFO] [stderr]   Downloaded oboe v0.3.1
[INFO] [stderr]   Downloaded jni v0.14.0
[INFO] running `Command { std: "docker" "create" "-v" "/var/lib/crater-agent-workspace/builds/worker-0-tc2/target:/opt/rustwide/target:rw,Z" "-v" "/var/lib/crater-agent-workspace/builds/worker-0-tc2/source:/opt/rustwide/workdir:ro,Z" "-v" "/var/lib/crater-agent-workspace/cargo-home:/opt/rustwide/cargo-home:ro,Z" "-v" "/var/lib/crater-agent-workspace/rustup-home:/opt/rustwide/rustup-home:ro,Z" "-e" "SOURCE_DIR=/opt/rustwide/workdir" "-e" "CARGO_TARGET_DIR=/opt/rustwide/target" "-e" "CARGO_HOME=/opt/rustwide/cargo-home" "-e" "RUSTUP_HOME=/opt/rustwide/rustup-home" "-w" "/opt/rustwide/workdir" "-m" "1610612736" "--user" "0:0" "--network" "none" "ghcr.io/rust-lang/crates-build-env/linux@sha256:5ff2268d62e97bff2cde7d5815dd6ed5b47097566f13b8d0ca110b04b60e07ed" "/opt/rustwide/cargo-home/bin/cargo" "+beta-2023-04-20" "metadata" "--no-deps" "--format-version=1", kill_on_drop: false }`
[INFO] [stdout] 6c144d27f7793577d96452293faccf9d948b958f54dfb27d8792bf1e7749cf89
[INFO] running `Command { std: "docker" "start" "-a" "6c144d27f7793577d96452293faccf9d948b958f54dfb27d8792bf1e7749cf89", kill_on_drop: false }`
[INFO] running `Command { std: "docker" "inspect" "6c144d27f7793577d96452293faccf9d948b958f54dfb27d8792bf1e7749cf89", kill_on_drop: false }`
[INFO] running `Command { std: "docker" "rm" "-f" "6c144d27f7793577d96452293faccf9d948b958f54dfb27d8792bf1e7749cf89", kill_on_drop: false }`
[INFO] [stdout] 6c144d27f7793577d96452293faccf9d948b958f54dfb27d8792bf1e7749cf89
[INFO] running `Command { std: "docker" "create" "-v" "/var/lib/crater-agent-workspace/builds/worker-0-tc2/target:/opt/rustwide/target:rw,Z" "-v" "/var/lib/crater-agent-workspace/builds/worker-0-tc2/source:/opt/rustwide/workdir:ro,Z" "-v" "/var/lib/crater-agent-workspace/cargo-home:/opt/rustwide/cargo-home:ro,Z" "-v" "/var/lib/crater-agent-workspace/rustup-home:/opt/rustwide/rustup-home:ro,Z" "-e" "SOURCE_DIR=/opt/rustwide/workdir" "-e" "CARGO_TARGET_DIR=/opt/rustwide/target" "-e" "CARGO_INCREMENTAL=0" "-e" "RUST_BACKTRACE=full" "-e" "RUSTFLAGS=--cap-lints=warn" "-e" "RUSTDOCFLAGS=--cap-lints=warn" "-e" "CARGO_HOME=/opt/rustwide/cargo-home" "-e" "RUSTUP_HOME=/opt/rustwide/rustup-home" "-w" "/opt/rustwide/workdir" "-m" "1610612736" "--user" "0:0" "--network" "none" "ghcr.io/rust-lang/crates-build-env/linux@sha256:5ff2268d62e97bff2cde7d5815dd6ed5b47097566f13b8d0ca110b04b60e07ed" "/opt/rustwide/cargo-home/bin/cargo" "+beta-2023-04-20" "doc" "--frozen" "--no-deps" "--document-private-items" "--message-format=json", kill_on_drop: false }`
[INFO] [stdout] 7fff8f7baae93523bafd42c49ff3df00263a3a492f3b3e259e8767f05533ed2b
[INFO] running `Command { std: "docker" "start" "-a" "7fff8f7baae93523bafd42c49ff3df00263a3a492f3b3e259e8767f05533ed2b", kill_on_drop: false }`
[INFO] [stderr]    Compiling libc v0.2.86
[INFO] [stderr]    Compiling proc-macro2 v1.0.24
[INFO] [stderr]    Compiling version_check v0.9.2
[INFO] [stderr]    Compiling memchr v2.3.4
[INFO] [stderr]    Compiling syn v1.0.60
[INFO] [stderr]    Compiling log v0.4.14
[INFO] [stderr]    Compiling typenum v1.12.0
[INFO] [stderr]    Compiling glob v0.3.0
[INFO] [stderr]    Compiling once_cell v1.6.0
[INFO] [stderr]    Compiling getrandom v0.2.2
[INFO] [stderr]    Compiling regex-syntax v0.6.22
[INFO] [stderr]    Compiling quick-error v1.2.3
[INFO] [stderr]    Compiling unicode-width v0.1.8
[INFO] [stderr]    Compiling libloading v0.7.0
[INFO] [stderr]    Compiling vec_map v0.8.2
[INFO] [stderr]    Compiling bitflags v1.2.1
[INFO] [stderr]    Compiling humantime v1.3.0
[INFO] [stderr]    Compiling serde_derive v1.0.123
[INFO] [stderr]    Compiling textwrap v0.11.0
[INFO] [stderr]    Compiling thread_local v1.1.3
[INFO] [stderr]     Checking futures-core v0.3.13
[INFO] [stderr]     Checking pin-project-lite v0.2.4
[INFO] [stderr]    Compiling ansi_term v0.11.0
[INFO] [stderr]    Compiling termcolor v1.1.2
[INFO] [stderr]    Compiling generic-array v0.14.4
[INFO] [stderr]    Compiling nom v5.1.2
[INFO] [stderr]    Compiling bindgen v0.55.1
[INFO] [stderr]    Compiling strsim v0.8.0
[INFO] [stderr]    Compiling clang-sys v1.1.1
[INFO] [stderr]    Compiling tokio v1.2.0
[INFO] [stderr]    Compiling num-traits v0.2.14
[INFO] [stderr]     Checking subtle v2.4.0
[INFO] [stderr]     Checking ppv-lite86 v0.2.10
[INFO] [stderr]    Compiling aho-corasick v0.7.15
[INFO] [stderr]    Compiling peeking_take_while v0.1.2
[INFO] [stderr]     Checking futures-sink v0.3.13
[INFO] [stderr]    Compiling cfg-if v0.1.10
[INFO] [stderr]    Compiling rustc-hash v1.1.0
[INFO] [stderr]    Compiling lazycell v1.3.0
[INFO] [stderr]    Compiling shlex v0.1.1
[INFO] [stderr]     Checking opaque-debug v0.3.0
[INFO] [stderr]    Compiling serde v1.0.123
[INFO] [stderr]    Compiling quote v1.0.9
[INFO] [stderr]    Compiling alsa-sys v0.3.1
[INFO] [stderr]    Compiling nix v0.15.0
[INFO] [stderr]    Compiling serde_json v1.0.62
[INFO] [stderr]    Compiling cc v1.0.67
[INFO] [stderr]     Checking futures-channel v0.3.13
[INFO] [stderr]     Checking void v1.0.2
[INFO] [stderr]     Checking cpuid-bool v0.1.2
[INFO] [stderr]     Checking futures-task v0.3.13
[INFO] [stderr]     Checking futures-io v0.3.13
[INFO] [stderr]     Checking slab v0.4.2
[INFO] [stderr]    Compiling cpal v0.13.1
[INFO] [stderr]    Compiling schemars v0.8.0
[INFO] [stderr]     Checking dyn-clone v1.0.4
[INFO] [stderr]     Checking ringbuf v0.2.3
[INFO] [stderr]    Compiling atty v0.2.14
[INFO] [stderr]    Compiling which v3.1.1
[INFO] [stderr]    Compiling clap v2.33.3
[INFO] [stderr]     Checking num_cpus v1.13.0
[INFO] [stderr]     Checking mio v0.7.9
[INFO] [stderr]     Checking cipher v0.2.5
[INFO] [stderr]     Checking rand_core v0.6.2
[INFO] [stderr]     Checking digest v0.9.0
[INFO] [stderr]     Checking crypto-mac v0.10.0
[INFO] [stderr]     Checking block-buffer v0.9.0
[INFO] [stderr]     Checking streaming-stats v0.2.3
[INFO] [stderr]     Checking pbkdf2 v0.6.0
[INFO] [stderr]     Checking aes-soft v0.6.4
[INFO] [stderr]     Checking ctr v0.6.0
[INFO] [stderr]     Checking sha-1 v0.9.4
[INFO] [stderr]     Checking rand_chacha v0.3.0
[INFO] [stderr]     Checking hmac v0.10.1
[INFO] [stderr]    Compiling regex v1.4.3
[INFO] [stderr]     Checking aes-ctr v0.6.0
[INFO] [stderr]     Checking rand v0.8.3
[INFO] [stderr]    Compiling cexpr v0.4.0
[INFO] [stderr]     Checking srt-protocol v0.2.0
[INFO] [stderr]    Compiling env_logger v0.7.1
[INFO] [stderr]     Checking pretty_env_logger v0.4.0
[INFO] [stderr]     Checking alsa v0.4.3
[INFO] [stderr]    Compiling serde_derive_internals v0.25.0
[INFO] [stderr]    Compiling tokio-macros v1.1.0
[INFO] [stderr]    Compiling futures-macro v0.3.13
[INFO] [stderr]    Compiling thiserror-impl v1.0.24
[INFO] [stderr]    Compiling schemars_derive v0.8.0
[INFO] [stderr]     Checking futures-util v0.3.13
[INFO] [stderr]     Checking thiserror v1.0.24
[INFO] [stderr]    Compiling ffmpeg-sys v4.2.1
[INFO] [stderr]     Checking futures v0.3.13
[INFO] [stderr]     Checking tokio-util v0.6.3
[INFO] [stderr]     Checking tokio-stream v0.1.3
[INFO] [stderr]     Checking srt-tokio v0.2.0
[INFO] [stderr]     Checking stainless_ffmpeg v0.2.5
[INFO] [stdout] error[E0609]: no field `display_aspect_ratio` on type `ffmpeg_sys::AVStream`
[INFO] [stdout]    --> /opt/rustwide/cargo-home/registry/src/index.crates.io-6f17d22bba15001f/stainless_ffmpeg-0.2.5/src/stream.rs:146:25
[INFO] [stdout]     |
[INFO] [stdout] 146 |       if (*self.stream).display_aspect_ratio.den == 0 {
[INFO] [stdout]     |                         ^^^^^^^^^^^^^^^^^^^^ help: a field with a similar name exists: `sample_aspect_ratio`
[INFO] [stdout] 
[INFO] [stdout] 
[INFO] [stdout] error[E0609]: no field `display_aspect_ratio` on type `ffmpeg_sys::AVStream`
[INFO] [stdout]    --> /opt/rustwide/cargo-home/registry/src/index.crates.io-6f17d22bba15001f/stainless_ffmpeg-0.2.5/src/stream.rs:172:31
[INFO] [stdout]     |
[INFO] [stdout] 172 |           num: (*self.stream).display_aspect_ratio.num,
[INFO] [stdout]     |                               ^^^^^^^^^^^^^^^^^^^^ help: a field with a similar name exists: `sample_aspect_ratio`
[INFO] [stdout] 
[INFO] [stdout] 
[INFO] [stdout] error[E0609]: no field `display_aspect_ratio` on type `ffmpeg_sys::AVStream`
[INFO] [stdout]    --> /opt/rustwide/cargo-home/registry/src/index.crates.io-6f17d22bba15001f/stainless_ffmpeg-0.2.5/src/stream.rs:173:31
[INFO] [stdout]     |
[INFO] [stdout] 173 |           den: (*self.stream).display_aspect_ratio.den,
[INFO] [stdout]     |                               ^^^^^^^^^^^^^^^^^^^^ help: a field with a similar name exists: `sample_aspect_ratio`
[INFO] [stdout] 
[INFO] [stdout] 
[INFO] [stdout] error: aborting due to 3 previous errors
[INFO] [stdout] 
[INFO] [stdout] 
[INFO] [stdout] For more information about this error, try `rustc --explain E0609`.
[INFO] [stdout] 
[INFO] [stderr] error: could not compile `stainless_ffmpeg` (lib) due to 4 previous errors
[INFO] running `Command { std: "docker" "inspect" "7fff8f7baae93523bafd42c49ff3df00263a3a492f3b3e259e8767f05533ed2b", kill_on_drop: false }`
[INFO] running `Command { std: "docker" "rm" "-f" "7fff8f7baae93523bafd42c49ff3df00263a3a492f3b3e259e8767f05533ed2b", kill_on_drop: false }`
[INFO] [stdout] 7fff8f7baae93523bafd42c49ff3df00263a3a492f3b3e259e8767f05533ed2b
