[INFO] fetching crate splitter 0.2.5...
[INFO] documenting splitter-0.2.5 against 1.69.0 for beta-1.70-rustdoc-1
[INFO] extracting crate splitter 0.2.5 into /workspace/builds/worker-7-tc1/source
[INFO] validating manifest of crates.io crate splitter 0.2.5 on toolchain 1.69.0
[INFO] running `Command { std: CARGO_HOME="/workspace/cargo-home" RUSTUP_HOME="/workspace/rustup-home" "/workspace/cargo-home/bin/cargo" "+1.69.0" "metadata" "--manifest-path" "Cargo.toml" "--no-deps", kill_on_drop: false }`
[INFO] started tweaking crates.io crate splitter 0.2.5
[INFO] finished tweaking crates.io crate splitter 0.2.5
[INFO] tweaked toml for crates.io crate splitter 0.2.5 written to /workspace/builds/worker-7-tc1/source/Cargo.toml
[INFO] crate crates.io crate splitter 0.2.5 already has a lockfile, it will not be regenerated
[INFO] running `Command { std: CARGO_HOME="/workspace/cargo-home" RUSTUP_HOME="/workspace/rustup-home" "/workspace/cargo-home/bin/cargo" "+1.69.0" "fetch" "--manifest-path" "Cargo.toml", kill_on_drop: false }`
[INFO] [stderr]  Downloading crates ...
[INFO] [stderr]   Downloaded splitter-derive v0.1.6
[INFO] running `Command { std: "docker" "create" "-v" "/var/lib/crater-agent-workspace/builds/worker-7-tc1/target:/opt/rustwide/target:rw,Z" "-v" "/var/lib/crater-agent-workspace/builds/worker-7-tc1/source:/opt/rustwide/workdir:ro,Z" "-v" "/var/lib/crater-agent-workspace/cargo-home:/opt/rustwide/cargo-home:ro,Z" "-v" "/var/lib/crater-agent-workspace/rustup-home:/opt/rustwide/rustup-home:ro,Z" "-e" "SOURCE_DIR=/opt/rustwide/workdir" "-e" "CARGO_TARGET_DIR=/opt/rustwide/target" "-e" "CARGO_HOME=/opt/rustwide/cargo-home" "-e" "RUSTUP_HOME=/opt/rustwide/rustup-home" "-w" "/opt/rustwide/workdir" "-m" "1610612736" "--user" "0:0" "--network" "none" "ghcr.io/rust-lang/crates-build-env/linux@sha256:5ff2268d62e97bff2cde7d5815dd6ed5b47097566f13b8d0ca110b04b60e07ed" "/opt/rustwide/cargo-home/bin/cargo" "+1.69.0" "metadata" "--no-deps" "--format-version=1", kill_on_drop: false }`
[INFO] [stdout] 9f2fa2d64126737cb60e91216e1409c2f0e125ae207a6d9d12a9d58de2a1d56c
[INFO] running `Command { std: "docker" "start" "-a" "9f2fa2d64126737cb60e91216e1409c2f0e125ae207a6d9d12a9d58de2a1d56c", kill_on_drop: false }`
[INFO] running `Command { std: "docker" "inspect" "9f2fa2d64126737cb60e91216e1409c2f0e125ae207a6d9d12a9d58de2a1d56c", kill_on_drop: false }`
[INFO] running `Command { std: "docker" "rm" "-f" "9f2fa2d64126737cb60e91216e1409c2f0e125ae207a6d9d12a9d58de2a1d56c", kill_on_drop: false }`
[INFO] [stdout] 9f2fa2d64126737cb60e91216e1409c2f0e125ae207a6d9d12a9d58de2a1d56c
[INFO] running `Command { std: "docker" "create" "-v" "/var/lib/crater-agent-workspace/builds/worker-7-tc1/target:/opt/rustwide/target:rw,Z" "-v" "/var/lib/crater-agent-workspace/builds/worker-7-tc1/source:/opt/rustwide/workdir:ro,Z" "-v" "/var/lib/crater-agent-workspace/cargo-home:/opt/rustwide/cargo-home:ro,Z" "-v" "/var/lib/crater-agent-workspace/rustup-home:/opt/rustwide/rustup-home:ro,Z" "-e" "SOURCE_DIR=/opt/rustwide/workdir" "-e" "CARGO_TARGET_DIR=/opt/rustwide/target" "-e" "CARGO_INCREMENTAL=0" "-e" "RUST_BACKTRACE=full" "-e" "RUSTFLAGS=--cap-lints=warn" "-e" "RUSTDOCFLAGS=--cap-lints=warn" "-e" "CARGO_HOME=/opt/rustwide/cargo-home" "-e" "RUSTUP_HOME=/opt/rustwide/rustup-home" "-w" "/opt/rustwide/workdir" "-m" "1610612736" "--user" "0:0" "--network" "none" "ghcr.io/rust-lang/crates-build-env/linux@sha256:5ff2268d62e97bff2cde7d5815dd6ed5b47097566f13b8d0ca110b04b60e07ed" "/opt/rustwide/cargo-home/bin/cargo" "+1.69.0" "doc" "--frozen" "--no-deps" "--document-private-items" "--message-format=json", kill_on_drop: false }`
[INFO] [stdout] 18d1274990bcf95084e82e89d5fbabc772d7aaf1e39e7c6ab21c99f0f56de9f6
[INFO] running `Command { std: "docker" "start" "-a" "18d1274990bcf95084e82e89d5fbabc772d7aaf1e39e7c6ab21c99f0f56de9f6", kill_on_drop: false }`
[INFO] [stderr]  Documenting splitter v0.2.5 (/opt/rustwide/workdir)
[INFO] [stderr]     Finished dev [unoptimized + debuginfo] target(s) in 0.45s
[INFO] running `Command { std: "docker" "inspect" "18d1274990bcf95084e82e89d5fbabc772d7aaf1e39e7c6ab21c99f0f56de9f6", kill_on_drop: false }`
[INFO] running `Command { std: "docker" "rm" "-f" "18d1274990bcf95084e82e89d5fbabc772d7aaf1e39e7c6ab21c99f0f56de9f6", kill_on_drop: false }`
[INFO] [stdout] 18d1274990bcf95084e82e89d5fbabc772d7aaf1e39e7c6ab21c99f0f56de9f6
[INFO] running `Command { std: "docker" "create" "-v" "/var/lib/crater-agent-workspace/builds/worker-7-tc1/target:/opt/rustwide/target:rw,Z" "-v" "/var/lib/crater-agent-workspace/builds/worker-7-tc1/source:/opt/rustwide/workdir:ro,Z" "-v" "/var/lib/crater-agent-workspace/cargo-home:/opt/rustwide/cargo-home:ro,Z" "-v" "/var/lib/crater-agent-workspace/rustup-home:/opt/rustwide/rustup-home:ro,Z" "-e" "SOURCE_DIR=/opt/rustwide/workdir" "-e" "CARGO_TARGET_DIR=/opt/rustwide/target" "-e" "CARGO_INCREMENTAL=0" "-e" "RUST_BACKTRACE=full" "-e" "RUSTFLAGS=--cap-lints=warn" "-e" "RUSTDOCFLAGS=--cap-lints=warn" "-e" "RUSTC_BOOTSTRAP=1" "-e" "DOCS_RS=1" "-e" "CARGO_HOME=/opt/rustwide/cargo-home" "-e" "RUSTUP_HOME=/opt/rustwide/rustup-home" "-w" "/opt/rustwide/workdir" "-m" "1610612736" "--user" "0:0" "--network" "none" "ghcr.io/rust-lang/crates-build-env/linux@sha256:5ff2268d62e97bff2cde7d5815dd6ed5b47097566f13b8d0ca110b04b60e07ed" "/opt/rustwide/cargo-home/bin/cargo" "+1.69.0" "rustdoc" "--lib" "-Zrustdoc-map" "--features" "full" "-Z" "unstable-options" "--config" "build.rustdocflags=[\"-Z\", \"unstable-options\", \"--document-private-items\"]" "--frozen" "--message-format=json", kill_on_drop: false }`
[INFO] [stdout] a4a32c4402349fb1ab0bd701346b2a70c5d8c3bfe73036975cf1b19097f3c304
[INFO] running `Command { std: "docker" "start" "-a" "a4a32c4402349fb1ab0bd701346b2a70c5d8c3bfe73036975cf1b19097f3c304", kill_on_drop: false }`
[INFO] [stderr]    Compiling proc-macro2 v1.0.40
[INFO] [stderr]    Compiling quote v1.0.20
[INFO] [stderr]    Compiling unicode-ident v1.0.1
[INFO] [stderr]    Compiling syn v1.0.98
[INFO] [stderr]    Compiling splitter-derive v0.1.6
[INFO] [stdout] error[E0277]: the trait bound `syn::__private::Span: From<proc_macro::Span>` is not satisfied
[INFO] [stdout]   --> /opt/rustwide/cargo-home/registry/src/github.com-1ecc6299db9ec823/splitter-derive-0.1.6/src/info/enum.rs:14:51
[INFO] [stdout]    |
[INFO] [stdout] 14 |         Ident::new("_SPLITTER", Span::call_site().into())
[INFO] [stdout]    |                                                   ^^^^ the trait `From<proc_macro::Span>` is not implemented for `syn::__private::Span`
[INFO] [stdout]    |
[INFO] [stdout]    = note: required for `proc_macro::Span` to implement `Into<syn::__private::Span>`
[INFO] [stdout] 
[INFO] [stdout] 
[INFO] [stdout] error[E0277]: the trait bound `syn::__private::Span: From<proc_macro::Span>` is not satisfied
[INFO] [stdout]   --> /opt/rustwide/cargo-home/registry/src/github.com-1ecc6299db9ec823/splitter-derive-0.1.6/src/info/struct.rs:26:63
[INFO] [stdout]    |
[INFO] [stdout] 26 |                 Lifetime::new("'_splitter", Span::call_site().into())
[INFO] [stdout]    |                                                               ^^^^ the trait `From<proc_macro::Span>` is not implemented for `syn::__private::Span`
[INFO] [stdout]    |
[INFO] [stdout]    = note: required for `proc_macro::Span` to implement `Into<syn::__private::Span>`
[INFO] [stdout] 
[INFO] [stdout] 
[INFO] [stdout] error[E0277]: the trait bound `syn::__private::Span: From<proc_macro::Span>` is not satisfied
[INFO] [stdout]   --> /opt/rustwide/cargo-home/registry/src/github.com-1ecc6299db9ec823/splitter-derive-0.1.6/src/info/struct.rs:31:48
[INFO] [stdout]    |
[INFO] [stdout] 31 |                 "_SPLITTER", Span::call_site().into()
[INFO] [stdout]    |                                                ^^^^ the trait `From<proc_macro::Span>` is not implemented for `syn::__private::Span`
[INFO] [stdout]    |
[INFO] [stdout]    = note: required for `proc_macro::Span` to implement `Into<syn::__private::Span>`
[INFO] [stdout] 
[INFO] [stdout] 
[INFO] [stdout] error[E0277]: the trait bound `syn::__private::Span: From<proc_macro::Span>` is not satisfied
[INFO] [stdout]   --> /opt/rustwide/cargo-home/registry/src/github.com-1ecc6299db9ec823/splitter-derive-0.1.6/src/str_info/struct.rs:23:63
[INFO] [stdout]    |
[INFO] [stdout] 23 |                 Lifetime::new("'_splitter", Span::call_site().into())
[INFO] [stdout]    |                                                               ^^^^ the trait `From<proc_macro::Span>` is not implemented for `syn::__private::Span`
[INFO] [stdout]    |
[INFO] [stdout]    = note: required for `proc_macro::Span` to implement `Into<syn::__private::Span>`
[INFO] [stdout] 
[INFO] [stdout] 
[INFO] [stdout] error: aborting due to 4 previous errors
[INFO] [stdout] 
[INFO] [stdout] 
[INFO] [stdout] For more information about this error, try `rustc --explain E0277`.
[INFO] [stdout] 
[INFO] [stderr] error: could not compile `splitter-derive` due to 5 previous errors
[INFO] running `Command { std: "docker" "inspect" "a4a32c4402349fb1ab0bd701346b2a70c5d8c3bfe73036975cf1b19097f3c304", kill_on_drop: false }`
[INFO] running `Command { std: "docker" "rm" "-f" "a4a32c4402349fb1ab0bd701346b2a70c5d8c3bfe73036975cf1b19097f3c304", kill_on_drop: false }`
[INFO] [stdout] a4a32c4402349fb1ab0bd701346b2a70c5d8c3bfe73036975cf1b19097f3c304
