[INFO] fetching crate specs-hierarchy 0.6.0...
[INFO] documenting specs-hierarchy-0.6.0 against beta-2023-04-20 for beta-1.70-rustdoc-1
[INFO] extracting crate specs-hierarchy 0.6.0 into /workspace/builds/worker-7-tc2/source
[INFO] validating manifest of crates.io crate specs-hierarchy 0.6.0 on toolchain beta-2023-04-20
[INFO] running `Command { std: CARGO_HOME="/workspace/cargo-home" RUSTUP_HOME="/workspace/rustup-home" "/workspace/cargo-home/bin/cargo" "+beta-2023-04-20" "metadata" "--manifest-path" "Cargo.toml" "--no-deps", kill_on_drop: false }`
[INFO] started tweaking crates.io crate specs-hierarchy 0.6.0
[INFO] finished tweaking crates.io crate specs-hierarchy 0.6.0
[INFO] tweaked toml for crates.io crate specs-hierarchy 0.6.0 written to /workspace/builds/worker-7-tc2/source/Cargo.toml
[INFO] crate crates.io crate specs-hierarchy 0.6.0 already has a lockfile, it will not be regenerated
[INFO] running `Command { std: CARGO_HOME="/workspace/cargo-home" RUSTUP_HOME="/workspace/rustup-home" "/workspace/cargo-home/bin/cargo" "+beta-2023-04-20" "fetch" "--manifest-path" "Cargo.toml", kill_on_drop: false }`
[INFO] [stderr]     Updating crates.io index
[INFO] [stderr]  Downloading crates ...
[INFO] [stderr]   Downloaded tuple_utils v0.3.0
[INFO] [stderr]   Downloaded atom v0.3.5
[INFO] [stderr]   Downloaded specs v0.16.0
[INFO] [stderr]   Downloaded proc-macro-hack v0.5.11
[INFO] [stderr]   Downloaded tynm v0.1.3
[INFO] [stderr]   Downloaded shred v0.10.2
[INFO] [stderr]   Downloaded shred-derive v0.6.2
[INFO] [stderr]   Downloaded nom v5.1.0
[INFO] [stderr]   Downloaded hibitset v0.6.2
[INFO] [stderr]   Downloaded crossbeam-epoch v0.8.0
[INFO] [stderr]   Downloaded ahash v0.3.2
[INFO] [stderr]   Downloaded hashbrown v0.7.0
[INFO] [stderr]   Downloaded mopa v0.2.2
[INFO] [stderr]   Downloaded memoffset v0.5.3
[INFO] [stderr]   Downloaded crossbeam-deque v0.7.2
[INFO] [stderr]   Downloaded shrev v1.1.1
[INFO] running `Command { std: "docker" "create" "-v" "/var/lib/crater-agent-workspace/builds/worker-7-tc2/target:/opt/rustwide/target:rw,Z" "-v" "/var/lib/crater-agent-workspace/builds/worker-7-tc2/source:/opt/rustwide/workdir:ro,Z" "-v" "/var/lib/crater-agent-workspace/cargo-home:/opt/rustwide/cargo-home:ro,Z" "-v" "/var/lib/crater-agent-workspace/rustup-home:/opt/rustwide/rustup-home:ro,Z" "-e" "SOURCE_DIR=/opt/rustwide/workdir" "-e" "CARGO_TARGET_DIR=/opt/rustwide/target" "-e" "CARGO_HOME=/opt/rustwide/cargo-home" "-e" "RUSTUP_HOME=/opt/rustwide/rustup-home" "-w" "/opt/rustwide/workdir" "-m" "1610612736" "--user" "0:0" "--network" "none" "ghcr.io/rust-lang/crates-build-env/linux@sha256:5ff2268d62e97bff2cde7d5815dd6ed5b47097566f13b8d0ca110b04b60e07ed" "/opt/rustwide/cargo-home/bin/cargo" "+beta-2023-04-20" "metadata" "--no-deps" "--format-version=1", kill_on_drop: false }`
[INFO] [stdout] a43ee91d8e5df7177a21266cee82db9a04cbf6e86887852ac3f0b8b9b487392e
[INFO] running `Command { std: "docker" "start" "-a" "a43ee91d8e5df7177a21266cee82db9a04cbf6e86887852ac3f0b8b9b487392e", kill_on_drop: false }`
[INFO] running `Command { std: "docker" "inspect" "a43ee91d8e5df7177a21266cee82db9a04cbf6e86887852ac3f0b8b9b487392e", kill_on_drop: false }`
[INFO] running `Command { std: "docker" "rm" "-f" "a43ee91d8e5df7177a21266cee82db9a04cbf6e86887852ac3f0b8b9b487392e", kill_on_drop: false }`
[INFO] [stdout] a43ee91d8e5df7177a21266cee82db9a04cbf6e86887852ac3f0b8b9b487392e
[INFO] running `Command { std: "docker" "create" "-v" "/var/lib/crater-agent-workspace/builds/worker-7-tc2/target:/opt/rustwide/target:rw,Z" "-v" "/var/lib/crater-agent-workspace/builds/worker-7-tc2/source:/opt/rustwide/workdir:ro,Z" "-v" "/var/lib/crater-agent-workspace/cargo-home:/opt/rustwide/cargo-home:ro,Z" "-v" "/var/lib/crater-agent-workspace/rustup-home:/opt/rustwide/rustup-home:ro,Z" "-e" "SOURCE_DIR=/opt/rustwide/workdir" "-e" "CARGO_TARGET_DIR=/opt/rustwide/target" "-e" "CARGO_INCREMENTAL=0" "-e" "RUST_BACKTRACE=full" "-e" "RUSTFLAGS=--cap-lints=warn" "-e" "RUSTDOCFLAGS=--cap-lints=warn" "-e" "CARGO_HOME=/opt/rustwide/cargo-home" "-e" "RUSTUP_HOME=/opt/rustwide/rustup-home" "-w" "/opt/rustwide/workdir" "-m" "1610612736" "--user" "0:0" "--network" "none" "ghcr.io/rust-lang/crates-build-env/linux@sha256:5ff2268d62e97bff2cde7d5815dd6ed5b47097566f13b8d0ca110b04b60e07ed" "/opt/rustwide/cargo-home/bin/cargo" "+beta-2023-04-20" "doc" "--frozen" "--no-deps" "--document-private-items" "--message-format=json", kill_on_drop: false }`
[INFO] [stdout] 09806bc54bed006feeb6aede90108d97dd6d9d31b72e9fa4012945cc1d02b48e
[INFO] running `Command { std: "docker" "start" "-a" "09806bc54bed006feeb6aede90108d97dd6d9d31b72e9fa4012945cc1d02b48e", kill_on_drop: false }`
[INFO] [stderr]    Compiling semver-parser v0.7.0
[INFO] [stderr]    Compiling libc v0.2.66
[INFO] [stderr]     Checking cfg-if v0.1.10
[INFO] [stderr]    Compiling autocfg v0.1.7
[INFO] [stderr]    Compiling proc-macro2 v1.0.8
[INFO] [stderr]    Compiling unicode-xid v0.2.0
[INFO] [stderr]    Compiling syn v1.0.14
[INFO] [stderr]     Checking lazy_static v1.4.0
[INFO] [stderr]    Compiling getrandom v0.1.14
[INFO] [stderr]     Checking scopeguard v1.0.0
[INFO] [stderr]    Compiling ryu v1.0.2
[INFO] [stderr]    Compiling arrayvec v0.4.12
[INFO] [stderr]     Checking nodrop v0.1.14
[INFO] [stderr]    Compiling memchr v2.3.0
[INFO] [stderr]    Compiling version_check v0.1.5
[INFO] [stderr]    Compiling rayon-core v1.7.0
[INFO] [stderr]     Checking static_assertions v0.3.4
[INFO] [stderr]    Compiling autocfg v1.0.0
[INFO] [stderr]     Checking either v1.5.3
[INFO] [stderr]    Compiling log v0.4.8
[INFO] [stderr]     Checking mopa v0.2.2
[INFO] [stderr]     Checking smallvec v1.2.0
[INFO] [stderr]     Checking atom v0.3.5
[INFO] [stderr]     Checking arrayvec v0.5.1
[INFO] [stderr]    Compiling semver v0.9.0
[INFO] [stderr]     Checking tuple_utils v0.3.0
[INFO] [stderr]    Compiling nom v5.1.0
[INFO] [stderr]     Checking shrev v1.1.1
[INFO] [stderr]    Compiling crossbeam-utils v0.7.0
[INFO] [stderr]    Compiling crossbeam-epoch v0.8.0
[INFO] [stderr]    Compiling hashbrown v0.7.0
[INFO] [stderr]    Compiling rustc_version v0.2.3
[INFO] [stderr]    Compiling memoffset v0.5.3
[INFO] [stderr]    Compiling lexical-core v0.4.6
[INFO] [stderr]    Compiling quote v1.0.2
[INFO] [stderr]     Checking num_cpus v1.12.0
[INFO] [stderr]     Checking crossbeam-queue v0.2.1
[INFO] [stderr]     Checking crossbeam-deque v0.7.2
[INFO] [stderr]     Checking rayon v1.3.0
[INFO] [stdout] error[E0308]: mismatched types
[INFO] [stdout]    --> /opt/rustwide/cargo-home/registry/src/index.crates.io-6f17d22bba15001f/lexical-core-0.4.6/src/atof/algorithm/bigcomp.rs:243:55
[INFO] [stdout]     |
[INFO] [stdout] 243 |     let nlz = den.leading_zeros().wrapping_sub(wlz) & (u32::BITS - 1);
[INFO] [stdout]     |                                                       ^^^^^^^^^^^^^^^ expected `usize`, found `u32`
[INFO] [stdout] 
[INFO] [stdout] 
[INFO] [stdout] error[E0277]: no implementation for `usize & u32`
[INFO] [stdout]    --> /opt/rustwide/cargo-home/registry/src/index.crates.io-6f17d22bba15001f/lexical-core-0.4.6/src/atof/algorithm/bigcomp.rs:243:53
[INFO] [stdout]     |
[INFO] [stdout] 243 |     let nlz = den.leading_zeros().wrapping_sub(wlz) & (u32::BITS - 1);
[INFO] [stdout]     |                                                     ^ no implementation for `usize & u32`
[INFO] [stdout]     |
[INFO] [stdout]     = help: the trait `BitAnd<u32>` is not implemented for `usize`
[INFO] [stdout]     = help: the following other types implement trait `BitAnd<Rhs>`:
[INFO] [stdout]               <&'a usize as BitAnd<usize>>
[INFO] [stdout]               <&usize as BitAnd<&usize>>
[INFO] [stdout]               <usize as BitAnd<&usize>>
[INFO] [stdout]               <usize as BitAnd>
[INFO] [stdout] 
[INFO] [stdout] 
[INFO] [stdout] error[E0308]: mismatched types
[INFO] [stdout]    --> /opt/rustwide/cargo-home/registry/src/index.crates.io-6f17d22bba15001f/lexical-core-0.4.6/src/atof/algorithm/bigcomp.rs:261:40
[INFO] [stdout]     |
[INFO] [stdout] 261 |         let (q, r) = shift.ceil_divmod(Limb::BITS);
[INFO] [stdout]     |                            ----------- ^^^^^^^^^^ expected `usize`, found `u32`
[INFO] [stdout]     |                            |
[INFO] [stdout]     |                            arguments to this method are incorrect
[INFO] [stdout]     |
[INFO] [stdout] help: the return type of this call is `u32` due to the type of the argument passed
[INFO] [stdout]    --> /opt/rustwide/cargo-home/registry/src/index.crates.io-6f17d22bba15001f/lexical-core-0.4.6/src/atof/algorithm/bigcomp.rs:261:22
[INFO] [stdout]     |
[INFO] [stdout] 261 |         let (q, r) = shift.ceil_divmod(Limb::BITS);
[INFO] [stdout]     |                      ^^^^^^^^^^^^^^^^^^----------^
[INFO] [stdout]     |                                        |
[INFO] [stdout]     |                                        this argument influences the return type of `ceil_divmod`
[INFO] [stdout] note: method defined here
[INFO] [stdout]    --> /opt/rustwide/cargo-home/registry/src/index.crates.io-6f17d22bba15001f/lexical-core-0.4.6/src/util/num.rs:181:8
[INFO] [stdout]     |
[INFO] [stdout] 181 |     fn ceil_divmod(self, y: Self) -> (Self, i32) {
[INFO] [stdout]     |        ^^^^^^^^^^^       -------
[INFO] [stdout] help: you can convert a `u32` to a `usize` and panic if the converted value doesn't fit
[INFO] [stdout]     |
[INFO] [stdout] 261 |         let (q, r) = shift.ceil_divmod(Limb::BITS.try_into().unwrap());
[INFO] [stdout]     |                                                  ++++++++++++++++++++
[INFO] [stdout] 
[INFO] [stdout] 
[INFO] [stdout] error[E0308]: mismatched types
[INFO] [stdout]   --> /opt/rustwide/cargo-home/registry/src/index.crates.io-6f17d22bba15001f/lexical-core-0.4.6/src/atof/algorithm/bigint.rs:85:24
[INFO] [stdout]    |
[INFO] [stdout] 85 |     let bytes = bits / Limb::BITS;
[INFO] [stdout]    |                        ^^^^^^^^^^ expected `usize`, found `u32`
[INFO] [stdout] 
[INFO] [stdout] 
[INFO] [stdout] error[E0277]: cannot divide `usize` by `u32`
[INFO] [stdout]   --> /opt/rustwide/cargo-home/registry/src/index.crates.io-6f17d22bba15001f/lexical-core-0.4.6/src/atof/algorithm/bigint.rs:85:22
[INFO] [stdout]    |
[INFO] [stdout] 85 |     let bytes = bits / Limb::BITS;
[INFO] [stdout]    |                      ^ no implementation for `usize / u32`
[INFO] [stdout]    |
[INFO] [stdout]    = help: the trait `Div<u32>` is not implemented for `usize`
[INFO] [stdout]    = help: the following other types implement trait `Div<Rhs>`:
[INFO] [stdout]              <&'a usize as Div<usize>>
[INFO] [stdout]              <&usize as Div<&usize>>
[INFO] [stdout]              <usize as Div<&usize>>
[INFO] [stdout]              <usize as Div<NonZeroUsize>>
[INFO] [stdout]              <usize as Div>
[INFO] [stdout] 
[INFO] [stdout] 
[INFO] [stdout] error[E0308]: mismatched types
[INFO] [stdout]     --> /opt/rustwide/cargo-home/registry/src/index.crates.io-6f17d22bba15001f/lexical-core-0.4.6/src/atof/algorithm/math.rs:1045:42
[INFO] [stdout]      |
[INFO] [stdout] 1045 |     let mut count = index.saturating_mul(Limb::BITS);
[INFO] [stdout]      |                           -------------- ^^^^^^^^^^ expected `usize`, found `u32`
[INFO] [stdout]      |                           |
[INFO] [stdout]      |                           arguments to this method are incorrect
[INFO] [stdout]      |
[INFO] [stdout] note: method defined here
[INFO] [stdout]     --> /rustc/1b7dd2252b99671ce5d1cb9664c5f8636329436d/library/core/src/num/mod.rs:1190:5
[INFO] [stdout]      = note: this error originates in the macro `uint_impl` (in Nightly builds, run with -Z macro-backtrace for more info)
[INFO] [stdout] help: you can convert a `u32` to a `usize` and panic if the converted value doesn't fit
[INFO] [stdout]      |
[INFO] [stdout] 1045 |     let mut count = index.saturating_mul(Limb::BITS.try_into().unwrap());
[INFO] [stdout]      |                                                    ++++++++++++++++++++
[INFO] [stdout] 
[INFO] [stdout] 
[INFO] [stdout] error[E0308]: mismatched types
[INFO] [stdout]     --> /opt/rustwide/cargo-home/registry/src/index.crates.io-6f17d22bba15001f/lexical-core-0.4.6/src/atof/algorithm/math.rs:1060:28
[INFO] [stdout]      |
[INFO] [stdout] 1060 |     Limb::BITS.checked_mul(x.len())
[INFO] [stdout]      |                ----------- ^^^^^^^ expected `u32`, found `usize`
[INFO] [stdout]      |                |
[INFO] [stdout]      |                arguments to this method are incorrect
[INFO] [stdout]      |
[INFO] [stdout] note: method defined here
[INFO] [stdout]     --> /rustc/1b7dd2252b99671ce5d1cb9664c5f8636329436d/library/core/src/num/mod.rs:1071:5
[INFO] [stdout]      = note: this error originates in the macro `uint_impl` (in Nightly builds, run with -Z macro-backtrace for more info)
[INFO] [stdout] help: you can convert a `usize` to a `u32` and panic if the converted value doesn't fit
[INFO] [stdout]      |
[INFO] [stdout] 1060 |     Limb::BITS.checked_mul(x.len().try_into().unwrap())
[INFO] [stdout]      |                                   ++++++++++++++++++++
[INFO] [stdout] 
[INFO] [stdout] 
[INFO] [stdout] error[E0308]: mismatched types
[INFO] [stdout]     --> /opt/rustwide/cargo-home/registry/src/index.crates.io-6f17d22bba15001f/lexical-core-0.4.6/src/atof/algorithm/math.rs:1061:22
[INFO] [stdout]      |
[INFO] [stdout] 1061 |         .map(|v| v - nlz)
[INFO] [stdout]      |                      ^^^ expected `u32`, found `usize`
[INFO] [stdout] 
[INFO] [stdout] 
[INFO] [stdout] error[E0277]: cannot subtract `usize` from `u32`
[INFO] [stdout]     --> /opt/rustwide/cargo-home/registry/src/index.crates.io-6f17d22bba15001f/lexical-core-0.4.6/src/atof/algorithm/math.rs:1061:20
[INFO] [stdout]      |
[INFO] [stdout] 1061 |         .map(|v| v - nlz)
[INFO] [stdout]      |                    ^ no implementation for `u32 - usize`
[INFO] [stdout]      |
[INFO] [stdout]      = help: the trait `Sub<usize>` is not implemented for `u32`
[INFO] [stdout]      = help: the following other types implement trait `Sub<Rhs>`:
[INFO] [stdout]                <&'a u32 as Sub<u32>>
[INFO] [stdout]                <&u32 as Sub<&u32>>
[INFO] [stdout]                <u32 as Sub<&u32>>
[INFO] [stdout]                <u32 as Sub>
[INFO] [stdout] 
[INFO] [stdout] 
[INFO] [stdout] error[E0308]: mismatched types
[INFO] [stdout]     --> /opt/rustwide/cargo-home/registry/src/index.crates.io-6f17d22bba15001f/lexical-core-0.4.6/src/atof/algorithm/math.rs:1062:20
[INFO] [stdout]      |
[INFO] [stdout] 1062 |         .unwrap_or(usize::max_value())
[INFO] [stdout]      |          --------- ^^^^^^^^^^^^^^^^^^ expected `u32`, found `usize`
[INFO] [stdout]      |          |
[INFO] [stdout]      |          arguments to this method are incorrect
[INFO] [stdout]      |
[INFO] [stdout] help: the return type of this call is `usize` due to the type of the argument passed
[INFO] [stdout]     --> /opt/rustwide/cargo-home/registry/src/index.crates.io-6f17d22bba15001f/lexical-core-0.4.6/src/atof/algorithm/math.rs:1060:5
[INFO] [stdout]      |
[INFO] [stdout] 1060 | /     Limb::BITS.checked_mul(x.len())
[INFO] [stdout] 1061 | |         .map(|v| v - nlz)
[INFO] [stdout] 1062 | |         .unwrap_or(usize::max_value())
[INFO] [stdout]      | |____________________------------------^
[INFO] [stdout]      |                      |
[INFO] [stdout]      |                      this argument influences the return type of `unwrap_or`
[INFO] [stdout] note: method defined here
[INFO] [stdout]     --> /rustc/1b7dd2252b99671ce5d1cb9664c5f8636329436d/library/core/src/option.rs:971:18
[INFO] [stdout] help: you can convert a `usize` to a `u32` and panic if the converted value doesn't fit
[INFO] [stdout]      |
[INFO] [stdout] 1062 |         .unwrap_or(usize::max_value().try_into().unwrap())
[INFO] [stdout]      |                                      ++++++++++++++++++++
[INFO] [stdout] 
[INFO] [stdout] 
[INFO] [stdout] error[E0308]: mismatched types
[INFO] [stdout]     --> /opt/rustwide/cargo-home/registry/src/index.crates.io-6f17d22bba15001f/lexical-core-0.4.6/src/atof/algorithm/math.rs:1060:5
[INFO] [stdout]      |
[INFO] [stdout] 1056 |   pub fn bit_length(x: &[Limb]) -> usize {
[INFO] [stdout]      |                                    ----- expected `usize` because of return type
[INFO] [stdout] ...
[INFO] [stdout] 1060 | /     Limb::BITS.checked_mul(x.len())
[INFO] [stdout] 1061 | |         .map(|v| v - nlz)
[INFO] [stdout] 1062 | |         .unwrap_or(usize::max_value())
[INFO] [stdout]      | |______________________________________^ expected `usize`, found `u32`
[INFO] [stdout]      |
[INFO] [stdout] help: you can convert a `u32` to a `usize` and panic if the converted value doesn't fit
[INFO] [stdout]      |
[INFO] [stdout] 1062 |         .unwrap_or(usize::max_value()).try_into().unwrap()
[INFO] [stdout]      |                                       ++++++++++++++++++++
[INFO] [stdout] 
[INFO] [stdout] 
[INFO] [stdout] error[E0308]: mismatched types
[INFO] [stdout]     --> /opt/rustwide/cargo-home/registry/src/index.crates.io-6f17d22bba15001f/lexical-core-0.4.6/src/atof/algorithm/math.rs:1087:23
[INFO] [stdout]      |
[INFO] [stdout] 1087 |     debug_assert!(n < bits && n != 0);
[INFO] [stdout]      |                   -   ^^^^ expected `usize`, found `u32`
[INFO] [stdout]      |                   |
[INFO] [stdout]      |                   expected because this is `usize`
[INFO] [stdout]      |
[INFO] [stdout] help: you can convert a `u32` to a `usize` and panic if the converted value doesn't fit
[INFO] [stdout]      |
[INFO] [stdout] 1087 |     debug_assert!(n < bits.try_into().unwrap() && n != 0);
[INFO] [stdout]      |                           ++++++++++++++++++++
[INFO] [stdout] 
[INFO] [stdout] 
[INFO] [stdout] error[E0308]: mismatched types
[INFO] [stdout]     --> /opt/rustwide/cargo-home/registry/src/index.crates.io-6f17d22bba15001f/lexical-core-0.4.6/src/atof/algorithm/math.rs:1094:25
[INFO] [stdout]      |
[INFO] [stdout] 1094 |     let lshift = bits - n;
[INFO] [stdout]      |                         ^ expected `u32`, found `usize`
[INFO] [stdout] 
[INFO] [stdout] 
[INFO] [stdout] error[E0277]: cannot subtract `usize` from `u32`
[INFO] [stdout]     --> /opt/rustwide/cargo-home/registry/src/index.crates.io-6f17d22bba15001f/lexical-core-0.4.6/src/atof/algorithm/math.rs:1094:23
[INFO] [stdout]      |
[INFO] [stdout] 1094 |     let lshift = bits - n;
[INFO] [stdout]      |                       ^ no implementation for `u32 - usize`
[INFO] [stdout]      |
[INFO] [stdout]      = help: the trait `Sub<usize>` is not implemented for `u32`
[INFO] [stdout]      = help: the following other types implement trait `Sub<Rhs>`:
[INFO] [stdout]                <&'a u32 as Sub<u32>>
[INFO] [stdout]                <&u32 as Sub<&u32>>
[INFO] [stdout]                <u32 as Sub<&u32>>
[INFO] [stdout]                <u32 as Sub>
[INFO] [stdout] 
[INFO] [stdout] 
[INFO] [stdout] error[E0308]: mismatched types
[INFO] [stdout]     --> /opt/rustwide/cargo-home/registry/src/index.crates.io-6f17d22bba15001f/lexical-core-0.4.6/src/atof/algorithm/math.rs:1135:19
[INFO] [stdout]      |
[INFO] [stdout] 1135 |     let rem = n % bits;
[INFO] [stdout]      |                   ^^^^ expected `usize`, found `u32`
[INFO] [stdout] 
[INFO] [stdout] 
[INFO] [stdout] error[E0277]: cannot calculate the remainder of `usize` divided by `u32`
[INFO] [stdout]     --> /opt/rustwide/cargo-home/registry/src/index.crates.io-6f17d22bba15001f/lexical-core-0.4.6/src/atof/algorithm/math.rs:1135:17
[INFO] [stdout]      |
[INFO] [stdout] 1135 |     let rem = n % bits;
[INFO] [stdout]      |                 ^ no implementation for `usize % u32`
[INFO] [stdout]      |
[INFO] [stdout]      = help: the trait `Rem<u32>` is not implemented for `usize`
[INFO] [stdout]      = help: the following other types implement trait `Rem<Rhs>`:
[INFO] [stdout]                <&'a usize as Rem<usize>>
[INFO] [stdout]                <&usize as Rem<&usize>>
[INFO] [stdout]                <usize as Rem<&usize>>
[INFO] [stdout]                <usize as Rem<NonZeroUsize>>
[INFO] [stdout]                <usize as Rem>
[INFO] [stdout] 
[INFO] [stdout] 
[INFO] [stdout] error[E0308]: mismatched types
[INFO] [stdout]     --> /opt/rustwide/cargo-home/registry/src/index.crates.io-6f17d22bba15001f/lexical-core-0.4.6/src/atof/algorithm/math.rs:1136:19
[INFO] [stdout]      |
[INFO] [stdout] 1136 |     let div = n / bits;
[INFO] [stdout]      |                   ^^^^ expected `usize`, found `u32`
[INFO] [stdout] 
[INFO] [stdout] 
[INFO] [stdout] error[E0277]: cannot divide `usize` by `u32`
[INFO] [stdout]     --> /opt/rustwide/cargo-home/registry/src/index.crates.io-6f17d22bba15001f/lexical-core-0.4.6/src/atof/algorithm/math.rs:1136:17
[INFO] [stdout]      |
[INFO] [stdout] 1136 |     let div = n / bits;
[INFO] [stdout]      |                 ^ no implementation for `usize / u32`
[INFO] [stdout]      |
[INFO] [stdout]      = help: the trait `Div<u32>` is not implemented for `usize`
[INFO] [stdout]      = help: the following other types implement trait `Div<Rhs>`:
[INFO] [stdout]                <&'a usize as Div<usize>>
[INFO] [stdout]                <&usize as Div<&usize>>
[INFO] [stdout]                <usize as Div<&usize>>
[INFO] [stdout]                <usize as Div<NonZeroUsize>>
[INFO] [stdout]                <usize as Div>
[INFO] [stdout] 
[INFO] [stdout] 
[INFO] [stdout] error[E0308]: mismatched types
[INFO] [stdout]     --> /opt/rustwide/cargo-home/registry/src/index.crates.io-6f17d22bba15001f/lexical-core-0.4.6/src/atof/algorithm/math.rs:1192:23
[INFO] [stdout]      |
[INFO] [stdout] 1192 |     debug_assert!(n < bits);
[INFO] [stdout]      |                   -   ^^^^ expected `usize`, found `u32`
[INFO] [stdout]      |                   |
[INFO] [stdout]      |                   expected because this is `usize`
[INFO] [stdout]      |
[INFO] [stdout] help: you can convert a `u32` to a `usize` and panic if the converted value doesn't fit
[INFO] [stdout]      |
[INFO] [stdout] 1192 |     debug_assert!(n < bits.try_into().unwrap());
[INFO] [stdout]      |                           ++++++++++++++++++++
[INFO] [stdout] 
[INFO] [stdout] 
[INFO] [stdout] error[E0308]: mismatched types
[INFO] [stdout]     --> /opt/rustwide/cargo-home/registry/src/index.crates.io-6f17d22bba15001f/lexical-core-0.4.6/src/atof/algorithm/math.rs:1202:25
[INFO] [stdout]      |
[INFO] [stdout] 1202 |     let rshift = bits - n;
[INFO] [stdout]      |                         ^ expected `u32`, found `usize`
[INFO] [stdout] 
[INFO] [stdout] 
[INFO] [stdout] error[E0277]: cannot subtract `usize` from `u32`
[INFO] [stdout]     --> /opt/rustwide/cargo-home/registry/src/index.crates.io-6f17d22bba15001f/lexical-core-0.4.6/src/atof/algorithm/math.rs:1202:23
[INFO] [stdout]      |
[INFO] [stdout] 1202 |     let rshift = bits - n;
[INFO] [stdout]      |                       ^ no implementation for `u32 - usize`
[INFO] [stdout]      |
[INFO] [stdout]      = help: the trait `Sub<usize>` is not implemented for `u32`
[INFO] [stdout]      = help: the following other types implement trait `Sub<Rhs>`:
[INFO] [stdout]                <&'a u32 as Sub<u32>>
[INFO] [stdout]                <&u32 as Sub<&u32>>
[INFO] [stdout]                <u32 as Sub<&u32>>
[INFO] [stdout]                <u32 as Sub>
[INFO] [stdout] 
[INFO] [stdout] 
[INFO] [stdout] error[E0308]: mismatched types
[INFO] [stdout]     --> /opt/rustwide/cargo-home/registry/src/index.crates.io-6f17d22bba15001f/lexical-core-0.4.6/src/atof/algorithm/math.rs:1254:19
[INFO] [stdout]      |
[INFO] [stdout] 1254 |     let rem = n % bits;
[INFO] [stdout]      |                   ^^^^ expected `usize`, found `u32`
[INFO] [stdout] 
[INFO] [stdout] 
[INFO] [stdout] error[E0277]: cannot calculate the remainder of `usize` divided by `u32`
[INFO] [stdout]     --> /opt/rustwide/cargo-home/registry/src/index.crates.io-6f17d22bba15001f/lexical-core-0.4.6/src/atof/algorithm/math.rs:1254:17
[INFO] [stdout]      |
[INFO] [stdout] 1254 |     let rem = n % bits;
[INFO] [stdout]      |                 ^ no implementation for `usize % u32`
[INFO] [stdout]      |
[INFO] [stdout]      = help: the trait `Rem<u32>` is not implemented for `usize`
[INFO] [stdout]      = help: the following other types implement trait `Rem<Rhs>`:
[INFO] [stdout]                <&'a usize as Rem<usize>>
[INFO] [stdout]                <&usize as Rem<&usize>>
[INFO] [stdout]                <usize as Rem<&usize>>
[INFO] [stdout]                <usize as Rem<NonZeroUsize>>
[INFO] [stdout]                <usize as Rem>
[INFO] [stdout] 
[INFO] [stdout] 
[INFO] [stdout] error[E0308]: mismatched types
[INFO] [stdout]     --> /opt/rustwide/cargo-home/registry/src/index.crates.io-6f17d22bba15001f/lexical-core-0.4.6/src/atof/algorithm/math.rs:1255:19
[INFO] [stdout]      |
[INFO] [stdout] 1255 |     let div = n / bits;
[INFO] [stdout]      |                   ^^^^ expected `usize`, found `u32`
[INFO] [stdout] 
[INFO] [stdout] 
[INFO] [stdout] error[E0277]: cannot divide `usize` by `u32`
[INFO] [stdout]     --> /opt/rustwide/cargo-home/registry/src/index.crates.io-6f17d22bba15001f/lexical-core-0.4.6/src/atof/algorithm/math.rs:1255:17
[INFO] [stdout]      |
[INFO] [stdout] 1255 |     let div = n / bits;
[INFO] [stdout]      |                 ^ no implementation for `usize / u32`
[INFO] [stdout]      |
[INFO] [stdout]      = help: the trait `Div<u32>` is not implemented for `usize`
[INFO] [stdout]      = help: the following other types implement trait `Div<Rhs>`:
[INFO] [stdout]                <&'a usize as Div<usize>>
[INFO] [stdout]                <&usize as Div<&usize>>
[INFO] [stdout]                <usize as Div<&usize>>
[INFO] [stdout]                <usize as Div<NonZeroUsize>>
[INFO] [stdout]                <usize as Div>
[INFO] [stdout] 
[INFO] [stdout] 
[INFO] [stdout] error[E0308]: mismatched types
[INFO] [stdout]     --> /opt/rustwide/cargo-home/registry/src/index.crates.io-6f17d22bba15001f/lexical-core-0.4.6/src/atof/algorithm/math.rs:2066:27
[INFO] [stdout]      |
[INFO] [stdout] 2066 |     let rs = Limb::BITS - s;
[INFO] [stdout]      |                           ^ expected `u32`, found `usize`
[INFO] [stdout] 
[INFO] [stdout] 
[INFO] [stdout] error[E0277]: cannot subtract `usize` from `u32`
[INFO] [stdout]     --> /opt/rustwide/cargo-home/registry/src/index.crates.io-6f17d22bba15001f/lexical-core-0.4.6/src/atof/algorithm/math.rs:2066:25
[INFO] [stdout]      |
[INFO] [stdout] 2066 |     let rs = Limb::BITS - s;
[INFO] [stdout]      |                         ^ no implementation for `u32 - usize`
[INFO] [stdout]      |
[INFO] [stdout]      = help: the trait `Sub<usize>` is not implemented for `u32`
[INFO] [stdout]      = help: the following other types implement trait `Sub<Rhs>`:
[INFO] [stdout]                <&'a u32 as Sub<u32>>
[INFO] [stdout]                <&u32 as Sub<&u32>>
[INFO] [stdout]                <u32 as Sub<&u32>>
[INFO] [stdout]                <u32 as Sub>
[INFO] [stdout] 
[INFO] [stdout] 
[INFO] [stdout] error: aborting due to 27 previous errors
[INFO] [stdout] 
[INFO] [stdout] 
[INFO] [stderr] error: could not compile `lexical-core` (lib) due to 28 previous errors
[INFO] [stdout] Some errors have detailed explanations: E0277, E0308.
[INFO] [stdout] 
[INFO] [stderr] warning: build failed, waiting for other jobs to finish...
[INFO] [stdout] For more information about an error, try `rustc --explain E0277`.
[INFO] [stdout] 
[INFO] running `Command { std: "docker" "inspect" "09806bc54bed006feeb6aede90108d97dd6d9d31b72e9fa4012945cc1d02b48e", kill_on_drop: false }`
[INFO] running `Command { std: "docker" "rm" "-f" "09806bc54bed006feeb6aede90108d97dd6d9d31b72e9fa4012945cc1d02b48e", kill_on_drop: false }`
[INFO] [stdout] 09806bc54bed006feeb6aede90108d97dd6d9d31b72e9fa4012945cc1d02b48e
