[INFO] fetching crate soroban-cli 0.7.1...
[INFO] documenting soroban-cli-0.7.1 against 1.69.0 for beta-1.70-rustdoc-1
[INFO] extracting crate soroban-cli 0.7.1 into /workspace/builds/worker-6-tc1/source
[INFO] validating manifest of crates.io crate soroban-cli 0.7.1 on toolchain 1.69.0
[INFO] running `Command { std: CARGO_HOME="/workspace/cargo-home" RUSTUP_HOME="/workspace/rustup-home" "/workspace/cargo-home/bin/cargo" "+1.69.0" "metadata" "--manifest-path" "Cargo.toml" "--no-deps", kill_on_drop: false }`
[INFO] removed /workspace/builds/worker-6-tc1/source/rust-toolchain.toml
[INFO] started tweaking crates.io crate soroban-cli 0.7.1
[INFO] finished tweaking crates.io crate soroban-cli 0.7.1
[INFO] tweaked toml for crates.io crate soroban-cli 0.7.1 written to /workspace/builds/worker-6-tc1/source/Cargo.toml
[INFO] crate crates.io crate soroban-cli 0.7.1 already has a lockfile, it will not be regenerated
[INFO] running `Command { std: CARGO_HOME="/workspace/cargo-home" RUSTUP_HOME="/workspace/rustup-home" "/workspace/cargo-home/bin/cargo" "+1.69.0" "fetch" "--manifest-path" "Cargo.toml", kill_on_drop: false }`
[INFO] [stderr]     Blocking waiting for file lock on package cache
[INFO] [stderr]  Downloading crates ...
[INFO] [stderr]   Downloaded indexmap-nostd v0.4.0
[INFO] [stderr]   Downloaded soroban-native-sdk-macros v0.0.15
[INFO] [stderr]   Downloaded termcolor_output v1.0.1
[INFO] [stderr]   Downloaded soroban-env-macros v0.0.15
[INFO] [stderr]   Downloaded soroban-env-common v0.0.15
[INFO] [stderr]   Downloaded dyn-fmt v0.3.0
[INFO] [stderr]   Downloaded soroban-sdk-macros v0.7.0
[INFO] [stderr]   Downloaded stellar-strkey v0.0.7
[INFO] [stderr]   Downloaded soroban-sdk v0.7.0
[INFO] [stderr]   Downloaded soroban-token-spec v0.7.0
[INFO] [stderr]   Downloaded sep5 v0.0.2
[INFO] [stderr]   Downloaded clap_complete v4.1.5
[INFO] [stderr]   Downloaded jsonrpsee-types v0.15.1
[INFO] [stderr]   Downloaded clap-markdown v0.1.3
[INFO] [stderr]   Downloaded serde_with_macros v2.3.1
[INFO] [stderr]   Downloaded slip10 v0.4.3
[INFO] [stderr]   Downloaded termcolor_output_impl v1.0.0
[INFO] [stderr]   Downloaded wasm-opt-cxx-sys v0.112.0
[INFO] [stderr]   Downloaded crate-git-revision v0.0.4
[INFO] [stderr]   Downloaded assert_cmd v2.0.10
[INFO] [stderr]   Downloaded predicates v3.0.1
[INFO] [stderr]   Downloaded soroban-wasmi v0.16.0-soroban2
[INFO] [stderr]   Downloaded bytes-lit v0.0.4
[INFO] [stderr]   Downloaded soroban-spec v0.7.0
[INFO] [stderr]   Downloaded soroban-env-guest v0.0.15
[INFO] [stderr]   Downloaded assert_fs v1.0.12
[INFO] [stderr]   Downloaded serde-aux v4.1.2
[INFO] [stderr]   Downloaded jsonrpsee-http-client v0.15.1
[INFO] [stderr]   Downloaded soroban-wasmi_core v0.16.0-soroban2
[INFO] [stderr]   Downloaded soroban-ledger-snapshot v0.7.0
[INFO] [stderr]   Downloaded jsonrpsee-core v0.15.1
[INFO] [stderr]   Downloaded wasmparser v0.88.0
[INFO] [stderr]   Downloaded wasmparser-nostd v0.90.0
[INFO] [stderr]   Downloaded serde_with v2.3.1
[INFO] [stderr]   Downloaded wasmparser v0.90.0
[INFO] [stderr]   Downloaded soroban-env-host v0.0.15
[INFO] [stderr]   Downloaded stellar-xdr v0.0.15
[INFO] [stderr]   Downloaded wasm-opt v0.112.0
[INFO] [stderr]   Downloaded wasm-opt-sys v0.112.0
[INFO] running `Command { std: "docker" "create" "-v" "/var/lib/crater-agent-workspace/builds/worker-6-tc1/target:/opt/rustwide/target:rw,Z" "-v" "/var/lib/crater-agent-workspace/builds/worker-6-tc1/source:/opt/rustwide/workdir:ro,Z" "-v" "/var/lib/crater-agent-workspace/cargo-home:/opt/rustwide/cargo-home:ro,Z" "-v" "/var/lib/crater-agent-workspace/rustup-home:/opt/rustwide/rustup-home:ro,Z" "-e" "SOURCE_DIR=/opt/rustwide/workdir" "-e" "CARGO_TARGET_DIR=/opt/rustwide/target" "-e" "CARGO_HOME=/opt/rustwide/cargo-home" "-e" "RUSTUP_HOME=/opt/rustwide/rustup-home" "-w" "/opt/rustwide/workdir" "-m" "1610612736" "--user" "0:0" "--network" "none" "ghcr.io/rust-lang/crates-build-env/linux@sha256:5ff2268d62e97bff2cde7d5815dd6ed5b47097566f13b8d0ca110b04b60e07ed" "/opt/rustwide/cargo-home/bin/cargo" "+1.69.0" "metadata" "--no-deps" "--format-version=1", kill_on_drop: false }`
[INFO] [stdout] 3fe1b966d46c9d02c61be8026adabcddcc2b9151ba64cc92262b70f5a1e29059
[INFO] running `Command { std: "docker" "start" "-a" "3fe1b966d46c9d02c61be8026adabcddcc2b9151ba64cc92262b70f5a1e29059", kill_on_drop: false }`
[INFO] running `Command { std: "docker" "inspect" "3fe1b966d46c9d02c61be8026adabcddcc2b9151ba64cc92262b70f5a1e29059", kill_on_drop: false }`
[INFO] running `Command { std: "docker" "rm" "-f" "3fe1b966d46c9d02c61be8026adabcddcc2b9151ba64cc92262b70f5a1e29059", kill_on_drop: false }`
[INFO] [stdout] 3fe1b966d46c9d02c61be8026adabcddcc2b9151ba64cc92262b70f5a1e29059
[INFO] running `Command { std: "docker" "create" "-v" "/var/lib/crater-agent-workspace/builds/worker-6-tc1/target:/opt/rustwide/target:rw,Z" "-v" "/var/lib/crater-agent-workspace/builds/worker-6-tc1/source:/opt/rustwide/workdir:ro,Z" "-v" "/var/lib/crater-agent-workspace/cargo-home:/opt/rustwide/cargo-home:ro,Z" "-v" "/var/lib/crater-agent-workspace/rustup-home:/opt/rustwide/rustup-home:ro,Z" "-e" "SOURCE_DIR=/opt/rustwide/workdir" "-e" "CARGO_TARGET_DIR=/opt/rustwide/target" "-e" "CARGO_INCREMENTAL=0" "-e" "RUST_BACKTRACE=full" "-e" "RUSTFLAGS=--cap-lints=warn" "-e" "RUSTDOCFLAGS=--cap-lints=warn" "-e" "CARGO_HOME=/opt/rustwide/cargo-home" "-e" "RUSTUP_HOME=/opt/rustwide/rustup-home" "-w" "/opt/rustwide/workdir" "-m" "1610612736" "--user" "0:0" "--network" "none" "ghcr.io/rust-lang/crates-build-env/linux@sha256:5ff2268d62e97bff2cde7d5815dd6ed5b47097566f13b8d0ca110b04b60e07ed" "/opt/rustwide/cargo-home/bin/cargo" "+1.69.0" "doc" "--frozen" "--no-deps" "--document-private-items" "--message-format=json", kill_on_drop: false }`
[INFO] [stdout] 20e1d3d51692a27b8b35c8ea7ea487778677e2c59c805a5b2ccfed0aecb47cb6
[INFO] running `Command { std: "docker" "start" "-a" "20e1d3d51692a27b8b35c8ea7ea487778677e2c59c805a5b2ccfed0aecb47cb6", kill_on_drop: false }`
[INFO] [stderr]    Compiling quote v1.0.26
[INFO] [stderr]    Compiling proc-macro2 v1.0.53
[INFO] [stderr]    Compiling unicode-ident v1.0.8
[INFO] [stderr]    Compiling autocfg v1.1.0
[INFO] [stderr]    Compiling syn v1.0.109
[INFO] [stderr]    Compiling libc v0.2.140
[INFO] [stderr]    Compiling serde_derive v1.0.158
[INFO] [stderr]    Compiling serde v1.0.158
[INFO] [stderr]    Compiling typenum v1.16.0
[INFO] [stderr]    Compiling serde_json v1.0.94
[INFO] [stderr]    Compiling itoa v1.0.6
[INFO] [stderr]    Compiling ryu v1.0.13
[INFO] [stderr]     Checking once_cell v1.17.1
[INFO] [stderr]    Compiling thiserror v1.0.40
[INFO] [stderr]    Compiling memchr v2.5.0
[INFO] [stderr]    Compiling fnv v1.0.7
[INFO] [stderr]    Compiling strsim v0.10.0
[INFO] [stderr]    Compiling ident_case v1.0.1
[INFO] [stderr]    Compiling log v0.4.17
[INFO] [stderr]    Compiling anyhow v1.0.70
[INFO] [stderr]     Checking pin-project-lite v0.2.9
[INFO] [stderr]    Compiling unicode-xid v0.2.4
[INFO] [stderr]     Checking ppv-lite86 v0.2.17
[INFO] [stderr]    Compiling parking_lot_core v0.9.7
[INFO] [stderr]    Compiling either v1.8.1
[INFO] [stderr]    Compiling num-traits v0.2.15
[INFO] [stderr]    Compiling num-integer v0.1.45
[INFO] [stderr]    Compiling num-bigint v0.4.3
[INFO] [stderr]    Compiling lock_api v0.4.9
[INFO] [stderr]    Compiling indexmap v1.9.2
[INFO] [stderr]    Compiling itertools v0.10.5
[INFO] [stderr]     Checking scopeguard v1.1.0
[INFO] [stderr]     Checking smallvec v1.10.0
[INFO] [stderr]    Compiling scratch v1.0.5
[INFO] [stderr]     Checking bytes v1.4.0
[INFO] [stderr]    Compiling futures-core v0.3.27
[INFO] [stderr]    Compiling num-rational v0.4.1
[INFO] [stderr]    Compiling tokio v1.26.0
[INFO] [stderr]    Compiling syn v2.0.8
[INFO] [stderr]    Compiling jobserver v0.1.26
[INFO] [stderr]     Checking tracing-core v0.1.30
[INFO] [stderr]    Compiling unicode-width v0.1.10
[INFO] [stderr]    Compiling libm v0.2.6
[INFO] [stderr]     Checking hashbrown v0.12.3
[INFO] [stderr]    Compiling termcolor v1.2.0
[INFO] [stderr]     Checking spin v0.5.2
[INFO] [stderr]    Compiling cc v1.0.79
[INFO] [stderr]    Compiling generic-array v0.14.6
[INFO] [stderr]     Checking futures-sink v0.3.27
[INFO] [stderr]    Compiling futures-task v0.3.27
[INFO] [stderr]    Compiling codespan-reporting v0.11.1
[INFO] [stderr]    Compiling io-lifetimes v1.0.9
[INFO] [stderr]    Compiling prettyplease v0.1.25
[INFO] [stderr]     Checking tinyvec_macros v0.1.1
[INFO] [stderr]     Checking getrandom v0.1.16
[INFO] [stderr]     Checking signal-hook-registry v1.4.1
[INFO] [stderr]     Checking mio v0.8.6
[INFO] [stderr]     Checking num_cpus v1.15.0
[INFO] [stderr]     Checking rand_core v0.5.1
[INFO] [stderr]     Checking socket2 v0.4.9
[INFO] [stderr]     Checking parking_lot v0.12.1
[INFO] [stderr]     Checking signature v1.6.4
[INFO] [stderr]     Checking untrusted v0.7.1
[INFO] [stderr]     Checking crypto-common v0.1.6
[INFO] [stderr]     Checking block-buffer v0.10.4
[INFO] [stderr]     Checking digest v0.9.0
[INFO] [stderr]     Checking rand_chacha v0.2.2
[INFO] [stderr]     Checking block-buffer v0.9.0
[INFO] [stderr]    Compiling cxxbridge-flags v1.0.93
[INFO] [stderr]     Checking ed25519 v1.5.3
[INFO] [stderr]     Checking tinyvec v1.6.0
[INFO] [stderr]     Checking getrandom v0.2.8
[INFO] [stderr]     Checking digest v0.10.6
[INFO] [stderr]     Checking sha2 v0.9.9
[INFO] [stderr]     Checking rand v0.7.3
[INFO] [stderr]    Compiling slab v0.4.8
[INFO] [stderr]     Checking sha2 v0.10.6
[INFO] [stderr]    Compiling futures-util v0.3.27
[INFO] [stderr]     Checking indexmap-nostd v0.4.0
[INFO] [stderr]    Compiling rustix v0.36.11
[INFO] [stderr]     Checking memory_units v0.4.0
[INFO] [stderr]     Checking base64 v0.13.1
[INFO] [stderr]     Checking downcast-rs v1.2.0
[INFO] [stderr]     Checking wasmparser-nostd v0.90.0
[INFO] [stderr]     Checking rand_core v0.6.4
[INFO] [stderr]    Compiling ring v0.16.20
[INFO] [stderr]    Compiling link-cplusplus v1.0.8
[INFO] [stderr]    Compiling cxx v1.0.93
[INFO] [stderr]    Compiling backtrace v0.3.67
[INFO] [stderr]     Checking http v0.2.9
[INFO] [stderr]    Compiling proc-macro-error-attr v1.0.4
[INFO] [stderr]    Compiling futures-channel v0.3.27
[INFO] [stderr]     Checking bitflags v1.3.2
[INFO] [stderr]    Compiling httparse v1.8.0
[INFO] [stderr]     Checking spin v0.9.6
[INFO] [stderr]     Checking pin-utils v0.1.0
[INFO] [stderr]     Checking gimli v0.27.2
[INFO] [stderr]     Checking linux-raw-sys v0.1.4
[INFO] [stderr]     Checking adler v1.0.2
[INFO] [stderr]     Checking miniz_oxide v0.6.2
[INFO] [stderr]     Checking rand_chacha v0.3.1
[INFO] [stderr]     Checking object v0.30.3
[INFO] [stderr]    Compiling proc-macro-error v1.0.4
[INFO] [stderr]    Compiling cxx-build v1.0.93
[INFO] [stderr]    Compiling heck v0.4.1
[INFO] [stderr]    Compiling cpufeatures v0.2.5
[INFO] [stderr]    Compiling cfg-if v1.0.0
[INFO] [stderr]     Checking soroban-wasmi_core v0.16.0-soroban2
[INFO] [stderr]     Checking try-lock v0.2.4
[INFO] [stderr]     Checking static_assertions v1.1.0
[INFO] [stderr]     Checking ethnum v1.3.2
[INFO] [stderr]    Compiling rustls v0.20.8
[INFO] [stderr]     Checking rustc-demangle v0.1.22
[INFO] [stderr]     Checking want v0.3.0
[INFO] [stderr]    Compiling wasmparser v0.88.0
[INFO] [stderr]     Checking rand v0.8.5
[INFO] [stderr]     Checking http-body v0.4.5
[INFO] [stderr]     Checking httpdate v1.0.2
[INFO] [stderr]     Checking base64 v0.21.0
[INFO] [stderr]     Checking dyn-fmt v0.3.0
[INFO] [stderr]    Compiling async-trait v0.1.67
[INFO] [stderr]     Checking soroban-wasmi v0.16.0-soroban2
[INFO] [stderr]     Checking tower-service v0.3.2
[INFO] [stderr]    Compiling darling_core v0.14.4
[INFO] [stderr]    Compiling synstructure v0.12.6
[INFO] [stderr]     Checking addr2line v0.19.0
[INFO] [stderr]    Compiling rustversion v1.0.12
[INFO] [stderr]     Checking base32 v0.4.0
[INFO] [stderr]     Checking rustls-pemfile v1.0.2
[INFO] [stderr]     Checking crypto-mac v0.9.1
[INFO] [stderr]     Checking rustc-hash v1.1.0
[INFO] [stderr]     Checking openssl-probe v0.1.5
[INFO] [stderr]     Checking os_str_bytes v6.5.0
[INFO] [stderr]     Checking hmac v0.9.0
[INFO] [stderr]     Checking rustls-native-certs v0.6.2
[INFO] [stderr]    Compiling thiserror-impl v1.0.40
[INFO] [stderr]    Compiling cxxbridge-macro v1.0.93
[INFO] [stderr]     Checking clap_lex v0.3.3
[INFO] [stderr]     Checking is-terminal v0.4.5
[INFO] [stderr]     Checking webpki v0.22.0
[INFO] [stderr]     Checking sct v0.7.0
[INFO] [stderr]     Checking unicode-normalization v0.1.22
[INFO] [stderr]     Checking hmac v0.12.1
[INFO] [stderr]     Checking pbkdf2 v0.11.0
[INFO] [stderr]     Checking webpki-roots v0.22.6
[INFO] [stderr]     Checking time v0.1.45
[INFO] [stderr]     Checking iana-time-zone v0.1.54
[INFO] [stderr]     Checking fastrand v1.9.0
[INFO] [stderr]     Checking bitflags v2.0.2
[INFO] [stderr]     Checking chrono v0.4.24
[INFO] [stderr]     Checking tempfile v3.4.0
[INFO] [stderr]     Checking rtoolbox v0.0.1
[INFO] [stderr]     Checking dirs-sys v0.3.7
[INFO] [stderr]     Checking aho-corasick v0.7.20
[INFO] [stderr]     Checking csv-core v0.1.10
[INFO] [stderr]    Compiling termcolor_output_impl v1.0.0
[INFO] [stderr]     Checking regex-syntax v0.6.29
[INFO] [stderr]     Checking strum v0.24.1
[INFO] [stderr]     Checking dirs v4.0.0
[INFO] [stderr]     Checking rpassword v7.2.0
[INFO] [stderr]     Checking wasmparser v0.90.0
[INFO] [stderr]    Compiling wasm-opt-sys v0.112.0
[INFO] [stderr]    Compiling wasm-opt-cxx-sys v0.112.0
[INFO] [stderr]     Checking shlex v1.1.0
[INFO] [stderr]     Checking stellar-strkey v0.0.7
[INFO] [stderr]    Compiling darling_macro v0.14.4
[INFO] [stderr]    Compiling zeroize_derive v1.3.3
[INFO] [stderr]    Compiling tracing-attributes v0.1.23
[INFO] [stderr]    Compiling tokio-macros v1.8.2
[INFO] [stderr]    Compiling soroban-native-sdk-macros v0.0.15
[INFO] [stderr]    Compiling num-derive v0.3.3
[INFO] [stderr]    Compiling pin-project-internal v1.0.12
[INFO] [stderr]    Compiling clap_derive v4.1.9
[INFO] [stderr]    Compiling bytes-lit v0.0.4
[INFO] [stderr]    Compiling strum_macros v0.24.3
[INFO] [stderr]     Checking termcolor_output v1.0.1
[INFO] [stderr]     Checking zeroize v1.5.7
[INFO] [stderr]     Checking regex v1.7.2
[INFO] [stderr]     Checking curve25519-dalek v3.2.0
[INFO] [stderr]    Compiling darling v0.14.4
[INFO] [stderr]    Compiling serde_with_macros v2.3.1
[INFO] [stderr]     Checking tiny-bip39 v1.0.0
[INFO] [stderr]     Checking pin-project v1.0.12
[INFO] [stderr]     Checking tracing v0.1.37
[INFO] [stderr]     Checking tracing-futures v0.2.5
[INFO] [stderr]     Checking clap v4.1.11
[INFO] [stderr] error: could not compile `tokio`
[INFO] [stderr] 
[INFO] [stderr] Caused by:
[INFO] [stderr]   process didn't exit successfully: `rustc --crate-name tokio --edition=2018 /opt/rustwide/cargo-home/registry/src/github.com-1ecc6299db9ec823/tokio-1.26.0/src/lib.rs --error-format=json --json=diagnostic-rendered-ansi,artifacts,future-incompat --crate-type lib --emit=dep-info,metadata -C embed-bitcode=no -C debuginfo=2 --cfg 'feature="bytes"' --cfg 'feature="default"' --cfg 'feature="fs"' --cfg 'feature="full"' --cfg 'feature="io-std"' --cfg 'feature="io-util"' --cfg 'feature="libc"' --cfg 'feature="macros"' --cfg 'feature="memchr"' --cfg 'feature="mio"' --cfg 'feature="net"' --cfg 'feature="num_cpus"' --cfg 'feature="parking_lot"' --cfg 'feature="process"' --cfg 'feature="rt"' --cfg 'feature="rt-multi-thread"' --cfg 'feature="signal"' --cfg 'feature="signal-hook-registry"' --cfg 'feature="socket2"' --cfg 'feature="sync"' --cfg 'feature="time"' --cfg 'feature="tokio-macros"' -C metadata=5da9fac0f33dc988 -C extra-filename=-5da9fac0f33dc988 --out-dir /opt/rustwide/target/debug/deps -L dependency=/opt/rustwide/target/debug/deps --extern bytes=/opt/rustwide/target/debug/deps/libbytes-cdba088f09c8631e.rmeta --extern libc=/opt/rustwide/target/debug/deps/liblibc-ff4bc764a74418dc.rmeta --extern memchr=/opt/rustwide/target/debug/deps/libmemchr-a3dd8b11a1167d22.rmeta --extern mio=/opt/rustwide/target/debug/deps/libmio-cbb0aeb950efe9d9.rmeta --extern num_cpus=/opt/rustwide/target/debug/deps/libnum_cpus-db52fb0bd3968af9.rmeta --extern parking_lot=/opt/rustwide/target/debug/deps/libparking_lot-2f6cae2f78648e13.rmeta --extern pin_project_lite=/opt/rustwide/target/debug/deps/libpin_project_lite-1bf3a2ea87bd405a.rmeta --extern signal_hook_registry=/opt/rustwide/target/debug/deps/libsignal_hook_registry-494d79d49a0fffe2.rmeta --extern socket2=/opt/rustwide/target/debug/deps/libsocket2-3acc37035e473034.rmeta --extern tokio_macros=/opt/rustwide/target/debug/deps/libtokio_macros-45a918993966fedc.so --cap-lints allow --cap-lints=warn` (signal: 9, SIGKILL: kill)
[INFO] [stderr] warning: build failed, waiting for other jobs to finish...
[INFO] [stderr] error: could not compile `serde`
[INFO] [stderr] 
[INFO] [stderr] Caused by:
[INFO] [stderr]   process didn't exit successfully: `rustc --crate-name serde /opt/rustwide/cargo-home/registry/src/github.com-1ecc6299db9ec823/serde-1.0.158/src/lib.rs --error-format=json --json=diagnostic-rendered-ansi,artifacts,future-incompat --crate-type lib --emit=dep-info,metadata,link -C embed-bitcode=no --cfg 'feature="alloc"' --cfg 'feature="default"' --cfg 'feature="derive"' --cfg 'feature="serde_derive"' --cfg 'feature="std"' -C metadata=20711aaf6353786c -C extra-filename=-20711aaf6353786c --out-dir /opt/rustwide/target/debug/deps -L dependency=/opt/rustwide/target/debug/deps --extern serde_derive=/opt/rustwide/target/debug/deps/libserde_derive-2c9e1b32b1e49914.so --cap-lints allow --cap-lints=warn` (signal: 9, SIGKILL: kill)
[INFO] [stderr] error: could not compile `serde`
[INFO] [stderr] 
[INFO] [stderr] Caused by:
[INFO] [stderr]   process didn't exit successfully: `rustc --crate-name serde /opt/rustwide/cargo-home/registry/src/github.com-1ecc6299db9ec823/serde-1.0.158/src/lib.rs --error-format=json --json=diagnostic-rendered-ansi,artifacts,future-incompat --crate-type lib --emit=dep-info,metadata -C embed-bitcode=no -C debuginfo=2 --cfg 'feature="alloc"' --cfg 'feature="default"' --cfg 'feature="derive"' --cfg 'feature="serde_derive"' --cfg 'feature="std"' -C metadata=7d74e62a7128cb47 -C extra-filename=-7d74e62a7128cb47 --out-dir /opt/rustwide/target/debug/deps -L dependency=/opt/rustwide/target/debug/deps --extern serde_derive=/opt/rustwide/target/debug/deps/libserde_derive-2c9e1b32b1e49914.so --cap-lints allow --cap-lints=warn` (signal: 9, SIGKILL: kill)
[INFO] [stderr] error: could not compile `clap`
[INFO] [stderr] 
[INFO] [stderr] Caused by:
[INFO] [stderr]   process didn't exit successfully: `rustc --crate-name clap --edition=2021 /opt/rustwide/cargo-home/registry/src/github.com-1ecc6299db9ec823/clap-4.1.11/src/lib.rs --error-format=json --json=diagnostic-rendered-ansi,artifacts,future-incompat --crate-type lib --emit=dep-info,metadata -C embed-bitcode=no -C debuginfo=2 --cfg 'feature="color"' --cfg 'feature="default"' --cfg 'feature="deprecated"' --cfg 'feature="derive"' --cfg 'feature="env"' --cfg 'feature="error-context"' --cfg 'feature="help"' --cfg 'feature="std"' --cfg 'feature="string"' --cfg 'feature="suggestions"' --cfg 'feature="usage"' -C metadata=5bea41e380c531da -C extra-filename=-5bea41e380c531da --out-dir /opt/rustwide/target/debug/deps -L dependency=/opt/rustwide/target/debug/deps --extern bitflags=/opt/rustwide/target/debug/deps/libbitflags-4988db63235c1b58.rmeta --extern clap_derive=/opt/rustwide/target/debug/deps/libclap_derive-24dba50360a194e5.so --extern clap_lex=/opt/rustwide/target/debug/deps/libclap_lex-a349d4c1ed8cfba0.rmeta --extern is_terminal=/opt/rustwide/target/debug/deps/libis_terminal-0595aed8d462b384.rmeta --extern once_cell=/opt/rustwide/target/debug/deps/libonce_cell-7f6943baeb2ea0e0.rmeta --extern strsim=/opt/rustwide/target/debug/deps/libstrsim-52522235504233bf.rmeta --extern termcolor=/opt/rustwide/target/debug/deps/libtermcolor-737f39fe6206130c.rmeta --cap-lints allow --cap-lints=warn` (signal: 9, SIGKILL: kill)
[INFO] [stderr] The following warnings were emitted during compilation:
[INFO] [stderr] 
[INFO] [stderr] warning: c++: fatal error: Killed signal terminated program cc1plus
[INFO] [stderr] warning: compilation terminated.
[INFO] [stderr] warning: c++: fatal error: Killed signal terminated program cc1plus
[INFO] [stderr] warning: compilation terminated.
[INFO] [stderr] warning: c++: fatal error: Killed signal terminated program cc1plus
[INFO] [stderr] warning: compilation terminated.
[INFO] [stderr] warning: c++: fatal error: Killed signal terminated program cc1plus
[INFO] [stderr] warning: compilation terminated.
[INFO] [stderr] warning: c++: fatal error: Killed signal terminated program cc1plus
[INFO] [stderr] warning: compilation terminated.
[INFO] [stderr] warning: c++: fatal error: Killed signal terminated program cc1plus
[INFO] [stderr] warning: compilation terminated.
[INFO] [stderr] warning: c++: fatal error: Killed signal terminated program cc1plus
[INFO] [stderr] warning: compilation terminated.
[INFO] [stderr] warning: c++: fatal error: Killed signal terminated program cc1plus
[INFO] [stderr] warning: compilation terminated.
[INFO] [stderr] warning: c++: fatal error: Killed signal terminated program cc1plus
[INFO] [stderr] warning: compilation terminated.
[INFO] [stderr] 
[INFO] [stderr] error: failed to run custom build command for `wasm-opt-sys v0.112.0`
[INFO] [stderr] note: To improve backtraces for build dependencies, set the CARGO_PROFILE_DEV_BUILD_OVERRIDE_DEBUG=true environment variable to enable debug information generation.
[INFO] [stderr] 
[INFO] [stderr] Caused by:
[INFO] [stderr]   process didn't exit successfully: `/opt/rustwide/target/debug/build/wasm-opt-sys-caf8f4228bfdc364/build-script-build` (exit status: 1)
[INFO] [stderr]   --- stdout
[INFO] [stderr]   TARGET = Some("x86_64-unknown-linux-gnu")
[INFO] [stderr]   HOST = Some("x86_64-unknown-linux-gnu")
[INFO] [stderr]   cargo:rerun-if-env-changed=CXX_x86_64-unknown-linux-gnu
[INFO] [stderr]   CXX_x86_64-unknown-linux-gnu = None
[INFO] [stderr]   cargo:rerun-if-env-changed=CXX_x86_64_unknown_linux_gnu
[INFO] [stderr]   CXX_x86_64_unknown_linux_gnu = None
[INFO] [stderr]   cargo:rerun-if-env-changed=HOST_CXX
[INFO] [stderr]   HOST_CXX = None
[INFO] [stderr]   cargo:rerun-if-env-changed=CXX
[INFO] [stderr]   CXX = None
[INFO] [stderr]   cargo:rerun-if-env-changed=CXXFLAGS_x86_64-unknown-linux-gnu
[INFO] [stderr]   CXXFLAGS_x86_64-unknown-linux-gnu = None
[INFO] [stderr]   cargo:rerun-if-env-changed=CXXFLAGS_x86_64_unknown_linux_gnu
[INFO] [stderr]   CXXFLAGS_x86_64_unknown_linux_gnu = None
[INFO] [stderr]   cargo:rerun-if-env-changed=HOST_CXXFLAGS
[INFO] [stderr]   HOST_CXXFLAGS = None
[INFO] [stderr]   cargo:rerun-if-env-changed=CXXFLAGS
[INFO] [stderr]   CXXFLAGS = None
[INFO] [stderr]   cargo:rerun-if-env-changed=CRATE_CC_NO_DEFAULTS
[INFO] [stderr]   CRATE_CC_NO_DEFAULTS = None
[INFO] [stderr]   CARGO_CFG_TARGET_FEATURE = Some("fxsr,sse,sse2")
[INFO] [stderr]   cargo:CXXBRIDGE_PREFIX=wasm-opt-sys
[INFO] [stderr]   cargo:CXXBRIDGE_LINKS=binaryen
[INFO] [stderr]   cargo:CXXBRIDGE_DIR0=/opt/rustwide/target/debug/build/wasm-opt-sys-c3267639c26077f7/out/cxxbridge/include
[INFO] [stderr]   cargo:CXXBRIDGE_DIR1=/opt/rustwide/target/debug/build/wasm-opt-sys-c3267639c26077f7/out/cxxbridge/crate
[INFO] [stderr]   cargo:CXXBRIDGE_DIR2=/opt/rustwide/cargo-home/registry/src/github.com-1ecc6299db9ec823/wasm-opt-sys-0.112.0/binaryen/src
[INFO] [stderr]   cargo:CXXBRIDGE_DIR3=/opt/rustwide/cargo-home/registry/src/github.com-1ecc6299db9ec823/wasm-opt-sys-0.112.0/binaryen/src/tools
[INFO] [stderr]   cargo:CXXBRIDGE_DIR4=/opt/rustwide/target/debug/build/wasm-opt-sys-c3267639c26077f7/out
[INFO] [stderr]   TARGET = Some("x86_64-unknown-linux-gnu")
[INFO] [stderr]   OPT_LEVEL = Some("0")
[INFO] [stderr]   HOST = Some("x86_64-unknown-linux-gnu")
[INFO] [stderr]   cargo:rerun-if-env-changed=CXX_x86_64-unknown-linux-gnu
[INFO] [stderr]   CXX_x86_64-unknown-linux-gnu = None
[INFO] [stderr]   cargo:rerun-if-env-changed=CXX_x86_64_unknown_linux_gnu
[INFO] [stderr]   CXX_x86_64_unknown_linux_gnu = None
[INFO] [stderr]   cargo:rerun-if-env-changed=HOST_CXX
[INFO] [stderr]   HOST_CXX = None
[INFO] [stderr]   cargo:rerun-if-env-changed=CXX
[INFO] [stderr]   CXX = None
[INFO] [stderr]   cargo:rerun-if-env-changed=CXXFLAGS_x86_64-unknown-linux-gnu
[INFO] [stderr]   CXXFLAGS_x86_64-unknown-linux-gnu = None
[INFO] [stderr]   cargo:rerun-if-env-changed=CXXFLAGS_x86_64_unknown_linux_gnu
[INFO] [stderr]   CXXFLAGS_x86_64_unknown_linux_gnu = None
[INFO] [stderr]   cargo:rerun-if-env-changed=HOST_CXXFLAGS
[INFO] [stderr]   HOST_CXXFLAGS = None
[INFO] [stderr]   cargo:rerun-if-env-changed=CXXFLAGS
[INFO] [stderr]   CXXFLAGS = None
[INFO] [stderr]   cargo:rerun-if-env-changed=CRATE_CC_NO_DEFAULTS
[INFO] [stderr]   CRATE_CC_NO_DEFAULTS = None
[INFO] [stderr]   DEBUG = Some("true")
[INFO] [stderr]   CARGO_CFG_TARGET_FEATURE = Some("fxsr,sse,sse2")
[INFO] [stderr]   running: "c++" "-O0" "-ffunction-sections" "-fdata-sections" "-fPIC" "-gdwarf-4" "-fno-omit-frame-pointer" "-m64" "-I" "/opt/rustwide/target/debug/build/wasm-opt-sys-c3267639c26077f7/out/cxxbridge/include" "-I" "/opt/rustwide/target/debug/build/wasm-opt-sys-c3267639c26077f7/out/cxxbridge/crate" "-I" "/opt/rustwide/cargo-home/registry/src/github.com-1ecc6299db9ec823/wasm-opt-sys-0.112.0/binaryen/src" "-I" "/opt/rustwide/cargo-home/registry/src/github.com-1ecc6299db9ec823/wasm-opt-sys-0.112.0/binaryen/src/tools" "-I" "/opt/rustwide/target/debug/build/wasm-opt-sys-c3267639c26077f7/out" "-Wall" "-Wextra" "-std=c++17" "-Wno-unused-parameter" "-DTHROW_ON_FATAL" "-o" "/opt/rustwide/target/debug/build/wasm-opt-sys-c3267639c26077f7/out/0927737ee629299f-wasm-opt-main-shim.o" "-c" "/opt/rustwide/cargo-home/registry/src/github.com-1ecc6299db9ec823/wasm-opt-sys-0.112.0/src/wasm-opt-main-shim.cpp"
[INFO] [stderr]   running: "c++" "-O0" "-ffunction-sections" "-fdata-sections" "-fPIC" "-gdwarf-4" "-fno-omit-frame-pointer" "-m64" "-I" "/opt/rustwide/target/debug/build/wasm-opt-sys-c3267639c26077f7/out/cxxbridge/include" "-I" "/opt/rustwide/target/debug/build/wasm-opt-sys-c3267639c26077f7/out/cxxbridge/crate" "-I" "/opt/rustwide/cargo-home/registry/src/github.com-1ecc6299db9ec823/wasm-opt-sys-0.112.0/binaryen/src" "-I" "/opt/rustwide/cargo-home/registry/src/github.com-1ecc6299db9ec823/wasm-opt-sys-0.112.0/binaryen/src/tools" "-I" "/opt/rustwide/target/debug/build/wasm-opt-sys-c3267639c26077f7/out" "-Wall" "-Wextra" "-std=c++17" "-Wno-unused-parameter" "-DTHROW_ON_FATAL" "-o" "/opt/rustwide/target/debug/build/wasm-opt-sys-c3267639c26077f7/out/a1afe38af8bb9ccd-lib.rs.o" "-c" "/opt/rustwide/target/debug/build/wasm-opt-sys-c3267639c26077f7/out/cxxbridge/sources/wasm-opt-sys/src/lib.rs.cc"
[INFO] [stderr]   running: "c++" "-O0" "-ffunction-sections" "-fdata-sections" "-fPIC" "-gdwarf-4" "-fno-omit-frame-pointer" "-m64" "-I" "/opt/rustwide/target/debug/build/wasm-opt-sys-c3267639c26077f7/out/cxxbridge/include" "-I" "/opt/rustwide/target/debug/build/wasm-opt-sys-c3267639c26077f7/out/cxxbridge/crate" "-I" "/opt/rustwide/cargo-home/registry/src/github.com-1ecc6299db9ec823/wasm-opt-sys-0.112.0/binaryen/src" "-I" "/opt/rustwide/cargo-home/registry/src/github.com-1ecc6299db9ec823/wasm-opt-sys-0.112.0/binaryen/src/tools" "-I" "/opt/rustwide/target/debug/build/wasm-opt-sys-c3267639c26077f7/out" "-Wall" "-Wextra" "-std=c++17" "-Wno-unused-parameter" "-DTHROW_ON_FATAL" "-o" "/opt/rustwide/target/debug/build/wasm-opt-sys-c3267639c26077f7/out/7c6dfcbe5f0361db-literal.o" "-c" "/opt/rustwide/cargo-home/registry/src/github.com-1ecc6299db9ec823/wasm-opt-sys-0.112.0/binaryen/src/wasm/literal.cpp"
[INFO] [stderr]   running: "c++" "-O0" "-ffunction-sections" "-fdata-sections" "-fPIC" "-gdwarf-4" "-fno-omit-frame-pointer" "-m64" "-I" "/opt/rustwide/target/debug/build/wasm-opt-sys-c3267639c26077f7/out/cxxbridge/include" "-I" "/opt/rustwide/target/debug/build/wasm-opt-sys-c3267639c26077f7/out/cxxbridge/crate" "-I" "/opt/rustwide/cargo-home/registry/src/github.com-1ecc6299db9ec823/wasm-opt-sys-0.112.0/binaryen/src" "-I" "/opt/rustwide/cargo-home/registry/src/github.com-1ecc6299db9ec823/wasm-opt-sys-0.112.0/binaryen/src/tools" "-I" "/opt/rustwide/target/debug/build/wasm-opt-sys-c3267639c26077f7/out" "-Wall" "-Wextra" "-std=c++17" "-Wno-unused-parameter" "-DTHROW_ON_FATAL" "-o" "/opt/rustwide/target/debug/build/wasm-opt-sys-c3267639c26077f7/out/7c6dfcbe5f0361db-parsing.o" "-c" "/opt/rustwide/cargo-home/registry/src/github.com-1ecc6299db9ec823/wasm-opt-sys-0.112.0/binaryen/src/wasm/parsing.cpp"
[INFO] [stderr]   running: "c++" "-O0" "-ffunction-sections" "-fdata-sections" "-fPIC" "-gdwarf-4" "-fno-omit-frame-pointer" "-m64" "-I" "/opt/rustwide/target/debug/build/wasm-opt-sys-c3267639c26077f7/out/cxxbridge/include" "-I" "/opt/rustwide/target/debug/build/wasm-opt-sys-c3267639c26077f7/out/cxxbridge/crate" "-I" "/opt/rustwide/cargo-home/registry/src/github.com-1ecc6299db9ec823/wasm-opt-sys-0.112.0/binaryen/src" "-I" "/opt/rustwide/cargo-home/registry/src/github.com-1ecc6299db9ec823/wasm-opt-sys-0.112.0/binaryen/src/tools" "-I" "/opt/rustwide/target/debug/build/wasm-opt-sys-c3267639c26077f7/out" "-Wall" "-Wextra" "-std=c++17" "-Wno-unused-parameter" "-DTHROW_ON_FATAL" "-o" "/opt/rustwide/target/debug/build/wasm-opt-sys-c3267639c26077f7/out/7c6dfcbe5f0361db-wasm-binary.o" "-c" "/opt/rustwide/cargo-home/registry/src/github.com-1ecc6299db9ec823/wasm-opt-sys-0.112.0/binaryen/src/wasm/wasm-binary.cpp"
[INFO] [stderr]   running: "c++" "-O0" "-ffunction-sections" "-fdata-sections" "-fPIC" "-gdwarf-4" "-fno-omit-frame-pointer" "-m64" "-I" "/opt/rustwide/target/debug/build/wasm-opt-sys-c3267639c26077f7/out/cxxbridge/include" "-I" "/opt/rustwide/target/debug/build/wasm-opt-sys-c3267639c26077f7/out/cxxbridge/crate" "-I" "/opt/rustwide/cargo-home/registry/src/github.com-1ecc6299db9ec823/wasm-opt-sys-0.112.0/binaryen/src" "-I" "/opt/rustwide/cargo-home/registry/src/github.com-1ecc6299db9ec823/wasm-opt-sys-0.112.0/binaryen/src/tools" "-I" "/opt/rustwide/target/debug/build/wasm-opt-sys-c3267639c26077f7/out" "-Wall" "-Wextra" "-std=c++17" "-Wno-unused-parameter" "-DTHROW_ON_FATAL" "-o" "/opt/rustwide/target/debug/build/wasm-opt-sys-c3267639c26077f7/out/7c6dfcbe5f0361db-wasm-debug.o" "-c" "/opt/rustwide/cargo-home/registry/src/github.com-1ecc6299db9ec823/wasm-opt-sys-0.112.0/binaryen/src/wasm/wasm-debug.cpp"
[INFO] [stderr]   running: "c++" "-O0" "-ffunction-sections" "-fdata-sections" "-fPIC" "-gdwarf-4" "-fno-omit-frame-pointer" "-m64" "-I" "/opt/rustwide/target/debug/build/wasm-opt-sys-c3267639c26077f7/out/cxxbridge/include" "-I" "/opt/rustwide/target/debug/build/wasm-opt-sys-c3267639c26077f7/out/cxxbridge/crate" "-I" "/opt/rustwide/cargo-home/registry/src/github.com-1ecc6299db9ec823/wasm-opt-sys-0.112.0/binaryen/src" "-I" "/opt/rustwide/cargo-home/registry/src/github.com-1ecc6299db9ec823/wasm-opt-sys-0.112.0/binaryen/src/tools" "-I" "/opt/rustwide/target/debug/build/wasm-opt-sys-c3267639c26077f7/out" "-Wall" "-Wextra" "-std=c++17" "-Wno-unused-parameter" "-DTHROW_ON_FATAL" "-o" "/opt/rustwide/target/debug/build/wasm-opt-sys-c3267639c26077f7/out/7c6dfcbe5f0361db-wasm-emscripten.o" "-c" "/opt/rustwide/cargo-home/registry/src/github.com-1ecc6299db9ec823/wasm-opt-sys-0.112.0/binaryen/src/wasm/wasm-emscripten.cpp"
[INFO] [stderr]   running: "c++" "-O0" "-ffunction-sections" "-fdata-sections" "-fPIC" "-gdwarf-4" "-fno-omit-frame-pointer" "-m64" "-I" "/opt/rustwide/target/debug/build/wasm-opt-sys-c3267639c26077f7/out/cxxbridge/include" "-I" "/opt/rustwide/target/debug/build/wasm-opt-sys-c3267639c26077f7/out/cxxbridge/crate" "-I" "/opt/rustwide/cargo-home/registry/src/github.com-1ecc6299db9ec823/wasm-opt-sys-0.112.0/binaryen/src" "-I" "/opt/rustwide/cargo-home/registry/src/github.com-1ecc6299db9ec823/wasm-opt-sys-0.112.0/binaryen/src/tools" "-I" "/opt/rustwide/target/debug/build/wasm-opt-sys-c3267639c26077f7/out" "-Wall" "-Wextra" "-std=c++17" "-Wno-unused-parameter" "-DTHROW_ON_FATAL" "-o" "/opt/rustwide/target/debug/build/wasm-opt-sys-c3267639c26077f7/out/7c6dfcbe5f0361db-wasm-io.o" "-c" "/opt/rustwide/cargo-home/registry/src/github.com-1ecc6299db9ec823/wasm-opt-sys-0.112.0/binaryen/src/wasm/wasm-io.cpp"
[INFO] [stderr]   running: "c++" "-O0" "-ffunction-sections" "-fdata-sections" "-fPIC" "-gdwarf-4" "-fno-omit-frame-pointer" "-m64" "-I" "/opt/rustwide/target/debug/build/wasm-opt-sys-c3267639c26077f7/out/cxxbridge/include" "-I" "/opt/rustwide/target/debug/build/wasm-opt-sys-c3267639c26077f7/out/cxxbridge/crate" "-I" "/opt/rustwide/cargo-home/registry/src/github.com-1ecc6299db9ec823/wasm-opt-sys-0.112.0/binaryen/src" "-I" "/opt/rustwide/cargo-home/registry/src/github.com-1ecc6299db9ec823/wasm-opt-sys-0.112.0/binaryen/src/tools" "-I" "/opt/rustwide/target/debug/build/wasm-opt-sys-c3267639c26077f7/out" "-Wall" "-Wextra" "-std=c++17" "-Wno-unused-parameter" "-DTHROW_ON_FATAL" "-o" "/opt/rustwide/target/debug/build/wasm-opt-sys-c3267639c26077f7/out/7c6dfcbe5f0361db-wasm-stack.o" "-c" "/opt/rustwide/cargo-home/registry/src/github.com-1ecc6299db9ec823/wasm-opt-sys-0.112.0/binaryen/src/wasm/wasm-stack.cpp"
[INFO] [stderr]   running: "c++" "-O0" "-ffunction-sections" "-fdata-sections" "-fPIC" "-gdwarf-4" "-fno-omit-frame-pointer" "-m64" "-I" "/opt/rustwide/target/debug/build/wasm-opt-sys-c3267639c26077f7/out/cxxbridge/include" "-I" "/opt/rustwide/target/debug/build/wasm-opt-sys-c3267639c26077f7/out/cxxbridge/crate" "-I" "/opt/rustwide/cargo-home/registry/src/github.com-1ecc6299db9ec823/wasm-opt-sys-0.112.0/binaryen/src" "-I" "/opt/rustwide/cargo-home/registry/src/github.com-1ecc6299db9ec823/wasm-opt-sys-0.112.0/binaryen/src/tools" "-I" "/opt/rustwide/target/debug/build/wasm-opt-sys-c3267639c26077f7/out" "-Wall" "-Wextra" "-std=c++17" "-Wno-unused-parameter" "-DTHROW_ON_FATAL" "-o" "/opt/rustwide/target/debug/build/wasm-opt-sys-c3267639c26077f7/out/7c6dfcbe5f0361db-wasm-interpreter.o" "-c" "/opt/rustwide/cargo-home/registry/src/github.com-1ecc6299db9ec823/wasm-opt-sys-0.112.0/binaryen/src/wasm/wasm-interpreter.cpp"
[INFO] [stderr]   exit status: 0
[INFO] [stderr]   running: "c++" "-O0" "-ffunction-sections" "-fdata-sections" "-fPIC" "-gdwarf-4" "-fno-omit-frame-pointer" "-m64" "-I" "/opt/rustwide/target/debug/build/wasm-opt-sys-c3267639c26077f7/out/cxxbridge/include" "-I" "/opt/rustwide/target/debug/build/wasm-opt-sys-c3267639c26077f7/out/cxxbridge/crate" "-I" "/opt/rustwide/cargo-home/registry/src/github.com-1ecc6299db9ec823/wasm-opt-sys-0.112.0/binaryen/src" "-I" "/opt/rustwide/cargo-home/registry/src/github.com-1ecc6299db9ec823/wasm-opt-sys-0.112.0/binaryen/src/tools" "-I" "/opt/rustwide/target/debug/build/wasm-opt-sys-c3267639c26077f7/out" "-Wall" "-Wextra" "-std=c++17" "-Wno-unused-parameter" "-DTHROW_ON_FATAL" "-o" "/opt/rustwide/target/debug/build/wasm-opt-sys-c3267639c26077f7/out/7c6dfcbe5f0361db-wasm-s-parser.o" "-c" "/opt/rustwide/cargo-home/registry/src/github.com-1ecc6299db9ec823/wasm-opt-sys-0.112.0/binaryen/src/wasm/wasm-s-parser.cpp"
[INFO] [stderr]   running: "c++" "-O0" "-ffunction-sections" "-fdata-sections" "-fPIC" "-gdwarf-4" "-fno-omit-frame-pointer" "-m64" "-I" "/opt/rustwide/target/debug/build/wasm-opt-sys-c3267639c26077f7/out/cxxbridge/include" "-I" "/opt/rustwide/target/debug/build/wasm-opt-sys-c3267639c26077f7/out/cxxbridge/crate" "-I" "/opt/rustwide/cargo-home/registry/src/github.com-1ecc6299db9ec823/wasm-opt-sys-0.112.0/binaryen/src" "-I" "/opt/rustwide/cargo-home/registry/src/github.com-1ecc6299db9ec823/wasm-opt-sys-0.112.0/binaryen/src/tools" "-I" "/opt/rustwide/target/debug/build/wasm-opt-sys-c3267639c26077f7/out" "-Wall" "-Wextra" "-std=c++17" "-Wno-unused-parameter" "-DTHROW_ON_FATAL" "-o" "/opt/rustwide/target/debug/build/wasm-opt-sys-c3267639c26077f7/out/7c6dfcbe5f0361db-wasm-type.o" "-c" "/opt/rustwide/cargo-home/registry/src/github.com-1ecc6299db9ec823/wasm-opt-sys-0.112.0/binaryen/src/wasm/wasm-type.cpp"
[INFO] [stderr]   running: "c++" "-O0" "-ffunction-sections" "-fdata-sections" "-fPIC" "-gdwarf-4" "-fno-omit-frame-pointer" "-m64" "-I" "/opt/rustwide/target/debug/build/wasm-opt-sys-c3267639c26077f7/out/cxxbridge/include" "-I" "/opt/rustwide/target/debug/build/wasm-opt-sys-c3267639c26077f7/out/cxxbridge/crate" "-I" "/opt/rustwide/cargo-home/registry/src/github.com-1ecc6299db9ec823/wasm-opt-sys-0.112.0/binaryen/src" "-I" "/opt/rustwide/cargo-home/registry/src/github.com-1ecc6299db9ec823/wasm-opt-sys-0.112.0/binaryen/src/tools" "-I" "/opt/rustwide/target/debug/build/wasm-opt-sys-c3267639c26077f7/out" "-Wall" "-Wextra" "-std=c++17" "-Wno-unused-parameter" "-DTHROW_ON_FATAL" "-o" "/opt/rustwide/target/debug/build/wasm-opt-sys-c3267639c26077f7/out/7c6dfcbe5f0361db-wasm-validator.o" "-c" "/opt/rustwide/cargo-home/registry/src/github.com-1ecc6299db9ec823/wasm-opt-sys-0.112.0/binaryen/src/wasm/wasm-validator.cpp"
[INFO] [stderr]   exit status: 0
[INFO] [stderr]   running: "c++" "-O0" "-ffunction-sections" "-fdata-sections" "-fPIC" "-gdwarf-4" "-fno-omit-frame-pointer" "-m64" "-I" "/opt/rustwide/target/debug/build/wasm-opt-sys-c3267639c26077f7/out/cxxbridge/include" "-I" "/opt/rustwide/target/debug/build/wasm-opt-sys-c3267639c26077f7/out/cxxbridge/crate" "-I" "/opt/rustwide/cargo-home/registry/src/github.com-1ecc6299db9ec823/wasm-opt-sys-0.112.0/binaryen/src" "-I" "/opt/rustwide/cargo-home/registry/src/github.com-1ecc6299db9ec823/wasm-opt-sys-0.112.0/binaryen/src/tools" "-I" "/opt/rustwide/target/debug/build/wasm-opt-sys-c3267639c26077f7/out" "-Wall" "-Wextra" "-std=c++17" "-Wno-unused-parameter" "-DTHROW_ON_FATAL" "-o" "/opt/rustwide/target/debug/build/wasm-opt-sys-c3267639c26077f7/out/7c6dfcbe5f0361db-wasm.o" "-c" "/opt/rustwide/cargo-home/registry/src/github.com-1ecc6299db9ec823/wasm-opt-sys-0.112.0/binaryen/src/wasm/wasm.cpp"
[INFO] [stderr]   running: "c++" "-O0" "-ffunction-sections" "-fdata-sections" "-fPIC" "-gdwarf-4" "-fno-omit-frame-pointer" "-m64" "-I" "/opt/rustwide/target/debug/build/wasm-opt-sys-c3267639c26077f7/out/cxxbridge/include" "-I" "/opt/rustwide/target/debug/build/wasm-opt-sys-c3267639c26077f7/out/cxxbridge/crate" "-I" "/opt/rustwide/cargo-home/registry/src/github.com-1ecc6299db9ec823/wasm-opt-sys-0.112.0/binaryen/src" "-I" "/opt/rustwide/cargo-home/registry/src/github.com-1ecc6299db9ec823/wasm-opt-sys-0.112.0/binaryen/src/tools" "-I" "/opt/rustwide/target/debug/build/wasm-opt-sys-c3267639c26077f7/out" "-Wall" "-Wextra" "-std=c++17" "-Wno-unused-parameter" "-DTHROW_ON_FATAL" "-o" "/opt/rustwide/target/debug/build/wasm-opt-sys-c3267639c26077f7/out/7c6dfcbe5f0361db-wat-lexer.o" "-c" "/opt/rustwide/cargo-home/registry/src/github.com-1ecc6299db9ec823/wasm-opt-sys-0.112.0/binaryen/src/wasm/wat-lexer.cpp"
[INFO] [stderr]   running: "c++" "-O0" "-ffunction-sections" "-fdata-sections" "-fPIC" "-gdwarf-4" "-fno-omit-frame-pointer" "-m64" "-I" "/opt/rustwide/target/debug/build/wasm-opt-sys-c3267639c26077f7/out/cxxbridge/include" "-I" "/opt/rustwide/target/debug/build/wasm-opt-sys-c3267639c26077f7/out/cxxbridge/crate" "-I" "/opt/rustwide/cargo-home/registry/src/github.com-1ecc6299db9ec823/wasm-opt-sys-0.112.0/binaryen/src" "-I" "/opt/rustwide/cargo-home/registry/src/github.com-1ecc6299db9ec823/wasm-opt-sys-0.112.0/binaryen/src/tools" "-I" "/opt/rustwide/target/debug/build/wasm-opt-sys-c3267639c26077f7/out" "-Wall" "-Wextra" "-std=c++17" "-Wno-unused-parameter" "-DTHROW_ON_FATAL" "-o" "/opt/rustwide/target/debug/build/wasm-opt-sys-c3267639c26077f7/out/7c6dfcbe5f0361db-wat-parser.o" "-c" "/opt/rustwide/cargo-home/registry/src/github.com-1ecc6299db9ec823/wasm-opt-sys-0.112.0/binaryen/src/wasm/wat-parser.cpp"
[INFO] [stderr]   running: "c++" "-O0" "-ffunction-sections" "-fdata-sections" "-fPIC" "-gdwarf-4" "-fno-omit-frame-pointer" "-m64" "-I" "/opt/rustwide/target/debug/build/wasm-opt-sys-c3267639c26077f7/out/cxxbridge/include" "-I" "/opt/rustwide/target/debug/build/wasm-opt-sys-c3267639c26077f7/out/cxxbridge/crate" "-I" "/opt/rustwide/cargo-home/registry/src/github.com-1ecc6299db9ec823/wasm-opt-sys-0.112.0/binaryen/src" "-I" "/opt/rustwide/cargo-home/registry/src/github.com-1ecc6299db9ec823/wasm-opt-sys-0.112.0/binaryen/src/tools" "-I" "/opt/rustwide/target/debug/build/wasm-opt-sys-c3267639c26077f7/out" "-Wall" "-Wextra" "-std=c++17" "-Wno-unused-parameter" "-DTHROW_ON_FATAL" "-o" "/opt/rustwide/target/debug/build/wasm-opt-sys-c3267639c26077f7/out/4e07a6da8be9dcc2-bits.o" "-c" "/opt/rustwide/cargo-home/registry/src/github.com-1ecc6299db9ec823/wasm-opt-sys-0.112.0/binaryen/src/support/bits.cpp"
[INFO] [stderr]   running: "c++" "-O0" "-ffunction-sections" "-fdata-sections" "-fPIC" "-gdwarf-4" "-fno-omit-frame-pointer" "-m64" "-I" "/opt/rustwide/target/debug/build/wasm-opt-sys-c3267639c26077f7/out/cxxbridge/include" "-I" "/opt/rustwide/target/debug/build/wasm-opt-sys-c3267639c26077f7/out/cxxbridge/crate" "-I" "/opt/rustwide/cargo-home/registry/src/github.com-1ecc6299db9ec823/wasm-opt-sys-0.112.0/binaryen/src" "-I" "/opt/rustwide/cargo-home/registry/src/github.com-1ecc6299db9ec823/wasm-opt-sys-0.112.0/binaryen/src/tools" "-I" "/opt/rustwide/target/debug/build/wasm-opt-sys-c3267639c26077f7/out" "-Wall" "-Wextra" "-std=c++17" "-Wno-unused-parameter" "-DTHROW_ON_FATAL" "-o" "/opt/rustwide/target/debug/build/wasm-opt-sys-c3267639c26077f7/out/4e07a6da8be9dcc2-colors.o" "-c" "/opt/rustwide/cargo-home/registry/src/github.com-1ecc6299db9ec823/wasm-opt-sys-0.112.0/binaryen/src/support/colors.cpp"
[INFO] [stderr]   cargo:warning=c++: fatal error: Killed signal terminated program cc1plus
[INFO] [stderr]   cargo:warning=compilation terminated.
[INFO] [stderr]   exit status: 1
[INFO] [stderr]   running: "c++" "-O0" "-ffunction-sections" "-fdata-sections" "-fPIC" "-gdwarf-4" "-fno-omit-frame-pointer" "-m64" "-I" "/opt/rustwide/target/debug/build/wasm-opt-sys-c3267639c26077f7/out/cxxbridge/include" "-I" "/opt/rustwide/target/debug/build/wasm-opt-sys-c3267639c26077f7/out/cxxbridge/crate" "-I" "/opt/rustwide/cargo-home/registry/src/github.com-1ecc6299db9ec823/wasm-opt-sys-0.112.0/binaryen/src" "-I" "/opt/rustwide/cargo-home/registry/src/github.com-1ecc6299db9ec823/wasm-opt-sys-0.112.0/binaryen/src/tools" "-I" "/opt/rustwide/target/debug/build/wasm-opt-sys-c3267639c26077f7/out" "-Wall" "-Wextra" "-std=c++17" "-Wno-unused-parameter" "-DTHROW_ON_FATAL" "-o" "/opt/rustwide/target/debug/build/wasm-opt-sys-c3267639c26077f7/out/4e07a6da8be9dcc2-command-line.o" "-c" "/opt/rustwide/cargo-home/registry/src/github.com-1ecc6299db9ec823/wasm-opt-sys-0.112.0/binaryen/src/support/command-line.cpp"
[INFO] [stderr]   cargo:warning=c++: fatal error: Killed signal terminated program cc1plus
[INFO] [stderr]   cargo:warning=compilation terminated.
[INFO] [stderr]   exit status: 1
[INFO] [stderr]   cargo:warning=c++: fatal error: Killed signal terminated program cc1plus
[INFO] [stderr]   cargo:warning=compilation terminated.
[INFO] [stderr]   exit status: 1
[INFO] [stderr]   cargo:warning=c++: fatal error: Killed signal terminated program cc1plus
[INFO] [stderr]   cargo:warning=compilation terminated.
[INFO] [stderr]   exit status: 1
[INFO] [stderr]   cargo:warning=c++: fatal error: Killed signal terminated program cc1plus
[INFO] [stderr]   cargo:warning=compilation terminated.
[INFO] [stderr]   exit status: 1
[INFO] [stderr]   exit status: 0
[INFO] [stderr]   cargo:warning=c++: fatal error: Killed signal terminated program cc1plus
[INFO] [stderr]   cargo:warning=compilation terminated.
[INFO] [stderr]   exit status: 1
[INFO] [stderr]   exit status: 0
[INFO] [stderr]   cargo:warning=c++: fatal error: Killed signal terminated program cc1plus
[INFO] [stderr]   cargo:warning=compilation terminated.
[INFO] [stderr]   exit status: 1
[INFO] [stderr]   cargo:warning=c++: fatal error: Killed signal terminated program cc1plus
[INFO] [stderr]   cargo:warning=compilation terminated.
[INFO] [stderr]   exit status: 1
[INFO] [stderr]   cargo:warning=c++: fatal error: Killed signal terminated program cc1plus
[INFO] [stderr]   cargo:warning=compilation terminated.
[INFO] [stderr]   exit status: 1
[INFO] [stderr]   exit status: 0
[INFO] [stderr]   exit status: 0
[INFO] [stderr]   exit status: 0
[INFO] [stderr]   exit status: 0
[INFO] [stderr]   exit status: 0
[INFO] [stderr]   exit status: 0
[INFO] [stderr] 
[INFO] [stderr]   --- stderr
[INFO] [stderr] 
[INFO] [stderr]   CXX include path:
[INFO] [stderr]     /opt/rustwide/target/debug/build/wasm-opt-sys-c3267639c26077f7/out/cxxbridge/include
[INFO] [stderr]     /opt/rustwide/target/debug/build/wasm-opt-sys-c3267639c26077f7/out/cxxbridge/crate
[INFO] [stderr]     /opt/rustwide/cargo-home/registry/src/github.com-1ecc6299db9ec823/wasm-opt-sys-0.112.0/binaryen/src
[INFO] [stderr]     /opt/rustwide/cargo-home/registry/src/github.com-1ecc6299db9ec823/wasm-opt-sys-0.112.0/binaryen/src/tools
[INFO] [stderr]     /opt/rustwide/target/debug/build/wasm-opt-sys-c3267639c26077f7/out
[INFO] [stderr] 
[INFO] [stderr] 
[INFO] [stderr]   error occurred: Command "c++" "-O0" "-ffunction-sections" "-fdata-sections" "-fPIC" "-gdwarf-4" "-fno-omit-frame-pointer" "-m64" "-I" "/opt/rustwide/target/debug/build/wasm-opt-sys-c3267639c26077f7/out/cxxbridge/include" "-I" "/opt/rustwide/target/debug/build/wasm-opt-sys-c3267639c26077f7/out/cxxbridge/crate" "-I" "/opt/rustwide/cargo-home/registry/src/github.com-1ecc6299db9ec823/wasm-opt-sys-0.112.0/binaryen/src" "-I" "/opt/rustwide/cargo-home/registry/src/github.com-1ecc6299db9ec823/wasm-opt-sys-0.112.0/binaryen/src/tools" "-I" "/opt/rustwide/target/debug/build/wasm-opt-sys-c3267639c26077f7/out" "-Wall" "-Wextra" "-std=c++17" "-Wno-unused-parameter" "-DTHROW_ON_FATAL" "-o" "/opt/rustwide/target/debug/build/wasm-opt-sys-c3267639c26077f7/out/7c6dfcbe5f0361db-parsing.o" "-c" "/opt/rustwide/cargo-home/registry/src/github.com-1ecc6299db9ec823/wasm-opt-sys-0.112.0/binaryen/src/wasm/parsing.cpp" with args "c++" did not execute successfully (status code exit status: 1).
[INFO] [stderr] 
[INFO] [stderr] 
[INFO] running `Command { std: "docker" "inspect" "20e1d3d51692a27b8b35c8ea7ea487778677e2c59c805a5b2ccfed0aecb47cb6", kill_on_drop: false }`
[INFO] running `Command { std: "docker" "rm" "-f" "20e1d3d51692a27b8b35c8ea7ea487778677e2c59c805a5b2ccfed0aecb47cb6", kill_on_drop: false }`
[INFO] [stdout] 20e1d3d51692a27b8b35c8ea7ea487778677e2c59c805a5b2ccfed0aecb47cb6
